I20260608 12:57:04.897284 22028 raft_consensus.cc:515] T bfad5db1b0ec4816b64130874f4bdcea P 1d3b710c115a4d799c850439bdbfdb91 [term 0 FOLLOWER]: Starting pre-election with config: opid_index: -1 OBSOLETE_local: false peers { permanent_uuid: "1d3b710c115a4d799c850439bdbfdb91" member_type: VOTER last_known_addr { host: "127.16.221.129" port: 39747 } } peers { permanent_uuid: "aac02242710b4c9091cdc9759b0154ea" member_type: VOTER last_known_addr { host: "127.16.221.130" port: 34675 } } peers { permanent_uuid: "e3319e45980f42599711beb61fb1c8e2" member_type: VOTER last_known_addr { host: "127.16.221.131" port: 44337 } }
I20260608 12:57:04.904978 21990 consensus_queue.cc:1048] T 2c6928ce94ae423cb1ad2ca4b970077e P aac02242710b4c9091cdc9759b0154ea [LEADER]: Connected to new peer: Peer: permanent_uuid: "e3319e45980f42599711beb61fb1c8e2" member_type: VOTER last_known_addr { host: "127.16.221.131" port: 44337 }, Status: LMP_MISMATCH, Last received: 0.0, Next index: 1, Last known committed idx: 0, Time since last communication: 0.001s
I20260608 12:57:04.906404 22028 leader_election.cc:290] T bfad5db1b0ec4816b64130874f4bdcea P 1d3b710c115a4d799c850439bdbfdb91 [CANDIDATE]: Term 1 pre-election: Requested pre-vote from peers aac02242710b4c9091cdc9759b0154ea (127.16.221.130:34675), e3319e45980f42599711beb61fb1c8e2 (127.16.221.131:44337)
I20260608 12:57:04.907557 21867 tablet_service.cc:1917] Received RequestConsensusVote() RPC: tablet_id: "bfad5db1b0ec4816b64130874f4bdcea" candidate_uuid: "1d3b710c115a4d799c850439bdbfdb91" candidate_term: 1 candidate_status { last_received { term: 0 index: 0 } } ignore_live_leader: false dest_uuid: "aac02242710b4c9091cdc9759b0154ea" is_pre_election: true
W20260608 12:57:04.912411 21757 leader_election.cc:343] T bfad5db1b0ec4816b64130874f4bdcea P 1d3b710c115a4d799c850439bdbfdb91 [CANDIDATE]: Term 1 pre-election: Tablet error from VoteRequest() call to peer aac02242710b4c9091cdc9759b0154ea (127.16.221.130:34675): Illegal state: must be running to vote when last-logged opid is not known
I20260608 12:57:04.913830 21941 tablet_service.cc:1917] Received RequestConsensusVote() RPC: tablet_id: "bfad5db1b0ec4816b64130874f4bdcea" candidate_uuid: "1d3b710c115a4d799c850439bdbfdb91" candidate_term: 1 candidate_status { last_received { term: 0 index: 0 } } ignore_live_leader: false dest_uuid: "e3319e45980f42599711beb61fb1c8e2" is_pre_election: true
W20260608 12:57:04.916533 21757 leader_election.cc:343] T bfad5db1b0ec4816b64130874f4bdcea P 1d3b710c115a4d799c850439bdbfdb91 [CANDIDATE]: Term 1 pre-election: Tablet error from VoteRequest() call to peer e3319e45980f42599711beb61fb1c8e2 (127.16.221.131:44337): Illegal state: must be running to vote when last-logged opid is not known
I20260608 12:57:04.917153 21757 leader_election.cc:304] T bfad5db1b0ec4816b64130874f4bdcea P 1d3b710c115a4d799c850439bdbfdb91 [CANDIDATE]: Term 1 pre-election: Election decided. Result: candidate lost. Election summary: received 3 responses out of 3 voters: 1 yes votes; 2 no votes. yes voters: 1d3b710c115a4d799c850439bdbfdb91; no voters: aac02242710b4c9091cdc9759b0154ea, e3319e45980f42599711beb61fb1c8e2
I20260608 12:57:04.922461 21993 raft_consensus.cc:359] T 7ceeed9303384abba2386633f346228c P 1d3b710c115a4d799c850439bdbfdb91 [term 0 FOLLOWER]: Replica starting. Triggering 0 pending ops. Active config: opid_index: -1 OBSOLETE_local: false peers { permanent_uuid: "1d3b710c115a4d799c850439bdbfdb91" member_type: VOTER last_known_addr { host: "127.16.221.129" port: 39747 } } peers { permanent_uuid: "aac02242710b4c9091cdc9759b0154ea" member_type: VOTER last_known_addr { host: "127.16.221.130" port: 34675 } } peers { permanent_uuid: "e3319e45980f42599711beb61fb1c8e2" member_type: VOTER last_known_addr { host: "127.16.221.131" port: 44337 } }
I20260608 12:57:04.923020 22028 raft_consensus.cc:2749] T bfad5db1b0ec4816b64130874f4bdcea P 1d3b710c115a4d799c850439bdbfdb91 [term 0 FOLLOWER]: Leader pre-election lost for term 1. Reason: could not achieve majority
I20260608 12:57:04.923406 21993 raft_consensus.cc:385] T 7ceeed9303384abba2386633f346228c P 1d3b710c115a4d799c850439bdbfdb91 [term 0 FOLLOWER]: Consensus starting up: Expiring failure detector timer to make a prompt election more likely
I20260608 12:57:04.923835 21993 raft_consensus.cc:740] T 7ceeed9303384abba2386633f346228c P 1d3b710c115a4d799c850439bdbfdb91 [term 0 FOLLOWER]: Becoming Follower/Learner. State: Replica: 1d3b710c115a4d799c850439bdbfdb91, State: Initialized, Role: FOLLOWER
I20260608 12:57:04.922290 21986 tablet_bootstrap.cc:492] T 818e7ab9d6f94af5a2a2f4c658ac98ca P aac02242710b4c9091cdc9759b0154ea: No bootstrap required, opened a new log
I20260608 12:57:04.925103 21986 ts_tablet_manager.cc:1403] T 818e7ab9d6f94af5a2a2f4c658ac98ca P aac02242710b4c9091cdc9759b0154ea: Time spent bootstrapping tablet: real 0.156s	user 0.023s	sys 0.039s
I20260608 12:57:04.924950 21993 consensus_queue.cc:260] T 7ceeed9303384abba2386633f346228c P 1d3b710c115a4d799c850439bdbfdb91 [NON_LEADER]: Queue going to NON_LEADER mode. State: All replicated index: 0, Majority replicated index: 0, Committed index: 0, Last appended: 0.0, Last appended by leader: 0, Current term: 0, Majority size: -1, State: 0, Mode: NON_LEADER, active raft config: opid_index: -1 OBSOLETE_local: false peers { permanent_uuid: "1d3b710c115a4d799c850439bdbfdb91" member_type: VOTER last_known_addr { host: "127.16.221.129" port: 39747 } } peers { permanent_uuid: "aac02242710b4c9091cdc9759b0154ea" member_type: VOTER last_known_addr { host: "127.16.221.130" port: 34675 } } peers { permanent_uuid: "e3319e45980f42599711beb61fb1c8e2" member_type: VOTER last_known_addr { host: "127.16.221.131" port: 44337 } }
I20260608 12:57:04.927829 21986 raft_consensus.cc:359] T 818e7ab9d6f94af5a2a2f4c658ac98ca P aac02242710b4c9091cdc9759b0154ea [term 0 FOLLOWER]: Replica starting. Triggering 0 pending ops. Active config: opid_index: -1 OBSOLETE_local: false peers { permanent_uuid: "1d3b710c115a4d799c850439bdbfdb91" member_type: VOTER last_known_addr { host: "127.16.221.129" port: 39747 } } peers { permanent_uuid: "aac02242710b4c9091cdc9759b0154ea" member_type: VOTER last_known_addr { host: "127.16.221.130" port: 34675 } } peers { permanent_uuid: "e3319e45980f42599711beb61fb1c8e2" member_type: VOTER last_known_addr { host: "127.16.221.131" port: 44337 } }
I20260608 12:57:04.928507 21986 raft_consensus.cc:385] T 818e7ab9d6f94af5a2a2f4c658ac98ca P aac02242710b4c9091cdc9759b0154ea [term 0 FOLLOWER]: Consensus starting up: Expiring failure detector timer to make a prompt election more likely
I20260608 12:57:04.928785 21986 raft_consensus.cc:740] T 818e7ab9d6f94af5a2a2f4c658ac98ca P aac02242710b4c9091cdc9759b0154ea [term 0 FOLLOWER]: Becoming Follower/Learner. State: Replica: aac02242710b4c9091cdc9759b0154ea, State: Initialized, Role: FOLLOWER
I20260608 12:57:04.934496 21986 consensus_queue.cc:260] T 818e7ab9d6f94af5a2a2f4c658ac98ca P aac02242710b4c9091cdc9759b0154ea [NON_LEADER]: Queue going to NON_LEADER mode. State: All replicated index: 0, Majority replicated index: 0, Committed index: 0, Last appended: 0.0, Last appended by leader: 0, Current term: 0, Majority size: -1, State: 0, Mode: NON_LEADER, active raft config: opid_index: -1 OBSOLETE_local: false peers { permanent_uuid: "1d3b710c115a4d799c850439bdbfdb91" member_type: VOTER last_known_addr { host: "127.16.221.129" port: 39747 } } peers { permanent_uuid: "aac02242710b4c9091cdc9759b0154ea" member_type: VOTER last_known_addr { host: "127.16.221.130" port: 34675 } } peers { permanent_uuid: "e3319e45980f42599711beb61fb1c8e2" member_type: VOTER last_known_addr { host: "127.16.221.131" port: 44337 } }
I20260608 12:57:04.936060 21989 tablet_bootstrap.cc:492] T 7d49b25564b7400ca533e4466dc753c4 P e3319e45980f42599711beb61fb1c8e2: No bootstrap required, opened a new log
I20260608 12:57:04.936533 21989 ts_tablet_manager.cc:1403] T 7d49b25564b7400ca533e4466dc753c4 P e3319e45980f42599711beb61fb1c8e2: Time spent bootstrapping tablet: real 0.093s	user 0.012s	sys 0.011s
I20260608 12:57:04.937858 21986 ts_tablet_manager.cc:1434] T 818e7ab9d6f94af5a2a2f4c658ac98ca P aac02242710b4c9091cdc9759b0154ea: Time spent starting tablet: real 0.012s	user 0.005s	sys 0.000s
I20260608 12:57:04.939661 21986 tablet_bootstrap.cc:492] T bfad5db1b0ec4816b64130874f4bdcea P aac02242710b4c9091cdc9759b0154ea: Bootstrap starting.
I20260608 12:57:04.939663 22028 raft_consensus.cc:493] T 7ceeed9303384abba2386633f346228c P 1d3b710c115a4d799c850439bdbfdb91 [term 0 FOLLOWER]: Starting pre-election (no leader contacted us within the election timeout)
I20260608 12:57:04.940448 21989 raft_consensus.cc:359] T 7d49b25564b7400ca533e4466dc753c4 P e3319e45980f42599711beb61fb1c8e2 [term 0 FOLLOWER]: Replica starting. Triggering 0 pending ops. Active config: opid_index: -1 OBSOLETE_local: false peers { permanent_uuid: "1d3b710c115a4d799c850439bdbfdb91" member_type: VOTER last_known_addr { host: "127.16.221.129" port: 39747 } } peers { permanent_uuid: "aac02242710b4c9091cdc9759b0154ea" member_type: VOTER last_known_addr { host: "127.16.221.130" port: 34675 } } peers { permanent_uuid: "e3319e45980f42599711beb61fb1c8e2" member_type: VOTER last_known_addr { host: "127.16.221.131" port: 44337 } }
I20260608 12:57:04.941176 21989 raft_consensus.cc:385] T 7d49b25564b7400ca533e4466dc753c4 P e3319e45980f42599711beb61fb1c8e2 [term 0 FOLLOWER]: Consensus starting up: Expiring failure detector timer to make a prompt election more likely
I20260608 12:57:04.941471 21989 raft_consensus.cc:740] T 7d49b25564b7400ca533e4466dc753c4 P e3319e45980f42599711beb61fb1c8e2 [term 0 FOLLOWER]: Becoming Follower/Learner. State: Replica: e3319e45980f42599711beb61fb1c8e2, State: Initialized, Role: FOLLOWER
I20260608 12:57:04.942826 22026 raft_consensus.cc:493] T 7d49b25564b7400ca533e4466dc753c4 P 1d3b710c115a4d799c850439bdbfdb91 [term 0 FOLLOWER]: Starting pre-election (no leader contacted us within the election timeout)
I20260608 12:57:04.943470 22026 raft_consensus.cc:515] T 7d49b25564b7400ca533e4466dc753c4 P 1d3b710c115a4d799c850439bdbfdb91 [term 0 FOLLOWER]: Starting pre-election with config: opid_index: -1 OBSOLETE_local: false peers { permanent_uuid: "1d3b710c115a4d799c850439bdbfdb91" member_type: VOTER last_known_addr { host: "127.16.221.129" port: 39747 } } peers { permanent_uuid: "aac02242710b4c9091cdc9759b0154ea" member_type: VOTER last_known_addr { host: "127.16.221.130" port: 34675 } } peers { permanent_uuid: "e3319e45980f42599711beb61fb1c8e2" member_type: VOTER last_known_addr { host: "127.16.221.131" port: 44337 } }
I20260608 12:57:04.947144 21986 tablet_bootstrap.cc:654] T bfad5db1b0ec4816b64130874f4bdcea P aac02242710b4c9091cdc9759b0154ea: Neither blocks nor log segments found. Creating new log.
I20260608 12:57:04.952016 21989 consensus_queue.cc:260] T 7d49b25564b7400ca533e4466dc753c4 P e3319e45980f42599711beb61fb1c8e2 [NON_LEADER]: Queue going to NON_LEADER mode. State: All replicated index: 0, Majority replicated index: 0, Committed index: 0, Last appended: 0.0, Last appended by leader: 0, Current term: 0, Majority size: -1, State: 0, Mode: NON_LEADER, active raft config: opid_index: -1 OBSOLETE_local: false peers { permanent_uuid: "1d3b710c115a4d799c850439bdbfdb91" member_type: VOTER last_known_addr { host: "127.16.221.129" port: 39747 } } peers { permanent_uuid: "aac02242710b4c9091cdc9759b0154ea" member_type: VOTER last_known_addr { host: "127.16.221.130" port: 34675 } } peers { permanent_uuid: "e3319e45980f42599711beb61fb1c8e2" member_type: VOTER last_known_addr { host: "127.16.221.131" port: 44337 } }
I20260608 12:57:04.954716 21867 tablet_service.cc:1917] Received RequestConsensusVote() RPC: tablet_id: "7d49b25564b7400ca533e4466dc753c4" candidate_uuid: "1d3b710c115a4d799c850439bdbfdb91" candidate_term: 1 candidate_status { last_received { term: 0 index: 0 } } ignore_live_leader: false dest_uuid: "aac02242710b4c9091cdc9759b0154ea" is_pre_election: true
I20260608 12:57:04.955737 21989 ts_tablet_manager.cc:1434] T 7d49b25564b7400ca533e4466dc753c4 P e3319e45980f42599711beb61fb1c8e2: Time spent starting tablet: real 0.019s	user 0.007s	sys 0.001s
I20260608 12:57:04.955675 21867 raft_consensus.cc:2468] T 7d49b25564b7400ca533e4466dc753c4 P aac02242710b4c9091cdc9759b0154ea [term 0 FOLLOWER]: Leader pre-election vote request: Granting yes vote for candidate 1d3b710c115a4d799c850439bdbfdb91 in term 0.
I20260608 12:57:04.940578 22028 raft_consensus.cc:515] T 7ceeed9303384abba2386633f346228c P 1d3b710c115a4d799c850439bdbfdb91 [term 0 FOLLOWER]: Starting pre-election with config: opid_index: -1 OBSOLETE_local: false peers { permanent_uuid: "1d3b710c115a4d799c850439bdbfdb91" member_type: VOTER last_known_addr { host: "127.16.221.129" port: 39747 } } peers { permanent_uuid: "aac02242710b4c9091cdc9759b0154ea" member_type: VOTER last_known_addr { host: "127.16.221.130" port: 34675 } } peers { permanent_uuid: "e3319e45980f42599711beb61fb1c8e2" member_type: VOTER last_known_addr { host: "127.16.221.131" port: 44337 } }
I20260608 12:57:04.957480 21989 tablet_bootstrap.cc:492] T 05c3e83b456444bda297c419565a31d0 P e3319e45980f42599711beb61fb1c8e2: Bootstrap starting.
I20260608 12:57:04.958086 21993 ts_tablet_manager.cc:1434] T 7ceeed9303384abba2386633f346228c P 1d3b710c115a4d799c850439bdbfdb91: Time spent starting tablet: real 0.072s	user 0.007s	sys 0.000s
I20260608 12:57:04.960211 21993 tablet_bootstrap.cc:492] T 625c01c8347d497ea540edb82aadc9c2 P 1d3b710c115a4d799c850439bdbfdb91: Bootstrap starting.
I20260608 12:57:04.960685 22028 leader_election.cc:290] T 7ceeed9303384abba2386633f346228c P 1d3b710c115a4d799c850439bdbfdb91 [CANDIDATE]: Term 1 pre-election: Requested pre-vote from peers aac02242710b4c9091cdc9759b0154ea (127.16.221.130:34675), e3319e45980f42599711beb61fb1c8e2 (127.16.221.131:44337)
I20260608 12:57:04.958405 21941 tablet_service.cc:1917] Received RequestConsensusVote() RPC: tablet_id: "7d49b25564b7400ca533e4466dc753c4" candidate_uuid: "1d3b710c115a4d799c850439bdbfdb91" candidate_term: 1 candidate_status { last_received { term: 0 index: 0 } } ignore_live_leader: false dest_uuid: "e3319e45980f42599711beb61fb1c8e2" is_pre_election: true
I20260608 12:57:04.962415 21941 raft_consensus.cc:2468] T 7d49b25564b7400ca533e4466dc753c4 P e3319e45980f42599711beb61fb1c8e2 [term 0 FOLLOWER]: Leader pre-election vote request: Granting yes vote for candidate 1d3b710c115a4d799c850439bdbfdb91 in term 0.
I20260608 12:57:04.963641 22026 leader_election.cc:290] T 7d49b25564b7400ca533e4466dc753c4 P 1d3b710c115a4d799c850439bdbfdb91 [CANDIDATE]: Term 1 pre-election: Requested pre-vote from peers aac02242710b4c9091cdc9759b0154ea (127.16.221.130:34675), e3319e45980f42599711beb61fb1c8e2 (127.16.221.131:44337)
I20260608 12:57:04.965001 21941 tablet_service.cc:1917] Received RequestConsensusVote() RPC: tablet_id: "7ceeed9303384abba2386633f346228c" candidate_uuid: "1d3b710c115a4d799c850439bdbfdb91" candidate_term: 1 candidate_status { last_received { term: 0 index: 0 } } ignore_live_leader: false dest_uuid: "e3319e45980f42599711beb61fb1c8e2" is_pre_election: true
I20260608 12:57:04.966930 21986 tablet_bootstrap.cc:492] T bfad5db1b0ec4816b64130874f4bdcea P aac02242710b4c9091cdc9759b0154ea: No bootstrap required, opened a new log
I20260608 12:57:04.967532 21986 ts_tablet_manager.cc:1403] T bfad5db1b0ec4816b64130874f4bdcea P aac02242710b4c9091cdc9759b0154ea: Time spent bootstrapping tablet: real 0.028s	user 0.023s	sys 0.003s
I20260608 12:57:04.968304 21867 tablet_service.cc:1917] Received RequestConsensusVote() RPC: tablet_id: "7ceeed9303384abba2386633f346228c" candidate_uuid: "1d3b710c115a4d799c850439bdbfdb91" candidate_term: 1 candidate_status { last_received { term: 0 index: 0 } } ignore_live_leader: false dest_uuid: "aac02242710b4c9091cdc9759b0154ea" is_pre_election: true
I20260608 12:57:04.969410 21867 raft_consensus.cc:2393] T 7ceeed9303384abba2386633f346228c P aac02242710b4c9091cdc9759b0154ea [term 1 FOLLOWER]: Leader pre-election vote request: Denying vote to candidate 1d3b710c115a4d799c850439bdbfdb91 in current term 1: Already voted for candidate e3319e45980f42599711beb61fb1c8e2 in this term.
I20260608 12:57:04.967196 21757 leader_election.cc:304] T 7d49b25564b7400ca533e4466dc753c4 P 1d3b710c115a4d799c850439bdbfdb91 [CANDIDATE]: Term 1 pre-election: Election decided. Result: candidate won. Election summary: received 2 responses out of 3 voters: 2 yes votes; 0 no votes. yes voters: 1d3b710c115a4d799c850439bdbfdb91, aac02242710b4c9091cdc9759b0154ea; no voters: 
I20260608 12:57:04.970706 22026 raft_consensus.cc:2804] T 7d49b25564b7400ca533e4466dc753c4 P 1d3b710c115a4d799c850439bdbfdb91 [term 0 FOLLOWER]: Leader pre-election won for term 1
I20260608 12:57:04.971158 21986 raft_consensus.cc:359] T bfad5db1b0ec4816b64130874f4bdcea P aac02242710b4c9091cdc9759b0154ea [term 0 FOLLOWER]: Replica starting. Triggering 0 pending ops. Active config: opid_index: -1 OBSOLETE_local: false peers { permanent_uuid: "1d3b710c115a4d799c850439bdbfdb91" member_type: VOTER last_known_addr { host: "127.16.221.129" port: 39747 } } peers { permanent_uuid: "aac02242710b4c9091cdc9759b0154ea" member_type: VOTER last_known_addr { host: "127.16.221.130" port: 34675 } } peers { permanent_uuid: "e3319e45980f42599711beb61fb1c8e2" member_type: VOTER last_known_addr { host: "127.16.221.131" port: 44337 } }
I20260608 12:57:04.971967 21986 raft_consensus.cc:385] T bfad5db1b0ec4816b64130874f4bdcea P aac02242710b4c9091cdc9759b0154ea [term 0 FOLLOWER]: Consensus starting up: Expiring failure detector timer to make a prompt election more likely
I20260608 12:57:04.972302 21986 raft_consensus.cc:740] T bfad5db1b0ec4816b64130874f4bdcea P aac02242710b4c9091cdc9759b0154ea [term 0 FOLLOWER]: Becoming Follower/Learner. State: Replica: aac02242710b4c9091cdc9759b0154ea, State: Initialized, Role: FOLLOWER
I20260608 12:57:04.971194 22026 raft_consensus.cc:493] T 7d49b25564b7400ca533e4466dc753c4 P 1d3b710c115a4d799c850439bdbfdb91 [term 0 FOLLOWER]: Starting leader election (no leader contacted us within the election timeout)
I20260608 12:57:04.973052 22026 raft_consensus.cc:3060] T 7d49b25564b7400ca533e4466dc753c4 P 1d3b710c115a4d799c850439bdbfdb91 [term 0 FOLLOWER]: Advancing to term 1
I20260608 12:57:04.977913 21989 tablet_bootstrap.cc:654] T 05c3e83b456444bda297c419565a31d0 P e3319e45980f42599711beb61fb1c8e2: Neither blocks nor log segments found. Creating new log.
I20260608 12:57:04.979645 22015 consensus_queue.cc:1048] T 47da7606095f42649cb69ad378df1109 P e3319e45980f42599711beb61fb1c8e2 [LEADER]: Connected to new peer: Peer: permanent_uuid: "aac02242710b4c9091cdc9759b0154ea" member_type: VOTER last_known_addr { host: "127.16.221.130" port: 34675 }, Status: LMP_MISMATCH, Last received: 0.0, Next index: 1, Last known committed idx: 0, Time since last communication: 0.000s
W20260608 12:57:04.989691 21738 auto_rebalancer.cc:259] Could not retrieve cluster info: Service unavailable: Tablet not running
I20260608 12:57:04.994927 21757 leader_election.cc:304] T 7ceeed9303384abba2386633f346228c P 1d3b710c115a4d799c850439bdbfdb91 [CANDIDATE]: Term 1 pre-election: Election decided. Result: candidate lost. Election summary: received 3 responses out of 3 voters: 1 yes votes; 2 no votes. yes voters: 1d3b710c115a4d799c850439bdbfdb91; no voters: aac02242710b4c9091cdc9759b0154ea, e3319e45980f42599711beb61fb1c8e2
I20260608 12:57:04.996251 22028 raft_consensus.cc:3060] T 7ceeed9303384abba2386633f346228c P 1d3b710c115a4d799c850439bdbfdb91 [term 0 FOLLOWER]: Advancing to term 1
I20260608 12:57:04.998119 21986 consensus_queue.cc:260] T bfad5db1b0ec4816b64130874f4bdcea P aac02242710b4c9091cdc9759b0154ea [NON_LEADER]: Queue going to NON_LEADER mode. State: All replicated index: 0, Majority replicated index: 0, Committed index: 0, Last appended: 0.0, Last appended by leader: 0, Current term: 0, Majority size: -1, State: 0, Mode: NON_LEADER, active raft config: opid_index: -1 OBSOLETE_local: false peers { permanent_uuid: "1d3b710c115a4d799c850439bdbfdb91" member_type: VOTER last_known_addr { host: "127.16.221.129" port: 39747 } } peers { permanent_uuid: "aac02242710b4c9091cdc9759b0154ea" member_type: VOTER last_known_addr { host: "127.16.221.130" port: 34675 } } peers { permanent_uuid: "e3319e45980f42599711beb61fb1c8e2" member_type: VOTER last_known_addr { host: "127.16.221.131" port: 44337 } }
I20260608 12:57:05.000437 21986 ts_tablet_manager.cc:1434] T bfad5db1b0ec4816b64130874f4bdcea P aac02242710b4c9091cdc9759b0154ea: Time spent starting tablet: real 0.032s	user 0.009s	sys 0.000s
I20260608 12:57:05.001462 21986 tablet_bootstrap.cc:492] T 625c01c8347d497ea540edb82aadc9c2 P aac02242710b4c9091cdc9759b0154ea: Bootstrap starting.
I20260608 12:57:05.004186 22015 raft_consensus.cc:493] T 785939255951493eaf9bff5fc1bdf3d2 P e3319e45980f42599711beb61fb1c8e2 [term 0 FOLLOWER]: Starting pre-election (no leader contacted us within the election timeout)
I20260608 12:57:05.004890 22015 raft_consensus.cc:515] T 785939255951493eaf9bff5fc1bdf3d2 P e3319e45980f42599711beb61fb1c8e2 [term 0 FOLLOWER]: Starting pre-election with config: opid_index: -1 OBSOLETE_local: false peers { permanent_uuid: "1d3b710c115a4d799c850439bdbfdb91" member_type: VOTER last_known_addr { host: "127.16.221.129" port: 39747 } } peers { permanent_uuid: "aac02242710b4c9091cdc9759b0154ea" member_type: VOTER last_known_addr { host: "127.16.221.130" port: 34675 } } peers { permanent_uuid: "e3319e45980f42599711beb61fb1c8e2" member_type: VOTER last_known_addr { host: "127.16.221.131" port: 44337 } }
I20260608 12:57:05.010237 21867 tablet_service.cc:1917] Received RequestConsensusVote() RPC: tablet_id: "785939255951493eaf9bff5fc1bdf3d2" candidate_uuid: "e3319e45980f42599711beb61fb1c8e2" candidate_term: 1 candidate_status { last_received { term: 0 index: 0 } } ignore_live_leader: false dest_uuid: "aac02242710b4c9091cdc9759b0154ea" is_pre_election: true
I20260608 12:57:05.010429 21792 tablet_service.cc:1917] Received RequestConsensusVote() RPC: tablet_id: "785939255951493eaf9bff5fc1bdf3d2" candidate_uuid: "e3319e45980f42599711beb61fb1c8e2" candidate_term: 1 candidate_status { last_received { term: 0 index: 0 } } ignore_live_leader: false dest_uuid: "1d3b710c115a4d799c850439bdbfdb91" is_pre_election: true
I20260608 12:57:05.010942 21867 raft_consensus.cc:2468] T 785939255951493eaf9bff5fc1bdf3d2 P aac02242710b4c9091cdc9759b0154ea [term 0 FOLLOWER]: Leader pre-election vote request: Granting yes vote for candidate e3319e45980f42599711beb61fb1c8e2 in term 0.
I20260608 12:57:05.010564 22026 raft_consensus.cc:515] T 7d49b25564b7400ca533e4466dc753c4 P 1d3b710c115a4d799c850439bdbfdb91 [term 1 FOLLOWER]: Starting leader election with config: opid_index: -1 OBSOLETE_local: false peers { permanent_uuid: "1d3b710c115a4d799c850439bdbfdb91" member_type: VOTER last_known_addr { host: "127.16.221.129" port: 39747 } } peers { permanent_uuid: "aac02242710b4c9091cdc9759b0154ea" member_type: VOTER last_known_addr { host: "127.16.221.130" port: 34675 } } peers { permanent_uuid: "e3319e45980f42599711beb61fb1c8e2" member_type: VOTER last_known_addr { host: "127.16.221.131" port: 44337 } }
W20260608 12:57:05.012380 21906 leader_election.cc:343] T 785939255951493eaf9bff5fc1bdf3d2 P e3319e45980f42599711beb61fb1c8e2 [CANDIDATE]: Term 1 pre-election: Tablet error from VoteRequest() call to peer 1d3b710c115a4d799c850439bdbfdb91 (127.16.221.129:39747): Illegal state: must be running to vote when last-logged opid is not known
I20260608 12:57:05.012820 22028 raft_consensus.cc:2749] T 7ceeed9303384abba2386633f346228c P 1d3b710c115a4d799c850439bdbfdb91 [term 1 FOLLOWER]: Leader pre-election lost for term 1. Reason: could not achieve majority
I20260608 12:57:05.014318 21867 tablet_service.cc:1917] Received RequestConsensusVote() RPC: tablet_id: "7d49b25564b7400ca533e4466dc753c4" candidate_uuid: "1d3b710c115a4d799c850439bdbfdb91" candidate_term: 1 candidate_status { last_received { term: 0 index: 0 } } ignore_live_leader: false dest_uuid: "aac02242710b4c9091cdc9759b0154ea"
I20260608 12:57:05.015149 21867 raft_consensus.cc:3060] T 7d49b25564b7400ca533e4466dc753c4 P aac02242710b4c9091cdc9759b0154ea [term 0 FOLLOWER]: Advancing to term 1
I20260608 12:57:05.015383 21941 tablet_service.cc:1917] Received RequestConsensusVote() RPC: tablet_id: "7d49b25564b7400ca533e4466dc753c4" candidate_uuid: "1d3b710c115a4d799c850439bdbfdb91" candidate_term: 1 candidate_status { last_received { term: 0 index: 0 } } ignore_live_leader: false dest_uuid: "e3319e45980f42599711beb61fb1c8e2"
I20260608 12:57:05.016024 21941 raft_consensus.cc:3060] T 7d49b25564b7400ca533e4466dc753c4 P e3319e45980f42599711beb61fb1c8e2 [term 0 FOLLOWER]: Advancing to term 1
I20260608 12:57:05.010344 21993 tablet_bootstrap.cc:654] T 625c01c8347d497ea540edb82aadc9c2 P 1d3b710c115a4d799c850439bdbfdb91: Neither blocks nor log segments found. Creating new log.
I20260608 12:57:05.018160 21906 leader_election.cc:304] T 785939255951493eaf9bff5fc1bdf3d2 P e3319e45980f42599711beb61fb1c8e2 [CANDIDATE]: Term 1 pre-election: Election decided. Result: candidate won. Election summary: received 3 responses out of 3 voters: 2 yes votes; 1 no votes. yes voters: aac02242710b4c9091cdc9759b0154ea, e3319e45980f42599711beb61fb1c8e2; no voters: 1d3b710c115a4d799c850439bdbfdb91
I20260608 12:57:05.018589 22026 leader_election.cc:290] T 7d49b25564b7400ca533e4466dc753c4 P 1d3b710c115a4d799c850439bdbfdb91 [CANDIDATE]: Term 1 election: Requested vote from peers aac02242710b4c9091cdc9759b0154ea (127.16.221.130:34675), e3319e45980f42599711beb61fb1c8e2 (127.16.221.131:44337)
I20260608 12:57:05.020954 21986 tablet_bootstrap.cc:654] T 625c01c8347d497ea540edb82aadc9c2 P aac02242710b4c9091cdc9759b0154ea: Neither blocks nor log segments found. Creating new log.
I20260608 12:57:05.024134 21941 raft_consensus.cc:2468] T 7d49b25564b7400ca533e4466dc753c4 P e3319e45980f42599711beb61fb1c8e2 [term 1 FOLLOWER]: Leader election vote request: Granting yes vote for candidate 1d3b710c115a4d799c850439bdbfdb91 in term 1.
I20260608 12:57:05.024390 21989 tablet_bootstrap.cc:492] T 05c3e83b456444bda297c419565a31d0 P e3319e45980f42599711beb61fb1c8e2: No bootstrap required, opened a new log
I20260608 12:57:05.024866 21989 ts_tablet_manager.cc:1403] T 05c3e83b456444bda297c419565a31d0 P e3319e45980f42599711beb61fb1c8e2: Time spent bootstrapping tablet: real 0.068s	user 0.022s	sys 0.023s
I20260608 12:57:05.025483 21757 leader_election.cc:304] T 7d49b25564b7400ca533e4466dc753c4 P 1d3b710c115a4d799c850439bdbfdb91 [CANDIDATE]: Term 1 election: Election decided. Result: candidate won. Election summary: received 2 responses out of 3 voters: 2 yes votes; 0 no votes. yes voters: 1d3b710c115a4d799c850439bdbfdb91, e3319e45980f42599711beb61fb1c8e2; no voters: 
I20260608 12:57:05.026533 22026 raft_consensus.cc:2804] T 7d49b25564b7400ca533e4466dc753c4 P 1d3b710c115a4d799c850439bdbfdb91 [term 1 FOLLOWER]: Leader election won for term 1
I20260608 12:57:05.027009 22026 raft_consensus.cc:697] T 7d49b25564b7400ca533e4466dc753c4 P 1d3b710c115a4d799c850439bdbfdb91 [term 1 LEADER]: Becoming Leader. State: Replica: 1d3b710c115a4d799c850439bdbfdb91, State: Running, Role: LEADER
I20260608 12:57:05.027597 22019 raft_consensus.cc:2804] T 785939255951493eaf9bff5fc1bdf3d2 P e3319e45980f42599711beb61fb1c8e2 [term 0 FOLLOWER]: Leader pre-election won for term 1
I20260608 12:57:05.027698 21989 raft_consensus.cc:359] T 05c3e83b456444bda297c419565a31d0 P e3319e45980f42599711beb61fb1c8e2 [term 0 FOLLOWER]: Replica starting. Triggering 0 pending ops. Active config: opid_index: -1 OBSOLETE_local: false peers { permanent_uuid: "1d3b710c115a4d799c850439bdbfdb91" member_type: VOTER last_known_addr { host: "127.16.221.129" port: 39747 } } peers { permanent_uuid: "aac02242710b4c9091cdc9759b0154ea" member_type: VOTER last_known_addr { host: "127.16.221.130" port: 34675 } } peers { permanent_uuid: "e3319e45980f42599711beb61fb1c8e2" member_type: VOTER last_known_addr { host: "127.16.221.131" port: 44337 } }
I20260608 12:57:05.028223 22019 raft_consensus.cc:493] T 785939255951493eaf9bff5fc1bdf3d2 P e3319e45980f42599711beb61fb1c8e2 [term 0 FOLLOWER]: Starting leader election (no leader contacted us within the election timeout)
I20260608 12:57:05.027874 22026 consensus_queue.cc:237] T 7d49b25564b7400ca533e4466dc753c4 P 1d3b710c115a4d799c850439bdbfdb91 [LEADER]: Queue going to LEADER mode. State: All replicated index: 0, Majority replicated index: 0, Committed index: 0, Last appended: 0.0, Last appended by leader: 0, Current term: 1, Majority size: 2, State: 0, Mode: LEADER, active raft config: opid_index: -1 OBSOLETE_local: false peers { permanent_uuid: "1d3b710c115a4d799c850439bdbfdb91" member_type: VOTER last_known_addr { host: "127.16.221.129" port: 39747 } } peers { permanent_uuid: "aac02242710b4c9091cdc9759b0154ea" member_type: VOTER last_known_addr { host: "127.16.221.130" port: 34675 } } peers { permanent_uuid: "e3319e45980f42599711beb61fb1c8e2" member_type: VOTER last_known_addr { host: "127.16.221.131" port: 44337 } }
I20260608 12:57:05.028520 21989 raft_consensus.cc:385] T 05c3e83b456444bda297c419565a31d0 P e3319e45980f42599711beb61fb1c8e2 [term 0 FOLLOWER]: Consensus starting up: Expiring failure detector timer to make a prompt election more likely
I20260608 12:57:05.028687 22019 raft_consensus.cc:3060] T 785939255951493eaf9bff5fc1bdf3d2 P e3319e45980f42599711beb61fb1c8e2 [term 0 FOLLOWER]: Advancing to term 1
I20260608 12:57:05.028905 21989 raft_consensus.cc:740] T 05c3e83b456444bda297c419565a31d0 P e3319e45980f42599711beb61fb1c8e2 [term 0 FOLLOWER]: Becoming Follower/Learner. State: Replica: e3319e45980f42599711beb61fb1c8e2, State: Initialized, Role: FOLLOWER
I20260608 12:57:05.028973 22032 consensus_queue.cc:1048] T 05c3e83b456444bda297c419565a31d0 P aac02242710b4c9091cdc9759b0154ea [LEADER]: Connected to new peer: Peer: permanent_uuid: "1d3b710c115a4d799c850439bdbfdb91" member_type: VOTER last_known_addr { host: "127.16.221.129" port: 39747 }, Status: LMP_MISMATCH, Last received: 0.0, Next index: 1, Last known committed idx: 0, Time since last communication: 0.001s
I20260608 12:57:05.029970 21989 consensus_queue.cc:260] T 05c3e83b456444bda297c419565a31d0 P e3319e45980f42599711beb61fb1c8e2 [NON_LEADER]: Queue going to NON_LEADER mode. State: All replicated index: 0, Majority replicated index: 0, Committed index: 0, Last appended: 0.0, Last appended by leader: 0, Current term: 0, Majority size: -1, State: 0, Mode: NON_LEADER, active raft config: opid_index: -1 OBSOLETE_local: false peers { permanent_uuid: "1d3b710c115a4d799c850439bdbfdb91" member_type: VOTER last_known_addr { host: "127.16.221.129" port: 39747 } } peers { permanent_uuid: "aac02242710b4c9091cdc9759b0154ea" member_type: VOTER last_known_addr { host: "127.16.221.130" port: 34675 } } peers { permanent_uuid: "e3319e45980f42599711beb61fb1c8e2" member_type: VOTER last_known_addr { host: "127.16.221.131" port: 44337 } }
I20260608 12:57:05.031908 22015 leader_election.cc:290] T 785939255951493eaf9bff5fc1bdf3d2 P e3319e45980f42599711beb61fb1c8e2 [CANDIDATE]: Term 1 pre-election: Requested pre-vote from peers 1d3b710c115a4d799c850439bdbfdb91 (127.16.221.129:39747), aac02242710b4c9091cdc9759b0154ea (127.16.221.130:34675)
I20260608 12:57:05.038873 22019 raft_consensus.cc:515] T 785939255951493eaf9bff5fc1bdf3d2 P e3319e45980f42599711beb61fb1c8e2 [term 1 FOLLOWER]: Starting leader election with config: opid_index: -1 OBSOLETE_local: false peers { permanent_uuid: "1d3b710c115a4d799c850439bdbfdb91" member_type: VOTER last_known_addr { host: "127.16.221.129" port: 39747 } } peers { permanent_uuid: "aac02242710b4c9091cdc9759b0154ea" member_type: VOTER last_known_addr { host: "127.16.221.130" port: 34675 } } peers { permanent_uuid: "e3319e45980f42599711beb61fb1c8e2" member_type: VOTER last_known_addr { host: "127.16.221.131" port: 44337 } }
I20260608 12:57:05.041648 22019 leader_election.cc:290] T 785939255951493eaf9bff5fc1bdf3d2 P e3319e45980f42599711beb61fb1c8e2 [CANDIDATE]: Term 1 election: Requested vote from peers 1d3b710c115a4d799c850439bdbfdb91 (127.16.221.129:39747), aac02242710b4c9091cdc9759b0154ea (127.16.221.130:34675)
I20260608 12:57:05.045274 21993 tablet_bootstrap.cc:492] T 625c01c8347d497ea540edb82aadc9c2 P 1d3b710c115a4d799c850439bdbfdb91: No bootstrap required, opened a new log
I20260608 12:57:05.045964 21993 ts_tablet_manager.cc:1403] T 625c01c8347d497ea540edb82aadc9c2 P 1d3b710c115a4d799c850439bdbfdb91: Time spent bootstrapping tablet: real 0.086s	user 0.013s	sys 0.005s
I20260608 12:57:05.047521 21791 tablet_service.cc:1917] Received RequestConsensusVote() RPC: tablet_id: "785939255951493eaf9bff5fc1bdf3d2" candidate_uuid: "e3319e45980f42599711beb61fb1c8e2" candidate_term: 1 candidate_status { last_received { term: 0 index: 0 } } ignore_live_leader: false dest_uuid: "1d3b710c115a4d799c850439bdbfdb91"
I20260608 12:57:05.048096 21865 tablet_service.cc:1917] Received RequestConsensusVote() RPC: tablet_id: "785939255951493eaf9bff5fc1bdf3d2" candidate_uuid: "e3319e45980f42599711beb61fb1c8e2" candidate_term: 1 candidate_status { last_received { term: 0 index: 0 } } ignore_live_leader: false dest_uuid: "aac02242710b4c9091cdc9759b0154ea"
I20260608 12:57:05.048676 21865 raft_consensus.cc:3060] T 785939255951493eaf9bff5fc1bdf3d2 P aac02242710b4c9091cdc9759b0154ea [term 0 FOLLOWER]: Advancing to term 1
W20260608 12:57:05.050534 21906 leader_election.cc:343] T 785939255951493eaf9bff5fc1bdf3d2 P e3319e45980f42599711beb61fb1c8e2 [CANDIDATE]: Term 1 election: Tablet error from VoteRequest() call to peer 1d3b710c115a4d799c850439bdbfdb91 (127.16.221.129:39747): Illegal state: must be running to vote when last-logged opid is not known
I20260608 12:57:05.049651 21993 raft_consensus.cc:359] T 625c01c8347d497ea540edb82aadc9c2 P 1d3b710c115a4d799c850439bdbfdb91 [term 0 FOLLOWER]: Replica starting. Triggering 0 pending ops. Active config: opid_index: -1 OBSOLETE_local: false peers { permanent_uuid: "1d3b710c115a4d799c850439bdbfdb91" member_type: VOTER last_known_addr { host: "127.16.221.129" port: 39747 } } peers { permanent_uuid: "aac02242710b4c9091cdc9759b0154ea" member_type: VOTER last_known_addr { host: "127.16.221.130" port: 34675 } } peers { permanent_uuid: "e3319e45980f42599711beb61fb1c8e2" member_type: VOTER last_known_addr { host: "127.16.221.131" port: 44337 } }
I20260608 12:57:05.051156 21993 raft_consensus.cc:385] T 625c01c8347d497ea540edb82aadc9c2 P 1d3b710c115a4d799c850439bdbfdb91 [term 0 FOLLOWER]: Consensus starting up: Expiring failure detector timer to make a prompt election more likely
I20260608 12:57:05.051538 21993 raft_consensus.cc:740] T 625c01c8347d497ea540edb82aadc9c2 P 1d3b710c115a4d799c850439bdbfdb91 [term 0 FOLLOWER]: Becoming Follower/Learner. State: Replica: 1d3b710c115a4d799c850439bdbfdb91, State: Initialized, Role: FOLLOWER
I20260608 12:57:05.052419 21993 consensus_queue.cc:260] T 625c01c8347d497ea540edb82aadc9c2 P 1d3b710c115a4d799c850439bdbfdb91 [NON_LEADER]: Queue going to NON_LEADER mode. State: All replicated index: 0, Majority replicated index: 0, Committed index: 0, Last appended: 0.0, Last appended by leader: 0, Current term: 0, Majority size: -1, State: 0, Mode: NON_LEADER, active raft config: opid_index: -1 OBSOLETE_local: false peers { permanent_uuid: "1d3b710c115a4d799c850439bdbfdb91" member_type: VOTER last_known_addr { host: "127.16.221.129" port: 39747 } } peers { permanent_uuid: "aac02242710b4c9091cdc9759b0154ea" member_type: VOTER last_known_addr { host: "127.16.221.130" port: 34675 } } peers { permanent_uuid: "e3319e45980f42599711beb61fb1c8e2" member_type: VOTER last_known_addr { host: "127.16.221.131" port: 44337 } }
I20260608 12:57:05.055905 21993 ts_tablet_manager.cc:1434] T 625c01c8347d497ea540edb82aadc9c2 P 1d3b710c115a4d799c850439bdbfdb91: Time spent starting tablet: real 0.010s	user 0.006s	sys 0.000s
I20260608 12:57:05.057152 21993 tablet_bootstrap.cc:492] T 45886394fee641f5aa7e9d5f9dd9cee4 P 1d3b710c115a4d799c850439bdbfdb91: Bootstrap starting.
I20260608 12:57:05.059762 21688 catalog_manager.cc:5696] T 7d49b25564b7400ca533e4466dc753c4 P 1d3b710c115a4d799c850439bdbfdb91 reported cstate change: term changed from 0 to 1, leader changed from <none> to 1d3b710c115a4d799c850439bdbfdb91 (127.16.221.129). New cstate: current_term: 1 leader_uuid: "1d3b710c115a4d799c850439bdbfdb91" committed_config { opid_index: -1 OBSOLETE_local: false peers { permanent_uuid: "1d3b710c115a4d799c850439bdbfdb91" member_type: VOTER last_known_addr { host: "127.16.221.129" port: 39747 } health_report { overall_health: HEALTHY } } peers { permanent_uuid: "aac02242710b4c9091cdc9759b0154ea" member_type: VOTER last_known_addr { host: "127.16.221.130" port: 34675 } health_report { overall_health: UNKNOWN } } peers { permanent_uuid: "e3319e45980f42599711beb61fb1c8e2" member_type: VOTER last_known_addr { host: "127.16.221.131" port: 44337 } health_report { overall_health: UNKNOWN } } }
W20260608 12:57:05.064173 21832 consensus_peers.cc:597] T 05c3e83b456444bda297c419565a31d0 P aac02242710b4c9091cdc9759b0154ea -> Peer e3319e45980f42599711beb61fb1c8e2 (127.16.221.131:44337): Couldn't send request to peer e3319e45980f42599711beb61fb1c8e2. Error code: TABLET_NOT_RUNNING (12). Status: Illegal state: Tablet not RUNNING: BOOTSTRAPPING. This is attempt 1: this message will repeat every 5th retry.
I20260608 12:57:05.065291 21993 tablet_bootstrap.cc:654] T 45886394fee641f5aa7e9d5f9dd9cee4 P 1d3b710c115a4d799c850439bdbfdb91: Neither blocks nor log segments found. Creating new log.
I20260608 12:57:05.076280 21865 raft_consensus.cc:2468] T 785939255951493eaf9bff5fc1bdf3d2 P aac02242710b4c9091cdc9759b0154ea [term 1 FOLLOWER]: Leader election vote request: Granting yes vote for candidate e3319e45980f42599711beb61fb1c8e2 in term 1.
I20260608 12:57:05.082665 22019 consensus_queue.cc:1048] T 47da7606095f42649cb69ad378df1109 P e3319e45980f42599711beb61fb1c8e2 [LEADER]: Connected to new peer: Peer: permanent_uuid: "1d3b710c115a4d799c850439bdbfdb91" member_type: VOTER last_known_addr { host: "127.16.221.129" port: 39747 }, Status: LMP_MISMATCH, Last received: 0.0, Next index: 1, Last known committed idx: 0, Time since last communication: 0.001s
I20260608 12:57:05.086850 21993 tablet_bootstrap.cc:492] T 45886394fee641f5aa7e9d5f9dd9cee4 P 1d3b710c115a4d799c850439bdbfdb91: No bootstrap required, opened a new log
I20260608 12:57:05.087528 21993 ts_tablet_manager.cc:1403] T 45886394fee641f5aa7e9d5f9dd9cee4 P 1d3b710c115a4d799c850439bdbfdb91: Time spent bootstrapping tablet: real 0.031s	user 0.017s	sys 0.003s
I20260608 12:57:05.091475 21993 raft_consensus.cc:359] T 45886394fee641f5aa7e9d5f9dd9cee4 P 1d3b710c115a4d799c850439bdbfdb91 [term 0 FOLLOWER]: Replica starting. Triggering 0 pending ops. Active config: opid_index: -1 OBSOLETE_local: false peers { permanent_uuid: "1d3b710c115a4d799c850439bdbfdb91" member_type: VOTER last_known_addr { host: "127.16.221.129" port: 39747 } } peers { permanent_uuid: "aac02242710b4c9091cdc9759b0154ea" member_type: VOTER last_known_addr { host: "127.16.221.130" port: 34675 } } peers { permanent_uuid: "e3319e45980f42599711beb61fb1c8e2" member_type: VOTER last_known_addr { host: "127.16.221.131" port: 44337 } }
I20260608 12:57:05.092350 21993 raft_consensus.cc:385] T 45886394fee641f5aa7e9d5f9dd9cee4 P 1d3b710c115a4d799c850439bdbfdb91 [term 0 FOLLOWER]: Consensus starting up: Expiring failure detector timer to make a prompt election more likely
I20260608 12:57:05.092700 21993 raft_consensus.cc:740] T 45886394fee641f5aa7e9d5f9dd9cee4 P 1d3b710c115a4d799c850439bdbfdb91 [term 0 FOLLOWER]: Becoming Follower/Learner. State: Replica: 1d3b710c115a4d799c850439bdbfdb91, State: Initialized, Role: FOLLOWER
I20260608 12:57:05.094061 21993 consensus_queue.cc:260] T 45886394fee641f5aa7e9d5f9dd9cee4 P 1d3b710c115a4d799c850439bdbfdb91 [NON_LEADER]: Queue going to NON_LEADER mode. State: All replicated index: 0, Majority replicated index: 0, Committed index: 0, Last appended: 0.0, Last appended by leader: 0, Current term: 0, Majority size: -1, State: 0, Mode: NON_LEADER, active raft config: opid_index: -1 OBSOLETE_local: false peers { permanent_uuid: "1d3b710c115a4d799c850439bdbfdb91" member_type: VOTER last_known_addr { host: "127.16.221.129" port: 39747 } } peers { permanent_uuid: "aac02242710b4c9091cdc9759b0154ea" member_type: VOTER last_known_addr { host: "127.16.221.130" port: 34675 } } peers { permanent_uuid: "e3319e45980f42599711beb61fb1c8e2" member_type: VOTER last_known_addr { host: "127.16.221.131" port: 44337 } }
I20260608 12:57:05.097554 21993 ts_tablet_manager.cc:1434] T 45886394fee641f5aa7e9d5f9dd9cee4 P 1d3b710c115a4d799c850439bdbfdb91: Time spent starting tablet: real 0.010s	user 0.006s	sys 0.004s
I20260608 12:57:05.099447 21993 tablet_bootstrap.cc:492] T 785939255951493eaf9bff5fc1bdf3d2 P 1d3b710c115a4d799c850439bdbfdb91: Bootstrap starting.
I20260608 12:57:05.099361 21988 raft_consensus.cc:493] T 45886394fee641f5aa7e9d5f9dd9cee4 P aac02242710b4c9091cdc9759b0154ea [term 0 FOLLOWER]: Starting pre-election (no leader contacted us within the election timeout)
I20260608 12:57:05.099994 21988 raft_consensus.cc:515] T 45886394fee641f5aa7e9d5f9dd9cee4 P aac02242710b4c9091cdc9759b0154ea [term 0 FOLLOWER]: Starting pre-election with config: opid_index: -1 OBSOLETE_local: false peers { permanent_uuid: "1d3b710c115a4d799c850439bdbfdb91" member_type: VOTER last_known_addr { host: "127.16.221.129" port: 39747 } } peers { permanent_uuid: "aac02242710b4c9091cdc9759b0154ea" member_type: VOTER last_known_addr { host: "127.16.221.130" port: 34675 } } peers { permanent_uuid: "e3319e45980f42599711beb61fb1c8e2" member_type: VOTER last_known_addr { host: "127.16.221.131" port: 44337 } }
I20260608 12:57:05.100795 22019 consensus_queue.cc:1048] T 7ceeed9303384abba2386633f346228c P e3319e45980f42599711beb61fb1c8e2 [LEADER]: Connected to new peer: Peer: permanent_uuid: "1d3b710c115a4d799c850439bdbfdb91" member_type: VOTER last_known_addr { host: "127.16.221.129" port: 39747 }, Status: LMP_MISMATCH, Last received: 0.0, Next index: 1, Last known committed idx: 0, Time since last communication: 0.000s
I20260608 12:57:05.102205 21988 leader_election.cc:290] T 45886394fee641f5aa7e9d5f9dd9cee4 P aac02242710b4c9091cdc9759b0154ea [CANDIDATE]: Term 1 pre-election: Requested pre-vote from peers 1d3b710c115a4d799c850439bdbfdb91 (127.16.221.129:39747), e3319e45980f42599711beb61fb1c8e2 (127.16.221.131:44337)
I20260608 12:57:05.104326 21791 tablet_service.cc:1917] Received RequestConsensusVote() RPC: tablet_id: "45886394fee641f5aa7e9d5f9dd9cee4" candidate_uuid: "aac02242710b4c9091cdc9759b0154ea" candidate_term: 1 candidate_status { last_received { term: 0 index: 0 } } ignore_live_leader: false dest_uuid: "1d3b710c115a4d799c850439bdbfdb91" is_pre_election: true
I20260608 12:57:05.104964 21791 raft_consensus.cc:2468] T 45886394fee641f5aa7e9d5f9dd9cee4 P 1d3b710c115a4d799c850439bdbfdb91 [term 0 FOLLOWER]: Leader pre-election vote request: Granting yes vote for candidate aac02242710b4c9091cdc9759b0154ea in term 0.
I20260608 12:57:05.110236 21993 tablet_bootstrap.cc:654] T 785939255951493eaf9bff5fc1bdf3d2 P 1d3b710c115a4d799c850439bdbfdb91: Neither blocks nor log segments found. Creating new log.
I20260608 12:57:05.111488 21941 tablet_service.cc:1917] Received RequestConsensusVote() RPC: tablet_id: "45886394fee641f5aa7e9d5f9dd9cee4" candidate_uuid: "aac02242710b4c9091cdc9759b0154ea" candidate_term: 1 candidate_status { last_received { term: 0 index: 0 } } ignore_live_leader: false dest_uuid: "e3319e45980f42599711beb61fb1c8e2" is_pre_election: true
I20260608 12:57:05.112145 21941 raft_consensus.cc:2468] T 45886394fee641f5aa7e9d5f9dd9cee4 P e3319e45980f42599711beb61fb1c8e2 [term 0 FOLLOWER]: Leader pre-election vote request: Granting yes vote for candidate aac02242710b4c9091cdc9759b0154ea in term 0.
I20260608 12:57:05.113520 21832 leader_election.cc:304] T 45886394fee641f5aa7e9d5f9dd9cee4 P aac02242710b4c9091cdc9759b0154ea [CANDIDATE]: Term 1 pre-election: Election decided. Result: candidate won. Election summary: received 2 responses out of 3 voters: 2 yes votes; 0 no votes. yes voters: aac02242710b4c9091cdc9759b0154ea, e3319e45980f42599711beb61fb1c8e2; no voters: 
I20260608 12:57:05.115439 21988 raft_consensus.cc:2804] T 45886394fee641f5aa7e9d5f9dd9cee4 P aac02242710b4c9091cdc9759b0154ea [term 0 FOLLOWER]: Leader pre-election won for term 1
I20260608 12:57:05.115898 21988 raft_consensus.cc:493] T 45886394fee641f5aa7e9d5f9dd9cee4 P aac02242710b4c9091cdc9759b0154ea [term 0 FOLLOWER]: Starting leader election (no leader contacted us within the election timeout)
I20260608 12:57:05.116293 21988 raft_consensus.cc:3060] T 45886394fee641f5aa7e9d5f9dd9cee4 P aac02242710b4c9091cdc9759b0154ea [term 0 FOLLOWER]: Advancing to term 1
I20260608 12:57:05.123539 21993 tablet_bootstrap.cc:492] T 785939255951493eaf9bff5fc1bdf3d2 P 1d3b710c115a4d799c850439bdbfdb91: No bootstrap required, opened a new log
I20260608 12:57:05.124096 21993 ts_tablet_manager.cc:1403] T 785939255951493eaf9bff5fc1bdf3d2 P 1d3b710c115a4d799c850439bdbfdb91: Time spent bootstrapping tablet: real 0.025s	user 0.008s	sys 0.011s
I20260608 12:57:05.131680 21988 raft_consensus.cc:515] T 45886394fee641f5aa7e9d5f9dd9cee4 P aac02242710b4c9091cdc9759b0154ea [term 1 FOLLOWER]: Starting leader election with config: opid_index: -1 OBSOLETE_local: false peers { permanent_uuid: "1d3b710c115a4d799c850439bdbfdb91" member_type: VOTER last_known_addr { host: "127.16.221.129" port: 39747 } } peers { permanent_uuid: "aac02242710b4c9091cdc9759b0154ea" member_type: VOTER last_known_addr { host: "127.16.221.130" port: 34675 } } peers { permanent_uuid: "e3319e45980f42599711beb61fb1c8e2" member_type: VOTER last_known_addr { host: "127.16.221.131" port: 44337 } }
I20260608 12:57:05.135390 21791 tablet_service.cc:1917] Received RequestConsensusVote() RPC: tablet_id: "45886394fee641f5aa7e9d5f9dd9cee4" candidate_uuid: "aac02242710b4c9091cdc9759b0154ea" candidate_term: 1 candidate_status { last_received { term: 0 index: 0 } } ignore_live_leader: false dest_uuid: "1d3b710c115a4d799c850439bdbfdb91"
I20260608 12:57:05.136193 21791 raft_consensus.cc:3060] T 45886394fee641f5aa7e9d5f9dd9cee4 P 1d3b710c115a4d799c850439bdbfdb91 [term 0 FOLLOWER]: Advancing to term 1
I20260608 12:57:05.145501 21791 raft_consensus.cc:2468] T 45886394fee641f5aa7e9d5f9dd9cee4 P 1d3b710c115a4d799c850439bdbfdb91 [term 1 FOLLOWER]: Leader election vote request: Granting yes vote for candidate aac02242710b4c9091cdc9759b0154ea in term 1.
I20260608 12:57:05.146219 21993 raft_consensus.cc:359] T 785939255951493eaf9bff5fc1bdf3d2 P 1d3b710c115a4d799c850439bdbfdb91 [term 0 FOLLOWER]: Replica starting. Triggering 0 pending ops. Active config: opid_index: -1 OBSOLETE_local: false peers { permanent_uuid: "1d3b710c115a4d799c850439bdbfdb91" member_type: VOTER last_known_addr { host: "127.16.221.129" port: 39747 } } peers { permanent_uuid: "aac02242710b4c9091cdc9759b0154ea" member_type: VOTER last_known_addr { host: "127.16.221.130" port: 34675 } } peers { permanent_uuid: "e3319e45980f42599711beb61fb1c8e2" member_type: VOTER last_known_addr { host: "127.16.221.131" port: 44337 } }
I20260608 12:57:05.147274 21993 raft_consensus.cc:385] T 785939255951493eaf9bff5fc1bdf3d2 P 1d3b710c115a4d799c850439bdbfdb91 [term 0 FOLLOWER]: Consensus starting up: Expiring failure detector timer to make a prompt election more likely
I20260608 12:57:05.147639 21993 raft_consensus.cc:740] T 785939255951493eaf9bff5fc1bdf3d2 P 1d3b710c115a4d799c850439bdbfdb91 [term 0 FOLLOWER]: Becoming Follower/Learner. State: Replica: 1d3b710c115a4d799c850439bdbfdb91, State: Initialized, Role: FOLLOWER
I20260608 12:57:05.148643 21993 consensus_queue.cc:260] T 785939255951493eaf9bff5fc1bdf3d2 P 1d3b710c115a4d799c850439bdbfdb91 [NON_LEADER]: Queue going to NON_LEADER mode. State: All replicated index: 0, Majority replicated index: 0, Committed index: 0, Last appended: 0.0, Last appended by leader: 0, Current term: 0, Majority size: -1, State: 0, Mode: NON_LEADER, active raft config: opid_index: -1 OBSOLETE_local: false peers { permanent_uuid: "1d3b710c115a4d799c850439bdbfdb91" member_type: VOTER last_known_addr { host: "127.16.221.129" port: 39747 } } peers { permanent_uuid: "aac02242710b4c9091cdc9759b0154ea" member_type: VOTER last_known_addr { host: "127.16.221.130" port: 34675 } } peers { permanent_uuid: "e3319e45980f42599711beb61fb1c8e2" member_type: VOTER last_known_addr { host: "127.16.221.131" port: 44337 } }
I20260608 12:57:05.156816 21993 ts_tablet_manager.cc:1434] T 785939255951493eaf9bff5fc1bdf3d2 P 1d3b710c115a4d799c850439bdbfdb91: Time spent starting tablet: real 0.032s	user 0.009s	sys 0.000s
I20260608 12:57:05.165252 22028 consensus_queue.cc:1048] T fbda30f1f6774a70bcc98135f34f1e77 P 1d3b710c115a4d799c850439bdbfdb91 [LEADER]: Connected to new peer: Peer: permanent_uuid: "e3319e45980f42599711beb61fb1c8e2" member_type: VOTER last_known_addr { host: "127.16.221.131" port: 44337 }, Status: LMP_MISMATCH, Last received: 0.0, Next index: 1, Last known committed idx: 0, Time since last communication: 0.001s
I20260608 12:57:05.170047 21906 leader_election.cc:304] T 785939255951493eaf9bff5fc1bdf3d2 P e3319e45980f42599711beb61fb1c8e2 [CANDIDATE]: Term 1 election: Election decided. Result: candidate won. Election summary: received 3 responses out of 3 voters: 2 yes votes; 1 no votes. yes voters: aac02242710b4c9091cdc9759b0154ea, e3319e45980f42599711beb61fb1c8e2; no voters: 1d3b710c115a4d799c850439bdbfdb91
I20260608 12:57:05.175369 21832 leader_election.cc:304] T 45886394fee641f5aa7e9d5f9dd9cee4 P aac02242710b4c9091cdc9759b0154ea [CANDIDATE]: Term 1 election: Election decided. Result: candidate won. Election summary: received 2 responses out of 3 voters: 2 yes votes; 0 no votes. yes voters: 1d3b710c115a4d799c850439bdbfdb91, aac02242710b4c9091cdc9759b0154ea; no voters: 
I20260608 12:57:05.176462 21990 raft_consensus.cc:2804] T 45886394fee641f5aa7e9d5f9dd9cee4 P aac02242710b4c9091cdc9759b0154ea [term 1 FOLLOWER]: Leader election won for term 1
