I20260608 12:56:24.030833 20247 consensus_queue.cc:260] T c6a182f20c064c3ab905e276d2047ec3 P 8a59fe9234634a5fb591e9eb44dfd7cd [NON_LEADER]: Queue going to NON_LEADER mode. State: All replicated index: 0, Majority replicated index: 0, Committed index: 0, Last appended: 0.0, Last appended by leader: 0, Current term: 0, Majority size: -1, State: 0, Mode: NON_LEADER, active raft config: opid_index: -1 OBSOLETE_local: false peers { permanent_uuid: "e444fd6822a347cbb887707204520c74" member_type: VOTER last_known_addr { host: "127.16.132.196" port: 34623 } } peers { permanent_uuid: "dc644a532d7146459d0c3f3e974771db" member_type: VOTER last_known_addr { host: "127.16.132.193" port: 41851 } } peers { permanent_uuid: "8a59fe9234634a5fb591e9eb44dfd7cd" member_type: VOTER last_known_addr { host: "127.16.132.195" port: 40479 } }
W20260608 12:56:24.033460 20010 leader_election.cc:343] T 7e4b670a589b4fd09c78a15b46ed6569 P 8a59fe9234634a5fb591e9eb44dfd7cd [CANDIDATE]: Term 1 pre-election: Tablet error from VoteRequest() call to peer e444fd6822a347cbb887707204520c74 (127.16.132.196:34623): Illegal state: must be running to vote when last-logged opid is not known
I20260608 12:56:24.033871 20247 ts_tablet_manager.cc:1434] T c6a182f20c064c3ab905e276d2047ec3 P 8a59fe9234634a5fb591e9eb44dfd7cd: Time spent starting tablet: real 0.020s	user 0.010s	sys 0.000s
I20260608 12:56:24.034137 20010 leader_election.cc:304] T 7e4b670a589b4fd09c78a15b46ed6569 P 8a59fe9234634a5fb591e9eb44dfd7cd [CANDIDATE]: Term 1 pre-election: Election decided. Result: candidate lost. Election summary: received 3 responses out of 3 voters: 1 yes votes; 2 no votes. yes voters: 8a59fe9234634a5fb591e9eb44dfd7cd; no voters: a0bd5a697d354728a632d628081445a3, e444fd6822a347cbb887707204520c74
I20260608 12:56:24.035049 20247 tablet_bootstrap.cc:492] T 8cf54f51adbe44aa9c4f330cbe8bf850 P 8a59fe9234634a5fb591e9eb44dfd7cd: Bootstrap starting.
I20260608 12:56:24.035569 20142 raft_consensus.cc:2749] T 7e4b670a589b4fd09c78a15b46ed6569 P 8a59fe9234634a5fb591e9eb44dfd7cd [term 0 FOLLOWER]: Leader pre-election lost for term 1. Reason: could not achieve majority
I20260608 12:56:24.036108 20248 tablet_bootstrap.cc:492] T 5ccbce99eaff48c7babd1207adfd134d P a0bd5a697d354728a632d628081445a3: No bootstrap required, opened a new log
I20260608 12:56:24.036700 20248 ts_tablet_manager.cc:1403] T 5ccbce99eaff48c7babd1207adfd134d P a0bd5a697d354728a632d628081445a3: Time spent bootstrapping tablet: real 0.041s	user 0.018s	sys 0.015s
I20260608 12:56:24.040138 20248 raft_consensus.cc:359] T 5ccbce99eaff48c7babd1207adfd134d P a0bd5a697d354728a632d628081445a3 [term 0 FOLLOWER]: Replica starting. Triggering 0 pending ops. Active config: opid_index: -1 OBSOLETE_local: false peers { permanent_uuid: "dc644a532d7146459d0c3f3e974771db" member_type: VOTER last_known_addr { host: "127.16.132.193" port: 41851 } } peers { permanent_uuid: "e444fd6822a347cbb887707204520c74" member_type: VOTER last_known_addr { host: "127.16.132.196" port: 34623 } } peers { permanent_uuid: "a0bd5a697d354728a632d628081445a3" member_type: VOTER last_known_addr { host: "127.16.132.194" port: 35859 } }
I20260608 12:56:24.041211 20248 raft_consensus.cc:385] T 5ccbce99eaff48c7babd1207adfd134d P a0bd5a697d354728a632d628081445a3 [term 0 FOLLOWER]: Consensus starting up: Expiring failure detector timer to make a prompt election more likely
I20260608 12:56:24.041581 20248 raft_consensus.cc:740] T 5ccbce99eaff48c7babd1207adfd134d P a0bd5a697d354728a632d628081445a3 [term 0 FOLLOWER]: Becoming Follower/Learner. State: Replica: a0bd5a697d354728a632d628081445a3, State: Initialized, Role: FOLLOWER
I20260608 12:56:24.042430 20248 consensus_queue.cc:260] T 5ccbce99eaff48c7babd1207adfd134d P a0bd5a697d354728a632d628081445a3 [NON_LEADER]: Queue going to NON_LEADER mode. State: All replicated index: 0, Majority replicated index: 0, Committed index: 0, Last appended: 0.0, Last appended by leader: 0, Current term: 0, Majority size: -1, State: 0, Mode: NON_LEADER, active raft config: opid_index: -1 OBSOLETE_local: false peers { permanent_uuid: "dc644a532d7146459d0c3f3e974771db" member_type: VOTER last_known_addr { host: "127.16.132.193" port: 41851 } } peers { permanent_uuid: "e444fd6822a347cbb887707204520c74" member_type: VOTER last_known_addr { host: "127.16.132.196" port: 34623 } } peers { permanent_uuid: "a0bd5a697d354728a632d628081445a3" member_type: VOTER last_known_addr { host: "127.16.132.194" port: 35859 } }
I20260608 12:56:24.044530 20247 tablet_bootstrap.cc:654] T 8cf54f51adbe44aa9c4f330cbe8bf850 P 8a59fe9234634a5fb591e9eb44dfd7cd: Neither blocks nor log segments found. Creating new log.
I20260608 12:56:24.045204 20248 ts_tablet_manager.cc:1434] T 5ccbce99eaff48c7babd1207adfd134d P a0bd5a697d354728a632d628081445a3: Time spent starting tablet: real 0.008s	user 0.004s	sys 0.004s
I20260608 12:56:24.047228 20248 tablet_bootstrap.cc:492] T 7e4b670a589b4fd09c78a15b46ed6569 P a0bd5a697d354728a632d628081445a3: Bootstrap starting.
I20260608 12:56:24.054980 20248 tablet_bootstrap.cc:654] T 7e4b670a589b4fd09c78a15b46ed6569 P a0bd5a697d354728a632d628081445a3: Neither blocks nor log segments found. Creating new log.
I20260608 12:56:24.056779 20246 tablet_bootstrap.cc:492] T c6a182f20c064c3ab905e276d2047ec3 P dc644a532d7146459d0c3f3e974771db: No bootstrap required, opened a new log
I20260608 12:56:24.057539 20246 ts_tablet_manager.cc:1403] T c6a182f20c064c3ab905e276d2047ec3 P dc644a532d7146459d0c3f3e974771db: Time spent bootstrapping tablet: real 0.064s	user 0.016s	sys 0.009s
I20260608 12:56:24.085392 20250 tablet_bootstrap.cc:492] T d6d7c4f782254052a227ac67c30e6099 P e444fd6822a347cbb887707204520c74: No bootstrap required, opened a new log
I20260608 12:56:24.088842 20250 ts_tablet_manager.cc:1403] T d6d7c4f782254052a227ac67c30e6099 P e444fd6822a347cbb887707204520c74: Time spent bootstrapping tablet: real 0.147s	user 0.026s	sys 0.028s
I20260608 12:56:24.106895 20246 raft_consensus.cc:359] T c6a182f20c064c3ab905e276d2047ec3 P dc644a532d7146459d0c3f3e974771db [term 0 FOLLOWER]: Replica starting. Triggering 0 pending ops. Active config: opid_index: -1 OBSOLETE_local: false peers { permanent_uuid: "e444fd6822a347cbb887707204520c74" member_type: VOTER last_known_addr { host: "127.16.132.196" port: 34623 } } peers { permanent_uuid: "dc644a532d7146459d0c3f3e974771db" member_type: VOTER last_known_addr { host: "127.16.132.193" port: 41851 } } peers { permanent_uuid: "8a59fe9234634a5fb591e9eb44dfd7cd" member_type: VOTER last_known_addr { host: "127.16.132.195" port: 40479 } }
I20260608 12:56:24.107676 20247 tablet_bootstrap.cc:492] T 8cf54f51adbe44aa9c4f330cbe8bf850 P 8a59fe9234634a5fb591e9eb44dfd7cd: No bootstrap required, opened a new log
I20260608 12:56:24.108529 20247 ts_tablet_manager.cc:1403] T 8cf54f51adbe44aa9c4f330cbe8bf850 P 8a59fe9234634a5fb591e9eb44dfd7cd: Time spent bootstrapping tablet: real 0.074s	user 0.030s	sys 0.032s
I20260608 12:56:24.107698 20246 raft_consensus.cc:385] T c6a182f20c064c3ab905e276d2047ec3 P dc644a532d7146459d0c3f3e974771db [term 0 FOLLOWER]: Consensus starting up: Expiring failure detector timer to make a prompt election more likely
I20260608 12:56:24.111992 20246 raft_consensus.cc:740] T c6a182f20c064c3ab905e276d2047ec3 P dc644a532d7146459d0c3f3e974771db [term 0 FOLLOWER]: Becoming Follower/Learner. State: Replica: dc644a532d7146459d0c3f3e974771db, State: Initialized, Role: FOLLOWER
I20260608 12:56:24.112794 20247 raft_consensus.cc:359] T 8cf54f51adbe44aa9c4f330cbe8bf850 P 8a59fe9234634a5fb591e9eb44dfd7cd [term 0 FOLLOWER]: Replica starting. Triggering 0 pending ops. Active config: opid_index: -1 OBSOLETE_local: false peers { permanent_uuid: "dc644a532d7146459d0c3f3e974771db" member_type: VOTER last_known_addr { host: "127.16.132.193" port: 41851 } } peers { permanent_uuid: "8a59fe9234634a5fb591e9eb44dfd7cd" member_type: VOTER last_known_addr { host: "127.16.132.195" port: 40479 } } peers { permanent_uuid: "e444fd6822a347cbb887707204520c74" member_type: VOTER last_known_addr { host: "127.16.132.196" port: 34623 } }
I20260608 12:56:24.112964 20246 consensus_queue.cc:260] T c6a182f20c064c3ab905e276d2047ec3 P dc644a532d7146459d0c3f3e974771db [NON_LEADER]: Queue going to NON_LEADER mode. State: All replicated index: 0, Majority replicated index: 0, Committed index: 0, Last appended: 0.0, Last appended by leader: 0, Current term: 0, Majority size: -1, State: 0, Mode: NON_LEADER, active raft config: opid_index: -1 OBSOLETE_local: false peers { permanent_uuid: "e444fd6822a347cbb887707204520c74" member_type: VOTER last_known_addr { host: "127.16.132.196" port: 34623 } } peers { permanent_uuid: "dc644a532d7146459d0c3f3e974771db" member_type: VOTER last_known_addr { host: "127.16.132.193" port: 41851 } } peers { permanent_uuid: "8a59fe9234634a5fb591e9eb44dfd7cd" member_type: VOTER last_known_addr { host: "127.16.132.195" port: 40479 } }
I20260608 12:56:24.117004 20247 raft_consensus.cc:385] T 8cf54f51adbe44aa9c4f330cbe8bf850 P 8a59fe9234634a5fb591e9eb44dfd7cd [term 0 FOLLOWER]: Consensus starting up: Expiring failure detector timer to make a prompt election more likely
I20260608 12:56:24.117488 20247 raft_consensus.cc:740] T 8cf54f51adbe44aa9c4f330cbe8bf850 P 8a59fe9234634a5fb591e9eb44dfd7cd [term 0 FOLLOWER]: Becoming Follower/Learner. State: Replica: 8a59fe9234634a5fb591e9eb44dfd7cd, State: Initialized, Role: FOLLOWER
I20260608 12:56:24.118840 20247 consensus_queue.cc:260] T 8cf54f51adbe44aa9c4f330cbe8bf850 P 8a59fe9234634a5fb591e9eb44dfd7cd [NON_LEADER]: Queue going to NON_LEADER mode. State: All replicated index: 0, Majority replicated index: 0, Committed index: 0, Last appended: 0.0, Last appended by leader: 0, Current term: 0, Majority size: -1, State: 0, Mode: NON_LEADER, active raft config: opid_index: -1 OBSOLETE_local: false peers { permanent_uuid: "dc644a532d7146459d0c3f3e974771db" member_type: VOTER last_known_addr { host: "127.16.132.193" port: 41851 } } peers { permanent_uuid: "8a59fe9234634a5fb591e9eb44dfd7cd" member_type: VOTER last_known_addr { host: "127.16.132.195" port: 40479 } } peers { permanent_uuid: "e444fd6822a347cbb887707204520c74" member_type: VOTER last_known_addr { host: "127.16.132.196" port: 34623 } }
I20260608 12:56:24.120240 20248 tablet_bootstrap.cc:492] T 7e4b670a589b4fd09c78a15b46ed6569 P a0bd5a697d354728a632d628081445a3: No bootstrap required, opened a new log
I20260608 12:56:24.120980 20248 ts_tablet_manager.cc:1403] T 7e4b670a589b4fd09c78a15b46ed6569 P a0bd5a697d354728a632d628081445a3: Time spent bootstrapping tablet: real 0.074s	user 0.007s	sys 0.016s
I20260608 12:56:24.122856 20246 ts_tablet_manager.cc:1434] T c6a182f20c064c3ab905e276d2047ec3 P dc644a532d7146459d0c3f3e974771db: Time spent starting tablet: real 0.065s	user 0.007s	sys 0.005s
I20260608 12:56:24.123782 20247 ts_tablet_manager.cc:1434] T 8cf54f51adbe44aa9c4f330cbe8bf850 P 8a59fe9234634a5fb591e9eb44dfd7cd: Time spent starting tablet: real 0.014s	user 0.010s	sys 0.000s
I20260608 12:56:24.123458 20250 raft_consensus.cc:359] T d6d7c4f782254052a227ac67c30e6099 P e444fd6822a347cbb887707204520c74 [term 0 FOLLOWER]: Replica starting. Triggering 0 pending ops. Active config: opid_index: -1 OBSOLETE_local: false peers { permanent_uuid: "e444fd6822a347cbb887707204520c74" member_type: VOTER last_known_addr { host: "127.16.132.196" port: 34623 } } peers { permanent_uuid: "8a59fe9234634a5fb591e9eb44dfd7cd" member_type: VOTER last_known_addr { host: "127.16.132.195" port: 40479 } } peers { permanent_uuid: "dc644a532d7146459d0c3f3e974771db" member_type: VOTER last_known_addr { host: "127.16.132.193" port: 41851 } }
I20260608 12:56:24.124045 20246 tablet_bootstrap.cc:492] T 8cf54f51adbe44aa9c4f330cbe8bf850 P dc644a532d7146459d0c3f3e974771db: Bootstrap starting.
I20260608 12:56:24.124505 20250 raft_consensus.cc:385] T d6d7c4f782254052a227ac67c30e6099 P e444fd6822a347cbb887707204520c74 [term 0 FOLLOWER]: Consensus starting up: Expiring failure detector timer to make a prompt election more likely
I20260608 12:56:24.124970 20247 tablet_bootstrap.cc:492] T 5d7527e978194af69bdfbed506627fae P 8a59fe9234634a5fb591e9eb44dfd7cd: Bootstrap starting.
I20260608 12:56:24.124948 20250 raft_consensus.cc:740] T d6d7c4f782254052a227ac67c30e6099 P e444fd6822a347cbb887707204520c74 [term 0 FOLLOWER]: Becoming Follower/Learner. State: Replica: e444fd6822a347cbb887707204520c74, State: Initialized, Role: FOLLOWER
I20260608 12:56:24.133453 20247 tablet_bootstrap.cc:654] T 5d7527e978194af69bdfbed506627fae P 8a59fe9234634a5fb591e9eb44dfd7cd: Neither blocks nor log segments found. Creating new log.
I20260608 12:56:24.132990 20250 consensus_queue.cc:260] T d6d7c4f782254052a227ac67c30e6099 P e444fd6822a347cbb887707204520c74 [NON_LEADER]: Queue going to NON_LEADER mode. State: All replicated index: 0, Majority replicated index: 0, Committed index: 0, Last appended: 0.0, Last appended by leader: 0, Current term: 0, Majority size: -1, State: 0, Mode: NON_LEADER, active raft config: opid_index: -1 OBSOLETE_local: false peers { permanent_uuid: "e444fd6822a347cbb887707204520c74" member_type: VOTER last_known_addr { host: "127.16.132.196" port: 34623 } } peers { permanent_uuid: "8a59fe9234634a5fb591e9eb44dfd7cd" member_type: VOTER last_known_addr { host: "127.16.132.195" port: 40479 } } peers { permanent_uuid: "dc644a532d7146459d0c3f3e974771db" member_type: VOTER last_known_addr { host: "127.16.132.193" port: 41851 } }
I20260608 12:56:24.140156 20246 tablet_bootstrap.cc:654] T 8cf54f51adbe44aa9c4f330cbe8bf850 P dc644a532d7146459d0c3f3e974771db: Neither blocks nor log segments found. Creating new log.
I20260608 12:56:24.139606 20248 raft_consensus.cc:359] T 7e4b670a589b4fd09c78a15b46ed6569 P a0bd5a697d354728a632d628081445a3 [term 0 FOLLOWER]: Replica starting. Triggering 0 pending ops. Active config: opid_index: -1 OBSOLETE_local: false peers { permanent_uuid: "e444fd6822a347cbb887707204520c74" member_type: VOTER last_known_addr { host: "127.16.132.196" port: 34623 } } peers { permanent_uuid: "8a59fe9234634a5fb591e9eb44dfd7cd" member_type: VOTER last_known_addr { host: "127.16.132.195" port: 40479 } } peers { permanent_uuid: "a0bd5a697d354728a632d628081445a3" member_type: VOTER last_known_addr { host: "127.16.132.194" port: 35859 } }
I20260608 12:56:24.153625 20248 raft_consensus.cc:385] T 7e4b670a589b4fd09c78a15b46ed6569 P a0bd5a697d354728a632d628081445a3 [term 0 FOLLOWER]: Consensus starting up: Expiring failure detector timer to make a prompt election more likely
I20260608 12:56:24.154145 20248 raft_consensus.cc:740] T 7e4b670a589b4fd09c78a15b46ed6569 P a0bd5a697d354728a632d628081445a3 [term 0 FOLLOWER]: Becoming Follower/Learner. State: Replica: a0bd5a697d354728a632d628081445a3, State: Initialized, Role: FOLLOWER
I20260608 12:56:24.156152 20248 consensus_queue.cc:260] T 7e4b670a589b4fd09c78a15b46ed6569 P a0bd5a697d354728a632d628081445a3 [NON_LEADER]: Queue going to NON_LEADER mode. State: All replicated index: 0, Majority replicated index: 0, Committed index: 0, Last appended: 0.0, Last appended by leader: 0, Current term: 0, Majority size: -1, State: 0, Mode: NON_LEADER, active raft config: opid_index: -1 OBSOLETE_local: false peers { permanent_uuid: "e444fd6822a347cbb887707204520c74" member_type: VOTER last_known_addr { host: "127.16.132.196" port: 34623 } } peers { permanent_uuid: "8a59fe9234634a5fb591e9eb44dfd7cd" member_type: VOTER last_known_addr { host: "127.16.132.195" port: 40479 } } peers { permanent_uuid: "a0bd5a697d354728a632d628081445a3" member_type: VOTER last_known_addr { host: "127.16.132.194" port: 35859 } }
I20260608 12:56:24.177620 20235 heartbeater.cc:499] Master 127.16.132.254:39861 was elected leader, sending a full tablet report...
I20260608 12:56:24.178006 20242 raft_consensus.cc:493] T c6a182f20c064c3ab905e276d2047ec3 P dc644a532d7146459d0c3f3e974771db [term 0 FOLLOWER]: Starting pre-election (no leader contacted us within the election timeout)
W20260608 12:56:24.180687 19939 outbound_call.cc:321] RPC callback for RPC call kudu.consensus.ConsensusService.UpdateConsensus -> {remote=127.16.132.195:40479, user_credentials={real_user=slave}} blocked reactor thread for 67956.4us
I20260608 12:56:24.178743 20242 raft_consensus.cc:515] T c6a182f20c064c3ab905e276d2047ec3 P dc644a532d7146459d0c3f3e974771db [term 0 FOLLOWER]: Starting pre-election with config: opid_index: -1 OBSOLETE_local: false peers { permanent_uuid: "e444fd6822a347cbb887707204520c74" member_type: VOTER last_known_addr { host: "127.16.132.196" port: 34623 } } peers { permanent_uuid: "dc644a532d7146459d0c3f3e974771db" member_type: VOTER last_known_addr { host: "127.16.132.193" port: 41851 } } peers { permanent_uuid: "8a59fe9234634a5fb591e9eb44dfd7cd" member_type: VOTER last_known_addr { host: "127.16.132.195" port: 40479 } }
I20260608 12:56:24.186455 20242 leader_election.cc:290] T c6a182f20c064c3ab905e276d2047ec3 P dc644a532d7146459d0c3f3e974771db [CANDIDATE]: Term 1 pre-election: Requested pre-vote from peers e444fd6822a347cbb887707204520c74 (127.16.132.196:34623), 8a59fe9234634a5fb591e9eb44dfd7cd (127.16.132.195:40479)
I20260608 12:56:24.193974 20047 tablet_service.cc:1917] Received RequestConsensusVote() RPC: tablet_id: "c6a182f20c064c3ab905e276d2047ec3" candidate_uuid: "dc644a532d7146459d0c3f3e974771db" candidate_term: 1 candidate_status { last_received { term: 0 index: 0 } } ignore_live_leader: false dest_uuid: "8a59fe9234634a5fb591e9eb44dfd7cd" is_pre_election: true
I20260608 12:56:24.195369 20047 raft_consensus.cc:2468] T c6a182f20c064c3ab905e276d2047ec3 P 8a59fe9234634a5fb591e9eb44dfd7cd [term 0 FOLLOWER]: Leader pre-election vote request: Granting yes vote for candidate dc644a532d7146459d0c3f3e974771db in term 0.
I20260608 12:56:24.201515 19864 leader_election.cc:304] T c6a182f20c064c3ab905e276d2047ec3 P dc644a532d7146459d0c3f3e974771db [CANDIDATE]: Term 1 pre-election: Election decided. Result: candidate won. Election summary: received 2 responses out of 3 voters: 2 yes votes; 0 no votes. yes voters: 8a59fe9234634a5fb591e9eb44dfd7cd, dc644a532d7146459d0c3f3e974771db; no voters: 
I20260608 12:56:24.203091 20242 raft_consensus.cc:2804] T c6a182f20c064c3ab905e276d2047ec3 P dc644a532d7146459d0c3f3e974771db [term 0 FOLLOWER]: Leader pre-election won for term 1
I20260608 12:56:24.205838 20242 raft_consensus.cc:493] T c6a182f20c064c3ab905e276d2047ec3 P dc644a532d7146459d0c3f3e974771db [term 0 FOLLOWER]: Starting leader election (no leader contacted us within the election timeout)
I20260608 12:56:24.201664 20262 raft_consensus.cc:493] T b74996fddef7474ca8f41b3feeff1e73 P a0bd5a697d354728a632d628081445a3 [term 0 FOLLOWER]: Starting pre-election (no leader contacted us within the election timeout)
I20260608 12:56:24.203430 20264 raft_consensus.cc:493] T d6d7c4f782254052a227ac67c30e6099 P e444fd6822a347cbb887707204520c74 [term 0 FOLLOWER]: Starting pre-election (no leader contacted us within the election timeout)
I20260608 12:56:24.207052 20247 tablet_bootstrap.cc:492] T 5d7527e978194af69bdfbed506627fae P 8a59fe9234634a5fb591e9eb44dfd7cd: No bootstrap required, opened a new log
I20260608 12:56:24.206817 20262 raft_consensus.cc:515] T b74996fddef7474ca8f41b3feeff1e73 P a0bd5a697d354728a632d628081445a3 [term 0 FOLLOWER]: Starting pre-election with config: opid_index: -1 OBSOLETE_local: false peers { permanent_uuid: "e444fd6822a347cbb887707204520c74" member_type: VOTER last_known_addr { host: "127.16.132.196" port: 34623 } } peers { permanent_uuid: "dc644a532d7146459d0c3f3e974771db" member_type: VOTER last_known_addr { host: "127.16.132.193" port: 41851 } } peers { permanent_uuid: "a0bd5a697d354728a632d628081445a3" member_type: VOTER last_known_addr { host: "127.16.132.194" port: 35859 } }
I20260608 12:56:24.207248 20264 raft_consensus.cc:515] T d6d7c4f782254052a227ac67c30e6099 P e444fd6822a347cbb887707204520c74 [term 0 FOLLOWER]: Starting pre-election with config: opid_index: -1 OBSOLETE_local: false peers { permanent_uuid: "e444fd6822a347cbb887707204520c74" member_type: VOTER last_known_addr { host: "127.16.132.196" port: 34623 } } peers { permanent_uuid: "8a59fe9234634a5fb591e9eb44dfd7cd" member_type: VOTER last_known_addr { host: "127.16.132.195" port: 40479 } } peers { permanent_uuid: "dc644a532d7146459d0c3f3e974771db" member_type: VOTER last_known_addr { host: "127.16.132.193" port: 41851 } }
I20260608 12:56:24.210642 20247 ts_tablet_manager.cc:1403] T 5d7527e978194af69bdfbed506627fae P 8a59fe9234634a5fb591e9eb44dfd7cd: Time spent bootstrapping tablet: real 0.086s	user 0.017s	sys 0.030s
I20260608 12:56:24.206252 20242 raft_consensus.cc:3060] T c6a182f20c064c3ab905e276d2047ec3 P dc644a532d7146459d0c3f3e974771db [term 0 FOLLOWER]: Advancing to term 1
I20260608 12:56:24.227936 20248 ts_tablet_manager.cc:1434] T 7e4b670a589b4fd09c78a15b46ed6569 P a0bd5a697d354728a632d628081445a3: Time spent starting tablet: real 0.106s	user 0.012s	sys 0.015s
I20260608 12:56:24.230389 20248 tablet_bootstrap.cc:492] T 5d7527e978194af69bdfbed506627fae P a0bd5a697d354728a632d628081445a3: Bootstrap starting.
I20260608 12:56:24.240424 20262 leader_election.cc:290] T b74996fddef7474ca8f41b3feeff1e73 P a0bd5a697d354728a632d628081445a3 [CANDIDATE]: Term 1 pre-election: Requested pre-vote from peers e444fd6822a347cbb887707204520c74 (127.16.132.196:34623), dc644a532d7146459d0c3f3e974771db (127.16.132.193:41851)
I20260608 12:56:24.235314 20264 leader_election.cc:290] T d6d7c4f782254052a227ac67c30e6099 P e444fd6822a347cbb887707204520c74 [CANDIDATE]: Term 1 pre-election: Requested pre-vote from peers 8a59fe9234634a5fb591e9eb44dfd7cd (127.16.132.195:40479), dc644a532d7146459d0c3f3e974771db (127.16.132.193:41851)
I20260608 12:56:24.263101 20250 ts_tablet_manager.cc:1434] T d6d7c4f782254052a227ac67c30e6099 P e444fd6822a347cbb887707204520c74: Time spent starting tablet: real 0.172s	user 0.026s	sys 0.011s
I20260608 12:56:24.283475 20242 raft_consensus.cc:515] T c6a182f20c064c3ab905e276d2047ec3 P dc644a532d7146459d0c3f3e974771db [term 1 FOLLOWER]: Starting leader election with config: opid_index: -1 OBSOLETE_local: false peers { permanent_uuid: "e444fd6822a347cbb887707204520c74" member_type: VOTER last_known_addr { host: "127.16.132.196" port: 34623 } } peers { permanent_uuid: "dc644a532d7146459d0c3f3e974771db" member_type: VOTER last_known_addr { host: "127.16.132.193" port: 41851 } } peers { permanent_uuid: "8a59fe9234634a5fb591e9eb44dfd7cd" member_type: VOTER last_known_addr { host: "127.16.132.195" port: 40479 } }
I20260608 12:56:24.285319 20246 tablet_bootstrap.cc:492] T 8cf54f51adbe44aa9c4f330cbe8bf850 P dc644a532d7146459d0c3f3e974771db: No bootstrap required, opened a new log
I20260608 12:56:24.289289 20246 ts_tablet_manager.cc:1403] T 8cf54f51adbe44aa9c4f330cbe8bf850 P dc644a532d7146459d0c3f3e974771db: Time spent bootstrapping tablet: real 0.165s	user 0.012s	sys 0.025s
I20260608 12:56:24.292827 20246 raft_consensus.cc:359] T 8cf54f51adbe44aa9c4f330cbe8bf850 P dc644a532d7146459d0c3f3e974771db [term 0 FOLLOWER]: Replica starting. Triggering 0 pending ops. Active config: opid_index: -1 OBSOLETE_local: false peers { permanent_uuid: "dc644a532d7146459d0c3f3e974771db" member_type: VOTER last_known_addr { host: "127.16.132.193" port: 41851 } } peers { permanent_uuid: "8a59fe9234634a5fb591e9eb44dfd7cd" member_type: VOTER last_known_addr { host: "127.16.132.195" port: 40479 } } peers { permanent_uuid: "e444fd6822a347cbb887707204520c74" member_type: VOTER last_known_addr { host: "127.16.132.196" port: 34623 } }
I20260608 12:56:24.293608 20246 raft_consensus.cc:385] T 8cf54f51adbe44aa9c4f330cbe8bf850 P dc644a532d7146459d0c3f3e974771db [term 0 FOLLOWER]: Consensus starting up: Expiring failure detector timer to make a prompt election more likely
I20260608 12:56:24.293927 20246 raft_consensus.cc:740] T 8cf54f51adbe44aa9c4f330cbe8bf850 P dc644a532d7146459d0c3f3e974771db [term 0 FOLLOWER]: Becoming Follower/Learner. State: Replica: dc644a532d7146459d0c3f3e974771db, State: Initialized, Role: FOLLOWER
I20260608 12:56:24.294732 20246 consensus_queue.cc:260] T 8cf54f51adbe44aa9c4f330cbe8bf850 P dc644a532d7146459d0c3f3e974771db [NON_LEADER]: Queue going to NON_LEADER mode. State: All replicated index: 0, Majority replicated index: 0, Committed index: 0, Last appended: 0.0, Last appended by leader: 0, Current term: 0, Majority size: -1, State: 0, Mode: NON_LEADER, active raft config: opid_index: -1 OBSOLETE_local: false peers { permanent_uuid: "dc644a532d7146459d0c3f3e974771db" member_type: VOTER last_known_addr { host: "127.16.132.193" port: 41851 } } peers { permanent_uuid: "8a59fe9234634a5fb591e9eb44dfd7cd" member_type: VOTER last_known_addr { host: "127.16.132.195" port: 40479 } } peers { permanent_uuid: "e444fd6822a347cbb887707204520c74" member_type: VOTER last_known_addr { host: "127.16.132.196" port: 34623 } }
I20260608 12:56:24.296502 20250 tablet_bootstrap.cc:492] T c6a182f20c064c3ab905e276d2047ec3 P e444fd6822a347cbb887707204520c74: Bootstrap starting.
I20260608 12:56:24.306169 19897 tablet_service.cc:1917] Received RequestConsensusVote() RPC: tablet_id: "b74996fddef7474ca8f41b3feeff1e73" candidate_uuid: "a0bd5a697d354728a632d628081445a3" candidate_term: 1 candidate_status { last_received { term: 0 index: 0 } } ignore_live_leader: false dest_uuid: "dc644a532d7146459d0c3f3e974771db" is_pre_election: true
W20260608 12:56:24.310839 19938 leader_election.cc:343] T b74996fddef7474ca8f41b3feeff1e73 P a0bd5a697d354728a632d628081445a3 [CANDIDATE]: Term 1 pre-election: Tablet error from VoteRequest() call to peer dc644a532d7146459d0c3f3e974771db (127.16.132.193:41851): Illegal state: must be running to vote when last-logged opid is not known
I20260608 12:56:24.295866 20247 raft_consensus.cc:359] T 5d7527e978194af69bdfbed506627fae P 8a59fe9234634a5fb591e9eb44dfd7cd [term 0 FOLLOWER]: Replica starting. Triggering 0 pending ops. Active config: opid_index: -1 OBSOLETE_local: false peers { permanent_uuid: "e444fd6822a347cbb887707204520c74" member_type: VOTER last_known_addr { host: "127.16.132.196" port: 34623 } } peers { permanent_uuid: "8a59fe9234634a5fb591e9eb44dfd7cd" member_type: VOTER last_known_addr { host: "127.16.132.195" port: 40479 } } peers { permanent_uuid: "a0bd5a697d354728a632d628081445a3" member_type: VOTER last_known_addr { host: "127.16.132.194" port: 35859 } }
I20260608 12:56:24.311041 20047 tablet_service.cc:1917] Received RequestConsensusVote() RPC: tablet_id: "c6a182f20c064c3ab905e276d2047ec3" candidate_uuid: "dc644a532d7146459d0c3f3e974771db" candidate_term: 1 candidate_status { last_received { term: 0 index: 0 } } ignore_live_leader: false dest_uuid: "8a59fe9234634a5fb591e9eb44dfd7cd"
I20260608 12:56:24.312037 20247 raft_consensus.cc:385] T 5d7527e978194af69bdfbed506627fae P 8a59fe9234634a5fb591e9eb44dfd7cd [term 0 FOLLOWER]: Consensus starting up: Expiring failure detector timer to make a prompt election more likely
I20260608 12:56:24.312638 20047 raft_consensus.cc:3060] T c6a182f20c064c3ab905e276d2047ec3 P 8a59fe9234634a5fb591e9eb44dfd7cd [term 0 FOLLOWER]: Advancing to term 1
I20260608 12:56:24.315253 20248 tablet_bootstrap.cc:654] T 5d7527e978194af69bdfbed506627fae P a0bd5a697d354728a632d628081445a3: Neither blocks nor log segments found. Creating new log.
I20260608 12:56:24.312716 20247 raft_consensus.cc:740] T 5d7527e978194af69bdfbed506627fae P 8a59fe9234634a5fb591e9eb44dfd7cd [term 0 FOLLOWER]: Becoming Follower/Learner. State: Replica: 8a59fe9234634a5fb591e9eb44dfd7cd, State: Initialized, Role: FOLLOWER
I20260608 12:56:24.309520 20242 leader_election.cc:290] T c6a182f20c064c3ab905e276d2047ec3 P dc644a532d7146459d0c3f3e974771db [CANDIDATE]: Term 1 election: Requested vote from peers e444fd6822a347cbb887707204520c74 (127.16.132.196:34623), 8a59fe9234634a5fb591e9eb44dfd7cd (127.16.132.195:40479)
I20260608 12:56:24.333812 20247 consensus_queue.cc:260] T 5d7527e978194af69bdfbed506627fae P 8a59fe9234634a5fb591e9eb44dfd7cd [NON_LEADER]: Queue going to NON_LEADER mode. State: All replicated index: 0, Majority replicated index: 0, Committed index: 0, Last appended: 0.0, Last appended by leader: 0, Current term: 0, Majority size: -1, State: 0, Mode: NON_LEADER, active raft config: opid_index: -1 OBSOLETE_local: false peers { permanent_uuid: "e444fd6822a347cbb887707204520c74" member_type: VOTER last_known_addr { host: "127.16.132.196" port: 34623 } } peers { permanent_uuid: "8a59fe9234634a5fb591e9eb44dfd7cd" member_type: VOTER last_known_addr { host: "127.16.132.195" port: 40479 } } peers { permanent_uuid: "a0bd5a697d354728a632d628081445a3" member_type: VOTER last_known_addr { host: "127.16.132.194" port: 35859 } }
I20260608 12:56:24.333160 20242 raft_consensus.cc:493] T c3c0772076a04adc9658d6c6f543585b P dc644a532d7146459d0c3f3e974771db [term 0 FOLLOWER]: Starting pre-election (no leader contacted us within the election timeout)
I20260608 12:56:24.346393 20247 ts_tablet_manager.cc:1434] T 5d7527e978194af69bdfbed506627fae P 8a59fe9234634a5fb591e9eb44dfd7cd: Time spent starting tablet: real 0.135s	user 0.011s	sys 0.004s
I20260608 12:56:24.364558 20210 tablet_service.cc:1917] Received RequestConsensusVote() RPC: tablet_id: "b74996fddef7474ca8f41b3feeff1e73" candidate_uuid: "a0bd5a697d354728a632d628081445a3" candidate_term: 1 candidate_status { last_received { term: 0 index: 0 } } ignore_live_leader: false dest_uuid: "e444fd6822a347cbb887707204520c74" is_pre_election: true
I20260608 12:56:24.364907 20247 tablet_bootstrap.cc:492] T d6d7c4f782254052a227ac67c30e6099 P 8a59fe9234634a5fb591e9eb44dfd7cd: Bootstrap starting.
I20260608 12:56:24.365707 20142 raft_consensus.cc:493] T 8cf54f51adbe44aa9c4f330cbe8bf850 P 8a59fe9234634a5fb591e9eb44dfd7cd [term 0 FOLLOWER]: Starting pre-election (no leader contacted us within the election timeout)
W20260608 12:56:24.366272 19936 leader_election.cc:343] T b74996fddef7474ca8f41b3feeff1e73 P a0bd5a697d354728a632d628081445a3 [CANDIDATE]: Term 1 pre-election: Tablet error from VoteRequest() call to peer e444fd6822a347cbb887707204520c74 (127.16.132.196:34623): Illegal state: must be running to vote when last-logged opid is not known
I20260608 12:56:24.366228 20142 raft_consensus.cc:515] T 8cf54f51adbe44aa9c4f330cbe8bf850 P 8a59fe9234634a5fb591e9eb44dfd7cd [term 0 FOLLOWER]: Starting pre-election with config: opid_index: -1 OBSOLETE_local: false peers { permanent_uuid: "dc644a532d7146459d0c3f3e974771db" member_type: VOTER last_known_addr { host: "127.16.132.193" port: 41851 } } peers { permanent_uuid: "8a59fe9234634a5fb591e9eb44dfd7cd" member_type: VOTER last_known_addr { host: "127.16.132.195" port: 40479 } } peers { permanent_uuid: "e444fd6822a347cbb887707204520c74" member_type: VOTER last_known_addr { host: "127.16.132.196" port: 34623 } }
I20260608 12:56:24.366935 19936 leader_election.cc:304] T b74996fddef7474ca8f41b3feeff1e73 P a0bd5a697d354728a632d628081445a3 [CANDIDATE]: Term 1 pre-election: Election decided. Result: candidate lost. Election summary: received 3 responses out of 3 voters: 1 yes votes; 2 no votes. yes voters: a0bd5a697d354728a632d628081445a3; no voters: dc644a532d7146459d0c3f3e974771db, e444fd6822a347cbb887707204520c74
I20260608 12:56:24.368361 20262 raft_consensus.cc:2749] T b74996fddef7474ca8f41b3feeff1e73 P a0bd5a697d354728a632d628081445a3 [term 0 FOLLOWER]: Leader pre-election lost for term 1. Reason: could not achieve majority
I20260608 12:56:24.367457 20246 ts_tablet_manager.cc:1434] T 8cf54f51adbe44aa9c4f330cbe8bf850 P dc644a532d7146459d0c3f3e974771db: Time spent starting tablet: real 0.074s	user 0.013s	sys 0.024s
I20260608 12:56:24.388401 19897 tablet_service.cc:1917] Received RequestConsensusVote() RPC: tablet_id: "8cf54f51adbe44aa9c4f330cbe8bf850" candidate_uuid: "8a59fe9234634a5fb591e9eb44dfd7cd" candidate_term: 1 candidate_status { last_received { term: 0 index: 0 } } ignore_live_leader: false dest_uuid: "dc644a532d7146459d0c3f3e974771db" is_pre_election: true
I20260608 12:56:24.349860 20242 raft_consensus.cc:515] T c3c0772076a04adc9658d6c6f543585b P dc644a532d7146459d0c3f3e974771db [term 0 FOLLOWER]: Starting pre-election with config: opid_index: -1 OBSOLETE_local: false peers { permanent_uuid: "e444fd6822a347cbb887707204520c74" member_type: VOTER last_known_addr { host: "127.16.132.196" port: 34623 } } peers { permanent_uuid: "dc644a532d7146459d0c3f3e974771db" member_type: VOTER last_known_addr { host: "127.16.132.193" port: 41851 } } peers { permanent_uuid: "a0bd5a697d354728a632d628081445a3" member_type: VOTER last_known_addr { host: "127.16.132.194" port: 35859 } }
I20260608 12:56:24.389786 19897 raft_consensus.cc:2468] T 8cf54f51adbe44aa9c4f330cbe8bf850 P dc644a532d7146459d0c3f3e974771db [term 0 FOLLOWER]: Leader pre-election vote request: Granting yes vote for candidate 8a59fe9234634a5fb591e9eb44dfd7cd in term 0.
I20260608 12:56:24.393185 20246 tablet_bootstrap.cc:492] T d6d7c4f782254052a227ac67c30e6099 P dc644a532d7146459d0c3f3e974771db: Bootstrap starting.
I20260608 12:56:24.394223 20209 tablet_service.cc:1917] Received RequestConsensusVote() RPC: tablet_id: "c6a182f20c064c3ab905e276d2047ec3" candidate_uuid: "dc644a532d7146459d0c3f3e974771db" candidate_term: 1 candidate_status { last_received { term: 0 index: 0 } } ignore_live_leader: false dest_uuid: "e444fd6822a347cbb887707204520c74"
I20260608 12:56:24.394245 20012 leader_election.cc:304] T 8cf54f51adbe44aa9c4f330cbe8bf850 P 8a59fe9234634a5fb591e9eb44dfd7cd [CANDIDATE]: Term 1 pre-election: Election decided. Result: candidate won. Election summary: received 2 responses out of 3 voters: 2 yes votes; 0 no votes. yes voters: 8a59fe9234634a5fb591e9eb44dfd7cd, dc644a532d7146459d0c3f3e974771db; no voters: 
I20260608 12:56:24.396407 20142 leader_election.cc:290] T 8cf54f51adbe44aa9c4f330cbe8bf850 P 8a59fe9234634a5fb591e9eb44dfd7cd [CANDIDATE]: Term 1 pre-election: Requested pre-vote from peers dc644a532d7146459d0c3f3e974771db (127.16.132.193:41851), e444fd6822a347cbb887707204520c74 (127.16.132.196:34623)
I20260608 12:56:24.397147 20099 raft_consensus.cc:2804] T 8cf54f51adbe44aa9c4f330cbe8bf850 P 8a59fe9234634a5fb591e9eb44dfd7cd [term 0 FOLLOWER]: Leader pre-election won for term 1
I20260608 12:56:24.397615 20099 raft_consensus.cc:493] T 8cf54f51adbe44aa9c4f330cbe8bf850 P 8a59fe9234634a5fb591e9eb44dfd7cd [term 0 FOLLOWER]: Starting leader election (no leader contacted us within the election timeout)
I20260608 12:56:24.393867 20250 tablet_bootstrap.cc:654] T c6a182f20c064c3ab905e276d2047ec3 P e444fd6822a347cbb887707204520c74: Neither blocks nor log segments found. Creating new log.
I20260608 12:56:24.395345 20210 tablet_service.cc:1917] Received RequestConsensusVote() RPC: tablet_id: "c6a182f20c064c3ab905e276d2047ec3" candidate_uuid: "dc644a532d7146459d0c3f3e974771db" candidate_term: 1 candidate_status { last_received { term: 0 index: 0 } } ignore_live_leader: false dest_uuid: "e444fd6822a347cbb887707204520c74" is_pre_election: true
W20260608 12:56:24.399206 19861 leader_election.cc:343] T c6a182f20c064c3ab905e276d2047ec3 P dc644a532d7146459d0c3f3e974771db [CANDIDATE]: Term 1 election: Tablet error from VoteRequest() call to peer e444fd6822a347cbb887707204520c74 (127.16.132.196:34623): Illegal state: must be running to vote when last-logged opid is not known
W20260608 12:56:24.405875 19861 leader_election.cc:343] T c6a182f20c064c3ab905e276d2047ec3 P dc644a532d7146459d0c3f3e974771db [CANDIDATE]: Term 1 pre-election: Tablet error from VoteRequest() call to peer e444fd6822a347cbb887707204520c74 (127.16.132.196:34623): Illegal state: must be running to vote when last-logged opid is not known
I20260608 12:56:24.394491 20248 tablet_bootstrap.cc:492] T 5d7527e978194af69bdfbed506627fae P a0bd5a697d354728a632d628081445a3: No bootstrap required, opened a new log
I20260608 12:56:24.399487 20099 raft_consensus.cc:3060] T 8cf54f51adbe44aa9c4f330cbe8bf850 P 8a59fe9234634a5fb591e9eb44dfd7cd [term 0 FOLLOWER]: Advancing to term 1
I20260608 12:56:24.409291 20046 tablet_service.cc:1917] Received RequestConsensusVote() RPC: tablet_id: "d6d7c4f782254052a227ac67c30e6099" candidate_uuid: "e444fd6822a347cbb887707204520c74" candidate_term: 1 candidate_status { last_received { term: 0 index: 0 } } ignore_live_leader: false dest_uuid: "8a59fe9234634a5fb591e9eb44dfd7cd" is_pre_election: true
I20260608 12:56:24.409861 20248 ts_tablet_manager.cc:1403] T 5d7527e978194af69bdfbed506627fae P a0bd5a697d354728a632d628081445a3: Time spent bootstrapping tablet: real 0.181s	user 0.037s	sys 0.015s
I20260608 12:56:24.401005 19897 tablet_service.cc:1917] Received RequestConsensusVote() RPC: tablet_id: "d6d7c4f782254052a227ac67c30e6099" candidate_uuid: "e444fd6822a347cbb887707204520c74" candidate_term: 1 candidate_status { last_received { term: 0 index: 0 } } ignore_live_leader: false dest_uuid: "dc644a532d7146459d0c3f3e974771db" is_pre_election: true
I20260608 12:56:24.411088 20210 tablet_service.cc:1917] Received RequestConsensusVote() RPC: tablet_id: "8cf54f51adbe44aa9c4f330cbe8bf850" candidate_uuid: "8a59fe9234634a5fb591e9eb44dfd7cd" candidate_term: 1 candidate_status { last_received { term: 0 index: 0 } } ignore_live_leader: false dest_uuid: "e444fd6822a347cbb887707204520c74" is_pre_election: true
W20260608 12:56:24.413120 20176 leader_election.cc:343] T d6d7c4f782254052a227ac67c30e6099 P e444fd6822a347cbb887707204520c74 [CANDIDATE]: Term 1 pre-election: Tablet error from VoteRequest() call to peer 8a59fe9234634a5fb591e9eb44dfd7cd (127.16.132.195:40479): Illegal state: must be running to vote when last-logged opid is not known
W20260608 12:56:24.416092 20010 leader_election.cc:343] T 8cf54f51adbe44aa9c4f330cbe8bf850 P 8a59fe9234634a5fb591e9eb44dfd7cd [CANDIDATE]: Term 1 pre-election: Tablet error from VoteRequest() call to peer e444fd6822a347cbb887707204520c74 (127.16.132.196:34623): Illegal state: must be running to vote when last-logged opid is not known
I20260608 12:56:24.423205 20099 raft_consensus.cc:515] T 8cf54f51adbe44aa9c4f330cbe8bf850 P 8a59fe9234634a5fb591e9eb44dfd7cd [term 1 FOLLOWER]: Starting leader election with config: opid_index: -1 OBSOLETE_local: false peers { permanent_uuid: "dc644a532d7146459d0c3f3e974771db" member_type: VOTER last_known_addr { host: "127.16.132.193" port: 41851 } } peers { permanent_uuid: "8a59fe9234634a5fb591e9eb44dfd7cd" member_type: VOTER last_known_addr { host: "127.16.132.195" port: 40479 } } peers { permanent_uuid: "e444fd6822a347cbb887707204520c74" member_type: VOTER last_known_addr { host: "127.16.132.196" port: 34623 } }
I20260608 12:56:24.423404 20248 raft_consensus.cc:359] T 5d7527e978194af69bdfbed506627fae P a0bd5a697d354728a632d628081445a3 [term 0 FOLLOWER]: Replica starting. Triggering 0 pending ops. Active config: opid_index: -1 OBSOLETE_local: false peers { permanent_uuid: "e444fd6822a347cbb887707204520c74" member_type: VOTER last_known_addr { host: "127.16.132.196" port: 34623 } } peers { permanent_uuid: "8a59fe9234634a5fb591e9eb44dfd7cd" member_type: VOTER last_known_addr { host: "127.16.132.195" port: 40479 } } peers { permanent_uuid: "a0bd5a697d354728a632d628081445a3" member_type: VOTER last_known_addr { host: "127.16.132.194" port: 35859 } }
I20260608 12:56:24.416122 20047 raft_consensus.cc:2468] T c6a182f20c064c3ab905e276d2047ec3 P 8a59fe9234634a5fb591e9eb44dfd7cd [term 1 FOLLOWER]: Leader election vote request: Granting yes vote for candidate dc644a532d7146459d0c3f3e974771db in term 1.
I20260608 12:56:24.420476 20247 tablet_bootstrap.cc:654] T d6d7c4f782254052a227ac67c30e6099 P 8a59fe9234634a5fb591e9eb44dfd7cd: Neither blocks nor log segments found. Creating new log.
I20260608 12:56:24.427896 19864 leader_election.cc:304] T c6a182f20c064c3ab905e276d2047ec3 P dc644a532d7146459d0c3f3e974771db [CANDIDATE]: Term 1 election: Election decided. Result: candidate won. Election summary: received 3 responses out of 3 voters: 2 yes votes; 1 no votes. yes voters: 8a59fe9234634a5fb591e9eb44dfd7cd, dc644a532d7146459d0c3f3e974771db; no voters: e444fd6822a347cbb887707204520c74
I20260608 12:56:24.430770 20248 raft_consensus.cc:385] T 5d7527e978194af69bdfbed506627fae P a0bd5a697d354728a632d628081445a3 [term 0 FOLLOWER]: Consensus starting up: Expiring failure detector timer to make a prompt election more likely
I20260608 12:56:24.431048 20279 raft_consensus.cc:2804] T c6a182f20c064c3ab905e276d2047ec3 P dc644a532d7146459d0c3f3e974771db [term 1 FOLLOWER]: Leader election won for term 1
I20260608 12:56:24.431202 20210 tablet_service.cc:1917] Received RequestConsensusVote() RPC: tablet_id: "c3c0772076a04adc9658d6c6f543585b" candidate_uuid: "dc644a532d7146459d0c3f3e974771db" candidate_term: 1 candidate_status { last_received { term: 0 index: 0 } } ignore_live_leader: false dest_uuid: "e444fd6822a347cbb887707204520c74" is_pre_election: true
I20260608 12:56:24.431529 19973 tablet_service.cc:1917] Received RequestConsensusVote() RPC: tablet_id: "c3c0772076a04adc9658d6c6f543585b" candidate_uuid: "dc644a532d7146459d0c3f3e974771db" candidate_term: 1 candidate_status { last_received { term: 0 index: 0 } } ignore_live_leader: false dest_uuid: "a0bd5a697d354728a632d628081445a3" is_pre_election: true
I20260608 12:56:24.433461 20099 leader_election.cc:290] T 8cf54f51adbe44aa9c4f330cbe8bf850 P 8a59fe9234634a5fb591e9eb44dfd7cd [CANDIDATE]: Term 1 election: Requested vote from peers dc644a532d7146459d0c3f3e974771db (127.16.132.193:41851), e444fd6822a347cbb887707204520c74 (127.16.132.196:34623)
I20260608 12:56:24.433531 19897 tablet_service.cc:1917] Received RequestConsensusVote() RPC: tablet_id: "8cf54f51adbe44aa9c4f330cbe8bf850" candidate_uuid: "8a59fe9234634a5fb591e9eb44dfd7cd" candidate_term: 1 candidate_status { last_received { term: 0 index: 0 } } ignore_live_leader: false dest_uuid: "dc644a532d7146459d0c3f3e974771db"
I20260608 12:56:24.437913 19897 raft_consensus.cc:3060] T 8cf54f51adbe44aa9c4f330cbe8bf850 P dc644a532d7146459d0c3f3e974771db [term 0 FOLLOWER]: Advancing to term 1
W20260608 12:56:24.438606 19861 leader_election.cc:343] T c3c0772076a04adc9658d6c6f543585b P dc644a532d7146459d0c3f3e974771db [CANDIDATE]: Term 1 pre-election: Tablet error from VoteRequest() call to peer e444fd6822a347cbb887707204520c74 (127.16.132.196:34623): Illegal state: must be running to vote when last-logged opid is not known
W20260608 12:56:24.439198 19862 leader_election.cc:343] T c3c0772076a04adc9658d6c6f543585b P dc644a532d7146459d0c3f3e974771db [CANDIDATE]: Term 1 pre-election: Tablet error from VoteRequest() call to peer a0bd5a697d354728a632d628081445a3 (127.16.132.194:35859): Illegal state: must be running to vote when last-logged opid is not known
I20260608 12:56:24.430075 20242 leader_election.cc:290] T c3c0772076a04adc9658d6c6f543585b P dc644a532d7146459d0c3f3e974771db [CANDIDATE]: Term 1 pre-election: Requested pre-vote from peers e444fd6822a347cbb887707204520c74 (127.16.132.196:34623), a0bd5a697d354728a632d628081445a3 (127.16.132.194:35859)
I20260608 12:56:24.435312 20279 raft_consensus.cc:697] T c6a182f20c064c3ab905e276d2047ec3 P dc644a532d7146459d0c3f3e974771db [term 1 LEADER]: Becoming Leader. State: Replica: dc644a532d7146459d0c3f3e974771db, State: Running, Role: LEADER
I20260608 12:56:24.440264 19862 leader_election.cc:304] T c3c0772076a04adc9658d6c6f543585b P dc644a532d7146459d0c3f3e974771db [CANDIDATE]: Term 1 pre-election: Election decided. Result: candidate lost. Election summary: received 3 responses out of 3 voters: 1 yes votes; 2 no votes. yes voters: dc644a532d7146459d0c3f3e974771db; no voters: a0bd5a697d354728a632d628081445a3, e444fd6822a347cbb887707204520c74
I20260608 12:56:24.436132 20248 raft_consensus.cc:740] T 5d7527e978194af69bdfbed506627fae P a0bd5a697d354728a632d628081445a3 [term 0 FOLLOWER]: Becoming Follower/Learner. State: Replica: a0bd5a697d354728a632d628081445a3, State: Initialized, Role: FOLLOWER
I20260608 12:56:24.441529 20278 raft_consensus.cc:2749] T c3c0772076a04adc9658d6c6f543585b P dc644a532d7146459d0c3f3e974771db [term 0 FOLLOWER]: Leader pre-election lost for term 1. Reason: could not achieve majority
I20260608 12:56:24.441009 20279 consensus_queue.cc:237] T c6a182f20c064c3ab905e276d2047ec3 P dc644a532d7146459d0c3f3e974771db [LEADER]: Queue going to LEADER mode. State: All replicated index: 0, Majority replicated index: 0, Committed index: 0, Last appended: 0.0, Last appended by leader: 0, Current term: 1, Majority size: 2, State: 0, Mode: LEADER, active raft config: opid_index: -1 OBSOLETE_local: false peers { permanent_uuid: "e444fd6822a347cbb887707204520c74" member_type: VOTER last_known_addr { host: "127.16.132.196" port: 34623 } } peers { permanent_uuid: "dc644a532d7146459d0c3f3e974771db" member_type: VOTER last_known_addr { host: "127.16.132.193" port: 41851 } } peers { permanent_uuid: "8a59fe9234634a5fb591e9eb44dfd7cd" member_type: VOTER last_known_addr { host: "127.16.132.195" port: 40479 } }
W20260608 12:56:24.443475 20175 leader_election.cc:343] T d6d7c4f782254052a227ac67c30e6099 P e444fd6822a347cbb887707204520c74 [CANDIDATE]: Term 1 pre-election: Tablet error from VoteRequest() call to peer dc644a532d7146459d0c3f3e974771db (127.16.132.193:41851): Illegal state: must be running to vote when last-logged opid is not known
I20260608 12:56:24.443758 20248 consensus_queue.cc:260] T 5d7527e978194af69bdfbed506627fae P a0bd5a697d354728a632d628081445a3 [NON_LEADER]: Queue going to NON_LEADER mode. State: All replicated index: 0, Majority replicated index: 0, Committed index: 0, Last appended: 0.0, Last appended by leader: 0, Current term: 0, Majority size: -1, State: 0, Mode: NON_LEADER, active raft config: opid_index: -1 OBSOLETE_local: false peers { permanent_uuid: "e444fd6822a347cbb887707204520c74" member_type: VOTER last_known_addr { host: "127.16.132.196" port: 34623 } } peers { permanent_uuid: "8a59fe9234634a5fb591e9eb44dfd7cd" member_type: VOTER last_known_addr { host: "127.16.132.195" port: 40479 } } peers { permanent_uuid: "a0bd5a697d354728a632d628081445a3" member_type: VOTER last_known_addr { host: "127.16.132.194" port: 35859 } }
I20260608 12:56:24.444273 20175 leader_election.cc:304] T d6d7c4f782254052a227ac67c30e6099 P e444fd6822a347cbb887707204520c74 [CANDIDATE]: Term 1 pre-election: Election decided. Result: candidate lost. Election summary: received 3 responses out of 3 voters: 1 yes votes; 2 no votes. yes voters: e444fd6822a347cbb887707204520c74; no voters: 8a59fe9234634a5fb591e9eb44dfd7cd, dc644a532d7146459d0c3f3e974771db
I20260608 12:56:24.451802 20264 raft_consensus.cc:2749] T d6d7c4f782254052a227ac67c30e6099 P e444fd6822a347cbb887707204520c74 [term 0 FOLLOWER]: Leader pre-election lost for term 1. Reason: could not achieve majority
I20260608 12:56:24.455685 20210 tablet_service.cc:1917] Received RequestConsensusVote() RPC: tablet_id: "8cf54f51adbe44aa9c4f330cbe8bf850" candidate_uuid: "8a59fe9234634a5fb591e9eb44dfd7cd" candidate_term: 1 candidate_status { last_received { term: 0 index: 0 } } ignore_live_leader: false dest_uuid: "e444fd6822a347cbb887707204520c74"
I20260608 12:56:24.446547 19793 catalog_manager.cc:6241] T 00000000000000000000000000000000 P b05d9f5a52e74389888fe458d5f749d7: range_aware_rebalance_new_range [id=6588a51d262a4f95a2b8ff914d047284] alter complete (version 0)
I20260608 12:56:24.458132 19849 auto_leader_rebalancer.cc:140] leader rebalance for table range_aware_rebalance_new_range
I20260608 12:56:24.458951 19897 raft_consensus.cc:2468] T 8cf54f51adbe44aa9c4f330cbe8bf850 P dc644a532d7146459d0c3f3e974771db [term 1 FOLLOWER]: Leader election vote request: Granting yes vote for candidate 8a59fe9234634a5fb591e9eb44dfd7cd in term 1.
I20260608 12:56:24.466163 20248 ts_tablet_manager.cc:1434] T 5d7527e978194af69bdfbed506627fae P a0bd5a697d354728a632d628081445a3: Time spent starting tablet: real 0.055s	user 0.009s	sys 0.001s
I20260608 12:56:24.467661 20012 leader_election.cc:304] T 8cf54f51adbe44aa9c4f330cbe8bf850 P 8a59fe9234634a5fb591e9eb44dfd7cd [CANDIDATE]: Term 1 election: Election decided. Result: candidate won. Election summary: received 2 responses out of 3 voters: 2 yes votes; 0 no votes. yes voters: 8a59fe9234634a5fb591e9eb44dfd7cd, dc644a532d7146459d0c3f3e974771db; no voters: 
W20260608 12:56:24.469280 20010 leader_election.cc:343] T 8cf54f51adbe44aa9c4f330cbe8bf850 P 8a59fe9234634a5fb591e9eb44dfd7cd [CANDIDATE]: Term 1 election: Tablet error from VoteRequest() call to peer e444fd6822a347cbb887707204520c74 (127.16.132.196:34623): Illegal state: must be running to vote when last-logged opid is not known
I20260608 12:56:24.469658 20099 raft_consensus.cc:2804] T 8cf54f51adbe44aa9c4f330cbe8bf850 P 8a59fe9234634a5fb591e9eb44dfd7cd [term 1 FOLLOWER]: Leader election won for term 1
I20260608 12:56:24.470304 20099 raft_consensus.cc:697] T 8cf54f51adbe44aa9c4f330cbe8bf850 P 8a59fe9234634a5fb591e9eb44dfd7cd [term 1 LEADER]: Becoming Leader. State: Replica: 8a59fe9234634a5fb591e9eb44dfd7cd, State: Running, Role: LEADER
I20260608 12:56:24.471310 20099 consensus_queue.cc:237] T 8cf54f51adbe44aa9c4f330cbe8bf850 P 8a59fe9234634a5fb591e9eb44dfd7cd [LEADER]: Queue going to LEADER mode. State: All replicated index: 0, Majority replicated index: 0, Committed index: 0, Last appended: 0.0, Last appended by leader: 0, Current term: 1, Majority size: 2, State: 0, Mode: LEADER, active raft config: opid_index: -1 OBSOLETE_local: false peers { permanent_uuid: "dc644a532d7146459d0c3f3e974771db" member_type: VOTER last_known_addr { host: "127.16.132.193" port: 41851 } } peers { permanent_uuid: "8a59fe9234634a5fb591e9eb44dfd7cd" member_type: VOTER last_known_addr { host: "127.16.132.195" port: 40479 } } peers { permanent_uuid: "e444fd6822a347cbb887707204520c74" member_type: VOTER last_known_addr { host: "127.16.132.196" port: 34623 } }
I20260608 12:56:24.482985 20262 raft_consensus.cc:493] T 7e4b670a589b4fd09c78a15b46ed6569 P a0bd5a697d354728a632d628081445a3 [term 0 FOLLOWER]: Starting pre-election (no leader contacted us within the election timeout)
