I20260608 12:55:10.159794 18779 raft_consensus.cc:493] T 22691da32d41454aae1fbf310e26dff7 P 769bed591fdb4438afa8b74341617369 [term 0 FOLLOWER]: Starting leader election (initial election of a single-replica configuration)
I20260608 12:55:10.160136 18779 raft_consensus.cc:3060] T 22691da32d41454aae1fbf310e26dff7 P 769bed591fdb4438afa8b74341617369 [term 0 FOLLOWER]: Advancing to term 1
I20260608 12:55:10.165944 18777 leader_election.cc:290] T 984c7c5e6ca04a8d9bb386fb15215c31 P fcc81e433a884b868dffb1d0862ef91e [CANDIDATE]: Term 1 election: Requested vote from peers 
I20260608 12:55:10.165719 18786 raft_consensus.cc:2804] T 984c7c5e6ca04a8d9bb386fb15215c31 P fcc81e433a884b868dffb1d0862ef91e [term 1 FOLLOWER]: Leader election won for term 1
I20260608 12:55:10.167048 18779 raft_consensus.cc:515] T 22691da32d41454aae1fbf310e26dff7 P 769bed591fdb4438afa8b74341617369 [term 1 FOLLOWER]: Starting leader election with config: opid_index: -1 OBSOLETE_local: true peers { permanent_uuid: "769bed591fdb4438afa8b74341617369" member_type: VOTER last_known_addr { host: "127.16.200.131" port: 37327 } }
I20260608 12:55:10.167528 18778 ts_tablet_manager.cc:1434] T 4f37096708e44cdc9d7d09d788d2b327 P 1ffa0af44ae347fe8ef789d7c63a8be4: Time spent starting tablet: real 0.026s	user 0.014s	sys 0.011s
I20260608 12:55:10.167925 18779 leader_election.cc:304] T 22691da32d41454aae1fbf310e26dff7 P 769bed591fdb4438afa8b74341617369 [CANDIDATE]: Term 1 election: Election decided. Result: candidate won. Election summary: received 1 responses out of 1 voters: 1 yes votes; 0 no votes. yes voters: 769bed591fdb4438afa8b74341617369; no voters: 
I20260608 12:55:10.171227 18783 raft_consensus.cc:697] T 4f37096708e44cdc9d7d09d788d2b327 P 1ffa0af44ae347fe8ef789d7c63a8be4 [term 1 LEADER]: Becoming Leader. State: Replica: 1ffa0af44ae347fe8ef789d7c63a8be4, State: Running, Role: LEADER
I20260608 12:55:10.172212 18783 consensus_queue.cc:237] T 4f37096708e44cdc9d7d09d788d2b327 P 1ffa0af44ae347fe8ef789d7c63a8be4 [LEADER]: Queue going to LEADER mode. State: All replicated index: 0, Majority replicated index: 0, Committed index: 0, Last appended: 0.0, Last appended by leader: 0, Current term: 1, Majority size: 1, State: 0, Mode: LEADER, active raft config: opid_index: -1 OBSOLETE_local: true peers { permanent_uuid: "1ffa0af44ae347fe8ef789d7c63a8be4" member_type: VOTER last_known_addr { host: "127.16.200.129" port: 34919 } }
I20260608 12:55:10.172716 18779 leader_election.cc:290] T 22691da32d41454aae1fbf310e26dff7 P 769bed591fdb4438afa8b74341617369 [CANDIDATE]: Term 1 election: Requested vote from peers 
I20260608 12:55:10.172542 18786 raft_consensus.cc:697] T 984c7c5e6ca04a8d9bb386fb15215c31 P fcc81e433a884b868dffb1d0862ef91e [term 1 LEADER]: Becoming Leader. State: Replica: fcc81e433a884b868dffb1d0862ef91e, State: Running, Role: LEADER
I20260608 12:55:10.173331 18789 raft_consensus.cc:2804] T 22691da32d41454aae1fbf310e26dff7 P 769bed591fdb4438afa8b74341617369 [term 1 FOLLOWER]: Leader election won for term 1
I20260608 12:55:10.173985 18786 consensus_queue.cc:237] T 984c7c5e6ca04a8d9bb386fb15215c31 P fcc81e433a884b868dffb1d0862ef91e [LEADER]: Queue going to LEADER mode. State: All replicated index: 0, Majority replicated index: 0, Committed index: 0, Last appended: 0.0, Last appended by leader: 0, Current term: 1, Majority size: 1, State: 0, Mode: LEADER, active raft config: opid_index: -1 OBSOLETE_local: true peers { permanent_uuid: "fcc81e433a884b868dffb1d0862ef91e" member_type: VOTER last_known_addr { host: "127.16.200.130" port: 32895 } }
I20260608 12:55:10.179790 18789 raft_consensus.cc:697] T 22691da32d41454aae1fbf310e26dff7 P 769bed591fdb4438afa8b74341617369 [term 1 LEADER]: Becoming Leader. State: Replica: 769bed591fdb4438afa8b74341617369, State: Running, Role: LEADER
I20260608 12:55:10.180572 18789 consensus_queue.cc:237] T 22691da32d41454aae1fbf310e26dff7 P 769bed591fdb4438afa8b74341617369 [LEADER]: Queue going to LEADER mode. State: All replicated index: 0, Majority replicated index: 0, Committed index: 0, Last appended: 0.0, Last appended by leader: 0, Current term: 1, Majority size: 1, State: 0, Mode: LEADER, active raft config: opid_index: -1 OBSOLETE_local: true peers { permanent_uuid: "769bed591fdb4438afa8b74341617369" member_type: VOTER last_known_addr { host: "127.16.200.131" port: 37327 } }
I20260608 12:55:10.182789 18777 ts_tablet_manager.cc:1434] T 984c7c5e6ca04a8d9bb386fb15215c31 P fcc81e433a884b868dffb1d0862ef91e: Time spent starting tablet: real 0.041s	user 0.013s	sys 0.020s
I20260608 12:55:10.185431 18779 ts_tablet_manager.cc:1434] T 22691da32d41454aae1fbf310e26dff7 P 769bed591fdb4438afa8b74341617369: Time spent starting tablet: real 0.033s	user 0.017s	sys 0.010s
I20260608 12:55:10.208887 18421 catalog_manager.cc:5696] T 984c7c5e6ca04a8d9bb386fb15215c31 P fcc81e433a884b868dffb1d0862ef91e reported cstate change: term changed from 0 to 1, leader changed from <none> to fcc81e433a884b868dffb1d0862ef91e (127.16.200.130). New cstate: current_term: 1 leader_uuid: "fcc81e433a884b868dffb1d0862ef91e" committed_config { opid_index: -1 OBSOLETE_local: true peers { permanent_uuid: "fcc81e433a884b868dffb1d0862ef91e" member_type: VOTER last_known_addr { host: "127.16.200.130" port: 32895 } health_report { overall_health: HEALTHY } } }
I20260608 12:55:10.210949 18423 catalog_manager.cc:5696] T 22691da32d41454aae1fbf310e26dff7 P 769bed591fdb4438afa8b74341617369 reported cstate change: term changed from 0 to 1, leader changed from <none> to 769bed591fdb4438afa8b74341617369 (127.16.200.131). New cstate: current_term: 1 leader_uuid: "769bed591fdb4438afa8b74341617369" committed_config { opid_index: -1 OBSOLETE_local: true peers { permanent_uuid: "769bed591fdb4438afa8b74341617369" member_type: VOTER last_known_addr { host: "127.16.200.131" port: 37327 } health_report { overall_health: HEALTHY } } }
I20260608 12:55:10.224334 18422 catalog_manager.cc:5696] T 4f37096708e44cdc9d7d09d788d2b327 P 1ffa0af44ae347fe8ef789d7c63a8be4 reported cstate change: term changed from 0 to 1, leader changed from <none> to 1ffa0af44ae347fe8ef789d7c63a8be4 (127.16.200.129). New cstate: current_term: 1 leader_uuid: "1ffa0af44ae347fe8ef789d7c63a8be4" committed_config { opid_index: -1 OBSOLETE_local: true peers { permanent_uuid: "1ffa0af44ae347fe8ef789d7c63a8be4" member_type: VOTER last_known_addr { host: "127.16.200.129" port: 34919 } health_report { overall_health: HEALTHY } } }
I20260608 12:55:10.326082 17186 master.cc:562] Master@127.16.200.188:32797 shutting down...
I20260608 12:55:10.339615 17186 raft_consensus.cc:2243] T 00000000000000000000000000000000 P 38dc763f031c464eac2731f27805763b [term 1 LEADER]: Raft consensus shutting down.
I20260608 12:55:10.340505 17186 raft_consensus.cc:2272] T 00000000000000000000000000000000 P 38dc763f031c464eac2731f27805763b [term 1 FOLLOWER]: Raft consensus is shut down!
I20260608 12:55:10.340888 17186 tablet_replica.cc:333] T 00000000000000000000000000000000 P 38dc763f031c464eac2731f27805763b: stopping tablet replica
I20260608 12:55:10.352288 17186 master.cc:584] Master@127.16.200.188:32797 shutdown complete.
W20260608 12:55:11.774278 18585 heartbeater.cc:646] Failed to heartbeat to 127.16.200.188:32797 (0 consecutive failures): Network error: Failed to send heartbeat to master: Client connection negotiation failed: client connection to 127.16.200.188:32797: connect: Connection refused (error 111)
I20260608 12:55:11.847895 18801 raft_consensus.cc:493] T 00000000000000000000000000000000 P 2db5cecef3b1447782f35b0bc4f34421 [term 1 FOLLOWER]: Starting pre-election (detected failure of leader 38dc763f031c464eac2731f27805763b)
I20260608 12:55:11.848112 18800 raft_consensus.cc:493] T 00000000000000000000000000000000 P a3492c20331f46c48ac7c865b8130405 [term 1 FOLLOWER]: Starting pre-election (detected failure of leader 38dc763f031c464eac2731f27805763b)
I20260608 12:55:11.848732 18801 raft_consensus.cc:515] T 00000000000000000000000000000000 P 2db5cecef3b1447782f35b0bc4f34421 [term 1 FOLLOWER]: Starting pre-election with config: opid_index: -1 OBSOLETE_local: false peers { permanent_uuid: "a3492c20331f46c48ac7c865b8130405" member_type: VOTER last_known_addr { host: "127.16.200.190" port: 34501 } } peers { permanent_uuid: "2db5cecef3b1447782f35b0bc4f34421" member_type: VOTER last_known_addr { host: "127.16.200.189" port: 44297 } } peers { permanent_uuid: "38dc763f031c464eac2731f27805763b" member_type: VOTER last_known_addr { host: "127.16.200.188" port: 32797 } }
I20260608 12:55:11.850100 18800 raft_consensus.cc:515] T 00000000000000000000000000000000 P a3492c20331f46c48ac7c865b8130405 [term 1 FOLLOWER]: Starting pre-election with config: opid_index: -1 OBSOLETE_local: false peers { permanent_uuid: "a3492c20331f46c48ac7c865b8130405" member_type: VOTER last_known_addr { host: "127.16.200.190" port: 34501 } } peers { permanent_uuid: "2db5cecef3b1447782f35b0bc4f34421" member_type: VOTER last_known_addr { host: "127.16.200.189" port: 44297 } } peers { permanent_uuid: "38dc763f031c464eac2731f27805763b" member_type: VOTER last_known_addr { host: "127.16.200.188" port: 32797 } }
I20260608 12:55:11.852655 18800 leader_election.cc:290] T 00000000000000000000000000000000 P a3492c20331f46c48ac7c865b8130405 [CANDIDATE]: Term 2 pre-election: Requested pre-vote from peers 2db5cecef3b1447782f35b0bc4f34421 (127.16.200.189:44297), 38dc763f031c464eac2731f27805763b (127.16.200.188:32797)
I20260608 12:55:11.856488 18801 leader_election.cc:290] T 00000000000000000000000000000000 P 2db5cecef3b1447782f35b0bc4f34421 [CANDIDATE]: Term 2 pre-election: Requested pre-vote from peers a3492c20331f46c48ac7c865b8130405 (127.16.200.190:34501), 38dc763f031c464eac2731f27805763b (127.16.200.188:32797)
W20260608 12:55:11.871894 18344 leader_election.cc:336] T 00000000000000000000000000000000 P 2db5cecef3b1447782f35b0bc4f34421 [CANDIDATE]: Term 2 pre-election: RPC error from VoteRequest() call to peer 38dc763f031c464eac2731f27805763b (127.16.200.188:32797): Network error: Client connection negotiation failed: client connection to 127.16.200.188:32797: connect: Connection refused (error 111)
I20260608 12:55:11.878073 18301 tablet_service.cc:1917] Received RequestConsensusVote() RPC: tablet_id: "00000000000000000000000000000000" candidate_uuid: "2db5cecef3b1447782f35b0bc4f34421" candidate_term: 2 candidate_status { last_received { term: 1 index: 11 } } ignore_live_leader: false dest_uuid: "a3492c20331f46c48ac7c865b8130405" is_pre_election: true
I20260608 12:55:11.878649 18301 raft_consensus.cc:2468] T 00000000000000000000000000000000 P a3492c20331f46c48ac7c865b8130405 [term 1 FOLLOWER]: Leader pre-election vote request: Granting yes vote for candidate 2db5cecef3b1447782f35b0bc4f34421 in term 1.
I20260608 12:55:11.880755 18344 leader_election.cc:304] T 00000000000000000000000000000000 P 2db5cecef3b1447782f35b0bc4f34421 [CANDIDATE]: Term 2 pre-election: Election decided. Result: candidate won. Election summary: received 3 responses out of 3 voters: 2 yes votes; 1 no votes. yes voters: 2db5cecef3b1447782f35b0bc4f34421, a3492c20331f46c48ac7c865b8130405; no voters: 38dc763f031c464eac2731f27805763b
I20260608 12:55:11.882635 18801 raft_consensus.cc:2804] T 00000000000000000000000000000000 P 2db5cecef3b1447782f35b0bc4f34421 [term 1 FOLLOWER]: Leader pre-election won for term 2
I20260608 12:55:11.883502 18801 raft_consensus.cc:493] T 00000000000000000000000000000000 P 2db5cecef3b1447782f35b0bc4f34421 [term 1 FOLLOWER]: Starting leader election (detected failure of leader 38dc763f031c464eac2731f27805763b)
I20260608 12:55:11.883909 18801 raft_consensus.cc:3060] T 00000000000000000000000000000000 P 2db5cecef3b1447782f35b0bc4f34421 [term 1 FOLLOWER]: Advancing to term 2
I20260608 12:55:11.892170 18801 raft_consensus.cc:515] T 00000000000000000000000000000000 P 2db5cecef3b1447782f35b0bc4f34421 [term 2 FOLLOWER]: Starting leader election with config: opid_index: -1 OBSOLETE_local: false peers { permanent_uuid: "a3492c20331f46c48ac7c865b8130405" member_type: VOTER last_known_addr { host: "127.16.200.190" port: 34501 } } peers { permanent_uuid: "2db5cecef3b1447782f35b0bc4f34421" member_type: VOTER last_known_addr { host: "127.16.200.189" port: 44297 } } peers { permanent_uuid: "38dc763f031c464eac2731f27805763b" member_type: VOTER last_known_addr { host: "127.16.200.188" port: 32797 } }
I20260608 12:55:11.894712 18801 leader_election.cc:290] T 00000000000000000000000000000000 P 2db5cecef3b1447782f35b0bc4f34421 [CANDIDATE]: Term 2 election: Requested vote from peers a3492c20331f46c48ac7c865b8130405 (127.16.200.190:34501), 38dc763f031c464eac2731f27805763b (127.16.200.188:32797)
I20260608 12:55:11.897312 18301 tablet_service.cc:1917] Received RequestConsensusVote() RPC: tablet_id: "00000000000000000000000000000000" candidate_uuid: "2db5cecef3b1447782f35b0bc4f34421" candidate_term: 2 candidate_status { last_received { term: 1 index: 11 } } ignore_live_leader: false dest_uuid: "a3492c20331f46c48ac7c865b8130405"
I20260608 12:55:11.898097 18301 raft_consensus.cc:3060] T 00000000000000000000000000000000 P a3492c20331f46c48ac7c865b8130405 [term 1 FOLLOWER]: Advancing to term 2
W20260608 12:55:11.915833 18344 leader_election.cc:336] T 00000000000000000000000000000000 P 2db5cecef3b1447782f35b0bc4f34421 [CANDIDATE]: Term 2 election: RPC error from VoteRequest() call to peer 38dc763f031c464eac2731f27805763b (127.16.200.188:32797): Network error: Client connection negotiation failed: client connection to 127.16.200.188:32797: connect: Connection refused (error 111)
I20260608 12:55:11.916285 18301 raft_consensus.cc:2468] T 00000000000000000000000000000000 P a3492c20331f46c48ac7c865b8130405 [term 2 FOLLOWER]: Leader election vote request: Granting yes vote for candidate 2db5cecef3b1447782f35b0bc4f34421 in term 2.
I20260608 12:55:11.921064 18344 leader_election.cc:304] T 00000000000000000000000000000000 P 2db5cecef3b1447782f35b0bc4f34421 [CANDIDATE]: Term 2 election: Election decided. Result: candidate won. Election summary: received 3 responses out of 3 voters: 2 yes votes; 1 no votes. yes voters: 2db5cecef3b1447782f35b0bc4f34421, a3492c20331f46c48ac7c865b8130405; no voters: 38dc763f031c464eac2731f27805763b
I20260608 12:55:11.923178 18801 raft_consensus.cc:2804] T 00000000000000000000000000000000 P 2db5cecef3b1447782f35b0bc4f34421 [term 2 FOLLOWER]: Leader election won for term 2
I20260608 12:55:11.926689 18801 raft_consensus.cc:697] T 00000000000000000000000000000000 P 2db5cecef3b1447782f35b0bc4f34421 [term 2 LEADER]: Becoming Leader. State: Replica: 2db5cecef3b1447782f35b0bc4f34421, State: Running, Role: LEADER
I20260608 12:55:11.930120 18801 consensus_queue.cc:237] T 00000000000000000000000000000000 P 2db5cecef3b1447782f35b0bc4f34421 [LEADER]: Queue going to LEADER mode. State: All replicated index: 0, Majority replicated index: 11, Committed index: 11, Last appended: 1.11, Last appended by leader: 11, Current term: 2, Majority size: 2, State: 0, Mode: LEADER, active raft config: opid_index: -1 OBSOLETE_local: false peers { permanent_uuid: "a3492c20331f46c48ac7c865b8130405" member_type: VOTER last_known_addr { host: "127.16.200.190" port: 34501 } } peers { permanent_uuid: "2db5cecef3b1447782f35b0bc4f34421" member_type: VOTER last_known_addr { host: "127.16.200.189" port: 44297 } } peers { permanent_uuid: "38dc763f031c464eac2731f27805763b" member_type: VOTER last_known_addr { host: "127.16.200.188" port: 32797 } }
I20260608 12:55:11.943776 18368 tablet_service.cc:1917] Received RequestConsensusVote() RPC: tablet_id: "00000000000000000000000000000000" candidate_uuid: "a3492c20331f46c48ac7c865b8130405" candidate_term: 2 candidate_status { last_received { term: 1 index: 11 } } ignore_live_leader: false dest_uuid: "2db5cecef3b1447782f35b0bc4f34421" is_pre_election: true
I20260608 12:55:11.960971 18805 sys_catalog.cc:455] T 00000000000000000000000000000000 P 2db5cecef3b1447782f35b0bc4f34421 [sys.catalog]: SysCatalogTable state changed. Reason: New leader 2db5cecef3b1447782f35b0bc4f34421. Latest consensus state: current_term: 2 leader_uuid: "2db5cecef3b1447782f35b0bc4f34421" committed_config { opid_index: -1 OBSOLETE_local: false peers { permanent_uuid: "a3492c20331f46c48ac7c865b8130405" member_type: VOTER last_known_addr { host: "127.16.200.190" port: 34501 } } peers { permanent_uuid: "2db5cecef3b1447782f35b0bc4f34421" member_type: VOTER last_known_addr { host: "127.16.200.189" port: 44297 } } peers { permanent_uuid: "38dc763f031c464eac2731f27805763b" member_type: VOTER last_known_addr { host: "127.16.200.188" port: 32797 } } }
I20260608 12:55:11.964725 18805 sys_catalog.cc:458] T 00000000000000000000000000000000 P 2db5cecef3b1447782f35b0bc4f34421 [sys.catalog]: This master's current role is: LEADER
I20260608 12:55:11.971958 18808 catalog_manager.cc:1510] Loading table and tablet metadata into memory...
W20260608 12:55:11.981953 18279 leader_election.cc:336] T 00000000000000000000000000000000 P a3492c20331f46c48ac7c865b8130405 [CANDIDATE]: Term 2 pre-election: RPC error from VoteRequest() call to peer 38dc763f031c464eac2731f27805763b (127.16.200.188:32797): Network error: Client connection negotiation failed: client connection to 127.16.200.188:32797: connect: Connection refused (error 111)
I20260608 12:55:11.983546 18279 leader_election.cc:304] T 00000000000000000000000000000000 P a3492c20331f46c48ac7c865b8130405 [CANDIDATE]: Term 2 pre-election: Election decided. Result: candidate lost. Election summary: received 3 responses out of 3 voters: 1 yes votes; 2 no votes. yes voters: a3492c20331f46c48ac7c865b8130405; no voters: 2db5cecef3b1447782f35b0bc4f34421, 38dc763f031c464eac2731f27805763b
I20260608 12:55:11.986498 18800 raft_consensus.cc:2749] T 00000000000000000000000000000000 P a3492c20331f46c48ac7c865b8130405 [term 2 FOLLOWER]: Leader pre-election lost for term 2. Reason: could not achieve majority
I20260608 12:55:11.999702 18808 catalog_manager.cc:679] Loaded metadata for table test-workload [id=5b0eae2a67eb4a1f80446b086e45e1ee]
I20260608 12:55:12.020417 18808 tablet_loader.cc:96] loaded metadata for tablet 22691da32d41454aae1fbf310e26dff7 (table test-workload [id=5b0eae2a67eb4a1f80446b086e45e1ee])
I20260608 12:55:12.024371 18808 tablet_loader.cc:96] loaded metadata for tablet 4f37096708e44cdc9d7d09d788d2b327 (table test-workload [id=5b0eae2a67eb4a1f80446b086e45e1ee])
I20260608 12:55:12.028049 18808 tablet_loader.cc:96] loaded metadata for tablet 984c7c5e6ca04a8d9bb386fb15215c31 (table test-workload [id=5b0eae2a67eb4a1f80446b086e45e1ee])
I20260608 12:55:12.029192 18808 catalog_manager.cc:1519] Initializing Kudu cluster ID...
I20260608 12:55:12.032392 18808 catalog_manager.cc:1294] Loaded cluster ID: 3e5f42ca31764fadb26a1760c009d03a
I20260608 12:55:12.032634 18808 catalog_manager.cc:1530] Initializing Kudu internal certificate authority...
I20260608 12:55:12.036262 18808 catalog_manager.cc:1539] Loading token signing keys...
I20260608 12:55:12.039417 18808 catalog_manager.cc:6080] T 00000000000000000000000000000000 P 2db5cecef3b1447782f35b0bc4f34421: Loaded TSK: 0
I20260608 12:55:12.040469 18808 catalog_manager.cc:1549] Initializing in-progress tserver states...
W20260608 12:55:12.449225 18344 proxy.cc:239] Call had error, refreshing address and retrying: Network error: Client connection negotiation failed: client connection to 127.16.200.188:32797: connect: Connection refused (error 111) [suppressed 14 similar messages]
W20260608 12:55:12.452917 18344 consensus_peers.cc:597] T 00000000000000000000000000000000 P 2db5cecef3b1447782f35b0bc4f34421 -> Peer 38dc763f031c464eac2731f27805763b (127.16.200.188:32797): Couldn't send request to peer 38dc763f031c464eac2731f27805763b. Status: Network error: Client connection negotiation failed: client connection to 127.16.200.188:32797: connect: Connection refused (error 111). This is attempt 1: this message will repeat every 5th retry.
I20260608 12:55:12.494055 18301 raft_consensus.cc:1275] T 00000000000000000000000000000000 P a3492c20331f46c48ac7c865b8130405 [term 2 FOLLOWER]: Refusing update from remote peer 2db5cecef3b1447782f35b0bc4f34421: Log matching property violated. Preceding OpId in replica: term: 1 index: 11. Preceding OpId from leader: term: 2 index: 12. (index mismatch)
I20260608 12:55:12.495738 18805 consensus_queue.cc:1048] T 00000000000000000000000000000000 P 2db5cecef3b1447782f35b0bc4f34421 [LEADER]: Connected to new peer: Peer: permanent_uuid: "a3492c20331f46c48ac7c865b8130405" member_type: VOTER last_known_addr { host: "127.16.200.190" port: 34501 }, Status: LMP_MISMATCH, Last received: 0.0, Next index: 12, Last known committed idx: 11, Time since last communication: 0.000s
I20260608 12:55:12.501232 18812 sys_catalog.cc:455] T 00000000000000000000000000000000 P a3492c20331f46c48ac7c865b8130405 [sys.catalog]: SysCatalogTable state changed. Reason: New leader 2db5cecef3b1447782f35b0bc4f34421. Latest consensus state: current_term: 2 leader_uuid: "2db5cecef3b1447782f35b0bc4f34421" committed_config { opid_index: -1 OBSOLETE_local: false peers { permanent_uuid: "a3492c20331f46c48ac7c865b8130405" member_type: VOTER last_known_addr { host: "127.16.200.190" port: 34501 } } peers { permanent_uuid: "2db5cecef3b1447782f35b0bc4f34421" member_type: VOTER last_known_addr { host: "127.16.200.189" port: 44297 } } peers { permanent_uuid: "38dc763f031c464eac2731f27805763b" member_type: VOTER last_known_addr { host: "127.16.200.188" port: 32797 } } }
I20260608 12:55:12.501799 18812 sys_catalog.cc:458] T 00000000000000000000000000000000 P a3492c20331f46c48ac7c865b8130405 [sys.catalog]: This master's current role is: FOLLOWER
I20260608 12:55:12.504995 18805 sys_catalog.cc:455] T 00000000000000000000000000000000 P 2db5cecef3b1447782f35b0bc4f34421 [sys.catalog]: SysCatalogTable state changed. Reason: Peer health change. Latest consensus state: current_term: 2 leader_uuid: "2db5cecef3b1447782f35b0bc4f34421" committed_config { opid_index: -1 OBSOLETE_local: false peers { permanent_uuid: "a3492c20331f46c48ac7c865b8130405" member_type: VOTER last_known_addr { host: "127.16.200.190" port: 34501 } } peers { permanent_uuid: "2db5cecef3b1447782f35b0bc4f34421" member_type: VOTER last_known_addr { host: "127.16.200.189" port: 44297 } } peers { permanent_uuid: "38dc763f031c464eac2731f27805763b" member_type: VOTER last_known_addr { host: "127.16.200.188" port: 32797 } } }
I20260608 12:55:12.505530 18805 sys_catalog.cc:458] T 00000000000000000000000000000000 P 2db5cecef3b1447782f35b0bc4f34421 [sys.catalog]: This master's current role is: LEADER
I20260608 12:55:12.506832 18812 sys_catalog.cc:455] T 00000000000000000000000000000000 P a3492c20331f46c48ac7c865b8130405 [sys.catalog]: SysCatalogTable state changed. Reason: Replicated consensus-only round. Latest consensus state: current_term: 2 leader_uuid: "2db5cecef3b1447782f35b0bc4f34421" committed_config { opid_index: -1 OBSOLETE_local: false peers { permanent_uuid: "a3492c20331f46c48ac7c865b8130405" member_type: VOTER last_known_addr { host: "127.16.200.190" port: 34501 } } peers { permanent_uuid: "2db5cecef3b1447782f35b0bc4f34421" member_type: VOTER last_known_addr { host: "127.16.200.189" port: 44297 } } peers { permanent_uuid: "38dc763f031c464eac2731f27805763b" member_type: VOTER last_known_addr { host: "127.16.200.188" port: 32797 } } }
I20260608 12:55:12.507400 18812 sys_catalog.cc:458] T 00000000000000000000000000000000 P a3492c20331f46c48ac7c865b8130405 [sys.catalog]: This master's current role is: FOLLOWER
W20260608 12:55:12.871989 18736 debug-util.cc:398] Leaking SignalData structure 0x7b0800158b20 after lost signal to thread 17189
W20260608 12:55:12.872995 18736 debug-util.cc:398] Leaking SignalData structure 0x7b0800158140 after lost signal to thread 18327
W20260608 12:55:12.873787 18736 debug-util.cc:398] Leaking SignalData structure 0x7b0800159de0 after lost signal to thread 18392
W20260608 12:55:12.875097 18736 debug-util.cc:398] Leaking SignalData structure 0x7b0800220120 after lost signal to thread 18583
W20260608 12:55:12.876368 18736 debug-util.cc:398] Leaking SignalData structure 0x7b08002204c0 after lost signal to thread 18661
W20260608 12:55:12.877599 18736 debug-util.cc:398] Leaking SignalData structure 0x7b080014d3c0 after lost signal to thread 18739
I20260608 12:55:13.779356 18584 heartbeater.cc:499] Master 127.16.200.189:44297 was elected leader, sending a full tablet report...
I20260608 12:55:13.855854 18662 heartbeater.cc:499] Master 127.16.200.189:44297 was elected leader, sending a full tablet report...
I20260608 12:55:13.873788 18740 heartbeater.cc:499] Master 127.16.200.189:44297 was elected leader, sending a full tablet report...
I20260608 12:55:13.961161 18490 auto_leader_rebalancer.cc:140] leader rebalance for table test-workload
I20260608 12:55:13.961602 18490 auto_leader_rebalancer.cc:451] All tables' leader rebalancing finished this round
I20260608 12:55:14.096112 17186 tablet_server.cc:179] TabletServer@127.16.200.129:0 shutting down...
I20260608 12:55:14.124790 17186 ts_tablet_manager.cc:1507] Shutting down tablet manager...
I20260608 12:55:14.125512 17186 tablet_replica.cc:333] T 4f37096708e44cdc9d7d09d788d2b327 P 1ffa0af44ae347fe8ef789d7c63a8be4: stopping tablet replica
I20260608 12:55:14.126130 17186 raft_consensus.cc:2243] T 4f37096708e44cdc9d7d09d788d2b327 P 1ffa0af44ae347fe8ef789d7c63a8be4 [term 1 LEADER]: Raft consensus shutting down.
I20260608 12:55:14.126610 17186 raft_consensus.cc:2272] T 4f37096708e44cdc9d7d09d788d2b327 P 1ffa0af44ae347fe8ef789d7c63a8be4 [term 1 FOLLOWER]: Raft consensus is shut down!
I20260608 12:55:14.148352 17186 tablet_server.cc:196] TabletServer@127.16.200.129:0 shutdown complete.
I20260608 12:55:14.161157 17186 tablet_server.cc:179] TabletServer@127.16.200.130:0 shutting down...
I20260608 12:55:14.185745 17186 ts_tablet_manager.cc:1507] Shutting down tablet manager...
I20260608 12:55:14.186475 17186 tablet_replica.cc:333] T 984c7c5e6ca04a8d9bb386fb15215c31 P fcc81e433a884b868dffb1d0862ef91e: stopping tablet replica
I20260608 12:55:14.187160 17186 raft_consensus.cc:2243] T 984c7c5e6ca04a8d9bb386fb15215c31 P fcc81e433a884b868dffb1d0862ef91e [term 1 LEADER]: Raft consensus shutting down.
I20260608 12:55:14.187863 17186 raft_consensus.cc:2272] T 984c7c5e6ca04a8d9bb386fb15215c31 P fcc81e433a884b868dffb1d0862ef91e [term 1 FOLLOWER]: Raft consensus is shut down!
I20260608 12:55:14.198268 17186 tablet_server.cc:196] TabletServer@127.16.200.130:0 shutdown complete.
I20260608 12:55:14.210638 17186 tablet_server.cc:179] TabletServer@127.16.200.131:0 shutting down...
I20260608 12:55:14.230875 17186 ts_tablet_manager.cc:1507] Shutting down tablet manager...
I20260608 12:55:14.231539 17186 tablet_replica.cc:333] T 22691da32d41454aae1fbf310e26dff7 P 769bed591fdb4438afa8b74341617369: stopping tablet replica
I20260608 12:55:14.232144 17186 raft_consensus.cc:2243] T 22691da32d41454aae1fbf310e26dff7 P 769bed591fdb4438afa8b74341617369 [term 1 LEADER]: Raft consensus shutting down.
I20260608 12:55:14.232676 17186 raft_consensus.cc:2272] T 22691da32d41454aae1fbf310e26dff7 P 769bed591fdb4438afa8b74341617369 [term 1 FOLLOWER]: Raft consensus is shut down!
W20260608 12:55:14.870595 18344 consensus_peers.cc:597] T 00000000000000000000000000000000 P 2db5cecef3b1447782f35b0bc4f34421 -> Peer 38dc763f031c464eac2731f27805763b (127.16.200.188:32797): Couldn't send request to peer 38dc763f031c464eac2731f27805763b. Status: Network error: Client connection negotiation failed: client connection to 127.16.200.188:32797: connect: Connection refused (error 111). This is attempt 6: this message will repeat every 5th retry.
W20260608 12:55:15.249640 17186 thread.cc:527] Waited for 1000ms trying to join with diag-logger (tid 18736)
I20260608 12:55:15.314709 17186 tablet_server.cc:196] TabletServer@127.16.200.131:0 shutdown complete.
I20260608 12:55:15.324134 17186 master.cc:562] Master@127.16.200.190:34501 shutting down...
I20260608 12:55:15.340756 17186 raft_consensus.cc:2243] T 00000000000000000000000000000000 P a3492c20331f46c48ac7c865b8130405 [term 2 FOLLOWER]: Raft consensus shutting down.
I20260608 12:55:15.341306 17186 raft_consensus.cc:2272] T 00000000000000000000000000000000 P a3492c20331f46c48ac7c865b8130405 [term 2 FOLLOWER]: Raft consensus is shut down!
I20260608 12:55:15.341583 17186 tablet_replica.cc:333] T 00000000000000000000000000000000 P a3492c20331f46c48ac7c865b8130405: stopping tablet replica
I20260608 12:55:15.359321 17186 master.cc:584] Master@127.16.200.190:34501 shutdown complete.
I20260608 12:55:15.369923 17186 master.cc:562] Master@127.16.200.189:44297 shutting down...
I20260608 12:55:15.384228 17186 raft_consensus.cc:2243] T 00000000000000000000000000000000 P 2db5cecef3b1447782f35b0bc4f34421 [term 2 LEADER]: Raft consensus shutting down.
I20260608 12:55:15.385186 17186 raft_consensus.cc:2272] T 00000000000000000000000000000000 P 2db5cecef3b1447782f35b0bc4f34421 [term 2 FOLLOWER]: Raft consensus is shut down!
I20260608 12:55:15.385530 17186 tablet_replica.cc:333] T 00000000000000000000000000000000 P 2db5cecef3b1447782f35b0bc4f34421: stopping tablet replica
I20260608 12:55:15.403891 17186 master.cc:584] Master@127.16.200.189:44297 shutdown complete.
[       OK ] AutoRebalancerTest.NextLeaderResumesAutoRebalancing (7907 ms)
[ RUN      ] AutoRebalancerTest.MovesScheduledIfAddTserver
I20260608 12:55:15.430058 17186 internal_mini_cluster.cc:156] Creating distributed mini masters. Addrs: 127.16.200.190:42831
I20260608 12:55:15.431247 17186 file_cache.cc:492] Constructed file cache file cache with capacity 419430
W20260608 12:55:15.436658 18828 instance_detector.cc:116] could not retrieve Azure instance metadata: Network error: curl error: HTTP response code said error: The requested URL returned error: 404
W20260608 12:55:15.436905 18827 instance_detector.cc:116] could not retrieve AWS instance metadata: Network error: curl error: HTTP response code said error: The requested URL returned error: 404
W20260608 12:55:15.437819 18830 instance_detector.cc:116] could not retrieve OpenStack instance metadata: Network error: curl error: HTTP response code said error: The requested URL returned error: 404
I20260608 12:55:15.438233 17186 server_base.cc:1061] running on GCE node
I20260608 12:55:15.438987 17186 hybrid_clock.cc:584] initializing the hybrid clock with 'system_unsync' time source
W20260608 12:55:15.439172 17186 system_unsync_time.cc:38] NTP support is disabled. Clock error bounds will not be accurate. This configuration is not suitable for distributed clusters.
I20260608 12:55:15.439323 17186 hybrid_clock.cc:648] HybridClock initialized: now 1780923315439295 us; error 0 us; skew 500 ppm
I20260608 12:55:15.439880 17186 server_base.cc:861] Flag tcmalloc_max_total_thread_cache_bytes is not working since tcmalloc is not enabled.
I20260608 12:55:15.445269 17186 webserver.cc:533] Webserver started at http://127.16.200.190:41347/ using document root <none> and password file <none>
I20260608 12:55:15.445814 17186 fs_manager.cc:362] Metadata directory not provided
I20260608 12:55:15.446004 17186 fs_manager.cc:368] Using write-ahead log directory (fs_wal_dir) as metadata directory
I20260608 12:55:15.446266 17186 server_base.cc:909] This appears to be a new deployment of Kudu; creating new FS layout
I20260608 12:55:15.447654 17186 fs_manager.cc:1068] Generated new instance metadata in path /tmp/dist-test-taskysVAE3/test-tmp/auto_rebalancer-test.0.AutoRebalancerTest.MovesScheduledIfAddTserver.1780923286344075-17186-0/minicluster-data/master-0-root/instance:
uuid: "352a6abd18c541fba94f698e46ceceb3"
format_stamp: "Formatted at 2026-06-08 12:55:15 on dist-test-slave-jxwz"
I20260608 12:55:15.460472 17186 fs_manager.cc:696] Time spent creating directory manager: real 0.012s	user 0.008s	sys 0.004s
I20260608 12:55:15.465764 18835 log_block_manager.cc:4031] Time spent loading block containers with low live blocks: real 0.000s	user 0.000s	sys 0.000s
I20260608 12:55:15.466843 17186 fs_manager.cc:730] Time spent opening block manager: real 0.003s	user 0.004s	sys 0.000s
I20260608 12:55:15.467142 17186 fs_manager.cc:647] Opened local filesystem: /tmp/dist-test-taskysVAE3/test-tmp/auto_rebalancer-test.0.AutoRebalancerTest.MovesScheduledIfAddTserver.1780923286344075-17186-0/minicluster-data/master-0-root
uuid: "352a6abd18c541fba94f698e46ceceb3"
format_stamp: "Formatted at 2026-06-08 12:55:15 on dist-test-slave-jxwz"
I20260608 12:55:15.467439 17186 fs_report.cc:389] FS layout report
--------------------
wal directory: /tmp/dist-test-taskysVAE3/test-tmp/auto_rebalancer-test.0.AutoRebalancerTest.MovesScheduledIfAddTserver.1780923286344075-17186-0/minicluster-data/master-0-root
metadata directory: /tmp/dist-test-taskysVAE3/test-tmp/auto_rebalancer-test.0.AutoRebalancerTest.MovesScheduledIfAddTserver.1780923286344075-17186-0/minicluster-data/master-0-root
1 data directories: /tmp/dist-test-taskysVAE3/test-tmp/auto_rebalancer-test.0.AutoRebalancerTest.MovesScheduledIfAddTserver.1780923286344075-17186-0/minicluster-data/master-0-root/data
Total live blocks: 0
Total live bytes: 0
Total live bytes (after alignment): 0
Total number of LBM containers: 0 (0 full)
Did not check for missing blocks
Did not check for orphaned blocks
Total full LBM containers with extra space: 0 (0 repaired)
Total full LBM container extra space in bytes: 0 (0 repaired)
Total incomplete LBM containers: 0 (0 repaired)
Total LBM partial records: 0 (0 repaired)
Total corrupted LBM metadata records in RocksDB: 0 (0 repaired)
I20260608 12:55:15.485491 17186 rpc_server.cc:225] running with OpenSSL 1.1.1  11 Sep 2018
I20260608 12:55:15.486552 17186 kserver.cc:163] Server-wide thread pool size limit: 3276
I20260608 12:55:15.535058 17186 rpc_server.cc:307] RPC server started. Bound to: 127.16.200.190:42831
I20260608 12:55:15.535162 18886 acceptor_pool.cc:272] collecting diagnostics on the listening RPC socket 127.16.200.190:42831 every 8 connection(s)
I20260608 12:55:15.539364 18887 data_dirs.cc:400] Could only allocate 1 dirs of requested 3 for tablet 00000000000000000000000000000000. 1 dirs total, 0 dirs full, 0 dirs failed
I20260608 12:55:15.549525 18887 tablet_bootstrap.cc:492] T 00000000000000000000000000000000 P 352a6abd18c541fba94f698e46ceceb3: Bootstrap starting.
I20260608 12:55:15.554006 18887 tablet_bootstrap.cc:654] T 00000000000000000000000000000000 P 352a6abd18c541fba94f698e46ceceb3: Neither blocks nor log segments found. Creating new log.
I20260608 12:55:15.558184 18887 tablet_bootstrap.cc:492] T 00000000000000000000000000000000 P 352a6abd18c541fba94f698e46ceceb3: No bootstrap required, opened a new log
I20260608 12:55:15.561112 18887 raft_consensus.cc:359] T 00000000000000000000000000000000 P 352a6abd18c541fba94f698e46ceceb3 [term 0 FOLLOWER]: Replica starting. Triggering 0 pending ops. Active config: opid_index: -1 OBSOLETE_local: true peers { permanent_uuid: "352a6abd18c541fba94f698e46ceceb3" member_type: VOTER }
I20260608 12:55:15.561618 18887 raft_consensus.cc:385] T 00000000000000000000000000000000 P 352a6abd18c541fba94f698e46ceceb3 [term 0 FOLLOWER]: Consensus starting up: Expiring failure detector timer to make a prompt election more likely
I20260608 12:55:15.561934 18887 raft_consensus.cc:740] T 00000000000000000000000000000000 P 352a6abd18c541fba94f698e46ceceb3 [term 0 FOLLOWER]: Becoming Follower/Learner. State: Replica: 352a6abd18c541fba94f698e46ceceb3, State: Initialized, Role: FOLLOWER
I20260608 12:55:15.562668 18887 consensus_queue.cc:260] T 00000000000000000000000000000000 P 352a6abd18c541fba94f698e46ceceb3 [NON_LEADER]: Queue going to NON_LEADER mode. State: All replicated index: 0, Majority replicated index: 0, Committed index: 0, Last appended: 0.0, Last appended by leader: 0, Current term: 0, Majority size: -1, State: 0, Mode: NON_LEADER, active raft config: opid_index: -1 OBSOLETE_local: true peers { permanent_uuid: "352a6abd18c541fba94f698e46ceceb3" member_type: VOTER }
I20260608 12:55:15.563318 18887 raft_consensus.cc:399] T 00000000000000000000000000000000 P 352a6abd18c541fba94f698e46ceceb3 [term 0 FOLLOWER]: Only one voter in the Raft config. Triggering election immediately
I20260608 12:55:15.563633 18887 raft_consensus.cc:493] T 00000000000000000000000000000000 P 352a6abd18c541fba94f698e46ceceb3 [term 0 FOLLOWER]: Starting leader election (initial election of a single-replica configuration)
I20260608 12:55:15.563993 18887 raft_consensus.cc:3060] T 00000000000000000000000000000000 P 352a6abd18c541fba94f698e46ceceb3 [term 0 FOLLOWER]: Advancing to term 1
I20260608 12:55:15.570102 18887 raft_consensus.cc:515] T 00000000000000000000000000000000 P 352a6abd18c541fba94f698e46ceceb3 [term 1 FOLLOWER]: Starting leader election with config: opid_index: -1 OBSOLETE_local: true peers { permanent_uuid: "352a6abd18c541fba94f698e46ceceb3" member_type: VOTER }
I20260608 12:55:15.570827 18887 leader_election.cc:304] T 00000000000000000000000000000000 P 352a6abd18c541fba94f698e46ceceb3 [CANDIDATE]: Term 1 election: Election decided. Result: candidate won. Election summary: received 1 responses out of 1 voters: 1 yes votes; 0 no votes. yes voters: 352a6abd18c541fba94f698e46ceceb3; no voters: 
I20260608 12:55:15.572129 18887 leader_election.cc:290] T 00000000000000000000000000000000 P 352a6abd18c541fba94f698e46ceceb3 [CANDIDATE]: Term 1 election: Requested vote from peers 
I20260608 12:55:15.572562 18890 raft_consensus.cc:2804] T 00000000000000000000000000000000 P 352a6abd18c541fba94f698e46ceceb3 [term 1 FOLLOWER]: Leader election won for term 1
I20260608 12:55:15.573999 18890 raft_consensus.cc:697] T 00000000000000000000000000000000 P 352a6abd18c541fba94f698e46ceceb3 [term 1 LEADER]: Becoming Leader. State: Replica: 352a6abd18c541fba94f698e46ceceb3, State: Running, Role: LEADER
I20260608 12:55:15.574596 18890 consensus_queue.cc:237] T 00000000000000000000000000000000 P 352a6abd18c541fba94f698e46ceceb3 [LEADER]: Queue going to LEADER mode. State: All replicated index: 0, Majority replicated index: 0, Committed index: 0, Last appended: 0.0, Last appended by leader: 0, Current term: 1, Majority size: 1, State: 0, Mode: LEADER, active raft config: opid_index: -1 OBSOLETE_local: true peers { permanent_uuid: "352a6abd18c541fba94f698e46ceceb3" member_type: VOTER }
I20260608 12:55:15.575340 18887 sys_catalog.cc:565] T 00000000000000000000000000000000 P 352a6abd18c541fba94f698e46ceceb3 [sys.catalog]: configured and running, proceeding with master startup.
I20260608 12:55:15.577527 18891 sys_catalog.cc:455] T 00000000000000000000000000000000 P 352a6abd18c541fba94f698e46ceceb3 [sys.catalog]: SysCatalogTable state changed. Reason: RaftConsensus started. Latest consensus state: current_term: 1 leader_uuid: "352a6abd18c541fba94f698e46ceceb3" committed_config { opid_index: -1 OBSOLETE_local: true peers { permanent_uuid: "352a6abd18c541fba94f698e46ceceb3" member_type: VOTER } }
I20260608 12:55:15.577567 18892 sys_catalog.cc:455] T 00000000000000000000000000000000 P 352a6abd18c541fba94f698e46ceceb3 [sys.catalog]: SysCatalogTable state changed. Reason: New leader 352a6abd18c541fba94f698e46ceceb3. Latest consensus state: current_term: 1 leader_uuid: "352a6abd18c541fba94f698e46ceceb3" committed_config { opid_index: -1 OBSOLETE_local: true peers { permanent_uuid: "352a6abd18c541fba94f698e46ceceb3" member_type: VOTER } }
I20260608 12:55:15.578263 18891 sys_catalog.cc:458] T 00000000000000000000000000000000 P 352a6abd18c541fba94f698e46ceceb3 [sys.catalog]: This master's current role is: LEADER
I20260608 12:55:15.578310 18892 sys_catalog.cc:458] T 00000000000000000000000000000000 P 352a6abd18c541fba94f698e46ceceb3 [sys.catalog]: This master's current role is: LEADER
I20260608 12:55:15.580892 18895 catalog_manager.cc:1510] Loading table and tablet metadata into memory...
I20260608 12:55:15.586084 18895 catalog_manager.cc:1519] Initializing Kudu cluster ID...
I20260608 12:55:15.594087 17186 internal_mini_cluster.cc:184] Waiting to initialize catalog manager on master 0
I20260608 12:55:15.596138 18895 catalog_manager.cc:1382] Generated new cluster ID: 769686f7cfc74a0085ed0c9c380d949a
I20260608 12:55:15.596361 18895 catalog_manager.cc:1530] Initializing Kudu internal certificate authority...
I20260608 12:55:15.621572 18895 catalog_manager.cc:1405] Generated new certificate authority record
I20260608 12:55:15.622809 18895 catalog_manager.cc:1539] Loading token signing keys...
I20260608 12:55:15.639858 18895 catalog_manager.cc:6069] T 00000000000000000000000000000000 P 352a6abd18c541fba94f698e46ceceb3: Generated new TSK 0
I20260608 12:55:15.640389 18895 catalog_manager.cc:1549] Initializing in-progress tserver states...
I20260608 12:55:15.660470 17186 file_cache.cc:492] Constructed file cache file cache with capacity 419430
W20260608 12:55:15.666997 18908 instance_detector.cc:116] could not retrieve AWS instance metadata: Network error: curl error: HTTP response code said error: The requested URL returned error: 404
W20260608 12:55:15.667856 18909 instance_detector.cc:116] could not retrieve Azure instance metadata: Network error: curl error: HTTP response code said error: The requested URL returned error: 404
I20260608 12:55:15.669988 17186 server_base.cc:1061] running on GCE node
W20260608 12:55:15.670581 18911 instance_detector.cc:116] could not retrieve OpenStack instance metadata: Network error: curl error: HTTP response code said error: The requested URL returned error: 404
I20260608 12:55:15.671438 17186 hybrid_clock.cc:584] initializing the hybrid clock with 'system_unsync' time source
W20260608 12:55:15.671643 17186 system_unsync_time.cc:38] NTP support is disabled. Clock error bounds will not be accurate. This configuration is not suitable for distributed clusters.
I20260608 12:55:15.671805 17186 hybrid_clock.cc:648] HybridClock initialized: now 1780923315671775 us; error 0 us; skew 500 ppm
I20260608 12:55:15.672371 17186 server_base.cc:861] Flag tcmalloc_max_total_thread_cache_bytes is not working since tcmalloc is not enabled.
I20260608 12:55:15.674731 17186 webserver.cc:533] Webserver started at http://127.16.200.129:37791/ using document root <none> and password file <none>
I20260608 12:55:15.675223 17186 fs_manager.cc:362] Metadata directory not provided
I20260608 12:55:15.675410 17186 fs_manager.cc:368] Using write-ahead log directory (fs_wal_dir) as metadata directory
I20260608 12:55:15.675665 17186 server_base.cc:909] This appears to be a new deployment of Kudu; creating new FS layout
I20260608 12:55:15.676923 17186 fs_manager.cc:1068] Generated new instance metadata in path /tmp/dist-test-taskysVAE3/test-tmp/auto_rebalancer-test.0.AutoRebalancerTest.MovesScheduledIfAddTserver.1780923286344075-17186-0/minicluster-data/ts-0-root/instance:
uuid: "0ec0502d7b81429f8d022465caff0314"
format_stamp: "Formatted at 2026-06-08 12:55:15 on dist-test-slave-jxwz"
I20260608 12:55:15.681533 17186 fs_manager.cc:696] Time spent creating directory manager: real 0.004s	user 0.004s	sys 0.000s
I20260608 12:55:15.684917 18916 log_block_manager.cc:4031] Time spent loading block containers with low live blocks: real 0.000s	user 0.000s	sys 0.000s
I20260608 12:55:15.685606 17186 fs_manager.cc:730] Time spent opening block manager: real 0.002s	user 0.002s	sys 0.001s
I20260608 12:55:15.685874 17186 fs_manager.cc:647] Opened local filesystem: /tmp/dist-test-taskysVAE3/test-tmp/auto_rebalancer-test.0.AutoRebalancerTest.MovesScheduledIfAddTserver.1780923286344075-17186-0/minicluster-data/ts-0-root
uuid: "0ec0502d7b81429f8d022465caff0314"
format_stamp: "Formatted at 2026-06-08 12:55:15 on dist-test-slave-jxwz"
I20260608 12:55:15.686133 17186 fs_report.cc:389] FS layout report
--------------------
wal directory: /tmp/dist-test-taskysVAE3/test-tmp/auto_rebalancer-test.0.AutoRebalancerTest.MovesScheduledIfAddTserver.1780923286344075-17186-0/minicluster-data/ts-0-root
metadata directory: /tmp/dist-test-taskysVAE3/test-tmp/auto_rebalancer-test.0.AutoRebalancerTest.MovesScheduledIfAddTserver.1780923286344075-17186-0/minicluster-data/ts-0-root
1 data directories: /tmp/dist-test-taskysVAE3/test-tmp/auto_rebalancer-test.0.AutoRebalancerTest.MovesScheduledIfAddTserver.1780923286344075-17186-0/minicluster-data/ts-0-root/data
Total live blocks: 0
Total live bytes: 0
Total live bytes (after alignment): 0
Total number of LBM containers: 0 (0 full)
Did not check for missing blocks
Did not check for orphaned blocks
Total full LBM containers with extra space: 0 (0 repaired)
Total full LBM container extra space in bytes: 0 (0 repaired)
Total incomplete LBM containers: 0 (0 repaired)
Total LBM partial records: 0 (0 repaired)
Total corrupted LBM metadata records in RocksDB: 0 (0 repaired)
I20260608 12:55:15.710731 17186 rpc_server.cc:225] running with OpenSSL 1.1.1  11 Sep 2018
I20260608 12:55:15.711781 17186 kserver.cc:163] Server-wide thread pool size limit: 3276
I20260608 12:55:15.713248 17186 txn_system_client.cc:432] TxnSystemClient initialization is disabled...
I20260608 12:55:15.715611 17186 ts_tablet_manager.cc:585] Loaded tablet metadata (0 total tablets, 0 live tablets)
I20260608 12:55:15.715850 17186 ts_tablet_manager.cc:531] Time spent load tablet metadata: real 0.000s	user 0.000s	sys 0.000s
I20260608 12:55:15.716086 17186 ts_tablet_manager.cc:616] Registered 0 tablets
I20260608 12:55:15.716328 17186 ts_tablet_manager.cc:595] Time spent register tablets: real 0.000s	user 0.000s	sys 0.000s
I20260608 12:55:15.757107 17186 rpc_server.cc:307] RPC server started. Bound to: 127.16.200.129:45971
I20260608 12:55:15.757292 18978 acceptor_pool.cc:272] collecting diagnostics on the listening RPC socket 127.16.200.129:45971 every 8 connection(s)
I20260608 12:55:15.762219 17186 file_cache.cc:492] Constructed file cache file cache with capacity 419430
W20260608 12:55:15.769375 18983 instance_detector.cc:116] could not retrieve AWS instance metadata: Network error: curl error: HTTP response code said error: The requested URL returned error: 404
W20260608 12:55:15.771301 18984 instance_detector.cc:116] could not retrieve Azure instance metadata: Network error: curl error: HTTP response code said error: The requested URL returned error: 404
I20260608 12:55:15.774637 17186 server_base.cc:1061] running on GCE node
W20260608 12:55:15.775039 18986 instance_detector.cc:116] could not retrieve OpenStack instance metadata: Network error: curl error: HTTP response code said error: The requested URL returned error: 404
I20260608 12:55:15.775867 17186 hybrid_clock.cc:584] initializing the hybrid clock with 'system_unsync' time source
W20260608 12:55:15.776077 17186 system_unsync_time.cc:38] NTP support is disabled. Clock error bounds will not be accurate. This configuration is not suitable for distributed clusters.
I20260608 12:55:15.776237 17186 hybrid_clock.cc:648] HybridClock initialized: now 1780923315776219 us; error 0 us; skew 500 ppm
I20260608 12:55:15.776928 17186 server_base.cc:861] Flag tcmalloc_max_total_thread_cache_bytes is not working since tcmalloc is not enabled.
I20260608 12:55:15.779615 17186 webserver.cc:533] Webserver started at http://127.16.200.130:39527/ using document root <none> and password file <none>
I20260608 12:55:15.780165 17186 fs_manager.cc:362] Metadata directory not provided
I20260608 12:55:15.780426 17186 fs_manager.cc:368] Using write-ahead log directory (fs_wal_dir) as metadata directory
I20260608 12:55:15.780422 18979 heartbeater.cc:344] Connected to a master server at 127.16.200.190:42831
I20260608 12:55:15.781020 17186 server_base.cc:909] This appears to be a new deployment of Kudu; creating new FS layout
I20260608 12:55:15.781041 18979 heartbeater.cc:461] Registering TS with master...
I20260608 12:55:15.782106 18979 heartbeater.cc:507] Master 127.16.200.190:42831 requested a full tablet report, sending...
I20260608 12:55:15.782667 17186 fs_manager.cc:1068] Generated new instance metadata in path /tmp/dist-test-taskysVAE3/test-tmp/auto_rebalancer-test.0.AutoRebalancerTest.MovesScheduledIfAddTserver.1780923286344075-17186-0/minicluster-data/ts-1-root/instance:
uuid: "8c089fb286c544bfaae4cecd96e8dd59"
format_stamp: "Formatted at 2026-06-08 12:55:15 on dist-test-slave-jxwz"
I20260608 12:55:15.784546 18852 ts_manager.cc:194] Registered new tserver with Master: 0ec0502d7b81429f8d022465caff0314 (127.16.200.129:45971)
I20260608 12:55:15.786486 18852 master_service.cc:502] Signed X509 certificate for tserver {username='slave'} at 127.0.0.1:39584
I20260608 12:55:15.788183 17186 fs_manager.cc:696] Time spent creating directory manager: real 0.005s	user 0.006s	sys 0.000s
I20260608 12:55:15.791996 18991 log_block_manager.cc:4031] Time spent loading block containers with low live blocks: real 0.000s	user 0.000s	sys 0.000s
I20260608 12:55:15.792742 17186 fs_manager.cc:730] Time spent opening block manager: real 0.002s	user 0.003s	sys 0.000s
I20260608 12:55:15.792985 17186 fs_manager.cc:647] Opened local filesystem: /tmp/dist-test-taskysVAE3/test-tmp/auto_rebalancer-test.0.AutoRebalancerTest.MovesScheduledIfAddTserver.1780923286344075-17186-0/minicluster-data/ts-1-root
uuid: "8c089fb286c544bfaae4cecd96e8dd59"
format_stamp: "Formatted at 2026-06-08 12:55:15 on dist-test-slave-jxwz"
I20260608 12:55:15.793207 17186 fs_report.cc:389] FS layout report
--------------------
wal directory: /tmp/dist-test-taskysVAE3/test-tmp/auto_rebalancer-test.0.AutoRebalancerTest.MovesScheduledIfAddTserver.1780923286344075-17186-0/minicluster-data/ts-1-root
metadata directory: /tmp/dist-test-taskysVAE3/test-tmp/auto_rebalancer-test.0.AutoRebalancerTest.MovesScheduledIfAddTserver.1780923286344075-17186-0/minicluster-data/ts-1-root
1 data directories: /tmp/dist-test-taskysVAE3/test-tmp/auto_rebalancer-test.0.AutoRebalancerTest.MovesScheduledIfAddTserver.1780923286344075-17186-0/minicluster-data/ts-1-root/data
Total live blocks: 0
Total live bytes: 0
Total live bytes (after alignment): 0
Total number of LBM containers: 0 (0 full)
Did not check for missing blocks
Did not check for orphaned blocks
Total full LBM containers with extra space: 0 (0 repaired)
Total full LBM container extra space in bytes: 0 (0 repaired)
