I20260608 12:56:40.789023 21371 consensus_queue.cc:237] T ff5a424e03364449a37db8dddfee14ed P e754121977b543df81605f6fd8ec49d9 [LEADER]: Queue going to LEADER mode. State: All replicated index: 0, Majority replicated index: 0, Committed index: 0, Last appended: 0.0, Last appended by leader: 0, Current term: 1, Majority size: 2, State: 0, Mode: LEADER, active raft config: opid_index: -1 OBSOLETE_local: false peers { permanent_uuid: "74a53e3f670e437bbff46c9b134c4263" member_type: VOTER last_known_addr { host: "127.16.75.129" port: 35619 } } peers { permanent_uuid: "c478896a3d294d6aba5332590ab049b0" member_type: VOTER last_known_addr { host: "127.16.75.130" port: 33125 } } peers { permanent_uuid: "e754121977b543df81605f6fd8ec49d9" member_type: VOTER last_known_addr { host: "127.16.75.131" port: 43077 } }
I20260608 12:56:40.797211 21024 catalog_manager.cc:5696] T ff5a424e03364449a37db8dddfee14ed P e754121977b543df81605f6fd8ec49d9 reported cstate change: term changed from 0 to 1, leader changed from <none> to e754121977b543df81605f6fd8ec49d9 (127.16.75.131). New cstate: current_term: 1 leader_uuid: "e754121977b543df81605f6fd8ec49d9" committed_config { opid_index: -1 OBSOLETE_local: false peers { permanent_uuid: "74a53e3f670e437bbff46c9b134c4263" member_type: VOTER last_known_addr { host: "127.16.75.129" port: 35619 } health_report { overall_health: UNKNOWN } } peers { permanent_uuid: "c478896a3d294d6aba5332590ab049b0" member_type: VOTER last_known_addr { host: "127.16.75.130" port: 33125 } health_report { overall_health: UNKNOWN } } peers { permanent_uuid: "e754121977b543df81605f6fd8ec49d9" member_type: VOTER last_known_addr { host: "127.16.75.131" port: 43077 } health_report { overall_health: HEALTHY } } }
I20260608 12:56:40.851692 21353 raft_consensus.cc:493] T b8dce43e627c4628857cd3fdc37a47f4 P 74a53e3f670e437bbff46c9b134c4263 [term 0 FOLLOWER]: Starting pre-election (no leader contacted us within the election timeout)
I20260608 12:56:40.852203 21353 raft_consensus.cc:515] T b8dce43e627c4628857cd3fdc37a47f4 P 74a53e3f670e437bbff46c9b134c4263 [term 0 FOLLOWER]: Starting pre-election with config: opid_index: -1 OBSOLETE_local: false peers { permanent_uuid: "74a53e3f670e437bbff46c9b134c4263" member_type: VOTER last_known_addr { host: "127.16.75.129" port: 35619 } } peers { permanent_uuid: "c478896a3d294d6aba5332590ab049b0" member_type: VOTER last_known_addr { host: "127.16.75.130" port: 33125 } } peers { permanent_uuid: "e754121977b543df81605f6fd8ec49d9" member_type: VOTER last_known_addr { host: "127.16.75.131" port: 43077 } }
I20260608 12:56:40.853973 21353 leader_election.cc:290] T b8dce43e627c4628857cd3fdc37a47f4 P 74a53e3f670e437bbff46c9b134c4263 [CANDIDATE]: Term 1 pre-election: Requested pre-vote from peers c478896a3d294d6aba5332590ab049b0 (127.16.75.130:33125), e754121977b543df81605f6fd8ec49d9 (127.16.75.131:43077)
I20260608 12:56:40.854765 21203 tablet_service.cc:1917] Received RequestConsensusVote() RPC: tablet_id: "b8dce43e627c4628857cd3fdc37a47f4" candidate_uuid: "74a53e3f670e437bbff46c9b134c4263" candidate_term: 1 candidate_status { last_received { term: 0 index: 0 } } ignore_live_leader: false dest_uuid: "c478896a3d294d6aba5332590ab049b0" is_pre_election: true
I20260608 12:56:40.855014 21276 tablet_service.cc:1917] Received RequestConsensusVote() RPC: tablet_id: "b8dce43e627c4628857cd3fdc37a47f4" candidate_uuid: "74a53e3f670e437bbff46c9b134c4263" candidate_term: 1 candidate_status { last_received { term: 0 index: 0 } } ignore_live_leader: false dest_uuid: "e754121977b543df81605f6fd8ec49d9" is_pre_election: true
I20260608 12:56:40.855686 21276 raft_consensus.cc:2393] T b8dce43e627c4628857cd3fdc37a47f4 P e754121977b543df81605f6fd8ec49d9 [term 1 FOLLOWER]: Leader pre-election vote request: Denying vote to candidate 74a53e3f670e437bbff46c9b134c4263 in current term 1: Already voted for candidate c478896a3d294d6aba5332590ab049b0 in this term.
I20260608 12:56:40.856647 21093 leader_election.cc:304] T b8dce43e627c4628857cd3fdc37a47f4 P 74a53e3f670e437bbff46c9b134c4263 [CANDIDATE]: Term 1 pre-election: Election decided. Result: candidate lost. Election summary: received 3 responses out of 3 voters: 1 yes votes; 2 no votes. yes voters: 74a53e3f670e437bbff46c9b134c4263; no voters: c478896a3d294d6aba5332590ab049b0, e754121977b543df81605f6fd8ec49d9
I20260608 12:56:40.857311 21353 raft_consensus.cc:3060] T b8dce43e627c4628857cd3fdc37a47f4 P 74a53e3f670e437bbff46c9b134c4263 [term 0 FOLLOWER]: Advancing to term 1
I20260608 12:56:40.861900 21353 raft_consensus.cc:2749] T b8dce43e627c4628857cd3fdc37a47f4 P 74a53e3f670e437bbff46c9b134c4263 [term 1 FOLLOWER]: Leader pre-election lost for term 1. Reason: could not achieve majority
I20260608 12:56:40.900529 21365 raft_consensus.cc:493] T c7e8acb28f47436d97fc9757ecc79181 P c478896a3d294d6aba5332590ab049b0 [term 0 FOLLOWER]: Starting pre-election (no leader contacted us within the election timeout)
I20260608 12:56:40.901024 21365 raft_consensus.cc:515] T c7e8acb28f47436d97fc9757ecc79181 P c478896a3d294d6aba5332590ab049b0 [term 0 FOLLOWER]: Starting pre-election with config: opid_index: -1 OBSOLETE_local: false peers { permanent_uuid: "74a53e3f670e437bbff46c9b134c4263" member_type: VOTER last_known_addr { host: "127.16.75.129" port: 35619 } } peers { permanent_uuid: "c478896a3d294d6aba5332590ab049b0" member_type: VOTER last_known_addr { host: "127.16.75.130" port: 33125 } } peers { permanent_uuid: "e754121977b543df81605f6fd8ec49d9" member_type: VOTER last_known_addr { host: "127.16.75.131" port: 43077 } }
I20260608 12:56:40.902835 21365 leader_election.cc:290] T c7e8acb28f47436d97fc9757ecc79181 P c478896a3d294d6aba5332590ab049b0 [CANDIDATE]: Term 1 pre-election: Requested pre-vote from peers 74a53e3f670e437bbff46c9b134c4263 (127.16.75.129:35619), e754121977b543df81605f6fd8ec49d9 (127.16.75.131:43077)
I20260608 12:56:40.903550 21127 tablet_service.cc:1917] Received RequestConsensusVote() RPC: tablet_id: "c7e8acb28f47436d97fc9757ecc79181" candidate_uuid: "c478896a3d294d6aba5332590ab049b0" candidate_term: 1 candidate_status { last_received { term: 0 index: 0 } } ignore_live_leader: false dest_uuid: "74a53e3f670e437bbff46c9b134c4263" is_pre_election: true
I20260608 12:56:40.903934 21276 tablet_service.cc:1917] Received RequestConsensusVote() RPC: tablet_id: "c7e8acb28f47436d97fc9757ecc79181" candidate_uuid: "c478896a3d294d6aba5332590ab049b0" candidate_term: 1 candidate_status { last_received { term: 0 index: 0 } } ignore_live_leader: false dest_uuid: "e754121977b543df81605f6fd8ec49d9" is_pre_election: true
I20260608 12:56:40.904291 21127 raft_consensus.cc:2468] T c7e8acb28f47436d97fc9757ecc79181 P 74a53e3f670e437bbff46c9b134c4263 [term 0 FOLLOWER]: Leader pre-election vote request: Granting yes vote for candidate c478896a3d294d6aba5332590ab049b0 in term 0.
I20260608 12:56:40.904600 21276 raft_consensus.cc:2468] T c7e8acb28f47436d97fc9757ecc79181 P e754121977b543df81605f6fd8ec49d9 [term 0 FOLLOWER]: Leader pre-election vote request: Granting yes vote for candidate c478896a3d294d6aba5332590ab049b0 in term 0.
I20260608 12:56:40.905484 21168 leader_election.cc:304] T c7e8acb28f47436d97fc9757ecc79181 P c478896a3d294d6aba5332590ab049b0 [CANDIDATE]: Term 1 pre-election: Election decided. Result: candidate won. Election summary: received 2 responses out of 3 voters: 2 yes votes; 0 no votes. yes voters: 74a53e3f670e437bbff46c9b134c4263, c478896a3d294d6aba5332590ab049b0; no voters: 
I20260608 12:56:40.906172 21365 raft_consensus.cc:2804] T c7e8acb28f47436d97fc9757ecc79181 P c478896a3d294d6aba5332590ab049b0 [term 0 FOLLOWER]: Leader pre-election won for term 1
I20260608 12:56:40.906461 21365 raft_consensus.cc:493] T c7e8acb28f47436d97fc9757ecc79181 P c478896a3d294d6aba5332590ab049b0 [term 0 FOLLOWER]: Starting leader election (no leader contacted us within the election timeout)
I20260608 12:56:40.906718 21365 raft_consensus.cc:3060] T c7e8acb28f47436d97fc9757ecc79181 P c478896a3d294d6aba5332590ab049b0 [term 0 FOLLOWER]: Advancing to term 1
I20260608 12:56:40.911558 21365 raft_consensus.cc:515] T c7e8acb28f47436d97fc9757ecc79181 P c478896a3d294d6aba5332590ab049b0 [term 1 FOLLOWER]: Starting leader election with config: opid_index: -1 OBSOLETE_local: false peers { permanent_uuid: "74a53e3f670e437bbff46c9b134c4263" member_type: VOTER last_known_addr { host: "127.16.75.129" port: 35619 } } peers { permanent_uuid: "c478896a3d294d6aba5332590ab049b0" member_type: VOTER last_known_addr { host: "127.16.75.130" port: 33125 } } peers { permanent_uuid: "e754121977b543df81605f6fd8ec49d9" member_type: VOTER last_known_addr { host: "127.16.75.131" port: 43077 } }
I20260608 12:56:40.913350 21365 leader_election.cc:290] T c7e8acb28f47436d97fc9757ecc79181 P c478896a3d294d6aba5332590ab049b0 [CANDIDATE]: Term 1 election: Requested vote from peers 74a53e3f670e437bbff46c9b134c4263 (127.16.75.129:35619), e754121977b543df81605f6fd8ec49d9 (127.16.75.131:43077)
I20260608 12:56:40.914296 21127 tablet_service.cc:1917] Received RequestConsensusVote() RPC: tablet_id: "c7e8acb28f47436d97fc9757ecc79181" candidate_uuid: "c478896a3d294d6aba5332590ab049b0" candidate_term: 1 candidate_status { last_received { term: 0 index: 0 } } ignore_live_leader: false dest_uuid: "74a53e3f670e437bbff46c9b134c4263"
I20260608 12:56:40.914466 21276 tablet_service.cc:1917] Received RequestConsensusVote() RPC: tablet_id: "c7e8acb28f47436d97fc9757ecc79181" candidate_uuid: "c478896a3d294d6aba5332590ab049b0" candidate_term: 1 candidate_status { last_received { term: 0 index: 0 } } ignore_live_leader: false dest_uuid: "e754121977b543df81605f6fd8ec49d9"
I20260608 12:56:40.914840 21127 raft_consensus.cc:3060] T c7e8acb28f47436d97fc9757ecc79181 P 74a53e3f670e437bbff46c9b134c4263 [term 0 FOLLOWER]: Advancing to term 1
I20260608 12:56:40.915055 21276 raft_consensus.cc:3060] T c7e8acb28f47436d97fc9757ecc79181 P e754121977b543df81605f6fd8ec49d9 [term 0 FOLLOWER]: Advancing to term 1
I20260608 12:56:40.916735 21353 raft_consensus.cc:493] T 8b2789f63e0f4d6495b53a2b4d756ccc P 74a53e3f670e437bbff46c9b134c4263 [term 0 FOLLOWER]: Starting pre-election (no leader contacted us within the election timeout)
I20260608 12:56:40.917249 21353 raft_consensus.cc:515] T 8b2789f63e0f4d6495b53a2b4d756ccc P 74a53e3f670e437bbff46c9b134c4263 [term 0 FOLLOWER]: Starting pre-election with config: opid_index: -1 OBSOLETE_local: false peers { permanent_uuid: "74a53e3f670e437bbff46c9b134c4263" member_type: VOTER last_known_addr { host: "127.16.75.129" port: 35619 } } peers { permanent_uuid: "c478896a3d294d6aba5332590ab049b0" member_type: VOTER last_known_addr { host: "127.16.75.130" port: 33125 } } peers { permanent_uuid: "e754121977b543df81605f6fd8ec49d9" member_type: VOTER last_known_addr { host: "127.16.75.131" port: 43077 } }
I20260608 12:56:40.920497 21203 tablet_service.cc:1917] Received RequestConsensusVote() RPC: tablet_id: "8b2789f63e0f4d6495b53a2b4d756ccc" candidate_uuid: "74a53e3f670e437bbff46c9b134c4263" candidate_term: 1 candidate_status { last_received { term: 0 index: 0 } } ignore_live_leader: false dest_uuid: "c478896a3d294d6aba5332590ab049b0" is_pre_election: true
I20260608 12:56:40.920794 21276 raft_consensus.cc:2468] T c7e8acb28f47436d97fc9757ecc79181 P e754121977b543df81605f6fd8ec49d9 [term 1 FOLLOWER]: Leader election vote request: Granting yes vote for candidate c478896a3d294d6aba5332590ab049b0 in term 1.
I20260608 12:56:40.920868 21277 tablet_service.cc:1917] Received RequestConsensusVote() RPC: tablet_id: "8b2789f63e0f4d6495b53a2b4d756ccc" candidate_uuid: "74a53e3f670e437bbff46c9b134c4263" candidate_term: 1 candidate_status { last_received { term: 0 index: 0 } } ignore_live_leader: false dest_uuid: "e754121977b543df81605f6fd8ec49d9" is_pre_election: true
I20260608 12:56:40.921260 21203 raft_consensus.cc:2468] T 8b2789f63e0f4d6495b53a2b4d756ccc P c478896a3d294d6aba5332590ab049b0 [term 0 FOLLOWER]: Leader pre-election vote request: Granting yes vote for candidate 74a53e3f670e437bbff46c9b134c4263 in term 0.
I20260608 12:56:40.921773 21353 leader_election.cc:290] T 8b2789f63e0f4d6495b53a2b4d756ccc P 74a53e3f670e437bbff46c9b134c4263 [CANDIDATE]: Term 1 pre-election: Requested pre-vote from peers c478896a3d294d6aba5332590ab049b0 (127.16.75.130:33125), e754121977b543df81605f6fd8ec49d9 (127.16.75.131:43077)
I20260608 12:56:40.921578 21277 raft_consensus.cc:2468] T 8b2789f63e0f4d6495b53a2b4d756ccc P e754121977b543df81605f6fd8ec49d9 [term 0 FOLLOWER]: Leader pre-election vote request: Granting yes vote for candidate 74a53e3f670e437bbff46c9b134c4263 in term 0.
I20260608 12:56:40.922446 21168 leader_election.cc:304] T c7e8acb28f47436d97fc9757ecc79181 P c478896a3d294d6aba5332590ab049b0 [CANDIDATE]: Term 1 election: Election decided. Result: candidate won. Election summary: received 2 responses out of 3 voters: 2 yes votes; 0 no votes. yes voters: c478896a3d294d6aba5332590ab049b0, e754121977b543df81605f6fd8ec49d9; no voters: 
I20260608 12:56:40.921738 21127 raft_consensus.cc:2468] T c7e8acb28f47436d97fc9757ecc79181 P 74a53e3f670e437bbff46c9b134c4263 [term 1 FOLLOWER]: Leader election vote request: Granting yes vote for candidate c478896a3d294d6aba5332590ab049b0 in term 1.
I20260608 12:56:40.922472 21094 leader_election.cc:304] T 8b2789f63e0f4d6495b53a2b4d756ccc P 74a53e3f670e437bbff46c9b134c4263 [CANDIDATE]: Term 1 pre-election: Election decided. Result: candidate won. Election summary: received 2 responses out of 3 voters: 2 yes votes; 0 no votes. yes voters: 74a53e3f670e437bbff46c9b134c4263, c478896a3d294d6aba5332590ab049b0; no voters: 
I20260608 12:56:40.923424 21365 raft_consensus.cc:2804] T c7e8acb28f47436d97fc9757ecc79181 P c478896a3d294d6aba5332590ab049b0 [term 1 FOLLOWER]: Leader election won for term 1
I20260608 12:56:40.924005 21353 raft_consensus.cc:2804] T 8b2789f63e0f4d6495b53a2b4d756ccc P 74a53e3f670e437bbff46c9b134c4263 [term 0 FOLLOWER]: Leader pre-election won for term 1
I20260608 12:56:40.924376 21353 raft_consensus.cc:493] T 8b2789f63e0f4d6495b53a2b4d756ccc P 74a53e3f670e437bbff46c9b134c4263 [term 0 FOLLOWER]: Starting leader election (no leader contacted us within the election timeout)
I20260608 12:56:40.924640 21353 raft_consensus.cc:3060] T 8b2789f63e0f4d6495b53a2b4d756ccc P 74a53e3f670e437bbff46c9b134c4263 [term 0 FOLLOWER]: Advancing to term 1
I20260608 12:56:40.923946 21365 raft_consensus.cc:697] T c7e8acb28f47436d97fc9757ecc79181 P c478896a3d294d6aba5332590ab049b0 [term 1 LEADER]: Becoming Leader. State: Replica: c478896a3d294d6aba5332590ab049b0, State: Running, Role: LEADER
I20260608 12:56:40.925527 21365 consensus_queue.cc:237] T c7e8acb28f47436d97fc9757ecc79181 P c478896a3d294d6aba5332590ab049b0 [LEADER]: Queue going to LEADER mode. State: All replicated index: 0, Majority replicated index: 0, Committed index: 0, Last appended: 0.0, Last appended by leader: 0, Current term: 1, Majority size: 2, State: 0, Mode: LEADER, active raft config: opid_index: -1 OBSOLETE_local: false peers { permanent_uuid: "74a53e3f670e437bbff46c9b134c4263" member_type: VOTER last_known_addr { host: "127.16.75.129" port: 35619 } } peers { permanent_uuid: "c478896a3d294d6aba5332590ab049b0" member_type: VOTER last_known_addr { host: "127.16.75.130" port: 33125 } } peers { permanent_uuid: "e754121977b543df81605f6fd8ec49d9" member_type: VOTER last_known_addr { host: "127.16.75.131" port: 43077 } }
I20260608 12:56:40.929960 21353 raft_consensus.cc:515] T 8b2789f63e0f4d6495b53a2b4d756ccc P 74a53e3f670e437bbff46c9b134c4263 [term 1 FOLLOWER]: Starting leader election with config: opid_index: -1 OBSOLETE_local: false peers { permanent_uuid: "74a53e3f670e437bbff46c9b134c4263" member_type: VOTER last_known_addr { host: "127.16.75.129" port: 35619 } } peers { permanent_uuid: "c478896a3d294d6aba5332590ab049b0" member_type: VOTER last_known_addr { host: "127.16.75.130" port: 33125 } } peers { permanent_uuid: "e754121977b543df81605f6fd8ec49d9" member_type: VOTER last_known_addr { host: "127.16.75.131" port: 43077 } }
I20260608 12:56:40.932058 21353 leader_election.cc:290] T 8b2789f63e0f4d6495b53a2b4d756ccc P 74a53e3f670e437bbff46c9b134c4263 [CANDIDATE]: Term 1 election: Requested vote from peers c478896a3d294d6aba5332590ab049b0 (127.16.75.130:33125), e754121977b543df81605f6fd8ec49d9 (127.16.75.131:43077)
I20260608 12:56:40.932700 21203 tablet_service.cc:1917] Received RequestConsensusVote() RPC: tablet_id: "8b2789f63e0f4d6495b53a2b4d756ccc" candidate_uuid: "74a53e3f670e437bbff46c9b134c4263" candidate_term: 1 candidate_status { last_received { term: 0 index: 0 } } ignore_live_leader: false dest_uuid: "c478896a3d294d6aba5332590ab049b0"
I20260608 12:56:40.933099 21277 tablet_service.cc:1917] Received RequestConsensusVote() RPC: tablet_id: "8b2789f63e0f4d6495b53a2b4d756ccc" candidate_uuid: "74a53e3f670e437bbff46c9b134c4263" candidate_term: 1 candidate_status { last_received { term: 0 index: 0 } } ignore_live_leader: false dest_uuid: "e754121977b543df81605f6fd8ec49d9"
I20260608 12:56:40.934890 21336 raft_consensus.cc:493] T cd3a6f0b98e44ccb9c3d017f6702623a P 74a53e3f670e437bbff46c9b134c4263 [term 0 FOLLOWER]: Starting pre-election (no leader contacted us within the election timeout)
I20260608 12:56:40.935228 21277 raft_consensus.cc:3060] T 8b2789f63e0f4d6495b53a2b4d756ccc P e754121977b543df81605f6fd8ec49d9 [term 0 FOLLOWER]: Advancing to term 1
I20260608 12:56:40.935706 21203 raft_consensus.cc:3060] T 8b2789f63e0f4d6495b53a2b4d756ccc P c478896a3d294d6aba5332590ab049b0 [term 0 FOLLOWER]: Advancing to term 1
I20260608 12:56:40.935441 21336 raft_consensus.cc:515] T cd3a6f0b98e44ccb9c3d017f6702623a P 74a53e3f670e437bbff46c9b134c4263 [term 0 FOLLOWER]: Starting pre-election with config: opid_index: -1 OBSOLETE_local: false peers { permanent_uuid: "74a53e3f670e437bbff46c9b134c4263" member_type: VOTER last_known_addr { host: "127.16.75.129" port: 35619 } } peers { permanent_uuid: "c478896a3d294d6aba5332590ab049b0" member_type: VOTER last_known_addr { host: "127.16.75.130" port: 33125 } } peers { permanent_uuid: "e754121977b543df81605f6fd8ec49d9" member_type: VOTER last_known_addr { host: "127.16.75.131" port: 43077 } }
I20260608 12:56:40.934854 21024 catalog_manager.cc:5696] T c7e8acb28f47436d97fc9757ecc79181 P c478896a3d294d6aba5332590ab049b0 reported cstate change: term changed from 0 to 1, leader changed from <none> to c478896a3d294d6aba5332590ab049b0 (127.16.75.130). New cstate: current_term: 1 leader_uuid: "c478896a3d294d6aba5332590ab049b0" committed_config { opid_index: -1 OBSOLETE_local: false peers { permanent_uuid: "74a53e3f670e437bbff46c9b134c4263" member_type: VOTER last_known_addr { host: "127.16.75.129" port: 35619 } health_report { overall_health: UNKNOWN } } peers { permanent_uuid: "c478896a3d294d6aba5332590ab049b0" member_type: VOTER last_known_addr { host: "127.16.75.130" port: 33125 } health_report { overall_health: HEALTHY } } peers { permanent_uuid: "e754121977b543df81605f6fd8ec49d9" member_type: VOTER last_known_addr { host: "127.16.75.131" port: 43077 } health_report { overall_health: UNKNOWN } } }
I20260608 12:56:40.937764 21336 leader_election.cc:290] T cd3a6f0b98e44ccb9c3d017f6702623a P 74a53e3f670e437bbff46c9b134c4263 [CANDIDATE]: Term 1 pre-election: Requested pre-vote from peers c478896a3d294d6aba5332590ab049b0 (127.16.75.130:33125), e754121977b543df81605f6fd8ec49d9 (127.16.75.131:43077)
I20260608 12:56:40.939474 21202 tablet_service.cc:1917] Received RequestConsensusVote() RPC: tablet_id: "cd3a6f0b98e44ccb9c3d017f6702623a" candidate_uuid: "74a53e3f670e437bbff46c9b134c4263" candidate_term: 1 candidate_status { last_received { term: 0 index: 0 } } ignore_live_leader: false dest_uuid: "c478896a3d294d6aba5332590ab049b0" is_pre_election: true
I20260608 12:56:40.939817 21276 tablet_service.cc:1917] Received RequestConsensusVote() RPC: tablet_id: "cd3a6f0b98e44ccb9c3d017f6702623a" candidate_uuid: "74a53e3f670e437bbff46c9b134c4263" candidate_term: 1 candidate_status { last_received { term: 0 index: 0 } } ignore_live_leader: false dest_uuid: "e754121977b543df81605f6fd8ec49d9" is_pre_election: true
I20260608 12:56:40.940616 21276 raft_consensus.cc:2393] T cd3a6f0b98e44ccb9c3d017f6702623a P e754121977b543df81605f6fd8ec49d9 [term 1 FOLLOWER]: Leader pre-election vote request: Denying vote to candidate 74a53e3f670e437bbff46c9b134c4263 in current term 1: Already voted for candidate c478896a3d294d6aba5332590ab049b0 in this term.
I20260608 12:56:40.941530 21093 leader_election.cc:304] T cd3a6f0b98e44ccb9c3d017f6702623a P 74a53e3f670e437bbff46c9b134c4263 [CANDIDATE]: Term 1 pre-election: Election decided. Result: candidate lost. Election summary: received 3 responses out of 3 voters: 1 yes votes; 2 no votes. yes voters: 74a53e3f670e437bbff46c9b134c4263; no voters: c478896a3d294d6aba5332590ab049b0, e754121977b543df81605f6fd8ec49d9
I20260608 12:56:40.942229 21336 raft_consensus.cc:3060] T cd3a6f0b98e44ccb9c3d017f6702623a P 74a53e3f670e437bbff46c9b134c4263 [term 0 FOLLOWER]: Advancing to term 1
I20260608 12:56:40.946975 21203 raft_consensus.cc:2468] T 8b2789f63e0f4d6495b53a2b4d756ccc P c478896a3d294d6aba5332590ab049b0 [term 1 FOLLOWER]: Leader election vote request: Granting yes vote for candidate 74a53e3f670e437bbff46c9b134c4263 in term 1.
I20260608 12:56:40.948021 21094 leader_election.cc:304] T 8b2789f63e0f4d6495b53a2b4d756ccc P 74a53e3f670e437bbff46c9b134c4263 [CANDIDATE]: Term 1 election: Election decided. Result: candidate won. Election summary: received 2 responses out of 3 voters: 2 yes votes; 0 no votes. yes voters: 74a53e3f670e437bbff46c9b134c4263, c478896a3d294d6aba5332590ab049b0; no voters: 
I20260608 12:56:40.948321 21277 raft_consensus.cc:2468] T 8b2789f63e0f4d6495b53a2b4d756ccc P e754121977b543df81605f6fd8ec49d9 [term 1 FOLLOWER]: Leader election vote request: Granting yes vote for candidate 74a53e3f670e437bbff46c9b134c4263 in term 1.
I20260608 12:56:40.948747 21353 raft_consensus.cc:2804] T 8b2789f63e0f4d6495b53a2b4d756ccc P 74a53e3f670e437bbff46c9b134c4263 [term 1 FOLLOWER]: Leader election won for term 1
I20260608 12:56:40.949571 21336 raft_consensus.cc:2749] T cd3a6f0b98e44ccb9c3d017f6702623a P 74a53e3f670e437bbff46c9b134c4263 [term 1 FOLLOWER]: Leader pre-election lost for term 1. Reason: could not achieve majority
I20260608 12:56:40.950316 21353 raft_consensus.cc:697] T 8b2789f63e0f4d6495b53a2b4d756ccc P 74a53e3f670e437bbff46c9b134c4263 [term 1 LEADER]: Becoming Leader. State: Replica: 74a53e3f670e437bbff46c9b134c4263, State: Running, Role: LEADER
I20260608 12:56:40.951200 21353 consensus_queue.cc:237] T 8b2789f63e0f4d6495b53a2b4d756ccc P 74a53e3f670e437bbff46c9b134c4263 [LEADER]: Queue going to LEADER mode. State: All replicated index: 0, Majority replicated index: 0, Committed index: 0, Last appended: 0.0, Last appended by leader: 0, Current term: 1, Majority size: 2, State: 0, Mode: LEADER, active raft config: opid_index: -1 OBSOLETE_local: false peers { permanent_uuid: "74a53e3f670e437bbff46c9b134c4263" member_type: VOTER last_known_addr { host: "127.16.75.129" port: 35619 } } peers { permanent_uuid: "c478896a3d294d6aba5332590ab049b0" member_type: VOTER last_known_addr { host: "127.16.75.130" port: 33125 } } peers { permanent_uuid: "e754121977b543df81605f6fd8ec49d9" member_type: VOTER last_known_addr { host: "127.16.75.131" port: 43077 } }
I20260608 12:56:40.958590 21024 catalog_manager.cc:5696] T 8b2789f63e0f4d6495b53a2b4d756ccc P 74a53e3f670e437bbff46c9b134c4263 reported cstate change: term changed from 0 to 1, leader changed from <none> to 74a53e3f670e437bbff46c9b134c4263 (127.16.75.129). New cstate: current_term: 1 leader_uuid: "74a53e3f670e437bbff46c9b134c4263" committed_config { opid_index: -1 OBSOLETE_local: false peers { permanent_uuid: "74a53e3f670e437bbff46c9b134c4263" member_type: VOTER last_known_addr { host: "127.16.75.129" port: 35619 } health_report { overall_health: HEALTHY } } peers { permanent_uuid: "c478896a3d294d6aba5332590ab049b0" member_type: VOTER last_known_addr { host: "127.16.75.130" port: 33125 } health_report { overall_health: UNKNOWN } } peers { permanent_uuid: "e754121977b543df81605f6fd8ec49d9" member_type: VOTER last_known_addr { host: "127.16.75.131" port: 43077 } health_report { overall_health: UNKNOWN } } }
I20260608 12:56:40.987680 21371 consensus_queue.cc:1048] T 9ae1fdf8f0ec4885a343207836f23d99 P e754121977b543df81605f6fd8ec49d9 [LEADER]: Connected to new peer: Peer: permanent_uuid: "c478896a3d294d6aba5332590ab049b0" member_type: VOTER last_known_addr { host: "127.16.75.130" port: 33125 }, Status: LMP_MISMATCH, Last received: 0.0, Next index: 1, Last known committed idx: 0, Time since last communication: 0.000s
I20260608 12:56:40.997586 21365 consensus_queue.cc:1048] T b8dce43e627c4628857cd3fdc37a47f4 P c478896a3d294d6aba5332590ab049b0 [LEADER]: Connected to new peer: Peer: permanent_uuid: "74a53e3f670e437bbff46c9b134c4263" member_type: VOTER last_known_addr { host: "127.16.75.129" port: 35619 }, Status: LMP_MISMATCH, Last received: 0.0, Next index: 1, Last known committed idx: 0, Time since last communication: 0.000s
I20260608 12:56:40.998927 21331 consensus_queue.cc:1048] T 9ae1fdf8f0ec4885a343207836f23d99 P e754121977b543df81605f6fd8ec49d9 [LEADER]: Connected to new peer: Peer: permanent_uuid: "74a53e3f670e437bbff46c9b134c4263" member_type: VOTER last_known_addr { host: "127.16.75.129" port: 35619 }, Status: LMP_MISMATCH, Last received: 0.0, Next index: 1, Last known committed idx: 0, Time since last communication: 0.000s
I20260608 12:56:41.010370 21365 consensus_queue.cc:1048] T cd3a6f0b98e44ccb9c3d017f6702623a P c478896a3d294d6aba5332590ab049b0 [LEADER]: Connected to new peer: Peer: permanent_uuid: "e754121977b543df81605f6fd8ec49d9" member_type: VOTER last_known_addr { host: "127.16.75.131" port: 43077 }, Status: LMP_MISMATCH, Last received: 0.0, Next index: 1, Last known committed idx: 0, Time since last communication: 0.000s
I20260608 12:56:41.017587 21330 consensus_queue.cc:1048] T b8dce43e627c4628857cd3fdc37a47f4 P c478896a3d294d6aba5332590ab049b0 [LEADER]: Connected to new peer: Peer: permanent_uuid: "e754121977b543df81605f6fd8ec49d9" member_type: VOTER last_known_addr { host: "127.16.75.131" port: 43077 }, Status: LMP_MISMATCH, Last received: 0.0, Next index: 1, Last known committed idx: 0, Time since last communication: 0.000s
I20260608 12:56:41.033131 21330 consensus_queue.cc:1048] T cd3a6f0b98e44ccb9c3d017f6702623a P c478896a3d294d6aba5332590ab049b0 [LEADER]: Connected to new peer: Peer: permanent_uuid: "74a53e3f670e437bbff46c9b134c4263" member_type: VOTER last_known_addr { host: "127.16.75.129" port: 35619 }, Status: LMP_MISMATCH, Last received: 0.0, Next index: 1, Last known committed idx: 0, Time since last communication: 0.000s
I20260608 12:56:41.078071 21371 consensus_queue.cc:1048] T 579f9bcbe9c94180bc1cf40a77f7d16d P e754121977b543df81605f6fd8ec49d9 [LEADER]: Connected to new peer: Peer: permanent_uuid: "74a53e3f670e437bbff46c9b134c4263" member_type: VOTER last_known_addr { host: "127.16.75.129" port: 35619 }, Status: LMP_MISMATCH, Last received: 0.0, Next index: 1, Last known committed idx: 0, Time since last communication: 0.000s
I20260608 12:56:41.088423 21329 consensus_queue.cc:1048] T 579f9bcbe9c94180bc1cf40a77f7d16d P e754121977b543df81605f6fd8ec49d9 [LEADER]: Connected to new peer: Peer: permanent_uuid: "c478896a3d294d6aba5332590ab049b0" member_type: VOTER last_known_addr { host: "127.16.75.130" port: 33125 }, Status: LMP_MISMATCH, Last received: 0.0, Next index: 1, Last known committed idx: 0, Time since last communication: 0.000s
I20260608 12:56:41.102556 21399 consensus_queue.cc:1048] T 8c7431a4c136455a8b8162379cbe4078 P 74a53e3f670e437bbff46c9b134c4263 [LEADER]: Connected to new peer: Peer: permanent_uuid: "c478896a3d294d6aba5332590ab049b0" member_type: VOTER last_known_addr { host: "127.16.75.130" port: 33125 }, Status: LMP_MISMATCH, Last received: 0.0, Next index: 1, Last known committed idx: 0, Time since last communication: 0.000s
I20260608 12:56:41.113796 21353 consensus_queue.cc:1048] T 8c7431a4c136455a8b8162379cbe4078 P 74a53e3f670e437bbff46c9b134c4263 [LEADER]: Connected to new peer: Peer: permanent_uuid: "e754121977b543df81605f6fd8ec49d9" member_type: VOTER last_known_addr { host: "127.16.75.131" port: 43077 }, Status: LMP_MISMATCH, Last received: 0.0, Next index: 1, Last known committed idx: 0, Time since last communication: 0.000s
I20260608 12:56:41.171154 21365 consensus_queue.cc:1048] T cccf7b95d2194646b9be47f66c1ea3b2 P c478896a3d294d6aba5332590ab049b0 [LEADER]: Connected to new peer: Peer: permanent_uuid: "74a53e3f670e437bbff46c9b134c4263" member_type: VOTER last_known_addr { host: "127.16.75.129" port: 35619 }, Status: LMP_MISMATCH, Last received: 0.0, Next index: 1, Last known committed idx: 0, Time since last communication: 0.000s
I20260608 12:56:41.195344 21365 consensus_queue.cc:1048] T cccf7b95d2194646b9be47f66c1ea3b2 P c478896a3d294d6aba5332590ab049b0 [LEADER]: Connected to new peer: Peer: permanent_uuid: "e754121977b543df81605f6fd8ec49d9" member_type: VOTER last_known_addr { host: "127.16.75.131" port: 43077 }, Status: LMP_MISMATCH, Last received: 0.0, Next index: 1, Last known committed idx: 0, Time since last communication: 0.000s
I20260608 12:56:41.212294 21329 consensus_queue.cc:1048] T ff5a424e03364449a37db8dddfee14ed P e754121977b543df81605f6fd8ec49d9 [LEADER]: Connected to new peer: Peer: permanent_uuid: "c478896a3d294d6aba5332590ab049b0" member_type: VOTER last_known_addr { host: "127.16.75.130" port: 33125 }, Status: LMP_MISMATCH, Last received: 0.0, Next index: 1, Last known committed idx: 0, Time since last communication: 0.000s
I20260608 12:56:41.238440 21365 consensus_queue.cc:1048] T 8447f175f7eb4f42a8aba41cfa2b168f P c478896a3d294d6aba5332590ab049b0 [LEADER]: Connected to new peer: Peer: permanent_uuid: "e754121977b543df81605f6fd8ec49d9" member_type: VOTER last_known_addr { host: "127.16.75.131" port: 43077 }, Status: LMP_MISMATCH, Last received: 0.0, Next index: 1, Last known committed idx: 0, Time since last communication: 0.000s
I20260608 12:56:41.260429 21330 consensus_queue.cc:1048] T 8447f175f7eb4f42a8aba41cfa2b168f P c478896a3d294d6aba5332590ab049b0 [LEADER]: Connected to new peer: Peer: permanent_uuid: "74a53e3f670e437bbff46c9b134c4263" member_type: VOTER last_known_addr { host: "127.16.75.129" port: 35619 }, Status: LMP_MISMATCH, Last received: 0.0, Next index: 1, Last known committed idx: 0, Time since last communication: 0.001s
I20260608 12:56:41.268286 21330 consensus_queue.cc:1048] T 0ca86318fd2e4287b8875e0e8421ca04 P c478896a3d294d6aba5332590ab049b0 [LEADER]: Connected to new peer: Peer: permanent_uuid: "74a53e3f670e437bbff46c9b134c4263" member_type: VOTER last_known_addr { host: "127.16.75.129" port: 35619 }, Status: LMP_MISMATCH, Last received: 0.0, Next index: 1, Last known committed idx: 0, Time since last communication: 0.001s
I20260608 12:56:41.281961 21330 consensus_queue.cc:1048] T 0ca86318fd2e4287b8875e0e8421ca04 P c478896a3d294d6aba5332590ab049b0 [LEADER]: Connected to new peer: Peer: permanent_uuid: "e754121977b543df81605f6fd8ec49d9" member_type: VOTER last_known_addr { host: "127.16.75.131" port: 43077 }, Status: LMP_MISMATCH, Last received: 0.0, Next index: 1, Last known committed idx: 0, Time since last communication: 0.000s
I20260608 12:56:41.306787 21371 consensus_queue.cc:1048] T ff5a424e03364449a37db8dddfee14ed P e754121977b543df81605f6fd8ec49d9 [LEADER]: Connected to new peer: Peer: permanent_uuid: "74a53e3f670e437bbff46c9b134c4263" member_type: VOTER last_known_addr { host: "127.16.75.129" port: 35619 }, Status: LMP_MISMATCH, Last received: 0.0, Next index: 1, Last known committed idx: 0, Time since last communication: 0.000s
I20260608 12:56:41.363073 21365 consensus_queue.cc:1048] T c7e8acb28f47436d97fc9757ecc79181 P c478896a3d294d6aba5332590ab049b0 [LEADER]: Connected to new peer: Peer: permanent_uuid: "74a53e3f670e437bbff46c9b134c4263" member_type: VOTER last_known_addr { host: "127.16.75.129" port: 35619 }, Status: LMP_MISMATCH, Last received: 0.0, Next index: 1, Last known committed idx: 0, Time since last communication: 0.000s
I20260608 12:56:41.420779 21360 consensus_queue.cc:1048] T c7e8acb28f47436d97fc9757ecc79181 P c478896a3d294d6aba5332590ab049b0 [LEADER]: Connected to new peer: Peer: permanent_uuid: "e754121977b543df81605f6fd8ec49d9" member_type: VOTER last_known_addr { host: "127.16.75.131" port: 43077 }, Status: LMP_MISMATCH, Last received: 0.0, Next index: 1, Last known committed idx: 0, Time since last communication: 0.000s
I20260608 12:56:41.489460 21353 consensus_queue.cc:1048] T 8b2789f63e0f4d6495b53a2b4d756ccc P 74a53e3f670e437bbff46c9b134c4263 [LEADER]: Connected to new peer: Peer: permanent_uuid: "e754121977b543df81605f6fd8ec49d9" member_type: VOTER last_known_addr { host: "127.16.75.131" port: 43077 }, Status: LMP_MISMATCH, Last received: 0.0, Next index: 1, Last known committed idx: 0, Time since last communication: 0.000s
I20260608 12:56:41.512534 21399 consensus_queue.cc:1048] T 8b2789f63e0f4d6495b53a2b4d756ccc P 74a53e3f670e437bbff46c9b134c4263 [LEADER]: Connected to new peer: Peer: permanent_uuid: "c478896a3d294d6aba5332590ab049b0" member_type: VOTER last_known_addr { host: "127.16.75.130" port: 33125 }, Status: LMP_MISMATCH, Last received: 0.0, Next index: 1, Last known committed idx: 0, Time since last communication: 0.000s
W20260608 12:56:42.202327 21242 outbound_call.cc:321] RPC callback for RPC call kudu.consensus.ConsensusService.UpdateConsensus -> {remote=127.16.75.129:35619, user_credentials={real_user=slave}} blocked reactor thread for 103052us
W20260608 12:56:42.353835 21308 outbound_call.cc:321] RPC callback for RPC call kudu.tserver.TabletServerService.Write -> {remote=127.16.75.129:35619, user_credentials={real_user=slave}} blocked reactor thread for 53639.3us
W20260608 12:56:42.432899 21309 outbound_call.cc:321] RPC callback for RPC call kudu.tserver.TabletServerService.Write -> {remote=127.16.75.130:33125, user_credentials={real_user=slave}} blocked reactor thread for 122320us
W20260608 12:56:42.463598 21456 log.cc:927] Time spent T eb679f2032a64c949b64faa2bb0f44c6 P c478896a3d294d6aba5332590ab049b0: Append to log took a long time: real 0.160s	user 0.004s	sys 0.000s
W20260608 12:56:42.461752 21308 outbound_call.cc:321] RPC callback for RPC call kudu.tserver.TabletServerService.Write -> {remote=127.16.75.131:43077, user_credentials={real_user=slave}} blocked reactor thread for 64789.3us
W20260608 12:56:42.526652 21484 log.cc:927] Time spent T 8c7431a4c136455a8b8162379cbe4078 P e754121977b543df81605f6fd8ec49d9: Append to log took a long time: real 0.050s	user 0.001s	sys 0.000s
I20260608 12:56:42.668071 21442 rpcz_store.cc:275] Call kudu.tserver.TabletServerService.Write from 127.0.0.1:44692 (ReqId={client: a2d894fa8396478089183c0aea81a1ca, seq_no=22, attempt_no=0}) took 1074 ms. Trace:
I20260608 12:56:42.670302 21442 rpcz_store.cc:276] 0608 12:56:41.596241 (+     0us) service_pool.cc:167] Inserting onto call queue
0608 12:56:41.601633 (+  5392us) service_pool.cc:224] Handling call
0608 12:56:42.667859 (+1066226us) inbound_call.cc:177] Queueing success response
Related trace 'op':
0608 12:56:41.788166 (+     0us) write_op.cc:183] PREPARE: starting on tablet cd3a6f0b98e44ccb9c3d017f6702623a
0608 12:56:41.794073 (+  5907us) write_op.cc:432] Acquiring schema lock in shared mode
0608 12:56:41.794113 (+    40us) write_op.cc:435] Acquired schema lock
0608 12:56:41.794128 (+    15us) tablet.cc:662] Decoding operations
0608 12:56:41.795168 (+  1040us) write_op.cc:620] Acquiring the partition lock for write op
0608 12:56:41.795222 (+    54us) write_op.cc:641] Partition lock acquired for write op
0608 12:56:41.795250 (+    28us) tablet.cc:685] Acquiring locks for 4 operations
0608 12:56:41.797072 (+  1822us) tablet.cc:701] Row locks acquired
0608 12:56:41.797100 (+    28us) write_op.cc:260] PREPARE: finished
0608 12:56:41.799126 (+  2026us) write_op.cc:270] Start()
0608 12:56:41.799252 (+   126us) write_op.cc:276] Timestamp: P: 1780923401799065 usec, L: 0
0608 12:56:41.799273 (+    21us) op_driver.cc:348] REPLICATION: starting
0608 12:56:41.839693 (+ 40420us) log.cc:844] Serialized 475 byte log entry
0608 12:56:41.840855 (+  1162us) spinlock_profiling.cc:243] Waited 39.7 ms on lock 0x7b54003e3ad4. stack: 00007fcf867e63a1 00007fcf867e61c8 00007fcf85fc1f11 000000000047f705 000000000047f658 00007fcf89e995cb 00007fcf89fa6115 00007fcf8dafe788 00007fcf8dafd660 00007fcf8db07950 00007fcf8db078b0 00007fcf8db07810 00007fcf8db077b0 00007fcf8db0592f 000000000049a986 000000000049a618
0608 12:56:42.419300 (+578445us) op_driver.cc:464] REPLICATION: finished
0608 12:56:42.665707 (+246407us) write_op.cc:301] APPLY: starting
0608 12:56:42.665784 (+    77us) tablet.cc:1367] starting BulkCheckPresence
0608 12:56:42.665956 (+   172us) tablet.cc:1370] finished BulkCheckPresence
0608 12:56:42.665978 (+    22us) tablet.cc:1372] starting ApplyRowOperation cycle
0608 12:56:42.666731 (+   753us) tablet.cc:1383] finished ApplyRowOperation cycle
0608 12:56:42.666907 (+   176us) tablet_metrics.cc:581] ProbeStats: bloom_lookups=0,key_file_lookups=0,delta_file_lookups=0,mrs_lookups=0
0608 12:56:42.666958 (+    51us) write_op.cc:312] APPLY: finished
0608 12:56:42.667172 (+   214us) log.cc:844] Serialized 40 byte log entry
0608 12:56:42.667391 (+   219us) write_op.cc:489] Releasing partition, row and schema locks
0608 12:56:42.667471 (+    80us) write_op.cc:454] Released schema lock
0608 12:56:42.667513 (+    42us) write_op.cc:341] FINISH: Updating metrics
Metrics: {"child_traces":[["op",{"apply.queue_time_us":246208,"num_ops":4,"prepare.queue_time_us":170527,"prepare.run_cpu_time_us":4947,"prepare.run_wall_time_us":59488,"replication_time_us":619906,"spinlock_wait_cycles":91400960}]]}
I20260608 12:56:42.683619 21475 rpcz_store.cc:275] Call kudu.tserver.TabletServerService.Write from 127.0.0.1:44692 (ReqId={client: a2d894fa8396478089183c0aea81a1ca, seq_no=28, attempt_no=0}) took 1085 ms. Trace:
I20260608 12:56:42.696986 21443 rpcz_store.cc:275] Call kudu.tserver.TabletServerService.Write from 127.0.0.1:44692 (ReqId={client: a2d894fa8396478089183c0aea81a1ca, seq_no=20, attempt_no=0}) took 1103 ms. Trace:
I20260608 12:56:42.745518 21443 rpcz_store.cc:276] 0608 12:56:41.593458 (+     0us) service_pool.cc:167] Inserting onto call queue
0608 12:56:41.595184 (+  1726us) service_pool.cc:224] Handling call
0608 12:56:41.623656 (+ 28472us) spinlock_profiling.cc:243] Waited 13.7 ms on lock 0x7b340000a848. stack: 00007fcf867e63a1 00007fcf867e61c8 00007fcf85fc1f11 000000000047f705 000000000047f658 00007fcf87e6a4bb 00007fcf87eea64f 00007fcf87f6ec24 00007fcf87f73faf 00007fcf87f767eb 00007fcf87f76740 00007fcf87f766a0 00007fcf87f76640 00007fcf87f7496f 000000000049a986 000000000049a618
0608 12:56:42.696777 (+1073121us) inbound_call.cc:177] Queueing success response
Related trace 'op':
0608 12:56:41.784054 (+     0us) write_op.cc:183] PREPARE: starting on tablet cccf7b95d2194646b9be47f66c1ea3b2
0608 12:56:41.784503 (+   449us) write_op.cc:432] Acquiring schema lock in shared mode
0608 12:56:41.784536 (+    33us) write_op.cc:435] Acquired schema lock
0608 12:56:41.784550 (+    14us) tablet.cc:662] Decoding operations
0608 12:56:41.785025 (+   475us) write_op.cc:620] Acquiring the partition lock for write op
0608 12:56:41.785071 (+    46us) write_op.cc:641] Partition lock acquired for write op
0608 12:56:41.785103 (+    32us) tablet.cc:685] Acquiring locks for 4 operations
0608 12:56:41.785478 (+   375us) tablet.cc:701] Row locks acquired
0608 12:56:41.785494 (+    16us) write_op.cc:260] PREPARE: finished
0608 12:56:41.785677 (+   183us) write_op.cc:270] Start()
0608 12:56:41.785800 (+   123us) write_op.cc:276] Timestamp: P: 1780923401785634 usec, L: 0
0608 12:56:41.785820 (+    20us) op_driver.cc:348] REPLICATION: starting
0608 12:56:41.786472 (+   652us) log.cc:844] Serialized 475 byte log entry
0608 12:56:41.839136 (+ 52664us) spinlock_profiling.cc:243] Waited 8.43 ms on lock 0x7b54000c24a0. stack: 00007fcf867e63a1 00007fcf867e61c8 00007fcf85fc1f11 000000000047f705 000000000047f658 00007fcf89e9aabc 00007fcf89eb3498 00007fcf89eb2ae6 00007fcf89fa56ff 00007fcf89fa6072 00007fcf8dafe788 00007fcf8dafd660 00007fcf8db07950 00007fcf8db078b0 00007fcf8db07810 00007fcf8db077b0
0608 12:56:42.350924 (+511788us) op_driver.cc:464] REPLICATION: finished
0608 12:56:42.416760 (+ 65836us) write_op.cc:301] APPLY: starting
0608 12:56:42.416825 (+    65us) tablet.cc:1367] starting BulkCheckPresence
0608 12:56:42.416971 (+   146us) tablet.cc:1370] finished BulkCheckPresence
0608 12:56:42.416992 (+    21us) tablet.cc:1372] starting ApplyRowOperation cycle
0608 12:56:42.417583 (+   591us) tablet.cc:1383] finished ApplyRowOperation cycle
0608 12:56:42.417773 (+   190us) tablet_metrics.cc:581] ProbeStats: bloom_lookups=0,key_file_lookups=0,delta_file_lookups=0,mrs_lookups=0
0608 12:56:42.417818 (+    45us) write_op.cc:312] APPLY: finished
0608 12:56:42.418048 (+   230us) log.cc:844] Serialized 40 byte log entry
0608 12:56:42.418252 (+   204us) write_op.cc:489] Releasing partition, row and schema locks
0608 12:56:42.418328 (+    76us) write_op.cc:454] Released schema lock
0608 12:56:42.418369 (+    41us) write_op.cc:341] FINISH: Updating metrics
0608 12:56:42.696630 (+278261us) spinlock_profiling.cc:243] Waited 35.7 ms on lock 0x7b340000a848. stack: 00007fcf867e63a1 00007fcf867e61c8 00007fcf85fc1f11 000000000047f705 000000000047f658 00007fcf87e6a4bb 00007fcf87eedc91 00007fcf87f12273 00007fcf8f7e99a7 00007fcf8db02396 00007fcf8db01b8f 00007fcf8db0a4e0 00007fcf8db0a440 00007fcf8db0a3a0 00007fcf8db0a340 00007fcf8db084bf
Metrics: {"spinlock_wait_cycles":31556480,"child_traces":[["op",{"apply.queue_time_us":65617,"mutex_wait_us":1923,"num_ops":4,"prepare.queue_time_us":159385,"prepare.run_cpu_time_us":4287,"prepare.run_wall_time_us":55271,"replication_time_us":564971,"spinlock_wait_cycles":101609984}]]}
I20260608 12:56:42.766388 21443 rpcz_store.cc:275] Call kudu.tserver.TabletServerService.Write from 127.0.0.1:44692 (ReqId={client: a2d894fa8396478089183c0aea81a1ca, seq_no=39, attempt_no=0}) took 1124 ms. Trace:
I20260608 12:56:42.766746 21443 rpcz_store.cc:276] 0608 12:56:41.647612 (+     0us) service_pool.cc:167] Inserting onto call queue
0608 12:56:41.649980 (+  2368us) service_pool.cc:224] Handling call
0608 12:56:42.766334 (+1116354us) inbound_call.cc:177] Queueing success response
Related trace 'op':
0608 12:56:41.702140 (+     0us) write_op.cc:183] PREPARE: starting on tablet 8447f175f7eb4f42a8aba41cfa2b168f
0608 12:56:41.713214 (+ 11074us) write_op.cc:432] Acquiring schema lock in shared mode
0608 12:56:41.713980 (+   766us) write_op.cc:435] Acquired schema lock
0608 12:56:41.718514 (+  4534us) tablet.cc:662] Decoding operations
0608 12:56:41.723958 (+  5444us) write_op.cc:620] Acquiring the partition lock for write op
0608 12:56:41.724221 (+   263us) write_op.cc:641] Partition lock acquired for write op
0608 12:56:41.724900 (+   679us) tablet.cc:685] Acquiring locks for 4 operations
0608 12:56:41.738735 (+ 13835us) tablet.cc:701] Row locks acquired
0608 12:56:41.743138 (+  4403us) write_op.cc:260] PREPARE: finished
0608 12:56:41.746044 (+  2906us) write_op.cc:270] Start()
0608 12:56:41.746197 (+   153us) write_op.cc:276] Timestamp: P: 1780923401745984 usec, L: 0
0608 12:56:41.746223 (+    26us) op_driver.cc:348] REPLICATION: starting
0608 12:56:41.746915 (+   692us) log.cc:844] Serialized 475 byte log entry
0608 12:56:42.526729 (+779814us) op_driver.cc:464] REPLICATION: finished
0608 12:56:42.751753 (+225024us) write_op.cc:301] APPLY: starting
0608 12:56:42.751831 (+    78us) tablet.cc:1367] starting BulkCheckPresence
0608 12:56:42.752004 (+   173us) tablet.cc:1370] finished BulkCheckPresence
0608 12:56:42.752091 (+    87us) tablet.cc:1372] starting ApplyRowOperation cycle
0608 12:56:42.765026 (+ 12935us) tablet.cc:1383] finished ApplyRowOperation cycle
0608 12:56:42.765149 (+   123us) tablet_metrics.cc:581] ProbeStats: bloom_lookups=0,key_file_lookups=0,delta_file_lookups=0,mrs_lookups=0
0608 12:56:42.765181 (+    32us) write_op.cc:312] APPLY: finished
0608 12:56:42.765341 (+   160us) log.cc:844] Serialized 40 byte log entry
0608 12:56:42.766023 (+   682us) write_op.cc:489] Releasing partition, row and schema locks
0608 12:56:42.766080 (+    57us) write_op.cc:454] Released schema lock
0608 12:56:42.766111 (+    31us) write_op.cc:341] FINISH: Updating metrics
Metrics: {"child_traces":[["op",{"apply.queue_time_us":224841,"num_ops":4,"prepare.queue_time_us":33985,"prepare.run_cpu_time_us":3570,"prepare.run_wall_time_us":50564,"replication_time_us":780397}]]}
I20260608 12:56:42.742851 21475 rpcz_store.cc:276] 0608 12:56:41.597746 (+     0us) service_pool.cc:167] Inserting onto call queue
0608 12:56:41.602670 (+  4924us) service_pool.cc:224] Handling call
0608 12:56:42.683398 (+1080728us) inbound_call.cc:177] Queueing success response
Related trace 'op':
0608 12:56:41.675030 (+     0us) write_op.cc:183] PREPARE: starting on tablet 8447f175f7eb4f42a8aba41cfa2b168f
0608 12:56:41.692391 (+ 17361us) write_op.cc:432] Acquiring schema lock in shared mode
0608 12:56:41.692882 (+   491us) write_op.cc:435] Acquired schema lock
0608 12:56:41.693287 (+   405us) tablet.cc:662] Decoding operations
0608 12:56:41.693844 (+   557us) write_op.cc:620] Acquiring the partition lock for write op
0608 12:56:41.693892 (+    48us) write_op.cc:641] Partition lock acquired for write op
0608 12:56:41.693923 (+    31us) tablet.cc:685] Acquiring locks for 6 operations
0608 12:56:41.694400 (+   477us) tablet.cc:701] Row locks acquired
0608 12:56:41.694419 (+    19us) write_op.cc:260] PREPARE: finished
0608 12:56:41.694592 (+   173us) write_op.cc:270] Start()
0608 12:56:41.694710 (+   118us) write_op.cc:276] Timestamp: P: 1780923401694545 usec, L: 0
0608 12:56:41.694732 (+    22us) op_driver.cc:348] REPLICATION: starting
0608 12:56:41.697182 (+  2450us) log.cc:844] Serialized 562 byte log entry
0608 12:56:42.360259 (+663077us) op_driver.cc:464] REPLICATION: finished
0608 12:56:42.540519 (+180260us) write_op.cc:301] APPLY: starting
0608 12:56:42.540604 (+    85us) tablet.cc:1367] starting BulkCheckPresence
0608 12:56:42.540811 (+   207us) tablet.cc:1370] finished BulkCheckPresence
0608 12:56:42.540898 (+    87us) tablet.cc:1372] starting ApplyRowOperation cycle
0608 12:56:42.541824 (+   926us) tablet.cc:1383] finished ApplyRowOperation cycle
0608 12:56:42.542013 (+   189us) tablet_metrics.cc:581] ProbeStats: bloom_lookups=0,key_file_lookups=0,delta_file_lookups=0,mrs_lookups=0
0608 12:56:42.542057 (+    44us) write_op.cc:312] APPLY: finished
0608 12:56:42.542298 (+   241us) log.cc:844] Serialized 52 byte log entry
0608 12:56:42.545004 (+  2706us) write_op.cc:489] Releasing partition, row and schema locks
0608 12:56:42.545113 (+   109us) write_op.cc:454] Released schema lock
0608 12:56:42.545157 (+    44us) write_op.cc:341] FINISH: Updating metrics
0608 12:56:42.683285 (+138128us) spinlock_profiling.cc:243] Waited 22 ms on lock 0x7b340000a848. stack: 00007fcf867e63a1 00007fcf867e61c8 00007fcf85fc1f11 000000000047f705 000000000047f658 00007fcf87e6a4bb 00007fcf87eedc91 00007fcf87f12273 00007fcf8f7e99a7 00007fcf8db02396 00007fcf8db01b8f 00007fcf8db0a4e0 00007fcf8db0a440 00007fcf8db0a3a0 00007fcf8db0a340 00007fcf8db084bf
Metrics: {"child_traces":[["op",{"apply.queue_time_us":180062,"num_ops":6,"prepare.queue_time_us":51116,"prepare.run_cpu_time_us":3701,"prepare.run_wall_time_us":34355,"replication_time_us":665408,"spinlock_wait_cycles":50534272}]]}
I20260608 12:56:42.782516 21443 rpcz_store.cc:275] Call kudu.tserver.TabletServerService.Write from 127.0.0.1:44692 (ReqId={client: a2d894fa8396478089183c0aea81a1ca, seq_no=26, attempt_no=0}) took 1185 ms. Trace:
I20260608 12:56:42.842180 21442 rpcz_store.cc:275] Call kudu.tserver.TabletServerService.Write from 127.0.0.1:44692 (ReqId={client: a2d894fa8396478089183c0aea81a1ca, seq_no=38, attempt_no=0}) took 1203 ms. Trace:
I20260608 12:56:42.842665 21442 rpcz_store.cc:276] 0608 12:56:41.639284 (+     0us) service_pool.cc:167] Inserting onto call queue
0608 12:56:41.639976 (+   692us) service_pool.cc:224] Handling call
0608 12:56:42.842105 (+1202129us) inbound_call.cc:177] Queueing success response
Related trace 'op':
0608 12:56:41.843661 (+     0us) write_op.cc:183] PREPARE: starting on tablet cd3a6f0b98e44ccb9c3d017f6702623a
0608 12:56:41.851643 (+  7982us) write_op.cc:432] Acquiring schema lock in shared mode
0608 12:56:41.851672 (+    29us) write_op.cc:435] Acquired schema lock
0608 12:56:41.851690 (+    18us) tablet.cc:662] Decoding operations
0608 12:56:41.852041 (+   351us) write_op.cc:620] Acquiring the partition lock for write op
0608 12:56:41.852099 (+    58us) write_op.cc:641] Partition lock acquired for write op
0608 12:56:41.852128 (+    29us) tablet.cc:685] Acquiring locks for 2 operations
0608 12:56:41.852914 (+   786us) tablet.cc:701] Row locks acquired
0608 12:56:41.852935 (+    21us) write_op.cc:260] PREPARE: finished
0608 12:56:42.037640 (+184705us) spinlock_profiling.cc:243] Waited 2.29 ms on lock 0x7b340000a848. stack: 00007fcf867e63a1 00007fcf867e61c8 00007fcf85fc1f11 000000000047f705 000000000047f658 00007fcf87e6a4bb 00007fcf87eeba42 00007fcf8dafdec4 00007fcf8dafd660 00007fcf8db07950 00007fcf8db078b0 00007fcf8db07810 00007fcf8db077b0 00007fcf8db0592f 000000000049a986 000000000049a618
0608 12:56:42.039866 (+  2226us) write_op.cc:270] Start()
0608 12:56:42.057762 (+ 17896us) write_op.cc:276] Timestamp: P: 1780923402038858 usec, L: 0
0608 12:56:42.057789 (+    27us) op_driver.cc:348] REPLICATION: starting
0608 12:56:42.091849 (+ 34060us) log.cc:844] Serialized 388 byte log entry
0608 12:56:42.418742 (+326893us) spinlock_profiling.cc:243] Waited 15.5 ms on lock 0x7b54000c15a0. stack: 00007fcf867e63a1 00007fcf867e61c8 00007fcf85fc1f11 000000000047f705 000000000047f658 00007fcf89e9aabc 00007fcf89eb3498 00007fcf89eb2ae6 00007fcf89fa56ff 00007fcf89fa6072 00007fcf8dafe788 00007fcf8dafd660 00007fcf8db07950 00007fcf8db078b0 00007fcf8db07810 00007fcf8db077b0
