I20260608 12:54:50.079909 17552 consensus_queue.cc:260] T 9d0b0ccafb744e079644578ef28fcb36 P 1f015a3b0b4d453dad46e1bfd716f3d9 [NON_LEADER]: Queue going to NON_LEADER mode. State: All replicated index: 0, Majority replicated index: 0, Committed index: 0, Last appended: 0.0, Last appended by leader: 0, Current term: 0, Majority size: -1, State: 0, Mode: NON_LEADER, active raft config: opid_index: -1 OBSOLETE_local: false peers { permanent_uuid: "44bf9e084c334c0f962431db13fc28a2" member_type: VOTER last_known_addr { host: "127.16.75.129" port: 34033 } } peers { permanent_uuid: "29c3e027eab84f968ffdadcfe9213467" member_type: VOTER last_known_addr { host: "127.16.75.130" port: 42503 } } peers { permanent_uuid: "1f015a3b0b4d453dad46e1bfd716f3d9" member_type: VOTER last_known_addr { host: "127.16.75.131" port: 43369 } }
I20260608 12:54:50.086024 17551 tablet_bootstrap.cc:654] T cb5e05c5d4bb4bb49b64b037928e412b P 29c3e027eab84f968ffdadcfe9213467: Neither blocks nor log segments found. Creating new log.
I20260608 12:54:50.090871 17550 ts_tablet_manager.cc:1434] T 6aaafe35a0c947b0bfbabf925f8ddd67 P 44bf9e084c334c0f962431db13fc28a2: Time spent starting tablet: real 0.017s	user 0.005s	sys 0.011s
I20260608 12:54:50.091486 17552 ts_tablet_manager.cc:1434] T 9d0b0ccafb744e079644578ef28fcb36 P 1f015a3b0b4d453dad46e1bfd716f3d9: Time spent starting tablet: real 0.016s	user 0.015s	sys 0.000s
I20260608 12:54:50.092321 17552 tablet_bootstrap.cc:492] T ecd59c38d789454fa829f4c02e4cd560 P 1f015a3b0b4d453dad46e1bfd716f3d9: Bootstrap starting.
I20260608 12:54:50.095690 17550 tablet_bootstrap.cc:492] T 2b709ceac2a24ac7ba22420af8c2a247 P 44bf9e084c334c0f962431db13fc28a2: Bootstrap starting.
I20260608 12:54:50.098372 17552 tablet_bootstrap.cc:654] T ecd59c38d789454fa829f4c02e4cd560 P 1f015a3b0b4d453dad46e1bfd716f3d9: Neither blocks nor log segments found. Creating new log.
I20260608 12:54:50.103952 17550 tablet_bootstrap.cc:654] T 2b709ceac2a24ac7ba22420af8c2a247 P 44bf9e084c334c0f962431db13fc28a2: Neither blocks nor log segments found. Creating new log.
I20260608 12:54:50.109135 17551 tablet_bootstrap.cc:492] T cb5e05c5d4bb4bb49b64b037928e412b P 29c3e027eab84f968ffdadcfe9213467: No bootstrap required, opened a new log
I20260608 12:54:50.109514 17552 tablet_bootstrap.cc:492] T ecd59c38d789454fa829f4c02e4cd560 P 1f015a3b0b4d453dad46e1bfd716f3d9: No bootstrap required, opened a new log
I20260608 12:54:50.109699 17551 ts_tablet_manager.cc:1403] T cb5e05c5d4bb4bb49b64b037928e412b P 29c3e027eab84f968ffdadcfe9213467: Time spent bootstrapping tablet: real 0.035s	user 0.010s	sys 0.009s
I20260608 12:54:50.110054 17550 tablet_bootstrap.cc:492] T 2b709ceac2a24ac7ba22420af8c2a247 P 44bf9e084c334c0f962431db13fc28a2: No bootstrap required, opened a new log
I20260608 12:54:50.110018 17552 ts_tablet_manager.cc:1403] T ecd59c38d789454fa829f4c02e4cd560 P 1f015a3b0b4d453dad46e1bfd716f3d9: Time spent bootstrapping tablet: real 0.018s	user 0.011s	sys 0.003s
I20260608 12:54:50.110726 17550 ts_tablet_manager.cc:1403] T 2b709ceac2a24ac7ba22420af8c2a247 P 44bf9e084c334c0f962431db13fc28a2: Time spent bootstrapping tablet: real 0.015s	user 0.013s	sys 0.000s
I20260608 12:54:50.112587 17551 raft_consensus.cc:359] T cb5e05c5d4bb4bb49b64b037928e412b P 29c3e027eab84f968ffdadcfe9213467 [term 0 FOLLOWER]: Replica starting. Triggering 0 pending ops. Active config: opid_index: -1 OBSOLETE_local: false peers { permanent_uuid: "44bf9e084c334c0f962431db13fc28a2" member_type: VOTER last_known_addr { host: "127.16.75.129" port: 34033 } } peers { permanent_uuid: "29c3e027eab84f968ffdadcfe9213467" member_type: VOTER last_known_addr { host: "127.16.75.130" port: 42503 } } peers { permanent_uuid: "1f015a3b0b4d453dad46e1bfd716f3d9" member_type: VOTER last_known_addr { host: "127.16.75.131" port: 43369 } }
I20260608 12:54:50.112885 17550 raft_consensus.cc:359] T 2b709ceac2a24ac7ba22420af8c2a247 P 44bf9e084c334c0f962431db13fc28a2 [term 0 FOLLOWER]: Replica starting. Triggering 0 pending ops. Active config: opid_index: -1 OBSOLETE_local: false peers { permanent_uuid: "1f015a3b0b4d453dad46e1bfd716f3d9" member_type: VOTER last_known_addr { host: "127.16.75.131" port: 43369 } } peers { permanent_uuid: "44bf9e084c334c0f962431db13fc28a2" member_type: VOTER last_known_addr { host: "127.16.75.129" port: 34033 } } peers { permanent_uuid: "29c3e027eab84f968ffdadcfe9213467" member_type: VOTER last_known_addr { host: "127.16.75.130" port: 42503 } }
I20260608 12:54:50.113453 17550 raft_consensus.cc:385] T 2b709ceac2a24ac7ba22420af8c2a247 P 44bf9e084c334c0f962431db13fc28a2 [term 0 FOLLOWER]: Consensus starting up: Expiring failure detector timer to make a prompt election more likely
I20260608 12:54:50.113376 17551 raft_consensus.cc:385] T cb5e05c5d4bb4bb49b64b037928e412b P 29c3e027eab84f968ffdadcfe9213467 [term 0 FOLLOWER]: Consensus starting up: Expiring failure detector timer to make a prompt election more likely
I20260608 12:54:50.113359 17552 raft_consensus.cc:359] T ecd59c38d789454fa829f4c02e4cd560 P 1f015a3b0b4d453dad46e1bfd716f3d9 [term 0 FOLLOWER]: Replica starting. Triggering 0 pending ops. Active config: opid_index: -1 OBSOLETE_local: false peers { permanent_uuid: "44bf9e084c334c0f962431db13fc28a2" member_type: VOTER last_known_addr { host: "127.16.75.129" port: 34033 } } peers { permanent_uuid: "29c3e027eab84f968ffdadcfe9213467" member_type: VOTER last_known_addr { host: "127.16.75.130" port: 42503 } } peers { permanent_uuid: "1f015a3b0b4d453dad46e1bfd716f3d9" member_type: VOTER last_known_addr { host: "127.16.75.131" port: 43369 } }
I20260608 12:54:50.114080 17551 raft_consensus.cc:740] T cb5e05c5d4bb4bb49b64b037928e412b P 29c3e027eab84f968ffdadcfe9213467 [term 0 FOLLOWER]: Becoming Follower/Learner. State: Replica: 29c3e027eab84f968ffdadcfe9213467, State: Initialized, Role: FOLLOWER
I20260608 12:54:50.114333 17552 raft_consensus.cc:385] T ecd59c38d789454fa829f4c02e4cd560 P 1f015a3b0b4d453dad46e1bfd716f3d9 [term 0 FOLLOWER]: Consensus starting up: Expiring failure detector timer to make a prompt election more likely
I20260608 12:54:50.114660 17552 raft_consensus.cc:740] T ecd59c38d789454fa829f4c02e4cd560 P 1f015a3b0b4d453dad46e1bfd716f3d9 [term 0 FOLLOWER]: Becoming Follower/Learner. State: Replica: 1f015a3b0b4d453dad46e1bfd716f3d9, State: Initialized, Role: FOLLOWER
I20260608 12:54:50.114935 17551 consensus_queue.cc:260] T cb5e05c5d4bb4bb49b64b037928e412b P 29c3e027eab84f968ffdadcfe9213467 [NON_LEADER]: Queue going to NON_LEADER mode. State: All replicated index: 0, Majority replicated index: 0, Committed index: 0, Last appended: 0.0, Last appended by leader: 0, Current term: 0, Majority size: -1, State: 0, Mode: NON_LEADER, active raft config: opid_index: -1 OBSOLETE_local: false peers { permanent_uuid: "44bf9e084c334c0f962431db13fc28a2" member_type: VOTER last_known_addr { host: "127.16.75.129" port: 34033 } } peers { permanent_uuid: "29c3e027eab84f968ffdadcfe9213467" member_type: VOTER last_known_addr { host: "127.16.75.130" port: 42503 } } peers { permanent_uuid: "1f015a3b0b4d453dad46e1bfd716f3d9" member_type: VOTER last_known_addr { host: "127.16.75.131" port: 43369 } }
I20260608 12:54:50.115425 17552 consensus_queue.cc:260] T ecd59c38d789454fa829f4c02e4cd560 P 1f015a3b0b4d453dad46e1bfd716f3d9 [NON_LEADER]: Queue going to NON_LEADER mode. State: All replicated index: 0, Majority replicated index: 0, Committed index: 0, Last appended: 0.0, Last appended by leader: 0, Current term: 0, Majority size: -1, State: 0, Mode: NON_LEADER, active raft config: opid_index: -1 OBSOLETE_local: false peers { permanent_uuid: "44bf9e084c334c0f962431db13fc28a2" member_type: VOTER last_known_addr { host: "127.16.75.129" port: 34033 } } peers { permanent_uuid: "29c3e027eab84f968ffdadcfe9213467" member_type: VOTER last_known_addr { host: "127.16.75.130" port: 42503 } } peers { permanent_uuid: "1f015a3b0b4d453dad46e1bfd716f3d9" member_type: VOTER last_known_addr { host: "127.16.75.131" port: 43369 } }
I20260608 12:54:50.117112 17551 ts_tablet_manager.cc:1434] T cb5e05c5d4bb4bb49b64b037928e412b P 29c3e027eab84f968ffdadcfe9213467: Time spent starting tablet: real 0.007s	user 0.008s	sys 0.000s
I20260608 12:54:50.117493 17552 ts_tablet_manager.cc:1434] T ecd59c38d789454fa829f4c02e4cd560 P 1f015a3b0b4d453dad46e1bfd716f3d9: Time spent starting tablet: real 0.007s	user 0.006s	sys 0.000s
I20260608 12:54:50.118116 17551 tablet_bootstrap.cc:492] T 6ac115b7d3294a108dca6b58b0494858 P 29c3e027eab84f968ffdadcfe9213467: Bootstrap starting.
I20260608 12:54:50.118362 17552 tablet_bootstrap.cc:492] T c646fb45c1c745878d2431e619db46e2 P 1f015a3b0b4d453dad46e1bfd716f3d9: Bootstrap starting.
I20260608 12:54:50.113968 17550 raft_consensus.cc:740] T 2b709ceac2a24ac7ba22420af8c2a247 P 44bf9e084c334c0f962431db13fc28a2 [term 0 FOLLOWER]: Becoming Follower/Learner. State: Replica: 44bf9e084c334c0f962431db13fc28a2, State: Initialized, Role: FOLLOWER
I20260608 12:54:50.121515 17550 consensus_queue.cc:260] T 2b709ceac2a24ac7ba22420af8c2a247 P 44bf9e084c334c0f962431db13fc28a2 [NON_LEADER]: Queue going to NON_LEADER mode. State: All replicated index: 0, Majority replicated index: 0, Committed index: 0, Last appended: 0.0, Last appended by leader: 0, Current term: 0, Majority size: -1, State: 0, Mode: NON_LEADER, active raft config: opid_index: -1 OBSOLETE_local: false peers { permanent_uuid: "1f015a3b0b4d453dad46e1bfd716f3d9" member_type: VOTER last_known_addr { host: "127.16.75.131" port: 43369 } } peers { permanent_uuid: "44bf9e084c334c0f962431db13fc28a2" member_type: VOTER last_known_addr { host: "127.16.75.129" port: 34033 } } peers { permanent_uuid: "29c3e027eab84f968ffdadcfe9213467" member_type: VOTER last_known_addr { host: "127.16.75.130" port: 42503 } }
I20260608 12:54:50.122081 17556 raft_consensus.cc:493] T 2b709ceac2a24ac7ba22420af8c2a247 P 29c3e027eab84f968ffdadcfe9213467 [term 0 FOLLOWER]: Starting pre-election (no leader contacted us within the election timeout)
I20260608 12:54:50.122588 17556 raft_consensus.cc:515] T 2b709ceac2a24ac7ba22420af8c2a247 P 29c3e027eab84f968ffdadcfe9213467 [term 0 FOLLOWER]: Starting pre-election with config: opid_index: -1 OBSOLETE_local: false peers { permanent_uuid: "1f015a3b0b4d453dad46e1bfd716f3d9" member_type: VOTER last_known_addr { host: "127.16.75.131" port: 43369 } } peers { permanent_uuid: "44bf9e084c334c0f962431db13fc28a2" member_type: VOTER last_known_addr { host: "127.16.75.129" port: 34033 } } peers { permanent_uuid: "29c3e027eab84f968ffdadcfe9213467" member_type: VOTER last_known_addr { host: "127.16.75.130" port: 42503 } }
I20260608 12:54:50.124001 17550 ts_tablet_manager.cc:1434] T 2b709ceac2a24ac7ba22420af8c2a247 P 44bf9e084c334c0f962431db13fc28a2: Time spent starting tablet: real 0.013s	user 0.005s	sys 0.001s
I20260608 12:54:50.124732 17552 tablet_bootstrap.cc:654] T c646fb45c1c745878d2431e619db46e2 P 1f015a3b0b4d453dad46e1bfd716f3d9: Neither blocks nor log segments found. Creating new log.
I20260608 12:54:50.125113 17550 tablet_bootstrap.cc:492] T ecd59c38d789454fa829f4c02e4cd560 P 44bf9e084c334c0f962431db13fc28a2: Bootstrap starting.
I20260608 12:54:50.126950 17551 tablet_bootstrap.cc:654] T 6ac115b7d3294a108dca6b58b0494858 P 29c3e027eab84f968ffdadcfe9213467: Neither blocks nor log segments found. Creating new log.
I20260608 12:54:50.131628 17550 tablet_bootstrap.cc:654] T ecd59c38d789454fa829f4c02e4cd560 P 44bf9e084c334c0f962431db13fc28a2: Neither blocks nor log segments found. Creating new log.
I20260608 12:54:50.148561 17556 leader_election.cc:290] T 2b709ceac2a24ac7ba22420af8c2a247 P 29c3e027eab84f968ffdadcfe9213467 [CANDIDATE]: Term 1 pre-election: Requested pre-vote from peers 1f015a3b0b4d453dad46e1bfd716f3d9 (127.16.75.131:43369), 44bf9e084c334c0f962431db13fc28a2 (127.16.75.129:34033)
I20260608 12:54:50.185766 17557 raft_consensus.cc:493] T 2b709ceac2a24ac7ba22420af8c2a247 P 44bf9e084c334c0f962431db13fc28a2 [term 0 FOLLOWER]: Starting pre-election (no leader contacted us within the election timeout)
I20260608 12:54:50.186492 17557 raft_consensus.cc:515] T 2b709ceac2a24ac7ba22420af8c2a247 P 44bf9e084c334c0f962431db13fc28a2 [term 0 FOLLOWER]: Starting pre-election with config: opid_index: -1 OBSOLETE_local: false peers { permanent_uuid: "1f015a3b0b4d453dad46e1bfd716f3d9" member_type: VOTER last_known_addr { host: "127.16.75.131" port: 43369 } } peers { permanent_uuid: "44bf9e084c334c0f962431db13fc28a2" member_type: VOTER last_known_addr { host: "127.16.75.129" port: 34033 } } peers { permanent_uuid: "29c3e027eab84f968ffdadcfe9213467" member_type: VOTER last_known_addr { host: "127.16.75.130" port: 42503 } }
I20260608 12:54:50.201617 17557 leader_election.cc:290] T 2b709ceac2a24ac7ba22420af8c2a247 P 44bf9e084c334c0f962431db13fc28a2 [CANDIDATE]: Term 1 pre-election: Requested pre-vote from peers 1f015a3b0b4d453dad46e1bfd716f3d9 (127.16.75.131:43369), 29c3e027eab84f968ffdadcfe9213467 (127.16.75.130:42503)
I20260608 12:54:50.204571 17552 tablet_bootstrap.cc:492] T c646fb45c1c745878d2431e619db46e2 P 1f015a3b0b4d453dad46e1bfd716f3d9: No bootstrap required, opened a new log
I20260608 12:54:50.205256 17552 ts_tablet_manager.cc:1403] T c646fb45c1c745878d2431e619db46e2 P 1f015a3b0b4d453dad46e1bfd716f3d9: Time spent bootstrapping tablet: real 0.087s	user 0.037s	sys 0.047s
I20260608 12:54:50.205973 17550 tablet_bootstrap.cc:492] T ecd59c38d789454fa829f4c02e4cd560 P 44bf9e084c334c0f962431db13fc28a2: No bootstrap required, opened a new log
I20260608 12:54:50.206456 17550 ts_tablet_manager.cc:1403] T ecd59c38d789454fa829f4c02e4cd560 P 44bf9e084c334c0f962431db13fc28a2: Time spent bootstrapping tablet: real 0.082s	user 0.042s	sys 0.036s
I20260608 12:54:50.208575 17552 raft_consensus.cc:359] T c646fb45c1c745878d2431e619db46e2 P 1f015a3b0b4d453dad46e1bfd716f3d9 [term 0 FOLLOWER]: Replica starting. Triggering 0 pending ops. Active config: opid_index: -1 OBSOLETE_local: false peers { permanent_uuid: "44bf9e084c334c0f962431db13fc28a2" member_type: VOTER last_known_addr { host: "127.16.75.129" port: 34033 } } peers { permanent_uuid: "29c3e027eab84f968ffdadcfe9213467" member_type: VOTER last_known_addr { host: "127.16.75.130" port: 42503 } } peers { permanent_uuid: "1f015a3b0b4d453dad46e1bfd716f3d9" member_type: VOTER last_known_addr { host: "127.16.75.131" port: 43369 } }
I20260608 12:54:50.208871 17505 tablet_service.cc:1917] Received RequestConsensusVote() RPC: tablet_id: "2b709ceac2a24ac7ba22420af8c2a247" candidate_uuid: "29c3e027eab84f968ffdadcfe9213467" candidate_term: 1 candidate_status { last_received { term: 0 index: 0 } } ignore_live_leader: false dest_uuid: "1f015a3b0b4d453dad46e1bfd716f3d9" is_pre_election: true
I20260608 12:54:50.209240 17550 raft_consensus.cc:359] T ecd59c38d789454fa829f4c02e4cd560 P 44bf9e084c334c0f962431db13fc28a2 [term 0 FOLLOWER]: Replica starting. Triggering 0 pending ops. Active config: opid_index: -1 OBSOLETE_local: false peers { permanent_uuid: "44bf9e084c334c0f962431db13fc28a2" member_type: VOTER last_known_addr { host: "127.16.75.129" port: 34033 } } peers { permanent_uuid: "29c3e027eab84f968ffdadcfe9213467" member_type: VOTER last_known_addr { host: "127.16.75.130" port: 42503 } } peers { permanent_uuid: "1f015a3b0b4d453dad46e1bfd716f3d9" member_type: VOTER last_known_addr { host: "127.16.75.131" port: 43369 } }
I20260608 12:54:50.209945 17550 raft_consensus.cc:385] T ecd59c38d789454fa829f4c02e4cd560 P 44bf9e084c334c0f962431db13fc28a2 [term 0 FOLLOWER]: Consensus starting up: Expiring failure detector timer to make a prompt election more likely
I20260608 12:54:50.210232 17550 raft_consensus.cc:740] T ecd59c38d789454fa829f4c02e4cd560 P 44bf9e084c334c0f962431db13fc28a2 [term 0 FOLLOWER]: Becoming Follower/Learner. State: Replica: 44bf9e084c334c0f962431db13fc28a2, State: Initialized, Role: FOLLOWER
I20260608 12:54:50.211095 17356 tablet_service.cc:1917] Received RequestConsensusVote() RPC: tablet_id: "2b709ceac2a24ac7ba22420af8c2a247" candidate_uuid: "29c3e027eab84f968ffdadcfe9213467" candidate_term: 1 candidate_status { last_received { term: 0 index: 0 } } ignore_live_leader: false dest_uuid: "44bf9e084c334c0f962431db13fc28a2" is_pre_election: true
W20260608 12:54:50.211170 17397 leader_election.cc:343] T 2b709ceac2a24ac7ba22420af8c2a247 P 29c3e027eab84f968ffdadcfe9213467 [CANDIDATE]: Term 1 pre-election: Tablet error from VoteRequest() call to peer 1f015a3b0b4d453dad46e1bfd716f3d9 (127.16.75.131:43369): Illegal state: must be running to vote when last-logged opid is not known
I20260608 12:54:50.211404 17550 consensus_queue.cc:260] T ecd59c38d789454fa829f4c02e4cd560 P 44bf9e084c334c0f962431db13fc28a2 [NON_LEADER]: Queue going to NON_LEADER mode. State: All replicated index: 0, Majority replicated index: 0, Committed index: 0, Last appended: 0.0, Last appended by leader: 0, Current term: 0, Majority size: -1, State: 0, Mode: NON_LEADER, active raft config: opid_index: -1 OBSOLETE_local: false peers { permanent_uuid: "44bf9e084c334c0f962431db13fc28a2" member_type: VOTER last_known_addr { host: "127.16.75.129" port: 34033 } } peers { permanent_uuid: "29c3e027eab84f968ffdadcfe9213467" member_type: VOTER last_known_addr { host: "127.16.75.130" port: 42503 } } peers { permanent_uuid: "1f015a3b0b4d453dad46e1bfd716f3d9" member_type: VOTER last_known_addr { host: "127.16.75.131" port: 43369 } }
I20260608 12:54:50.211913 17356 raft_consensus.cc:2468] T 2b709ceac2a24ac7ba22420af8c2a247 P 44bf9e084c334c0f962431db13fc28a2 [term 0 FOLLOWER]: Leader pre-election vote request: Granting yes vote for candidate 29c3e027eab84f968ffdadcfe9213467 in term 0.
I20260608 12:54:50.212119 17552 raft_consensus.cc:385] T c646fb45c1c745878d2431e619db46e2 P 1f015a3b0b4d453dad46e1bfd716f3d9 [term 0 FOLLOWER]: Consensus starting up: Expiring failure detector timer to make a prompt election more likely
I20260608 12:54:50.212688 17552 raft_consensus.cc:740] T c646fb45c1c745878d2431e619db46e2 P 1f015a3b0b4d453dad46e1bfd716f3d9 [term 0 FOLLOWER]: Becoming Follower/Learner. State: Replica: 1f015a3b0b4d453dad46e1bfd716f3d9, State: Initialized, Role: FOLLOWER
I20260608 12:54:50.213426 17396 leader_election.cc:304] T 2b709ceac2a24ac7ba22420af8c2a247 P 29c3e027eab84f968ffdadcfe9213467 [CANDIDATE]: Term 1 pre-election: Election decided. Result: candidate won. Election summary: received 3 responses out of 3 voters: 2 yes votes; 1 no votes. yes voters: 29c3e027eab84f968ffdadcfe9213467, 44bf9e084c334c0f962431db13fc28a2; no voters: 1f015a3b0b4d453dad46e1bfd716f3d9
I20260608 12:54:50.213538 17552 consensus_queue.cc:260] T c646fb45c1c745878d2431e619db46e2 P 1f015a3b0b4d453dad46e1bfd716f3d9 [NON_LEADER]: Queue going to NON_LEADER mode. State: All replicated index: 0, Majority replicated index: 0, Committed index: 0, Last appended: 0.0, Last appended by leader: 0, Current term: 0, Majority size: -1, State: 0, Mode: NON_LEADER, active raft config: opid_index: -1 OBSOLETE_local: false peers { permanent_uuid: "44bf9e084c334c0f962431db13fc28a2" member_type: VOTER last_known_addr { host: "127.16.75.129" port: 34033 } } peers { permanent_uuid: "29c3e027eab84f968ffdadcfe9213467" member_type: VOTER last_known_addr { host: "127.16.75.130" port: 42503 } } peers { permanent_uuid: "1f015a3b0b4d453dad46e1bfd716f3d9" member_type: VOTER last_known_addr { host: "127.16.75.131" port: 43369 } }
I20260608 12:54:50.214354 17556 raft_consensus.cc:2804] T 2b709ceac2a24ac7ba22420af8c2a247 P 29c3e027eab84f968ffdadcfe9213467 [term 0 FOLLOWER]: Leader pre-election won for term 1
I20260608 12:54:50.214738 17556 raft_consensus.cc:493] T 2b709ceac2a24ac7ba22420af8c2a247 P 29c3e027eab84f968ffdadcfe9213467 [term 0 FOLLOWER]: Starting leader election (no leader contacted us within the election timeout)
I20260608 12:54:50.215086 17556 raft_consensus.cc:3060] T 2b709ceac2a24ac7ba22420af8c2a247 P 29c3e027eab84f968ffdadcfe9213467 [term 0 FOLLOWER]: Advancing to term 1
I20260608 12:54:50.215788 17550 ts_tablet_manager.cc:1434] T ecd59c38d789454fa829f4c02e4cd560 P 44bf9e084c334c0f962431db13fc28a2: Time spent starting tablet: real 0.009s	user 0.008s	sys 0.000s
I20260608 12:54:50.216454 17552 ts_tablet_manager.cc:1434] T c646fb45c1c745878d2431e619db46e2 P 1f015a3b0b4d453dad46e1bfd716f3d9: Time spent starting tablet: real 0.011s	user 0.007s	sys 0.000s
I20260608 12:54:50.216873 17550 tablet_bootstrap.cc:492] T 9d0b0ccafb744e079644578ef28fcb36 P 44bf9e084c334c0f962431db13fc28a2: Bootstrap starting.
I20260608 12:54:50.217595 17552 tablet_bootstrap.cc:492] T cb5e05c5d4bb4bb49b64b037928e412b P 1f015a3b0b4d453dad46e1bfd716f3d9: Bootstrap starting.
I20260608 12:54:50.223488 17550 tablet_bootstrap.cc:654] T 9d0b0ccafb744e079644578ef28fcb36 P 44bf9e084c334c0f962431db13fc28a2: Neither blocks nor log segments found. Creating new log.
I20260608 12:54:50.224030 17552 tablet_bootstrap.cc:654] T cb5e05c5d4bb4bb49b64b037928e412b P 1f015a3b0b4d453dad46e1bfd716f3d9: Neither blocks nor log segments found. Creating new log.
I20260608 12:54:50.228137 17551 tablet_bootstrap.cc:492] T 6ac115b7d3294a108dca6b58b0494858 P 29c3e027eab84f968ffdadcfe9213467: No bootstrap required, opened a new log
I20260608 12:54:50.228657 17551 ts_tablet_manager.cc:1403] T 6ac115b7d3294a108dca6b58b0494858 P 29c3e027eab84f968ffdadcfe9213467: Time spent bootstrapping tablet: real 0.111s	user 0.021s	sys 0.032s
I20260608 12:54:50.230422 17556 raft_consensus.cc:515] T 2b709ceac2a24ac7ba22420af8c2a247 P 29c3e027eab84f968ffdadcfe9213467 [term 1 FOLLOWER]: Starting leader election with config: opid_index: -1 OBSOLETE_local: false peers { permanent_uuid: "1f015a3b0b4d453dad46e1bfd716f3d9" member_type: VOTER last_known_addr { host: "127.16.75.131" port: 43369 } } peers { permanent_uuid: "44bf9e084c334c0f962431db13fc28a2" member_type: VOTER last_known_addr { host: "127.16.75.129" port: 34033 } } peers { permanent_uuid: "29c3e027eab84f968ffdadcfe9213467" member_type: VOTER last_known_addr { host: "127.16.75.130" port: 42503 } }
I20260608 12:54:50.231674 17551 raft_consensus.cc:359] T 6ac115b7d3294a108dca6b58b0494858 P 29c3e027eab84f968ffdadcfe9213467 [term 0 FOLLOWER]: Replica starting. Triggering 0 pending ops. Active config: opid_index: -1 OBSOLETE_local: false peers { permanent_uuid: "44bf9e084c334c0f962431db13fc28a2" member_type: VOTER last_known_addr { host: "127.16.75.129" port: 34033 } } peers { permanent_uuid: "29c3e027eab84f968ffdadcfe9213467" member_type: VOTER last_known_addr { host: "127.16.75.130" port: 42503 } } peers { permanent_uuid: "1f015a3b0b4d453dad46e1bfd716f3d9" member_type: VOTER last_known_addr { host: "127.16.75.131" port: 43369 } }
I20260608 12:54:50.233765 17505 tablet_service.cc:1917] Received RequestConsensusVote() RPC: tablet_id: "2b709ceac2a24ac7ba22420af8c2a247" candidate_uuid: "29c3e027eab84f968ffdadcfe9213467" candidate_term: 1 candidate_status { last_received { term: 0 index: 0 } } ignore_live_leader: false dest_uuid: "1f015a3b0b4d453dad46e1bfd716f3d9"
W20260608 12:54:50.235400 17397 leader_election.cc:343] T 2b709ceac2a24ac7ba22420af8c2a247 P 29c3e027eab84f968ffdadcfe9213467 [CANDIDATE]: Term 1 election: Tablet error from VoteRequest() call to peer 1f015a3b0b4d453dad46e1bfd716f3d9 (127.16.75.131:43369): Illegal state: must be running to vote when last-logged opid is not known
I20260608 12:54:50.238303 17356 tablet_service.cc:1917] Received RequestConsensusVote() RPC: tablet_id: "2b709ceac2a24ac7ba22420af8c2a247" candidate_uuid: "29c3e027eab84f968ffdadcfe9213467" candidate_term: 1 candidate_status { last_received { term: 0 index: 0 } } ignore_live_leader: false dest_uuid: "44bf9e084c334c0f962431db13fc28a2"
I20260608 12:54:50.238984 17356 raft_consensus.cc:3060] T 2b709ceac2a24ac7ba22420af8c2a247 P 44bf9e084c334c0f962431db13fc28a2 [term 0 FOLLOWER]: Advancing to term 1
I20260608 12:54:50.232438 17551 raft_consensus.cc:385] T 6ac115b7d3294a108dca6b58b0494858 P 29c3e027eab84f968ffdadcfe9213467 [term 0 FOLLOWER]: Consensus starting up: Expiring failure detector timer to make a prompt election more likely
I20260608 12:54:50.245143 17551 raft_consensus.cc:740] T 6ac115b7d3294a108dca6b58b0494858 P 29c3e027eab84f968ffdadcfe9213467 [term 0 FOLLOWER]: Becoming Follower/Learner. State: Replica: 29c3e027eab84f968ffdadcfe9213467, State: Initialized, Role: FOLLOWER
I20260608 12:54:50.245872 17556 leader_election.cc:290] T 2b709ceac2a24ac7ba22420af8c2a247 P 29c3e027eab84f968ffdadcfe9213467 [CANDIDATE]: Term 1 election: Requested vote from peers 1f015a3b0b4d453dad46e1bfd716f3d9 (127.16.75.131:43369), 44bf9e084c334c0f962431db13fc28a2 (127.16.75.129:34033)
I20260608 12:54:50.247313 17356 raft_consensus.cc:2468] T 2b709ceac2a24ac7ba22420af8c2a247 P 44bf9e084c334c0f962431db13fc28a2 [term 1 FOLLOWER]: Leader election vote request: Granting yes vote for candidate 29c3e027eab84f968ffdadcfe9213467 in term 1.
I20260608 12:54:50.248646 17396 leader_election.cc:304] T 2b709ceac2a24ac7ba22420af8c2a247 P 29c3e027eab84f968ffdadcfe9213467 [CANDIDATE]: Term 1 election: Election decided. Result: candidate won. Election summary: received 3 responses out of 3 voters: 2 yes votes; 1 no votes. yes voters: 29c3e027eab84f968ffdadcfe9213467, 44bf9e084c334c0f962431db13fc28a2; no voters: 1f015a3b0b4d453dad46e1bfd716f3d9
I20260608 12:54:50.249902 17556 raft_consensus.cc:2804] T 2b709ceac2a24ac7ba22420af8c2a247 P 29c3e027eab84f968ffdadcfe9213467 [term 1 FOLLOWER]: Leader election won for term 1
I20260608 12:54:50.255694 17505 tablet_service.cc:1917] Received RequestConsensusVote() RPC: tablet_id: "2b709ceac2a24ac7ba22420af8c2a247" candidate_uuid: "44bf9e084c334c0f962431db13fc28a2" candidate_term: 1 candidate_status { last_received { term: 0 index: 0 } } ignore_live_leader: false dest_uuid: "1f015a3b0b4d453dad46e1bfd716f3d9" is_pre_election: true
W20260608 12:54:50.257265 17322 leader_election.cc:343] T 2b709ceac2a24ac7ba22420af8c2a247 P 44bf9e084c334c0f962431db13fc28a2 [CANDIDATE]: Term 1 pre-election: Tablet error from VoteRequest() call to peer 1f015a3b0b4d453dad46e1bfd716f3d9 (127.16.75.131:43369): Illegal state: must be running to vote when last-logged opid is not known
I20260608 12:54:50.245995 17551 consensus_queue.cc:260] T 6ac115b7d3294a108dca6b58b0494858 P 29c3e027eab84f968ffdadcfe9213467 [NON_LEADER]: Queue going to NON_LEADER mode. State: All replicated index: 0, Majority replicated index: 0, Committed index: 0, Last appended: 0.0, Last appended by leader: 0, Current term: 0, Majority size: -1, State: 0, Mode: NON_LEADER, active raft config: opid_index: -1 OBSOLETE_local: false peers { permanent_uuid: "44bf9e084c334c0f962431db13fc28a2" member_type: VOTER last_known_addr { host: "127.16.75.129" port: 34033 } } peers { permanent_uuid: "29c3e027eab84f968ffdadcfe9213467" member_type: VOTER last_known_addr { host: "127.16.75.130" port: 42503 } } peers { permanent_uuid: "1f015a3b0b4d453dad46e1bfd716f3d9" member_type: VOTER last_known_addr { host: "127.16.75.131" port: 43369 } }
I20260608 12:54:50.260272 17552 tablet_bootstrap.cc:492] T cb5e05c5d4bb4bb49b64b037928e412b P 1f015a3b0b4d453dad46e1bfd716f3d9: No bootstrap required, opened a new log
I20260608 12:54:50.261003 17552 ts_tablet_manager.cc:1403] T cb5e05c5d4bb4bb49b64b037928e412b P 1f015a3b0b4d453dad46e1bfd716f3d9: Time spent bootstrapping tablet: real 0.044s	user 0.009s	sys 0.020s
I20260608 12:54:50.264523 17552 raft_consensus.cc:359] T cb5e05c5d4bb4bb49b64b037928e412b P 1f015a3b0b4d453dad46e1bfd716f3d9 [term 0 FOLLOWER]: Replica starting. Triggering 0 pending ops. Active config: opid_index: -1 OBSOLETE_local: false peers { permanent_uuid: "44bf9e084c334c0f962431db13fc28a2" member_type: VOTER last_known_addr { host: "127.16.75.129" port: 34033 } } peers { permanent_uuid: "29c3e027eab84f968ffdadcfe9213467" member_type: VOTER last_known_addr { host: "127.16.75.130" port: 42503 } } peers { permanent_uuid: "1f015a3b0b4d453dad46e1bfd716f3d9" member_type: VOTER last_known_addr { host: "127.16.75.131" port: 43369 } }
I20260608 12:54:50.265739 17552 raft_consensus.cc:385] T cb5e05c5d4bb4bb49b64b037928e412b P 1f015a3b0b4d453dad46e1bfd716f3d9 [term 0 FOLLOWER]: Consensus starting up: Expiring failure detector timer to make a prompt election more likely
I20260608 12:54:50.268378 17552 raft_consensus.cc:740] T cb5e05c5d4bb4bb49b64b037928e412b P 1f015a3b0b4d453dad46e1bfd716f3d9 [term 0 FOLLOWER]: Becoming Follower/Learner. State: Replica: 1f015a3b0b4d453dad46e1bfd716f3d9, State: Initialized, Role: FOLLOWER
I20260608 12:54:50.271749 17572 raft_consensus.cc:493] T cb5e05c5d4bb4bb49b64b037928e412b P 29c3e027eab84f968ffdadcfe9213467 [term 0 FOLLOWER]: Starting pre-election (no leader contacted us within the election timeout)
I20260608 12:54:50.272732 17550 tablet_bootstrap.cc:492] T 9d0b0ccafb744e079644578ef28fcb36 P 44bf9e084c334c0f962431db13fc28a2: No bootstrap required, opened a new log
I20260608 12:54:50.277243 17550 ts_tablet_manager.cc:1403] T 9d0b0ccafb744e079644578ef28fcb36 P 44bf9e084c334c0f962431db13fc28a2: Time spent bootstrapping tablet: real 0.061s	user 0.034s	sys 0.020s
I20260608 12:54:50.277009 17572 raft_consensus.cc:515] T cb5e05c5d4bb4bb49b64b037928e412b P 29c3e027eab84f968ffdadcfe9213467 [term 0 FOLLOWER]: Starting pre-election with config: opid_index: -1 OBSOLETE_local: false peers { permanent_uuid: "44bf9e084c334c0f962431db13fc28a2" member_type: VOTER last_known_addr { host: "127.16.75.129" port: 34033 } } peers { permanent_uuid: "29c3e027eab84f968ffdadcfe9213467" member_type: VOTER last_known_addr { host: "127.16.75.130" port: 42503 } } peers { permanent_uuid: "1f015a3b0b4d453dad46e1bfd716f3d9" member_type: VOTER last_known_addr { host: "127.16.75.131" port: 43369 } }
I20260608 12:54:50.278436 17431 tablet_service.cc:1917] Received RequestConsensusVote() RPC: tablet_id: "2b709ceac2a24ac7ba22420af8c2a247" candidate_uuid: "44bf9e084c334c0f962431db13fc28a2" candidate_term: 1 candidate_status { last_received { term: 0 index: 0 } } ignore_live_leader: false dest_uuid: "29c3e027eab84f968ffdadcfe9213467" is_pre_election: true
I20260608 12:54:50.278239 17552 consensus_queue.cc:260] T cb5e05c5d4bb4bb49b64b037928e412b P 1f015a3b0b4d453dad46e1bfd716f3d9 [NON_LEADER]: Queue going to NON_LEADER mode. State: All replicated index: 0, Majority replicated index: 0, Committed index: 0, Last appended: 0.0, Last appended by leader: 0, Current term: 0, Majority size: -1, State: 0, Mode: NON_LEADER, active raft config: opid_index: -1 OBSOLETE_local: false peers { permanent_uuid: "44bf9e084c334c0f962431db13fc28a2" member_type: VOTER last_known_addr { host: "127.16.75.129" port: 34033 } } peers { permanent_uuid: "29c3e027eab84f968ffdadcfe9213467" member_type: VOTER last_known_addr { host: "127.16.75.130" port: 42503 } } peers { permanent_uuid: "1f015a3b0b4d453dad46e1bfd716f3d9" member_type: VOTER last_known_addr { host: "127.16.75.131" port: 43369 } }
I20260608 12:54:50.280627 17552 ts_tablet_manager.cc:1434] T cb5e05c5d4bb4bb49b64b037928e412b P 1f015a3b0b4d453dad46e1bfd716f3d9: Time spent starting tablet: real 0.019s	user 0.002s	sys 0.004s
I20260608 12:54:50.280514 17550 raft_consensus.cc:359] T 9d0b0ccafb744e079644578ef28fcb36 P 44bf9e084c334c0f962431db13fc28a2 [term 0 FOLLOWER]: Replica starting. Triggering 0 pending ops. Active config: opid_index: -1 OBSOLETE_local: false peers { permanent_uuid: "44bf9e084c334c0f962431db13fc28a2" member_type: VOTER last_known_addr { host: "127.16.75.129" port: 34033 } } peers { permanent_uuid: "29c3e027eab84f968ffdadcfe9213467" member_type: VOTER last_known_addr { host: "127.16.75.130" port: 42503 } } peers { permanent_uuid: "1f015a3b0b4d453dad46e1bfd716f3d9" member_type: VOTER last_known_addr { host: "127.16.75.131" port: 43369 } }
I20260608 12:54:50.281397 17550 raft_consensus.cc:385] T 9d0b0ccafb744e079644578ef28fcb36 P 44bf9e084c334c0f962431db13fc28a2 [term 0 FOLLOWER]: Consensus starting up: Expiring failure detector timer to make a prompt election more likely
I20260608 12:54:50.281477 17356 tablet_service.cc:1917] Received RequestConsensusVote() RPC: tablet_id: "cb5e05c5d4bb4bb49b64b037928e412b" candidate_uuid: "29c3e027eab84f968ffdadcfe9213467" candidate_term: 1 candidate_status { last_received { term: 0 index: 0 } } ignore_live_leader: false dest_uuid: "44bf9e084c334c0f962431db13fc28a2" is_pre_election: true
I20260608 12:54:50.273392 17556 raft_consensus.cc:697] T 2b709ceac2a24ac7ba22420af8c2a247 P 29c3e027eab84f968ffdadcfe9213467 [term 1 LEADER]: Becoming Leader. State: Replica: 29c3e027eab84f968ffdadcfe9213467, State: Running, Role: LEADER
I20260608 12:54:50.275303 17551 ts_tablet_manager.cc:1434] T 6ac115b7d3294a108dca6b58b0494858 P 29c3e027eab84f968ffdadcfe9213467: Time spent starting tablet: real 0.046s	user 0.005s	sys 0.014s
I20260608 12:54:50.283087 17551 tablet_bootstrap.cc:492] T ecd59c38d789454fa829f4c02e4cd560 P 29c3e027eab84f968ffdadcfe9213467: Bootstrap starting.
I20260608 12:54:50.282817 17556 consensus_queue.cc:237] T 2b709ceac2a24ac7ba22420af8c2a247 P 29c3e027eab84f968ffdadcfe9213467 [LEADER]: Queue going to LEADER mode. State: All replicated index: 0, Majority replicated index: 0, Committed index: 0, Last appended: 0.0, Last appended by leader: 0, Current term: 1, Majority size: 2, State: 0, Mode: LEADER, active raft config: opid_index: -1 OBSOLETE_local: false peers { permanent_uuid: "1f015a3b0b4d453dad46e1bfd716f3d9" member_type: VOTER last_known_addr { host: "127.16.75.131" port: 43369 } } peers { permanent_uuid: "44bf9e084c334c0f962431db13fc28a2" member_type: VOTER last_known_addr { host: "127.16.75.129" port: 34033 } } peers { permanent_uuid: "29c3e027eab84f968ffdadcfe9213467" member_type: VOTER last_known_addr { host: "127.16.75.130" port: 42503 } }
I20260608 12:54:50.273103 17573 raft_consensus.cc:493] T 6ac115b7d3294a108dca6b58b0494858 P 29c3e027eab84f968ffdadcfe9213467 [term 0 FOLLOWER]: Starting pre-election (no leader contacted us within the election timeout)
W20260608 12:54:50.283178 17396 leader_election.cc:343] T cb5e05c5d4bb4bb49b64b037928e412b P 29c3e027eab84f968ffdadcfe9213467 [CANDIDATE]: Term 1 pre-election: Tablet error from VoteRequest() call to peer 44bf9e084c334c0f962431db13fc28a2 (127.16.75.129:34033): Illegal state: must be running to vote when last-logged opid is not known
I20260608 12:54:50.284075 17573 raft_consensus.cc:515] T 6ac115b7d3294a108dca6b58b0494858 P 29c3e027eab84f968ffdadcfe9213467 [term 0 FOLLOWER]: Starting pre-election with config: opid_index: -1 OBSOLETE_local: false peers { permanent_uuid: "44bf9e084c334c0f962431db13fc28a2" member_type: VOTER last_known_addr { host: "127.16.75.129" port: 34033 } } peers { permanent_uuid: "29c3e027eab84f968ffdadcfe9213467" member_type: VOTER last_known_addr { host: "127.16.75.130" port: 42503 } } peers { permanent_uuid: "1f015a3b0b4d453dad46e1bfd716f3d9" member_type: VOTER last_known_addr { host: "127.16.75.131" port: 43369 } }
I20260608 12:54:50.287216 17356 tablet_service.cc:1917] Received RequestConsensusVote() RPC: tablet_id: "6ac115b7d3294a108dca6b58b0494858" candidate_uuid: "29c3e027eab84f968ffdadcfe9213467" candidate_term: 1 candidate_status { last_received { term: 0 index: 0 } } ignore_live_leader: false dest_uuid: "44bf9e084c334c0f962431db13fc28a2" is_pre_election: true
I20260608 12:54:50.281693 17552 tablet_bootstrap.cc:492] T 2b709ceac2a24ac7ba22420af8c2a247 P 1f015a3b0b4d453dad46e1bfd716f3d9: Bootstrap starting.
W20260608 12:54:50.288769 17396 leader_election.cc:343] T 6ac115b7d3294a108dca6b58b0494858 P 29c3e027eab84f968ffdadcfe9213467 [CANDIDATE]: Term 1 pre-election: Tablet error from VoteRequest() call to peer 44bf9e084c334c0f962431db13fc28a2 (127.16.75.129:34033): Illegal state: must be running to vote when last-logged opid is not known
I20260608 12:54:50.290966 17505 tablet_service.cc:1917] Received RequestConsensusVote() RPC: tablet_id: "6ac115b7d3294a108dca6b58b0494858" candidate_uuid: "29c3e027eab84f968ffdadcfe9213467" candidate_term: 1 candidate_status { last_received { term: 0 index: 0 } } ignore_live_leader: false dest_uuid: "1f015a3b0b4d453dad46e1bfd716f3d9" is_pre_election: true
W20260608 12:54:50.292398 17397 leader_election.cc:343] T 6ac115b7d3294a108dca6b58b0494858 P 29c3e027eab84f968ffdadcfe9213467 [CANDIDATE]: Term 1 pre-election: Tablet error from VoteRequest() call to peer 1f015a3b0b4d453dad46e1bfd716f3d9 (127.16.75.131:43369): Illegal state: must be running to vote when last-logged opid is not known
I20260608 12:54:50.292856 17397 leader_election.cc:304] T 6ac115b7d3294a108dca6b58b0494858 P 29c3e027eab84f968ffdadcfe9213467 [CANDIDATE]: Term 1 pre-election: Election decided. Result: candidate lost. Election summary: received 3 responses out of 3 voters: 1 yes votes; 2 no votes. yes voters: 29c3e027eab84f968ffdadcfe9213467; no voters: 1f015a3b0b4d453dad46e1bfd716f3d9, 44bf9e084c334c0f962431db13fc28a2
I20260608 12:54:50.281824 17550 raft_consensus.cc:740] T 9d0b0ccafb744e079644578ef28fcb36 P 44bf9e084c334c0f962431db13fc28a2 [term 0 FOLLOWER]: Becoming Follower/Learner. State: Replica: 44bf9e084c334c0f962431db13fc28a2, State: Initialized, Role: FOLLOWER
I20260608 12:54:50.294009 17550 consensus_queue.cc:260] T 9d0b0ccafb744e079644578ef28fcb36 P 44bf9e084c334c0f962431db13fc28a2 [NON_LEADER]: Queue going to NON_LEADER mode. State: All replicated index: 0, Majority replicated index: 0, Committed index: 0, Last appended: 0.0, Last appended by leader: 0, Current term: 0, Majority size: -1, State: 0, Mode: NON_LEADER, active raft config: opid_index: -1 OBSOLETE_local: false peers { permanent_uuid: "44bf9e084c334c0f962431db13fc28a2" member_type: VOTER last_known_addr { host: "127.16.75.129" port: 34033 } } peers { permanent_uuid: "29c3e027eab84f968ffdadcfe9213467" member_type: VOTER last_known_addr { host: "127.16.75.130" port: 42503 } } peers { permanent_uuid: "1f015a3b0b4d453dad46e1bfd716f3d9" member_type: VOTER last_known_addr { host: "127.16.75.131" port: 43369 } }
I20260608 12:54:50.295017 17505 tablet_service.cc:1917] Received RequestConsensusVote() RPC: tablet_id: "cb5e05c5d4bb4bb49b64b037928e412b" candidate_uuid: "29c3e027eab84f968ffdadcfe9213467" candidate_term: 1 candidate_status { last_received { term: 0 index: 0 } } ignore_live_leader: false dest_uuid: "1f015a3b0b4d453dad46e1bfd716f3d9" is_pre_election: true
I20260608 12:54:50.295498 17551 tablet_bootstrap.cc:654] T ecd59c38d789454fa829f4c02e4cd560 P 29c3e027eab84f968ffdadcfe9213467: Neither blocks nor log segments found. Creating new log.
I20260608 12:54:50.295645 17505 raft_consensus.cc:2468] T cb5e05c5d4bb4bb49b64b037928e412b P 1f015a3b0b4d453dad46e1bfd716f3d9 [term 0 FOLLOWER]: Leader pre-election vote request: Granting yes vote for candidate 29c3e027eab84f968ffdadcfe9213467 in term 0.
I20260608 12:54:50.297026 17397 leader_election.cc:304] T cb5e05c5d4bb4bb49b64b037928e412b P 29c3e027eab84f968ffdadcfe9213467 [CANDIDATE]: Term 1 pre-election: Election decided. Result: candidate won. Election summary: received 3 responses out of 3 voters: 2 yes votes; 1 no votes. yes voters: 1f015a3b0b4d453dad46e1bfd716f3d9, 29c3e027eab84f968ffdadcfe9213467; no voters: 44bf9e084c334c0f962431db13fc28a2
I20260608 12:54:50.297835 17573 leader_election.cc:290] T 6ac115b7d3294a108dca6b58b0494858 P 29c3e027eab84f968ffdadcfe9213467 [CANDIDATE]: Term 1 pre-election: Requested pre-vote from peers 44bf9e084c334c0f962431db13fc28a2 (127.16.75.129:34033), 1f015a3b0b4d453dad46e1bfd716f3d9 (127.16.75.131:43369)
I20260608 12:54:50.298199 17552 tablet_bootstrap.cc:654] T 2b709ceac2a24ac7ba22420af8c2a247 P 1f015a3b0b4d453dad46e1bfd716f3d9: Neither blocks nor log segments found. Creating new log.
I20260608 12:54:50.298628 17573 raft_consensus.cc:2749] T 6ac115b7d3294a108dca6b58b0494858 P 29c3e027eab84f968ffdadcfe9213467 [term 0 FOLLOWER]: Leader pre-election lost for term 1. Reason: could not achieve majority
I20260608 12:54:50.299304 17572 leader_election.cc:290] T cb5e05c5d4bb4bb49b64b037928e412b P 29c3e027eab84f968ffdadcfe9213467 [CANDIDATE]: Term 1 pre-election: Requested pre-vote from peers 44bf9e084c334c0f962431db13fc28a2 (127.16.75.129:34033), 1f015a3b0b4d453dad46e1bfd716f3d9 (127.16.75.131:43369)
I20260608 12:54:50.300083 17572 raft_consensus.cc:2804] T cb5e05c5d4bb4bb49b64b037928e412b P 29c3e027eab84f968ffdadcfe9213467 [term 0 FOLLOWER]: Leader pre-election won for term 1
I20260608 12:54:50.300426 17572 raft_consensus.cc:493] T cb5e05c5d4bb4bb49b64b037928e412b P 29c3e027eab84f968ffdadcfe9213467 [term 0 FOLLOWER]: Starting leader election (no leader contacted us within the election timeout)
I20260608 12:54:50.300769 17572 raft_consensus.cc:3060] T cb5e05c5d4bb4bb49b64b037928e412b P 29c3e027eab84f968ffdadcfe9213467 [term 0 FOLLOWER]: Advancing to term 1
I20260608 12:54:50.304167 17550 ts_tablet_manager.cc:1434] T 9d0b0ccafb744e079644578ef28fcb36 P 44bf9e084c334c0f962431db13fc28a2: Time spent starting tablet: real 0.026s	user 0.006s	sys 0.000s
I20260608 12:54:50.308442 17550 tablet_bootstrap.cc:492] T cb5e05c5d4bb4bb49b64b037928e412b P 44bf9e084c334c0f962431db13fc28a2: Bootstrap starting.
I20260608 12:54:50.310355 17552 tablet_bootstrap.cc:492] T 2b709ceac2a24ac7ba22420af8c2a247 P 1f015a3b0b4d453dad46e1bfd716f3d9: No bootstrap required, opened a new log
I20260608 12:54:50.312717 17552 ts_tablet_manager.cc:1403] T 2b709ceac2a24ac7ba22420af8c2a247 P 1f015a3b0b4d453dad46e1bfd716f3d9: Time spent bootstrapping tablet: real 0.031s	user 0.011s	sys 0.003s
I20260608 12:54:50.311475 17572 raft_consensus.cc:515] T cb5e05c5d4bb4bb49b64b037928e412b P 29c3e027eab84f968ffdadcfe9213467 [term 1 FOLLOWER]: Starting leader election with config: opid_index: -1 OBSOLETE_local: false peers { permanent_uuid: "44bf9e084c334c0f962431db13fc28a2" member_type: VOTER last_known_addr { host: "127.16.75.129" port: 34033 } } peers { permanent_uuid: "29c3e027eab84f968ffdadcfe9213467" member_type: VOTER last_known_addr { host: "127.16.75.130" port: 42503 } } peers { permanent_uuid: "1f015a3b0b4d453dad46e1bfd716f3d9" member_type: VOTER last_known_addr { host: "127.16.75.131" port: 43369 } }
I20260608 12:54:50.315989 17552 raft_consensus.cc:359] T 2b709ceac2a24ac7ba22420af8c2a247 P 1f015a3b0b4d453dad46e1bfd716f3d9 [term 0 FOLLOWER]: Replica starting. Triggering 0 pending ops. Active config: opid_index: -1 OBSOLETE_local: false peers { permanent_uuid: "1f015a3b0b4d453dad46e1bfd716f3d9" member_type: VOTER last_known_addr { host: "127.16.75.131" port: 43369 } } peers { permanent_uuid: "44bf9e084c334c0f962431db13fc28a2" member_type: VOTER last_known_addr { host: "127.16.75.129" port: 34033 } } peers { permanent_uuid: "29c3e027eab84f968ffdadcfe9213467" member_type: VOTER last_known_addr { host: "127.16.75.130" port: 42503 } }
I20260608 12:54:50.316846 17552 raft_consensus.cc:385] T 2b709ceac2a24ac7ba22420af8c2a247 P 1f015a3b0b4d453dad46e1bfd716f3d9 [term 0 FOLLOWER]: Consensus starting up: Expiring failure detector timer to make a prompt election more likely
I20260608 12:54:50.317240 17552 raft_consensus.cc:740] T 2b709ceac2a24ac7ba22420af8c2a247 P 1f015a3b0b4d453dad46e1bfd716f3d9 [term 0 FOLLOWER]: Becoming Follower/Learner. State: Replica: 1f015a3b0b4d453dad46e1bfd716f3d9, State: Initialized, Role: FOLLOWER
I20260608 12:54:50.317510 17356 tablet_service.cc:1917] Received RequestConsensusVote() RPC: tablet_id: "cb5e05c5d4bb4bb49b64b037928e412b" candidate_uuid: "29c3e027eab84f968ffdadcfe9213467" candidate_term: 1 candidate_status { last_received { term: 0 index: 0 } } ignore_live_leader: false dest_uuid: "44bf9e084c334c0f962431db13fc28a2"
I20260608 12:54:50.318383 17505 tablet_service.cc:1917] Received RequestConsensusVote() RPC: tablet_id: "cb5e05c5d4bb4bb49b64b037928e412b" candidate_uuid: "29c3e027eab84f968ffdadcfe9213467" candidate_term: 1 candidate_status { last_received { term: 0 index: 0 } } ignore_live_leader: false dest_uuid: "1f015a3b0b4d453dad46e1bfd716f3d9"
I20260608 12:54:50.316520 17550 tablet_bootstrap.cc:654] T cb5e05c5d4bb4bb49b64b037928e412b P 44bf9e084c334c0f962431db13fc28a2: Neither blocks nor log segments found. Creating new log.
I20260608 12:54:50.318686 17322 leader_election.cc:304] T 2b709ceac2a24ac7ba22420af8c2a247 P 44bf9e084c334c0f962431db13fc28a2 [CANDIDATE]: Term 1 pre-election: Election decided. Result: candidate lost. Election summary: received 3 responses out of 3 voters: 1 yes votes; 2 no votes. yes voters: 44bf9e084c334c0f962431db13fc28a2; no voters: 1f015a3b0b4d453dad46e1bfd716f3d9, 29c3e027eab84f968ffdadcfe9213467
I20260608 12:54:50.318281 17552 consensus_queue.cc:260] T 2b709ceac2a24ac7ba22420af8c2a247 P 1f015a3b0b4d453dad46e1bfd716f3d9 [NON_LEADER]: Queue going to NON_LEADER mode. State: All replicated index: 0, Majority replicated index: 0, Committed index: 0, Last appended: 0.0, Last appended by leader: 0, Current term: 0, Majority size: -1, State: 0, Mode: NON_LEADER, active raft config: opid_index: -1 OBSOLETE_local: false peers { permanent_uuid: "1f015a3b0b4d453dad46e1bfd716f3d9" member_type: VOTER last_known_addr { host: "127.16.75.131" port: 43369 } } peers { permanent_uuid: "44bf9e084c334c0f962431db13fc28a2" member_type: VOTER last_known_addr { host: "127.16.75.129" port: 34033 } } peers { permanent_uuid: "29c3e027eab84f968ffdadcfe9213467" member_type: VOTER last_known_addr { host: "127.16.75.130" port: 42503 } }
W20260608 12:54:50.319005 17396 leader_election.cc:343] T cb5e05c5d4bb4bb49b64b037928e412b P 29c3e027eab84f968ffdadcfe9213467 [CANDIDATE]: Term 1 election: Tablet error from VoteRequest() call to peer 44bf9e084c334c0f962431db13fc28a2 (127.16.75.129:34033): Illegal state: must be running to vote when last-logged opid is not known
I20260608 12:54:50.319176 17572 leader_election.cc:290] T cb5e05c5d4bb4bb49b64b037928e412b P 29c3e027eab84f968ffdadcfe9213467 [CANDIDATE]: Term 1 election: Requested vote from peers 44bf9e084c334c0f962431db13fc28a2 (127.16.75.129:34033), 1f015a3b0b4d453dad46e1bfd716f3d9 (127.16.75.131:43369)
I20260608 12:54:50.319577 17557 raft_consensus.cc:2749] T 2b709ceac2a24ac7ba22420af8c2a247 P 44bf9e084c334c0f962431db13fc28a2 [term 1 FOLLOWER]: Leader pre-election lost for term 1. Reason: could not achieve majority
I20260608 12:54:50.321269 17552 ts_tablet_manager.cc:1434] T 2b709ceac2a24ac7ba22420af8c2a247 P 1f015a3b0b4d453dad46e1bfd716f3d9: Time spent starting tablet: real 0.008s	user 0.005s	sys 0.002s
I20260608 12:54:50.322347 17552 tablet_bootstrap.cc:492] T bad5494f5b9c4cbda9051a3c067e0737 P 1f015a3b0b4d453dad46e1bfd716f3d9: Bootstrap starting.
I20260608 12:54:50.322324 17253 catalog_manager.cc:5696] T 2b709ceac2a24ac7ba22420af8c2a247 P 29c3e027eab84f968ffdadcfe9213467 reported cstate change: term changed from 0 to 1, leader changed from <none> to 29c3e027eab84f968ffdadcfe9213467 (127.16.75.130). New cstate: current_term: 1 leader_uuid: "29c3e027eab84f968ffdadcfe9213467" committed_config { opid_index: -1 OBSOLETE_local: false peers { permanent_uuid: "1f015a3b0b4d453dad46e1bfd716f3d9" member_type: VOTER last_known_addr { host: "127.16.75.131" port: 43369 } health_report { overall_health: UNKNOWN } } peers { permanent_uuid: "44bf9e084c334c0f962431db13fc28a2" member_type: VOTER last_known_addr { host: "127.16.75.129" port: 34033 } health_report { overall_health: UNKNOWN } } peers { permanent_uuid: "29c3e027eab84f968ffdadcfe9213467" member_type: VOTER last_known_addr { host: "127.16.75.130" port: 42503 } health_report { overall_health: HEALTHY } } }
I20260608 12:54:50.319017 17505 raft_consensus.cc:3060] T cb5e05c5d4bb4bb49b64b037928e412b P 1f015a3b0b4d453dad46e1bfd716f3d9 [term 0 FOLLOWER]: Advancing to term 1
I20260608 12:54:50.329120 17557 raft_consensus.cc:493] T ecd59c38d789454fa829f4c02e4cd560 P 44bf9e084c334c0f962431db13fc28a2 [term 0 FOLLOWER]: Starting pre-election (no leader contacted us within the election timeout)
I20260608 12:54:50.329718 17552 tablet_bootstrap.cc:654] T bad5494f5b9c4cbda9051a3c067e0737 P 1f015a3b0b4d453dad46e1bfd716f3d9: Neither blocks nor log segments found. Creating new log.
I20260608 12:54:50.329679 17557 raft_consensus.cc:515] T ecd59c38d789454fa829f4c02e4cd560 P 44bf9e084c334c0f962431db13fc28a2 [term 0 FOLLOWER]: Starting pre-election with config: opid_index: -1 OBSOLETE_local: false peers { permanent_uuid: "44bf9e084c334c0f962431db13fc28a2" member_type: VOTER last_known_addr { host: "127.16.75.129" port: 34033 } } peers { permanent_uuid: "29c3e027eab84f968ffdadcfe9213467" member_type: VOTER last_known_addr { host: "127.16.75.130" port: 42503 } } peers { permanent_uuid: "1f015a3b0b4d453dad46e1bfd716f3d9" member_type: VOTER last_known_addr { host: "127.16.75.131" port: 43369 } }
I20260608 12:54:50.332286 17557 leader_election.cc:290] T ecd59c38d789454fa829f4c02e4cd560 P 44bf9e084c334c0f962431db13fc28a2 [CANDIDATE]: Term 1 pre-election: Requested pre-vote from peers 29c3e027eab84f968ffdadcfe9213467 (127.16.75.130:42503), 1f015a3b0b4d453dad46e1bfd716f3d9 (127.16.75.131:43369)
I20260608 12:54:50.334185 17504 tablet_service.cc:1917] Received RequestConsensusVote() RPC: tablet_id: "ecd59c38d789454fa829f4c02e4cd560" candidate_uuid: "44bf9e084c334c0f962431db13fc28a2" candidate_term: 1 candidate_status { last_received { term: 0 index: 0 } } ignore_live_leader: false dest_uuid: "1f015a3b0b4d453dad46e1bfd716f3d9" is_pre_election: true
I20260608 12:54:50.334954 17504 raft_consensus.cc:2468] T ecd59c38d789454fa829f4c02e4cd560 P 1f015a3b0b4d453dad46e1bfd716f3d9 [term 0 FOLLOWER]: Leader pre-election vote request: Granting yes vote for candidate 44bf9e084c334c0f962431db13fc28a2 in term 0.
I20260608 12:54:50.336632 17322 leader_election.cc:304] T ecd59c38d789454fa829f4c02e4cd560 P 44bf9e084c334c0f962431db13fc28a2 [CANDIDATE]: Term 1 pre-election: Election decided. Result: candidate won. Election summary: received 2 responses out of 3 voters: 2 yes votes; 0 no votes. yes voters: 1f015a3b0b4d453dad46e1bfd716f3d9, 44bf9e084c334c0f962431db13fc28a2; no voters: 
I20260608 12:54:50.337983 17505 raft_consensus.cc:2468] T cb5e05c5d4bb4bb49b64b037928e412b P 1f015a3b0b4d453dad46e1bfd716f3d9 [term 1 FOLLOWER]: Leader election vote request: Granting yes vote for candidate 29c3e027eab84f968ffdadcfe9213467 in term 1.
