I20260608 12:54:40.785893 17946 raft_consensus.cc:385] T a5d4cbb579cf49f19f3082327d926585 P bc3ea850f5234c8398195fcff30dc536 [term 0 FOLLOWER]: Consensus starting up: Expiring failure detector timer to make a prompt election more likely
I20260608 12:54:40.786237 17946 raft_consensus.cc:740] T a5d4cbb579cf49f19f3082327d926585 P bc3ea850f5234c8398195fcff30dc536 [term 0 FOLLOWER]: Becoming Follower/Learner. State: Replica: bc3ea850f5234c8398195fcff30dc536, State: Initialized, Role: FOLLOWER
I20260608 12:54:40.787138 17946 consensus_queue.cc:260] T a5d4cbb579cf49f19f3082327d926585 P bc3ea850f5234c8398195fcff30dc536 [NON_LEADER]: Queue going to NON_LEADER mode. State: All replicated index: 0, Majority replicated index: 0, Committed index: 0, Last appended: 0.0, Last appended by leader: 0, Current term: 0, Majority size: -1, State: 0, Mode: NON_LEADER, active raft config: opid_index: -1 OBSOLETE_local: false peers { permanent_uuid: "ad590af0bec24e3d90270c3198685b61" member_type: VOTER last_known_addr { host: "127.16.174.129" port: 37359 } } peers { permanent_uuid: "bc3ea850f5234c8398195fcff30dc536" member_type: VOTER last_known_addr { host: "127.16.174.130" port: 38869 } } peers { permanent_uuid: "fcbe468749e841e685fd4a80a6b09769" member_type: VOTER last_known_addr { host: "127.16.174.131" port: 42735 } }
I20260608 12:54:40.788386 17947 tablet_bootstrap.cc:654] T c4aa7cb779da4339a05263457b5ba149 P fcbe468749e841e685fd4a80a6b09769: Neither blocks nor log segments found. Creating new log.
I20260608 12:54:40.788412 17945 ts_tablet_manager.cc:1434] T a5d4cbb579cf49f19f3082327d926585 P ad590af0bec24e3d90270c3198685b61: Time spent starting tablet: real 0.034s	user 0.022s	sys 0.008s
I20260608 12:54:40.789978 17945 tablet_bootstrap.cc:492] T c4aa7cb779da4339a05263457b5ba149 P ad590af0bec24e3d90270c3198685b61: Bootstrap starting.
I20260608 12:54:40.791786 17946 ts_tablet_manager.cc:1434] T a5d4cbb579cf49f19f3082327d926585 P bc3ea850f5234c8398195fcff30dc536: Time spent starting tablet: real 0.011s	user 0.006s	sys 0.003s
I20260608 12:54:40.792845 17946 tablet_bootstrap.cc:492] T b823b6e447954b2aaf67e69cf56390bf P bc3ea850f5234c8398195fcff30dc536: Bootstrap starting.
I20260608 12:54:40.796469 17945 tablet_bootstrap.cc:654] T c4aa7cb779da4339a05263457b5ba149 P ad590af0bec24e3d90270c3198685b61: Neither blocks nor log segments found. Creating new log.
I20260608 12:54:40.802168 17946 tablet_bootstrap.cc:654] T b823b6e447954b2aaf67e69cf56390bf P bc3ea850f5234c8398195fcff30dc536: Neither blocks nor log segments found. Creating new log.
I20260608 12:54:40.809239 17945 tablet_bootstrap.cc:492] T c4aa7cb779da4339a05263457b5ba149 P ad590af0bec24e3d90270c3198685b61: No bootstrap required, opened a new log
I20260608 12:54:40.809854 17945 ts_tablet_manager.cc:1403] T c4aa7cb779da4339a05263457b5ba149 P ad590af0bec24e3d90270c3198685b61: Time spent bootstrapping tablet: real 0.020s	user 0.018s	sys 0.000s
I20260608 12:54:40.810065 17947 tablet_bootstrap.cc:492] T c4aa7cb779da4339a05263457b5ba149 P fcbe468749e841e685fd4a80a6b09769: No bootstrap required, opened a new log
I20260608 12:54:40.810580 17947 ts_tablet_manager.cc:1403] T c4aa7cb779da4339a05263457b5ba149 P fcbe468749e841e685fd4a80a6b09769: Time spent bootstrapping tablet: real 0.035s	user 0.013s	sys 0.011s
I20260608 12:54:40.813297 17945 raft_consensus.cc:359] T c4aa7cb779da4339a05263457b5ba149 P ad590af0bec24e3d90270c3198685b61 [term 0 FOLLOWER]: Replica starting. Triggering 0 pending ops. Active config: opid_index: -1 OBSOLETE_local: false peers { permanent_uuid: "ad590af0bec24e3d90270c3198685b61" member_type: VOTER last_known_addr { host: "127.16.174.129" port: 37359 } } peers { permanent_uuid: "bc3ea850f5234c8398195fcff30dc536" member_type: VOTER last_known_addr { host: "127.16.174.130" port: 38869 } } peers { permanent_uuid: "fcbe468749e841e685fd4a80a6b09769" member_type: VOTER last_known_addr { host: "127.16.174.131" port: 42735 } }
I20260608 12:54:40.813740 17947 raft_consensus.cc:359] T c4aa7cb779da4339a05263457b5ba149 P fcbe468749e841e685fd4a80a6b09769 [term 0 FOLLOWER]: Replica starting. Triggering 0 pending ops. Active config: opid_index: -1 OBSOLETE_local: false peers { permanent_uuid: "ad590af0bec24e3d90270c3198685b61" member_type: VOTER last_known_addr { host: "127.16.174.129" port: 37359 } } peers { permanent_uuid: "bc3ea850f5234c8398195fcff30dc536" member_type: VOTER last_known_addr { host: "127.16.174.130" port: 38869 } } peers { permanent_uuid: "fcbe468749e841e685fd4a80a6b09769" member_type: VOTER last_known_addr { host: "127.16.174.131" port: 42735 } }
I20260608 12:54:40.814287 17945 raft_consensus.cc:385] T c4aa7cb779da4339a05263457b5ba149 P ad590af0bec24e3d90270c3198685b61 [term 0 FOLLOWER]: Consensus starting up: Expiring failure detector timer to make a prompt election more likely
I20260608 12:54:40.814488 17947 raft_consensus.cc:385] T c4aa7cb779da4339a05263457b5ba149 P fcbe468749e841e685fd4a80a6b09769 [term 0 FOLLOWER]: Consensus starting up: Expiring failure detector timer to make a prompt election more likely
I20260608 12:54:40.814807 17945 raft_consensus.cc:740] T c4aa7cb779da4339a05263457b5ba149 P ad590af0bec24e3d90270c3198685b61 [term 0 FOLLOWER]: Becoming Follower/Learner. State: Replica: ad590af0bec24e3d90270c3198685b61, State: Initialized, Role: FOLLOWER
I20260608 12:54:40.814839 17947 raft_consensus.cc:740] T c4aa7cb779da4339a05263457b5ba149 P fcbe468749e841e685fd4a80a6b09769 [term 0 FOLLOWER]: Becoming Follower/Learner. State: Replica: fcbe468749e841e685fd4a80a6b09769, State: Initialized, Role: FOLLOWER
I20260608 12:54:40.816314 17945 consensus_queue.cc:260] T c4aa7cb779da4339a05263457b5ba149 P ad590af0bec24e3d90270c3198685b61 [NON_LEADER]: Queue going to NON_LEADER mode. State: All replicated index: 0, Majority replicated index: 0, Committed index: 0, Last appended: 0.0, Last appended by leader: 0, Current term: 0, Majority size: -1, State: 0, Mode: NON_LEADER, active raft config: opid_index: -1 OBSOLETE_local: false peers { permanent_uuid: "ad590af0bec24e3d90270c3198685b61" member_type: VOTER last_known_addr { host: "127.16.174.129" port: 37359 } } peers { permanent_uuid: "bc3ea850f5234c8398195fcff30dc536" member_type: VOTER last_known_addr { host: "127.16.174.130" port: 38869 } } peers { permanent_uuid: "fcbe468749e841e685fd4a80a6b09769" member_type: VOTER last_known_addr { host: "127.16.174.131" port: 42735 } }
I20260608 12:54:40.816489 17947 consensus_queue.cc:260] T c4aa7cb779da4339a05263457b5ba149 P fcbe468749e841e685fd4a80a6b09769 [NON_LEADER]: Queue going to NON_LEADER mode. State: All replicated index: 0, Majority replicated index: 0, Committed index: 0, Last appended: 0.0, Last appended by leader: 0, Current term: 0, Majority size: -1, State: 0, Mode: NON_LEADER, active raft config: opid_index: -1 OBSOLETE_local: false peers { permanent_uuid: "ad590af0bec24e3d90270c3198685b61" member_type: VOTER last_known_addr { host: "127.16.174.129" port: 37359 } } peers { permanent_uuid: "bc3ea850f5234c8398195fcff30dc536" member_type: VOTER last_known_addr { host: "127.16.174.130" port: 38869 } } peers { permanent_uuid: "fcbe468749e841e685fd4a80a6b09769" member_type: VOTER last_known_addr { host: "127.16.174.131" port: 42735 } }
I20260608 12:54:40.819325 17945 ts_tablet_manager.cc:1434] T c4aa7cb779da4339a05263457b5ba149 P ad590af0bec24e3d90270c3198685b61: Time spent starting tablet: real 0.009s	user 0.003s	sys 0.004s
I20260608 12:54:40.820050 17946 tablet_bootstrap.cc:492] T b823b6e447954b2aaf67e69cf56390bf P bc3ea850f5234c8398195fcff30dc536: No bootstrap required, opened a new log
I20260608 12:54:40.820389 17945 tablet_bootstrap.cc:492] T 3ac71fd3a99441549d7c0e163c858f39 P ad590af0bec24e3d90270c3198685b61: Bootstrap starting.
I20260608 12:54:40.820649 17946 ts_tablet_manager.cc:1403] T b823b6e447954b2aaf67e69cf56390bf P bc3ea850f5234c8398195fcff30dc536: Time spent bootstrapping tablet: real 0.028s	user 0.018s	sys 0.006s
I20260608 12:54:40.823720 17947 ts_tablet_manager.cc:1434] T c4aa7cb779da4339a05263457b5ba149 P fcbe468749e841e685fd4a80a6b09769: Time spent starting tablet: real 0.013s	user 0.010s	sys 0.000s
I20260608 12:54:40.823874 17946 raft_consensus.cc:359] T b823b6e447954b2aaf67e69cf56390bf P bc3ea850f5234c8398195fcff30dc536 [term 0 FOLLOWER]: Replica starting. Triggering 0 pending ops. Active config: opid_index: -1 OBSOLETE_local: false peers { permanent_uuid: "ad590af0bec24e3d90270c3198685b61" member_type: VOTER last_known_addr { host: "127.16.174.129" port: 37359 } } peers { permanent_uuid: "bc3ea850f5234c8398195fcff30dc536" member_type: VOTER last_known_addr { host: "127.16.174.130" port: 38869 } } peers { permanent_uuid: "fcbe468749e841e685fd4a80a6b09769" member_type: VOTER last_known_addr { host: "127.16.174.131" port: 42735 } }
I20260608 12:54:40.824606 17946 raft_consensus.cc:385] T b823b6e447954b2aaf67e69cf56390bf P bc3ea850f5234c8398195fcff30dc536 [term 0 FOLLOWER]: Consensus starting up: Expiring failure detector timer to make a prompt election more likely
I20260608 12:54:40.824815 17947 tablet_bootstrap.cc:492] T b823b6e447954b2aaf67e69cf56390bf P fcbe468749e841e685fd4a80a6b09769: Bootstrap starting.
I20260608 12:54:40.824928 17946 raft_consensus.cc:740] T b823b6e447954b2aaf67e69cf56390bf P bc3ea850f5234c8398195fcff30dc536 [term 0 FOLLOWER]: Becoming Follower/Learner. State: Replica: bc3ea850f5234c8398195fcff30dc536, State: Initialized, Role: FOLLOWER
I20260608 12:54:40.825930 17946 consensus_queue.cc:260] T b823b6e447954b2aaf67e69cf56390bf P bc3ea850f5234c8398195fcff30dc536 [NON_LEADER]: Queue going to NON_LEADER mode. State: All replicated index: 0, Majority replicated index: 0, Committed index: 0, Last appended: 0.0, Last appended by leader: 0, Current term: 0, Majority size: -1, State: 0, Mode: NON_LEADER, active raft config: opid_index: -1 OBSOLETE_local: false peers { permanent_uuid: "ad590af0bec24e3d90270c3198685b61" member_type: VOTER last_known_addr { host: "127.16.174.129" port: 37359 } } peers { permanent_uuid: "bc3ea850f5234c8398195fcff30dc536" member_type: VOTER last_known_addr { host: "127.16.174.130" port: 38869 } } peers { permanent_uuid: "fcbe468749e841e685fd4a80a6b09769" member_type: VOTER last_known_addr { host: "127.16.174.131" port: 42735 } }
I20260608 12:54:40.827605 17945 tablet_bootstrap.cc:654] T 3ac71fd3a99441549d7c0e163c858f39 P ad590af0bec24e3d90270c3198685b61: Neither blocks nor log segments found. Creating new log.
I20260608 12:54:40.830724 17946 ts_tablet_manager.cc:1434] T b823b6e447954b2aaf67e69cf56390bf P bc3ea850f5234c8398195fcff30dc536: Time spent starting tablet: real 0.010s	user 0.004s	sys 0.003s
I20260608 12:54:40.831966 17946 tablet_bootstrap.cc:492] T c4aa7cb779da4339a05263457b5ba149 P bc3ea850f5234c8398195fcff30dc536: Bootstrap starting.
I20260608 12:54:40.832010 17947 tablet_bootstrap.cc:654] T b823b6e447954b2aaf67e69cf56390bf P fcbe468749e841e685fd4a80a6b09769: Neither blocks nor log segments found. Creating new log.
I20260608 12:54:40.839829 17946 tablet_bootstrap.cc:654] T c4aa7cb779da4339a05263457b5ba149 P bc3ea850f5234c8398195fcff30dc536: Neither blocks nor log segments found. Creating new log.
I20260608 12:54:40.839918 17945 tablet_bootstrap.cc:492] T 3ac71fd3a99441549d7c0e163c858f39 P ad590af0bec24e3d90270c3198685b61: No bootstrap required, opened a new log
I20260608 12:54:40.840526 17945 ts_tablet_manager.cc:1403] T 3ac71fd3a99441549d7c0e163c858f39 P ad590af0bec24e3d90270c3198685b61: Time spent bootstrapping tablet: real 0.020s	user 0.009s	sys 0.010s
I20260608 12:54:40.844089 17945 raft_consensus.cc:359] T 3ac71fd3a99441549d7c0e163c858f39 P ad590af0bec24e3d90270c3198685b61 [term 0 FOLLOWER]: Replica starting. Triggering 0 pending ops. Active config: opid_index: -1 OBSOLETE_local: false peers { permanent_uuid: "ad590af0bec24e3d90270c3198685b61" member_type: VOTER last_known_addr { host: "127.16.174.129" port: 37359 } } peers { permanent_uuid: "bc3ea850f5234c8398195fcff30dc536" member_type: VOTER last_known_addr { host: "127.16.174.130" port: 38869 } } peers { permanent_uuid: "fcbe468749e841e685fd4a80a6b09769" member_type: VOTER last_known_addr { host: "127.16.174.131" port: 42735 } }
I20260608 12:54:40.845476 17945 raft_consensus.cc:385] T 3ac71fd3a99441549d7c0e163c858f39 P ad590af0bec24e3d90270c3198685b61 [term 0 FOLLOWER]: Consensus starting up: Expiring failure detector timer to make a prompt election more likely
I20260608 12:54:40.846012 17945 raft_consensus.cc:740] T 3ac71fd3a99441549d7c0e163c858f39 P ad590af0bec24e3d90270c3198685b61 [term 0 FOLLOWER]: Becoming Follower/Learner. State: Replica: ad590af0bec24e3d90270c3198685b61, State: Initialized, Role: FOLLOWER
I20260608 12:54:40.846971 17945 consensus_queue.cc:260] T 3ac71fd3a99441549d7c0e163c858f39 P ad590af0bec24e3d90270c3198685b61 [NON_LEADER]: Queue going to NON_LEADER mode. State: All replicated index: 0, Majority replicated index: 0, Committed index: 0, Last appended: 0.0, Last appended by leader: 0, Current term: 0, Majority size: -1, State: 0, Mode: NON_LEADER, active raft config: opid_index: -1 OBSOLETE_local: false peers { permanent_uuid: "ad590af0bec24e3d90270c3198685b61" member_type: VOTER last_known_addr { host: "127.16.174.129" port: 37359 } } peers { permanent_uuid: "bc3ea850f5234c8398195fcff30dc536" member_type: VOTER last_known_addr { host: "127.16.174.130" port: 38869 } } peers { permanent_uuid: "fcbe468749e841e685fd4a80a6b09769" member_type: VOTER last_known_addr { host: "127.16.174.131" port: 42735 } }
I20260608 12:54:40.850205 17945 ts_tablet_manager.cc:1434] T 3ac71fd3a99441549d7c0e163c858f39 P ad590af0bec24e3d90270c3198685b61: Time spent starting tablet: real 0.009s	user 0.002s	sys 0.005s
I20260608 12:54:40.851599 17947 tablet_bootstrap.cc:492] T b823b6e447954b2aaf67e69cf56390bf P fcbe468749e841e685fd4a80a6b09769: No bootstrap required, opened a new log
I20260608 12:54:40.851670 17945 tablet_bootstrap.cc:492] T ca717e0e6fbe4963bf50c31cbf8c6607 P ad590af0bec24e3d90270c3198685b61: Bootstrap starting.
I20260608 12:54:40.852474 17947 ts_tablet_manager.cc:1403] T b823b6e447954b2aaf67e69cf56390bf P fcbe468749e841e685fd4a80a6b09769: Time spent bootstrapping tablet: real 0.028s	user 0.015s	sys 0.006s
I20260608 12:54:40.855835 17947 raft_consensus.cc:359] T b823b6e447954b2aaf67e69cf56390bf P fcbe468749e841e685fd4a80a6b09769 [term 0 FOLLOWER]: Replica starting. Triggering 0 pending ops. Active config: opid_index: -1 OBSOLETE_local: false peers { permanent_uuid: "ad590af0bec24e3d90270c3198685b61" member_type: VOTER last_known_addr { host: "127.16.174.129" port: 37359 } } peers { permanent_uuid: "bc3ea850f5234c8398195fcff30dc536" member_type: VOTER last_known_addr { host: "127.16.174.130" port: 38869 } } peers { permanent_uuid: "fcbe468749e841e685fd4a80a6b09769" member_type: VOTER last_known_addr { host: "127.16.174.131" port: 42735 } }
I20260608 12:54:40.856652 17947 raft_consensus.cc:385] T b823b6e447954b2aaf67e69cf56390bf P fcbe468749e841e685fd4a80a6b09769 [term 0 FOLLOWER]: Consensus starting up: Expiring failure detector timer to make a prompt election more likely
I20260608 12:54:40.857040 17947 raft_consensus.cc:740] T b823b6e447954b2aaf67e69cf56390bf P fcbe468749e841e685fd4a80a6b09769 [term 0 FOLLOWER]: Becoming Follower/Learner. State: Replica: fcbe468749e841e685fd4a80a6b09769, State: Initialized, Role: FOLLOWER
I20260608 12:54:40.858053 17947 consensus_queue.cc:260] T b823b6e447954b2aaf67e69cf56390bf P fcbe468749e841e685fd4a80a6b09769 [NON_LEADER]: Queue going to NON_LEADER mode. State: All replicated index: 0, Majority replicated index: 0, Committed index: 0, Last appended: 0.0, Last appended by leader: 0, Current term: 0, Majority size: -1, State: 0, Mode: NON_LEADER, active raft config: opid_index: -1 OBSOLETE_local: false peers { permanent_uuid: "ad590af0bec24e3d90270c3198685b61" member_type: VOTER last_known_addr { host: "127.16.174.129" port: 37359 } } peers { permanent_uuid: "bc3ea850f5234c8398195fcff30dc536" member_type: VOTER last_known_addr { host: "127.16.174.130" port: 38869 } } peers { permanent_uuid: "fcbe468749e841e685fd4a80a6b09769" member_type: VOTER last_known_addr { host: "127.16.174.131" port: 42735 } }
I20260608 12:54:40.861819 17945 tablet_bootstrap.cc:654] T ca717e0e6fbe4963bf50c31cbf8c6607 P ad590af0bec24e3d90270c3198685b61: Neither blocks nor log segments found. Creating new log.
I20260608 12:54:40.863551 17947 ts_tablet_manager.cc:1434] T b823b6e447954b2aaf67e69cf56390bf P fcbe468749e841e685fd4a80a6b09769: Time spent starting tablet: real 0.011s	user 0.005s	sys 0.001s
I20260608 12:54:40.864679 17947 tablet_bootstrap.cc:492] T 13317a55a6134e11a2fedcaac6042dec P fcbe468749e841e685fd4a80a6b09769: Bootstrap starting.
I20260608 12:54:40.871297 17947 tablet_bootstrap.cc:654] T 13317a55a6134e11a2fedcaac6042dec P fcbe468749e841e685fd4a80a6b09769: Neither blocks nor log segments found. Creating new log.
I20260608 12:54:40.880534 17946 tablet_bootstrap.cc:492] T c4aa7cb779da4339a05263457b5ba149 P bc3ea850f5234c8398195fcff30dc536: No bootstrap required, opened a new log
I20260608 12:54:40.880534 17945 tablet_bootstrap.cc:492] T ca717e0e6fbe4963bf50c31cbf8c6607 P ad590af0bec24e3d90270c3198685b61: No bootstrap required, opened a new log
I20260608 12:54:40.881320 17946 ts_tablet_manager.cc:1403] T c4aa7cb779da4339a05263457b5ba149 P bc3ea850f5234c8398195fcff30dc536: Time spent bootstrapping tablet: real 0.050s	user 0.027s	sys 0.019s
I20260608 12:54:40.881359 17945 ts_tablet_manager.cc:1403] T ca717e0e6fbe4963bf50c31cbf8c6607 P ad590af0bec24e3d90270c3198685b61: Time spent bootstrapping tablet: real 0.030s	user 0.019s	sys 0.008s
I20260608 12:54:40.884986 17945 raft_consensus.cc:359] T ca717e0e6fbe4963bf50c31cbf8c6607 P ad590af0bec24e3d90270c3198685b61 [term 0 FOLLOWER]: Replica starting. Triggering 0 pending ops. Active config: opid_index: -1 OBSOLETE_local: false peers { permanent_uuid: "ad590af0bec24e3d90270c3198685b61" member_type: VOTER last_known_addr { host: "127.16.174.129" port: 37359 } } peers { permanent_uuid: "bc3ea850f5234c8398195fcff30dc536" member_type: VOTER last_known_addr { host: "127.16.174.130" port: 38869 } } peers { permanent_uuid: "fcbe468749e841e685fd4a80a6b09769" member_type: VOTER last_known_addr { host: "127.16.174.131" port: 42735 } }
I20260608 12:54:40.885821 17945 raft_consensus.cc:385] T ca717e0e6fbe4963bf50c31cbf8c6607 P ad590af0bec24e3d90270c3198685b61 [term 0 FOLLOWER]: Consensus starting up: Expiring failure detector timer to make a prompt election more likely
I20260608 12:54:40.886353 17947 tablet_bootstrap.cc:492] T 13317a55a6134e11a2fedcaac6042dec P fcbe468749e841e685fd4a80a6b09769: No bootstrap required, opened a new log
I20260608 12:54:40.886217 17945 raft_consensus.cc:740] T ca717e0e6fbe4963bf50c31cbf8c6607 P ad590af0bec24e3d90270c3198685b61 [term 0 FOLLOWER]: Becoming Follower/Learner. State: Replica: ad590af0bec24e3d90270c3198685b61, State: Initialized, Role: FOLLOWER
I20260608 12:54:40.886091 17946 raft_consensus.cc:359] T c4aa7cb779da4339a05263457b5ba149 P bc3ea850f5234c8398195fcff30dc536 [term 0 FOLLOWER]: Replica starting. Triggering 0 pending ops. Active config: opid_index: -1 OBSOLETE_local: false peers { permanent_uuid: "ad590af0bec24e3d90270c3198685b61" member_type: VOTER last_known_addr { host: "127.16.174.129" port: 37359 } } peers { permanent_uuid: "bc3ea850f5234c8398195fcff30dc536" member_type: VOTER last_known_addr { host: "127.16.174.130" port: 38869 } } peers { permanent_uuid: "fcbe468749e841e685fd4a80a6b09769" member_type: VOTER last_known_addr { host: "127.16.174.131" port: 42735 } }
I20260608 12:54:40.886924 17947 ts_tablet_manager.cc:1403] T 13317a55a6134e11a2fedcaac6042dec P fcbe468749e841e685fd4a80a6b09769: Time spent bootstrapping tablet: real 0.022s	user 0.007s	sys 0.010s
I20260608 12:54:40.886883 17946 raft_consensus.cc:385] T c4aa7cb779da4339a05263457b5ba149 P bc3ea850f5234c8398195fcff30dc536 [term 0 FOLLOWER]: Consensus starting up: Expiring failure detector timer to make a prompt election more likely
I20260608 12:54:40.887413 17946 raft_consensus.cc:740] T c4aa7cb779da4339a05263457b5ba149 P bc3ea850f5234c8398195fcff30dc536 [term 0 FOLLOWER]: Becoming Follower/Learner. State: Replica: bc3ea850f5234c8398195fcff30dc536, State: Initialized, Role: FOLLOWER
I20260608 12:54:40.887329 17945 consensus_queue.cc:260] T ca717e0e6fbe4963bf50c31cbf8c6607 P ad590af0bec24e3d90270c3198685b61 [NON_LEADER]: Queue going to NON_LEADER mode. State: All replicated index: 0, Majority replicated index: 0, Committed index: 0, Last appended: 0.0, Last appended by leader: 0, Current term: 0, Majority size: -1, State: 0, Mode: NON_LEADER, active raft config: opid_index: -1 OBSOLETE_local: false peers { permanent_uuid: "ad590af0bec24e3d90270c3198685b61" member_type: VOTER last_known_addr { host: "127.16.174.129" port: 37359 } } peers { permanent_uuid: "bc3ea850f5234c8398195fcff30dc536" member_type: VOTER last_known_addr { host: "127.16.174.130" port: 38869 } } peers { permanent_uuid: "fcbe468749e841e685fd4a80a6b09769" member_type: VOTER last_known_addr { host: "127.16.174.131" port: 42735 } }
I20260608 12:54:40.888356 17946 consensus_queue.cc:260] T c4aa7cb779da4339a05263457b5ba149 P bc3ea850f5234c8398195fcff30dc536 [NON_LEADER]: Queue going to NON_LEADER mode. State: All replicated index: 0, Majority replicated index: 0, Committed index: 0, Last appended: 0.0, Last appended by leader: 0, Current term: 0, Majority size: -1, State: 0, Mode: NON_LEADER, active raft config: opid_index: -1 OBSOLETE_local: false peers { permanent_uuid: "ad590af0bec24e3d90270c3198685b61" member_type: VOTER last_known_addr { host: "127.16.174.129" port: 37359 } } peers { permanent_uuid: "bc3ea850f5234c8398195fcff30dc536" member_type: VOTER last_known_addr { host: "127.16.174.130" port: 38869 } } peers { permanent_uuid: "fcbe468749e841e685fd4a80a6b09769" member_type: VOTER last_known_addr { host: "127.16.174.131" port: 42735 } }
I20260608 12:54:40.889792 17945 ts_tablet_manager.cc:1434] T ca717e0e6fbe4963bf50c31cbf8c6607 P ad590af0bec24e3d90270c3198685b61: Time spent starting tablet: real 0.008s	user 0.005s	sys 0.000s
I20260608 12:54:40.890230 17947 raft_consensus.cc:359] T 13317a55a6134e11a2fedcaac6042dec P fcbe468749e841e685fd4a80a6b09769 [term 0 FOLLOWER]: Replica starting. Triggering 0 pending ops. Active config: opid_index: -1 OBSOLETE_local: false peers { permanent_uuid: "ad590af0bec24e3d90270c3198685b61" member_type: VOTER last_known_addr { host: "127.16.174.129" port: 37359 } } peers { permanent_uuid: "bc3ea850f5234c8398195fcff30dc536" member_type: VOTER last_known_addr { host: "127.16.174.130" port: 38869 } } peers { permanent_uuid: "fcbe468749e841e685fd4a80a6b09769" member_type: VOTER last_known_addr { host: "127.16.174.131" port: 42735 } }
I20260608 12:54:40.890785 17945 tablet_bootstrap.cc:492] T 58d628459e07488bba6e1da7ef5bef59 P ad590af0bec24e3d90270c3198685b61: Bootstrap starting.
I20260608 12:54:40.890887 17946 ts_tablet_manager.cc:1434] T c4aa7cb779da4339a05263457b5ba149 P bc3ea850f5234c8398195fcff30dc536: Time spent starting tablet: real 0.009s	user 0.001s	sys 0.007s
I20260608 12:54:40.890964 17947 raft_consensus.cc:385] T 13317a55a6134e11a2fedcaac6042dec P fcbe468749e841e685fd4a80a6b09769 [term 0 FOLLOWER]: Consensus starting up: Expiring failure detector timer to make a prompt election more likely
I20260608 12:54:40.891464 17947 raft_consensus.cc:740] T 13317a55a6134e11a2fedcaac6042dec P fcbe468749e841e685fd4a80a6b09769 [term 0 FOLLOWER]: Becoming Follower/Learner. State: Replica: fcbe468749e841e685fd4a80a6b09769, State: Initialized, Role: FOLLOWER
I20260608 12:54:40.892197 17946 tablet_bootstrap.cc:492] T 58d628459e07488bba6e1da7ef5bef59 P bc3ea850f5234c8398195fcff30dc536: Bootstrap starting.
I20260608 12:54:40.892490 17947 consensus_queue.cc:260] T 13317a55a6134e11a2fedcaac6042dec P fcbe468749e841e685fd4a80a6b09769 [NON_LEADER]: Queue going to NON_LEADER mode. State: All replicated index: 0, Majority replicated index: 0, Committed index: 0, Last appended: 0.0, Last appended by leader: 0, Current term: 0, Majority size: -1, State: 0, Mode: NON_LEADER, active raft config: opid_index: -1 OBSOLETE_local: false peers { permanent_uuid: "ad590af0bec24e3d90270c3198685b61" member_type: VOTER last_known_addr { host: "127.16.174.129" port: 37359 } } peers { permanent_uuid: "bc3ea850f5234c8398195fcff30dc536" member_type: VOTER last_known_addr { host: "127.16.174.130" port: 38869 } } peers { permanent_uuid: "fcbe468749e841e685fd4a80a6b09769" member_type: VOTER last_known_addr { host: "127.16.174.131" port: 42735 } }
I20260608 12:54:40.897977 17945 tablet_bootstrap.cc:654] T 58d628459e07488bba6e1da7ef5bef59 P ad590af0bec24e3d90270c3198685b61: Neither blocks nor log segments found. Creating new log.
I20260608 12:54:40.898519 17946 tablet_bootstrap.cc:654] T 58d628459e07488bba6e1da7ef5bef59 P bc3ea850f5234c8398195fcff30dc536: Neither blocks nor log segments found. Creating new log.
I20260608 12:54:40.899003 17947 ts_tablet_manager.cc:1434] T 13317a55a6134e11a2fedcaac6042dec P fcbe468749e841e685fd4a80a6b09769: Time spent starting tablet: real 0.012s	user 0.008s	sys 0.000s
I20260608 12:54:40.901695 17947 tablet_bootstrap.cc:492] T 58d628459e07488bba6e1da7ef5bef59 P fcbe468749e841e685fd4a80a6b09769: Bootstrap starting.
I20260608 12:54:40.912676 17947 tablet_bootstrap.cc:654] T 58d628459e07488bba6e1da7ef5bef59 P fcbe468749e841e685fd4a80a6b09769: Neither blocks nor log segments found. Creating new log.
I20260608 12:54:40.912827 17946 tablet_bootstrap.cc:492] T 58d628459e07488bba6e1da7ef5bef59 P bc3ea850f5234c8398195fcff30dc536: No bootstrap required, opened a new log
I20260608 12:54:40.913132 17945 tablet_bootstrap.cc:492] T 58d628459e07488bba6e1da7ef5bef59 P ad590af0bec24e3d90270c3198685b61: No bootstrap required, opened a new log
I20260608 12:54:40.913435 17946 ts_tablet_manager.cc:1403] T 58d628459e07488bba6e1da7ef5bef59 P bc3ea850f5234c8398195fcff30dc536: Time spent bootstrapping tablet: real 0.021s	user 0.007s	sys 0.012s
I20260608 12:54:40.913676 17945 ts_tablet_manager.cc:1403] T 58d628459e07488bba6e1da7ef5bef59 P ad590af0bec24e3d90270c3198685b61: Time spent bootstrapping tablet: real 0.023s	user 0.013s	sys 0.004s
I20260608 12:54:40.916934 17945 raft_consensus.cc:359] T 58d628459e07488bba6e1da7ef5bef59 P ad590af0bec24e3d90270c3198685b61 [term 0 FOLLOWER]: Replica starting. Triggering 0 pending ops. Active config: opid_index: -1 OBSOLETE_local: false peers { permanent_uuid: "ad590af0bec24e3d90270c3198685b61" member_type: VOTER last_known_addr { host: "127.16.174.129" port: 37359 } } peers { permanent_uuid: "bc3ea850f5234c8398195fcff30dc536" member_type: VOTER last_known_addr { host: "127.16.174.130" port: 38869 } } peers { permanent_uuid: "fcbe468749e841e685fd4a80a6b09769" member_type: VOTER last_known_addr { host: "127.16.174.131" port: 42735 } }
I20260608 12:54:40.917663 17945 raft_consensus.cc:385] T 58d628459e07488bba6e1da7ef5bef59 P ad590af0bec24e3d90270c3198685b61 [term 0 FOLLOWER]: Consensus starting up: Expiring failure detector timer to make a prompt election more likely
I20260608 12:54:40.917817 17953 raft_consensus.cc:493] T 13317a55a6134e11a2fedcaac6042dec P fcbe468749e841e685fd4a80a6b09769 [term 0 FOLLOWER]: Starting pre-election (no leader contacted us within the election timeout)
I20260608 12:54:40.918002 17945 raft_consensus.cc:740] T 58d628459e07488bba6e1da7ef5bef59 P ad590af0bec24e3d90270c3198685b61 [term 0 FOLLOWER]: Becoming Follower/Learner. State: Replica: ad590af0bec24e3d90270c3198685b61, State: Initialized, Role: FOLLOWER
I20260608 12:54:40.918390 17953 raft_consensus.cc:515] T 13317a55a6134e11a2fedcaac6042dec P fcbe468749e841e685fd4a80a6b09769 [term 0 FOLLOWER]: Starting pre-election with config: opid_index: -1 OBSOLETE_local: false peers { permanent_uuid: "ad590af0bec24e3d90270c3198685b61" member_type: VOTER last_known_addr { host: "127.16.174.129" port: 37359 } } peers { permanent_uuid: "bc3ea850f5234c8398195fcff30dc536" member_type: VOTER last_known_addr { host: "127.16.174.130" port: 38869 } } peers { permanent_uuid: "fcbe468749e841e685fd4a80a6b09769" member_type: VOTER last_known_addr { host: "127.16.174.131" port: 42735 } }
I20260608 12:54:40.919025 17945 consensus_queue.cc:260] T 58d628459e07488bba6e1da7ef5bef59 P ad590af0bec24e3d90270c3198685b61 [NON_LEADER]: Queue going to NON_LEADER mode. State: All replicated index: 0, Majority replicated index: 0, Committed index: 0, Last appended: 0.0, Last appended by leader: 0, Current term: 0, Majority size: -1, State: 0, Mode: NON_LEADER, active raft config: opid_index: -1 OBSOLETE_local: false peers { permanent_uuid: "ad590af0bec24e3d90270c3198685b61" member_type: VOTER last_known_addr { host: "127.16.174.129" port: 37359 } } peers { permanent_uuid: "bc3ea850f5234c8398195fcff30dc536" member_type: VOTER last_known_addr { host: "127.16.174.130" port: 38869 } } peers { permanent_uuid: "fcbe468749e841e685fd4a80a6b09769" member_type: VOTER last_known_addr { host: "127.16.174.131" port: 42735 } }
I20260608 12:54:40.921463 17953 leader_election.cc:290] T 13317a55a6134e11a2fedcaac6042dec P fcbe468749e841e685fd4a80a6b09769 [CANDIDATE]: Term 1 pre-election: Requested pre-vote from peers ad590af0bec24e3d90270c3198685b61 (127.16.174.129:37359), bc3ea850f5234c8398195fcff30dc536 (127.16.174.130:38869)
I20260608 12:54:40.921698 17945 ts_tablet_manager.cc:1434] T 58d628459e07488bba6e1da7ef5bef59 P ad590af0bec24e3d90270c3198685b61: Time spent starting tablet: real 0.008s	user 0.008s	sys 0.000s
I20260608 12:54:40.922829 17945 tablet_bootstrap.cc:492] T 13317a55a6134e11a2fedcaac6042dec P ad590af0bec24e3d90270c3198685b61: Bootstrap starting.
I20260608 12:54:40.923133 17946 raft_consensus.cc:359] T 58d628459e07488bba6e1da7ef5bef59 P bc3ea850f5234c8398195fcff30dc536 [term 0 FOLLOWER]: Replica starting. Triggering 0 pending ops. Active config: opid_index: -1 OBSOLETE_local: false peers { permanent_uuid: "ad590af0bec24e3d90270c3198685b61" member_type: VOTER last_known_addr { host: "127.16.174.129" port: 37359 } } peers { permanent_uuid: "bc3ea850f5234c8398195fcff30dc536" member_type: VOTER last_known_addr { host: "127.16.174.130" port: 38869 } } peers { permanent_uuid: "fcbe468749e841e685fd4a80a6b09769" member_type: VOTER last_known_addr { host: "127.16.174.131" port: 42735 } }
I20260608 12:54:40.923864 17946 raft_consensus.cc:385] T 58d628459e07488bba6e1da7ef5bef59 P bc3ea850f5234c8398195fcff30dc536 [term 0 FOLLOWER]: Consensus starting up: Expiring failure detector timer to make a prompt election more likely
I20260608 12:54:40.924151 17946 raft_consensus.cc:740] T 58d628459e07488bba6e1da7ef5bef59 P bc3ea850f5234c8398195fcff30dc536 [term 0 FOLLOWER]: Becoming Follower/Learner. State: Replica: bc3ea850f5234c8398195fcff30dc536, State: Initialized, Role: FOLLOWER
I20260608 12:54:40.925079 17946 consensus_queue.cc:260] T 58d628459e07488bba6e1da7ef5bef59 P bc3ea850f5234c8398195fcff30dc536 [NON_LEADER]: Queue going to NON_LEADER mode. State: All replicated index: 0, Majority replicated index: 0, Committed index: 0, Last appended: 0.0, Last appended by leader: 0, Current term: 0, Majority size: -1, State: 0, Mode: NON_LEADER, active raft config: opid_index: -1 OBSOLETE_local: false peers { permanent_uuid: "ad590af0bec24e3d90270c3198685b61" member_type: VOTER last_known_addr { host: "127.16.174.129" port: 37359 } } peers { permanent_uuid: "bc3ea850f5234c8398195fcff30dc536" member_type: VOTER last_known_addr { host: "127.16.174.130" port: 38869 } } peers { permanent_uuid: "fcbe468749e841e685fd4a80a6b09769" member_type: VOTER last_known_addr { host: "127.16.174.131" port: 42735 } }
I20260608 12:54:40.927349 17946 ts_tablet_manager.cc:1434] T 58d628459e07488bba6e1da7ef5bef59 P bc3ea850f5234c8398195fcff30dc536: Time spent starting tablet: real 0.013s	user 0.006s	sys 0.000s
I20260608 12:54:40.928382 17946 tablet_bootstrap.cc:492] T 13317a55a6134e11a2fedcaac6042dec P bc3ea850f5234c8398195fcff30dc536: Bootstrap starting.
I20260608 12:54:40.934760 17947 tablet_bootstrap.cc:492] T 58d628459e07488bba6e1da7ef5bef59 P fcbe468749e841e685fd4a80a6b09769: No bootstrap required, opened a new log
I20260608 12:54:40.935297 17947 ts_tablet_manager.cc:1403] T 58d628459e07488bba6e1da7ef5bef59 P fcbe468749e841e685fd4a80a6b09769: Time spent bootstrapping tablet: real 0.034s	user 0.013s	sys 0.000s
I20260608 12:54:40.935487 17946 tablet_bootstrap.cc:654] T 13317a55a6134e11a2fedcaac6042dec P bc3ea850f5234c8398195fcff30dc536: Neither blocks nor log segments found. Creating new log.
I20260608 12:54:40.935741 17945 tablet_bootstrap.cc:654] T 13317a55a6134e11a2fedcaac6042dec P ad590af0bec24e3d90270c3198685b61: Neither blocks nor log segments found. Creating new log.
I20260608 12:54:40.939191 17952 raft_consensus.cc:493] T 58d628459e07488bba6e1da7ef5bef59 P ad590af0bec24e3d90270c3198685b61 [term 0 FOLLOWER]: Starting pre-election (no leader contacted us within the election timeout)
I20260608 12:54:40.939328 17947 raft_consensus.cc:359] T 58d628459e07488bba6e1da7ef5bef59 P fcbe468749e841e685fd4a80a6b09769 [term 0 FOLLOWER]: Replica starting. Triggering 0 pending ops. Active config: opid_index: -1 OBSOLETE_local: false peers { permanent_uuid: "ad590af0bec24e3d90270c3198685b61" member_type: VOTER last_known_addr { host: "127.16.174.129" port: 37359 } } peers { permanent_uuid: "bc3ea850f5234c8398195fcff30dc536" member_type: VOTER last_known_addr { host: "127.16.174.130" port: 38869 } } peers { permanent_uuid: "fcbe468749e841e685fd4a80a6b09769" member_type: VOTER last_known_addr { host: "127.16.174.131" port: 42735 } }
I20260608 12:54:40.939778 17952 raft_consensus.cc:515] T 58d628459e07488bba6e1da7ef5bef59 P ad590af0bec24e3d90270c3198685b61 [term 0 FOLLOWER]: Starting pre-election with config: opid_index: -1 OBSOLETE_local: false peers { permanent_uuid: "ad590af0bec24e3d90270c3198685b61" member_type: VOTER last_known_addr { host: "127.16.174.129" port: 37359 } } peers { permanent_uuid: "bc3ea850f5234c8398195fcff30dc536" member_type: VOTER last_known_addr { host: "127.16.174.130" port: 38869 } } peers { permanent_uuid: "fcbe468749e841e685fd4a80a6b09769" member_type: VOTER last_known_addr { host: "127.16.174.131" port: 42735 } }
I20260608 12:54:40.955147 17952 leader_election.cc:290] T 58d628459e07488bba6e1da7ef5bef59 P ad590af0bec24e3d90270c3198685b61 [CANDIDATE]: Term 1 pre-election: Requested pre-vote from peers bc3ea850f5234c8398195fcff30dc536 (127.16.174.130:38869), fcbe468749e841e685fd4a80a6b09769 (127.16.174.131:42735)
I20260608 12:54:40.956933 17947 raft_consensus.cc:385] T 58d628459e07488bba6e1da7ef5bef59 P fcbe468749e841e685fd4a80a6b09769 [term 0 FOLLOWER]: Consensus starting up: Expiring failure detector timer to make a prompt election more likely
I20260608 12:54:40.958058 17953 raft_consensus.cc:493] T c4aa7cb779da4339a05263457b5ba149 P fcbe468749e841e685fd4a80a6b09769 [term 0 FOLLOWER]: Starting pre-election (no leader contacted us within the election timeout)
I20260608 12:54:40.958758 17953 raft_consensus.cc:515] T c4aa7cb779da4339a05263457b5ba149 P fcbe468749e841e685fd4a80a6b09769 [term 0 FOLLOWER]: Starting pre-election with config: opid_index: -1 OBSOLETE_local: false peers { permanent_uuid: "ad590af0bec24e3d90270c3198685b61" member_type: VOTER last_known_addr { host: "127.16.174.129" port: 37359 } } peers { permanent_uuid: "bc3ea850f5234c8398195fcff30dc536" member_type: VOTER last_known_addr { host: "127.16.174.130" port: 38869 } } peers { permanent_uuid: "fcbe468749e841e685fd4a80a6b09769" member_type: VOTER last_known_addr { host: "127.16.174.131" port: 42735 } }
I20260608 12:54:40.959498 17952 raft_consensus.cc:493] T ca717e0e6fbe4963bf50c31cbf8c6607 P ad590af0bec24e3d90270c3198685b61 [term 0 FOLLOWER]: Starting pre-election (no leader contacted us within the election timeout)
I20260608 12:54:40.959966 17952 raft_consensus.cc:515] T ca717e0e6fbe4963bf50c31cbf8c6607 P ad590af0bec24e3d90270c3198685b61 [term 0 FOLLOWER]: Starting pre-election with config: opid_index: -1 OBSOLETE_local: false peers { permanent_uuid: "ad590af0bec24e3d90270c3198685b61" member_type: VOTER last_known_addr { host: "127.16.174.129" port: 37359 } } peers { permanent_uuid: "bc3ea850f5234c8398195fcff30dc536" member_type: VOTER last_known_addr { host: "127.16.174.130" port: 38869 } } peers { permanent_uuid: "fcbe468749e841e685fd4a80a6b09769" member_type: VOTER last_known_addr { host: "127.16.174.131" port: 42735 } }
I20260608 12:54:40.957391 17947 raft_consensus.cc:740] T 58d628459e07488bba6e1da7ef5bef59 P fcbe468749e841e685fd4a80a6b09769 [term 0 FOLLOWER]: Becoming Follower/Learner. State: Replica: fcbe468749e841e685fd4a80a6b09769, State: Initialized, Role: FOLLOWER
I20260608 12:54:40.961072 17953 leader_election.cc:290] T c4aa7cb779da4339a05263457b5ba149 P fcbe468749e841e685fd4a80a6b09769 [CANDIDATE]: Term 1 pre-election: Requested pre-vote from peers ad590af0bec24e3d90270c3198685b61 (127.16.174.129:37359), bc3ea850f5234c8398195fcff30dc536 (127.16.174.130:38869)
I20260608 12:54:40.962394 17952 leader_election.cc:290] T ca717e0e6fbe4963bf50c31cbf8c6607 P ad590af0bec24e3d90270c3198685b61 [CANDIDATE]: Term 1 pre-election: Requested pre-vote from peers bc3ea850f5234c8398195fcff30dc536 (127.16.174.130:38869), fcbe468749e841e685fd4a80a6b09769 (127.16.174.131:42735)
I20260608 12:54:40.961535 17947 consensus_queue.cc:260] T 58d628459e07488bba6e1da7ef5bef59 P fcbe468749e841e685fd4a80a6b09769 [NON_LEADER]: Queue going to NON_LEADER mode. State: All replicated index: 0, Majority replicated index: 0, Committed index: 0, Last appended: 0.0, Last appended by leader: 0, Current term: 0, Majority size: -1, State: 0, Mode: NON_LEADER, active raft config: opid_index: -1 OBSOLETE_local: false peers { permanent_uuid: "ad590af0bec24e3d90270c3198685b61" member_type: VOTER last_known_addr { host: "127.16.174.129" port: 37359 } } peers { permanent_uuid: "bc3ea850f5234c8398195fcff30dc536" member_type: VOTER last_known_addr { host: "127.16.174.130" port: 38869 } } peers { permanent_uuid: "fcbe468749e841e685fd4a80a6b09769" member_type: VOTER last_known_addr { host: "127.16.174.131" port: 42735 } }
W20260608 12:54:40.965615 17697 auto_rebalancer.cc:259] Could not retrieve cluster info: Service unavailable: Tablet not running
I20260608 12:54:40.969236 17702 auto_leader_rebalancer.cc:140] leader rebalance for table test-workload
W20260608 12:54:40.970441 17702 auto_leader_rebalancer.cc:460] the master instance isn't leader: Service unavailable: Tablet not running
I20260608 12:54:40.971987 17947 ts_tablet_manager.cc:1434] T 58d628459e07488bba6e1da7ef5bef59 P fcbe468749e841e685fd4a80a6b09769: Time spent starting tablet: real 0.036s	user 0.010s	sys 0.002s
I20260608 12:54:40.973640 17947 tablet_bootstrap.cc:492] T 3ac71fd3a99441549d7c0e163c858f39 P fcbe468749e841e685fd4a80a6b09769: Bootstrap starting.
I20260608 12:54:40.977669 17900 tablet_service.cc:1917] Received RequestConsensusVote() RPC: tablet_id: "58d628459e07488bba6e1da7ef5bef59" candidate_uuid: "ad590af0bec24e3d90270c3198685b61" candidate_term: 1 candidate_status { last_received { term: 0 index: 0 } } ignore_live_leader: false dest_uuid: "fcbe468749e841e685fd4a80a6b09769" is_pre_election: true
I20260608 12:54:40.978492 17900 raft_consensus.cc:2468] T 58d628459e07488bba6e1da7ef5bef59 P fcbe468749e841e685fd4a80a6b09769 [term 0 FOLLOWER]: Leader pre-election vote request: Granting yes vote for candidate ad590af0bec24e3d90270c3198685b61 in term 0.
I20260608 12:54:40.979864 17714 leader_election.cc:304] T 58d628459e07488bba6e1da7ef5bef59 P ad590af0bec24e3d90270c3198685b61 [CANDIDATE]: Term 1 pre-election: Election decided. Result: candidate won. Election summary: received 2 responses out of 3 voters: 2 yes votes; 0 no votes. yes voters: ad590af0bec24e3d90270c3198685b61, fcbe468749e841e685fd4a80a6b09769; no voters: 
I20260608 12:54:40.979893 17899 tablet_service.cc:1917] Received RequestConsensusVote() RPC: tablet_id: "ca717e0e6fbe4963bf50c31cbf8c6607" candidate_uuid: "ad590af0bec24e3d90270c3198685b61" candidate_term: 1 candidate_status { last_received { term: 0 index: 0 } } ignore_live_leader: false dest_uuid: "fcbe468749e841e685fd4a80a6b09769" is_pre_election: true
W20260608 12:54:40.982694 17714 leader_election.cc:343] T ca717e0e6fbe4963bf50c31cbf8c6607 P ad590af0bec24e3d90270c3198685b61 [CANDIDATE]: Term 1 pre-election: Tablet error from VoteRequest() call to peer fcbe468749e841e685fd4a80a6b09769 (127.16.174.131:42735): Illegal state: must be running to vote when last-logged opid is not known
I20260608 12:54:40.983491 17952 raft_consensus.cc:2804] T 58d628459e07488bba6e1da7ef5bef59 P ad590af0bec24e3d90270c3198685b61 [term 0 FOLLOWER]: Leader pre-election won for term 1
I20260608 12:54:40.983929 17952 raft_consensus.cc:493] T 58d628459e07488bba6e1da7ef5bef59 P ad590af0bec24e3d90270c3198685b61 [term 0 FOLLOWER]: Starting leader election (no leader contacted us within the election timeout)
I20260608 12:54:40.984550 17952 raft_consensus.cc:3060] T 58d628459e07488bba6e1da7ef5bef59 P ad590af0bec24e3d90270c3198685b61 [term 0 FOLLOWER]: Advancing to term 1
I20260608 12:54:40.994215 17952 raft_consensus.cc:515] T 58d628459e07488bba6e1da7ef5bef59 P ad590af0bec24e3d90270c3198685b61 [term 1 FOLLOWER]: Starting leader election with config: opid_index: -1 OBSOLETE_local: false peers { permanent_uuid: "ad590af0bec24e3d90270c3198685b61" member_type: VOTER last_known_addr { host: "127.16.174.129" port: 37359 } } peers { permanent_uuid: "bc3ea850f5234c8398195fcff30dc536" member_type: VOTER last_known_addr { host: "127.16.174.130" port: 38869 } } peers { permanent_uuid: "fcbe468749e841e685fd4a80a6b09769" member_type: VOTER last_known_addr { host: "127.16.174.131" port: 42735 } }
I20260608 12:54:40.999229 17899 tablet_service.cc:1917] Received RequestConsensusVote() RPC: tablet_id: "58d628459e07488bba6e1da7ef5bef59" candidate_uuid: "ad590af0bec24e3d90270c3198685b61" candidate_term: 1 candidate_status { last_received { term: 0 index: 0 } } ignore_live_leader: false dest_uuid: "fcbe468749e841e685fd4a80a6b09769"
I20260608 12:54:41.000078 17899 raft_consensus.cc:3060] T 58d628459e07488bba6e1da7ef5bef59 P fcbe468749e841e685fd4a80a6b09769 [term 0 FOLLOWER]: Advancing to term 1
I20260608 12:54:41.004081 17946 tablet_bootstrap.cc:492] T 13317a55a6134e11a2fedcaac6042dec P bc3ea850f5234c8398195fcff30dc536: No bootstrap required, opened a new log
I20260608 12:54:41.004257 17826 tablet_service.cc:1917] Received RequestConsensusVote() RPC: tablet_id: "58d628459e07488bba6e1da7ef5bef59" candidate_uuid: "ad590af0bec24e3d90270c3198685b61" candidate_term: 1 candidate_status { last_received { term: 0 index: 0 } } ignore_live_leader: false dest_uuid: "bc3ea850f5234c8398195fcff30dc536" is_pre_election: true
I20260608 12:54:41.004626 17946 ts_tablet_manager.cc:1403] T 13317a55a6134e11a2fedcaac6042dec P bc3ea850f5234c8398195fcff30dc536: Time spent bootstrapping tablet: real 0.076s	user 0.027s	sys 0.040s
I20260608 12:54:41.005020 17826 raft_consensus.cc:2468] T 58d628459e07488bba6e1da7ef5bef59 P bc3ea850f5234c8398195fcff30dc536 [term 0 FOLLOWER]: Leader pre-election vote request: Granting yes vote for candidate ad590af0bec24e3d90270c3198685b61 in term 0.
I20260608 12:54:41.005649 17947 tablet_bootstrap.cc:654] T 3ac71fd3a99441549d7c0e163c858f39 P fcbe468749e841e685fd4a80a6b09769: Neither blocks nor log segments found. Creating new log.
I20260608 12:54:41.006494 17825 tablet_service.cc:1917] Received RequestConsensusVote() RPC: tablet_id: "ca717e0e6fbe4963bf50c31cbf8c6607" candidate_uuid: "ad590af0bec24e3d90270c3198685b61" candidate_term: 1 candidate_status { last_received { term: 0 index: 0 } } ignore_live_leader: false dest_uuid: "bc3ea850f5234c8398195fcff30dc536" is_pre_election: true
W20260608 12:54:41.008248 17715 leader_election.cc:343] T ca717e0e6fbe4963bf50c31cbf8c6607 P ad590af0bec24e3d90270c3198685b61 [CANDIDATE]: Term 1 pre-election: Tablet error from VoteRequest() call to peer bc3ea850f5234c8398195fcff30dc536 (127.16.174.130:38869): Illegal state: must be running to vote when last-logged opid is not known
I20260608 12:54:41.008844 17715 leader_election.cc:304] T ca717e0e6fbe4963bf50c31cbf8c6607 P ad590af0bec24e3d90270c3198685b61 [CANDIDATE]: Term 1 pre-election: Election decided. Result: candidate lost. Election summary: received 3 responses out of 3 voters: 1 yes votes; 2 no votes. yes voters: ad590af0bec24e3d90270c3198685b61; no voters: bc3ea850f5234c8398195fcff30dc536, fcbe468749e841e685fd4a80a6b09769
I20260608 12:54:41.008112 17946 raft_consensus.cc:359] T 13317a55a6134e11a2fedcaac6042dec P bc3ea850f5234c8398195fcff30dc536 [term 0 FOLLOWER]: Replica starting. Triggering 0 pending ops. Active config: opid_index: -1 OBSOLETE_local: false peers { permanent_uuid: "ad590af0bec24e3d90270c3198685b61" member_type: VOTER last_known_addr { host: "127.16.174.129" port: 37359 } } peers { permanent_uuid: "bc3ea850f5234c8398195fcff30dc536" member_type: VOTER last_known_addr { host: "127.16.174.130" port: 38869 } } peers { permanent_uuid: "fcbe468749e841e685fd4a80a6b09769" member_type: VOTER last_known_addr { host: "127.16.174.131" port: 42735 } }
I20260608 12:54:41.009531 17946 raft_consensus.cc:385] T 13317a55a6134e11a2fedcaac6042dec P bc3ea850f5234c8398195fcff30dc536 [term 0 FOLLOWER]: Consensus starting up: Expiring failure detector timer to make a prompt election more likely
I20260608 12:54:41.009610 17825 tablet_service.cc:1917] Received RequestConsensusVote() RPC: tablet_id: "13317a55a6134e11a2fedcaac6042dec" candidate_uuid: "fcbe468749e841e685fd4a80a6b09769" candidate_term: 1 candidate_status { last_received { term: 0 index: 0 } } ignore_live_leader: false dest_uuid: "bc3ea850f5234c8398195fcff30dc536" is_pre_election: true
I20260608 12:54:41.009967 17946 raft_consensus.cc:740] T 13317a55a6134e11a2fedcaac6042dec P bc3ea850f5234c8398195fcff30dc536 [term 0 FOLLOWER]: Becoming Follower/Learner. State: Replica: bc3ea850f5234c8398195fcff30dc536, State: Initialized, Role: FOLLOWER
I20260608 12:54:41.010421 17751 tablet_service.cc:1917] Received RequestConsensusVote() RPC: tablet_id: "13317a55a6134e11a2fedcaac6042dec" candidate_uuid: "fcbe468749e841e685fd4a80a6b09769" candidate_term: 1 candidate_status { last_received { term: 0 index: 0 } } ignore_live_leader: false dest_uuid: "ad590af0bec24e3d90270c3198685b61" is_pre_election: true
I20260608 12:54:41.010704 17826 tablet_service.cc:1917] Received RequestConsensusVote() RPC: tablet_id: "c4aa7cb779da4339a05263457b5ba149" candidate_uuid: "fcbe468749e841e685fd4a80a6b09769" candidate_term: 1 candidate_status { last_received { term: 0 index: 0 } } ignore_live_leader: false dest_uuid: "bc3ea850f5234c8398195fcff30dc536" is_pre_election: true
I20260608 12:54:41.010988 17946 consensus_queue.cc:260] T 13317a55a6134e11a2fedcaac6042dec P bc3ea850f5234c8398195fcff30dc536 [NON_LEADER]: Queue going to NON_LEADER mode. State: All replicated index: 0, Majority replicated index: 0, Committed index: 0, Last appended: 0.0, Last appended by leader: 0, Current term: 0, Majority size: -1, State: 0, Mode: NON_LEADER, active raft config: opid_index: -1 OBSOLETE_local: false peers { permanent_uuid: "ad590af0bec24e3d90270c3198685b61" member_type: VOTER last_known_addr { host: "127.16.174.129" port: 37359 } } peers { permanent_uuid: "bc3ea850f5234c8398195fcff30dc536" member_type: VOTER last_known_addr { host: "127.16.174.130" port: 38869 } } peers { permanent_uuid: "fcbe468749e841e685fd4a80a6b09769" member_type: VOTER last_known_addr { host: "127.16.174.131" port: 42735 } }
I20260608 12:54:41.012125 17750 tablet_service.cc:1917] Received RequestConsensusVote() RPC: tablet_id: "c4aa7cb779da4339a05263457b5ba149" candidate_uuid: "fcbe468749e841e685fd4a80a6b09769" candidate_term: 1 candidate_status { last_received { term: 0 index: 0 } } ignore_live_leader: false dest_uuid: "ad590af0bec24e3d90270c3198685b61" is_pre_election: true
I20260608 12:54:41.012880 17750 raft_consensus.cc:2468] T c4aa7cb779da4339a05263457b5ba149 P ad590af0bec24e3d90270c3198685b61 [term 0 FOLLOWER]: Leader pre-election vote request: Granting yes vote for candidate fcbe468749e841e685fd4a80a6b09769 in term 0.
I20260608 12:54:41.013865 17945 tablet_bootstrap.cc:492] T 13317a55a6134e11a2fedcaac6042dec P ad590af0bec24e3d90270c3198685b61: No bootstrap required, opened a new log
I20260608 12:54:41.008124 17824 tablet_service.cc:1917] Received RequestConsensusVote() RPC: tablet_id: "58d628459e07488bba6e1da7ef5bef59" candidate_uuid: "ad590af0bec24e3d90270c3198685b61" candidate_term: 1 candidate_status { last_received { term: 0 index: 0 } } ignore_live_leader: false dest_uuid: "bc3ea850f5234c8398195fcff30dc536"
W20260608 12:54:41.014292 17866 leader_election.cc:343] T 13317a55a6134e11a2fedcaac6042dec P fcbe468749e841e685fd4a80a6b09769 [CANDIDATE]: Term 1 pre-election: Tablet error from VoteRequest() call to peer ad590af0bec24e3d90270c3198685b61 (127.16.174.129:37359): Illegal state: must be running to vote when last-logged opid is not known
I20260608 12:54:41.014528 17824 raft_consensus.cc:3060] T 58d628459e07488bba6e1da7ef5bef59 P bc3ea850f5234c8398195fcff30dc536 [term 0 FOLLOWER]: Advancing to term 1
I20260608 12:54:41.015223 17866 leader_election.cc:304] T c4aa7cb779da4339a05263457b5ba149 P fcbe468749e841e685fd4a80a6b09769 [CANDIDATE]: Term 1 pre-election: Election decided. Result: candidate won. Election summary: received 2 responses out of 3 voters: 2 yes votes; 0 no votes. yes voters: ad590af0bec24e3d90270c3198685b61, fcbe468749e841e685fd4a80a6b09769; no voters: 
I20260608 12:54:41.016175 17953 raft_consensus.cc:2804] T c4aa7cb779da4339a05263457b5ba149 P fcbe468749e841e685fd4a80a6b09769 [term 0 FOLLOWER]: Leader pre-election won for term 1
I20260608 12:54:41.016553 17953 raft_consensus.cc:493] T c4aa7cb779da4339a05263457b5ba149 P fcbe468749e841e685fd4a80a6b09769 [term 0 FOLLOWER]: Starting leader election (no leader contacted us within the election timeout)
