I20260608 12:55:41.252594 19830 tablet_bootstrap.cc:492] T a3f1cbcb820349ccaaac1fdf61d9d57f P 7fae2dd7991b4dbc8d1f166a3f02a86a: Bootstrap starting.
I20260608 12:55:41.251307 19828 raft_consensus.cc:359] T c599cd289e57419397953153bb3d15c7 P f4a398fb2f134ae9ad81b0a357ad8ddb [term 0 FOLLOWER]: Replica starting. Triggering 0 pending ops. Active config: opid_index: -1 OBSOLETE_local: false peers { permanent_uuid: "53dbeee29b9742288a0859376d333a2d" member_type: VOTER last_known_addr { host: "127.16.158.1" port: 37281 } } peers { permanent_uuid: "f4a398fb2f134ae9ad81b0a357ad8ddb" member_type: VOTER last_known_addr { host: "127.16.158.2" port: 32955 } } peers { permanent_uuid: "7fae2dd7991b4dbc8d1f166a3f02a86a" member_type: VOTER last_known_addr { host: "127.16.158.3" port: 40725 } }
I20260608 12:55:41.253122 19828 raft_consensus.cc:385] T c599cd289e57419397953153bb3d15c7 P f4a398fb2f134ae9ad81b0a357ad8ddb [term 0 FOLLOWER]: Consensus starting up: Expiring failure detector timer to make a prompt election more likely
I20260608 12:55:41.253490 19828 raft_consensus.cc:740] T c599cd289e57419397953153bb3d15c7 P f4a398fb2f134ae9ad81b0a357ad8ddb [term 0 FOLLOWER]: Becoming Follower/Learner. State: Replica: f4a398fb2f134ae9ad81b0a357ad8ddb, State: Initialized, Role: FOLLOWER
I20260608 12:55:41.254299 19829 tablet_bootstrap.cc:492] T d1e57bacf6e74e958518d2de1703ef35 P 53dbeee29b9742288a0859376d333a2d: No bootstrap required, opened a new log
I20260608 12:55:41.254807 19829 ts_tablet_manager.cc:1403] T d1e57bacf6e74e958518d2de1703ef35 P 53dbeee29b9742288a0859376d333a2d: Time spent bootstrapping tablet: real 0.022s	user 0.011s	sys 0.007s
I20260608 12:55:41.254463 19828 consensus_queue.cc:260] T c599cd289e57419397953153bb3d15c7 P f4a398fb2f134ae9ad81b0a357ad8ddb [NON_LEADER]: Queue going to NON_LEADER mode. State: All replicated index: 0, Majority replicated index: 0, Committed index: 0, Last appended: 0.0, Last appended by leader: 0, Current term: 0, Majority size: -1, State: 0, Mode: NON_LEADER, active raft config: opid_index: -1 OBSOLETE_local: false peers { permanent_uuid: "53dbeee29b9742288a0859376d333a2d" member_type: VOTER last_known_addr { host: "127.16.158.1" port: 37281 } } peers { permanent_uuid: "f4a398fb2f134ae9ad81b0a357ad8ddb" member_type: VOTER last_known_addr { host: "127.16.158.2" port: 32955 } } peers { permanent_uuid: "7fae2dd7991b4dbc8d1f166a3f02a86a" member_type: VOTER last_known_addr { host: "127.16.158.3" port: 40725 } }
I20260608 12:55:41.257323 19828 ts_tablet_manager.cc:1434] T c599cd289e57419397953153bb3d15c7 P f4a398fb2f134ae9ad81b0a357ad8ddb: Time spent starting tablet: real 0.009s	user 0.005s	sys 0.001s
I20260608 12:55:41.258340 19828 tablet_bootstrap.cc:492] T c87a946114ea44e0974166fd29102fe9 P f4a398fb2f134ae9ad81b0a357ad8ddb: Bootstrap starting.
I20260608 12:55:41.258073 19829 raft_consensus.cc:359] T d1e57bacf6e74e958518d2de1703ef35 P 53dbeee29b9742288a0859376d333a2d [term 0 FOLLOWER]: Replica starting. Triggering 0 pending ops. Active config: opid_index: -1 OBSOLETE_local: false peers { permanent_uuid: "53dbeee29b9742288a0859376d333a2d" member_type: VOTER last_known_addr { host: "127.16.158.1" port: 37281 } } peers { permanent_uuid: "f4a398fb2f134ae9ad81b0a357ad8ddb" member_type: VOTER last_known_addr { host: "127.16.158.2" port: 32955 } } peers { permanent_uuid: "7fae2dd7991b4dbc8d1f166a3f02a86a" member_type: VOTER last_known_addr { host: "127.16.158.3" port: 40725 } }
I20260608 12:55:41.258819 19829 raft_consensus.cc:385] T d1e57bacf6e74e958518d2de1703ef35 P 53dbeee29b9742288a0859376d333a2d [term 0 FOLLOWER]: Consensus starting up: Expiring failure detector timer to make a prompt election more likely
I20260608 12:55:41.259145 19829 raft_consensus.cc:740] T d1e57bacf6e74e958518d2de1703ef35 P 53dbeee29b9742288a0859376d333a2d [term 0 FOLLOWER]: Becoming Follower/Learner. State: Replica: 53dbeee29b9742288a0859376d333a2d, State: Initialized, Role: FOLLOWER
I20260608 12:55:41.260030 19829 consensus_queue.cc:260] T d1e57bacf6e74e958518d2de1703ef35 P 53dbeee29b9742288a0859376d333a2d [NON_LEADER]: Queue going to NON_LEADER mode. State: All replicated index: 0, Majority replicated index: 0, Committed index: 0, Last appended: 0.0, Last appended by leader: 0, Current term: 0, Majority size: -1, State: 0, Mode: NON_LEADER, active raft config: opid_index: -1 OBSOLETE_local: false peers { permanent_uuid: "53dbeee29b9742288a0859376d333a2d" member_type: VOTER last_known_addr { host: "127.16.158.1" port: 37281 } } peers { permanent_uuid: "f4a398fb2f134ae9ad81b0a357ad8ddb" member_type: VOTER last_known_addr { host: "127.16.158.2" port: 32955 } } peers { permanent_uuid: "7fae2dd7991b4dbc8d1f166a3f02a86a" member_type: VOTER last_known_addr { host: "127.16.158.3" port: 40725 } }
I20260608 12:55:41.262312 19829 ts_tablet_manager.cc:1434] T d1e57bacf6e74e958518d2de1703ef35 P 53dbeee29b9742288a0859376d333a2d: Time spent starting tablet: real 0.007s	user 0.008s	sys 0.001s
I20260608 12:55:41.263420 19829 tablet_bootstrap.cc:492] T c599cd289e57419397953153bb3d15c7 P 53dbeee29b9742288a0859376d333a2d: Bootstrap starting.
I20260608 12:55:41.266350 19828 tablet_bootstrap.cc:654] T c87a946114ea44e0974166fd29102fe9 P f4a398fb2f134ae9ad81b0a357ad8ddb: Neither blocks nor log segments found. Creating new log.
I20260608 12:55:41.269687 19830 tablet_bootstrap.cc:654] T a3f1cbcb820349ccaaac1fdf61d9d57f P 7fae2dd7991b4dbc8d1f166a3f02a86a: Neither blocks nor log segments found. Creating new log.
I20260608 12:55:41.270156 19829 tablet_bootstrap.cc:654] T c599cd289e57419397953153bb3d15c7 P 53dbeee29b9742288a0859376d333a2d: Neither blocks nor log segments found. Creating new log.
I20260608 12:55:41.283375 19829 tablet_bootstrap.cc:492] T c599cd289e57419397953153bb3d15c7 P 53dbeee29b9742288a0859376d333a2d: No bootstrap required, opened a new log
I20260608 12:55:41.283483 19830 tablet_bootstrap.cc:492] T a3f1cbcb820349ccaaac1fdf61d9d57f P 7fae2dd7991b4dbc8d1f166a3f02a86a: No bootstrap required, opened a new log
I20260608 12:55:41.284137 19829 ts_tablet_manager.cc:1403] T c599cd289e57419397953153bb3d15c7 P 53dbeee29b9742288a0859376d333a2d: Time spent bootstrapping tablet: real 0.021s	user 0.018s	sys 0.000s
I20260608 12:55:41.284157 19830 ts_tablet_manager.cc:1403] T a3f1cbcb820349ccaaac1fdf61d9d57f P 7fae2dd7991b4dbc8d1f166a3f02a86a: Time spent bootstrapping tablet: real 0.032s	user 0.016s	sys 0.000s
I20260608 12:55:41.287354 19830 raft_consensus.cc:359] T a3f1cbcb820349ccaaac1fdf61d9d57f P 7fae2dd7991b4dbc8d1f166a3f02a86a [term 0 FOLLOWER]: Replica starting. Triggering 0 pending ops. Active config: opid_index: -1 OBSOLETE_local: false peers { permanent_uuid: "f4a398fb2f134ae9ad81b0a357ad8ddb" member_type: VOTER last_known_addr { host: "127.16.158.2" port: 32955 } } peers { permanent_uuid: "53dbeee29b9742288a0859376d333a2d" member_type: VOTER last_known_addr { host: "127.16.158.1" port: 37281 } } peers { permanent_uuid: "7fae2dd7991b4dbc8d1f166a3f02a86a" member_type: VOTER last_known_addr { host: "127.16.158.3" port: 40725 } }
I20260608 12:55:41.287999 19830 raft_consensus.cc:385] T a3f1cbcb820349ccaaac1fdf61d9d57f P 7fae2dd7991b4dbc8d1f166a3f02a86a [term 0 FOLLOWER]: Consensus starting up: Expiring failure detector timer to make a prompt election more likely
I20260608 12:55:41.288069 19829 raft_consensus.cc:359] T c599cd289e57419397953153bb3d15c7 P 53dbeee29b9742288a0859376d333a2d [term 0 FOLLOWER]: Replica starting. Triggering 0 pending ops. Active config: opid_index: -1 OBSOLETE_local: false peers { permanent_uuid: "53dbeee29b9742288a0859376d333a2d" member_type: VOTER last_known_addr { host: "127.16.158.1" port: 37281 } } peers { permanent_uuid: "f4a398fb2f134ae9ad81b0a357ad8ddb" member_type: VOTER last_known_addr { host: "127.16.158.2" port: 32955 } } peers { permanent_uuid: "7fae2dd7991b4dbc8d1f166a3f02a86a" member_type: VOTER last_known_addr { host: "127.16.158.3" port: 40725 } }
I20260608 12:55:41.288430 19830 raft_consensus.cc:740] T a3f1cbcb820349ccaaac1fdf61d9d57f P 7fae2dd7991b4dbc8d1f166a3f02a86a [term 0 FOLLOWER]: Becoming Follower/Learner. State: Replica: 7fae2dd7991b4dbc8d1f166a3f02a86a, State: Initialized, Role: FOLLOWER
I20260608 12:55:41.288828 19829 raft_consensus.cc:385] T c599cd289e57419397953153bb3d15c7 P 53dbeee29b9742288a0859376d333a2d [term 0 FOLLOWER]: Consensus starting up: Expiring failure detector timer to make a prompt election more likely
I20260608 12:55:41.289119 19829 raft_consensus.cc:740] T c599cd289e57419397953153bb3d15c7 P 53dbeee29b9742288a0859376d333a2d [term 0 FOLLOWER]: Becoming Follower/Learner. State: Replica: 53dbeee29b9742288a0859376d333a2d, State: Initialized, Role: FOLLOWER
I20260608 12:55:41.289372 19830 consensus_queue.cc:260] T a3f1cbcb820349ccaaac1fdf61d9d57f P 7fae2dd7991b4dbc8d1f166a3f02a86a [NON_LEADER]: Queue going to NON_LEADER mode. State: All replicated index: 0, Majority replicated index: 0, Committed index: 0, Last appended: 0.0, Last appended by leader: 0, Current term: 0, Majority size: -1, State: 0, Mode: NON_LEADER, active raft config: opid_index: -1 OBSOLETE_local: false peers { permanent_uuid: "f4a398fb2f134ae9ad81b0a357ad8ddb" member_type: VOTER last_known_addr { host: "127.16.158.2" port: 32955 } } peers { permanent_uuid: "53dbeee29b9742288a0859376d333a2d" member_type: VOTER last_known_addr { host: "127.16.158.1" port: 37281 } } peers { permanent_uuid: "7fae2dd7991b4dbc8d1f166a3f02a86a" member_type: VOTER last_known_addr { host: "127.16.158.3" port: 40725 } }
I20260608 12:55:41.289919 19829 consensus_queue.cc:260] T c599cd289e57419397953153bb3d15c7 P 53dbeee29b9742288a0859376d333a2d [NON_LEADER]: Queue going to NON_LEADER mode. State: All replicated index: 0, Majority replicated index: 0, Committed index: 0, Last appended: 0.0, Last appended by leader: 0, Current term: 0, Majority size: -1, State: 0, Mode: NON_LEADER, active raft config: opid_index: -1 OBSOLETE_local: false peers { permanent_uuid: "53dbeee29b9742288a0859376d333a2d" member_type: VOTER last_known_addr { host: "127.16.158.1" port: 37281 } } peers { permanent_uuid: "f4a398fb2f134ae9ad81b0a357ad8ddb" member_type: VOTER last_known_addr { host: "127.16.158.2" port: 32955 } } peers { permanent_uuid: "7fae2dd7991b4dbc8d1f166a3f02a86a" member_type: VOTER last_known_addr { host: "127.16.158.3" port: 40725 } }
I20260608 12:55:41.290674 19828 tablet_bootstrap.cc:492] T c87a946114ea44e0974166fd29102fe9 P f4a398fb2f134ae9ad81b0a357ad8ddb: No bootstrap required, opened a new log
I20260608 12:55:41.291157 19828 ts_tablet_manager.cc:1403] T c87a946114ea44e0974166fd29102fe9 P f4a398fb2f134ae9ad81b0a357ad8ddb: Time spent bootstrapping tablet: real 0.033s	user 0.021s	sys 0.008s
I20260608 12:55:41.291594 19830 ts_tablet_manager.cc:1434] T a3f1cbcb820349ccaaac1fdf61d9d57f P 7fae2dd7991b4dbc8d1f166a3f02a86a: Time spent starting tablet: real 0.007s	user 0.006s	sys 0.000s
I20260608 12:55:41.292217 19829 ts_tablet_manager.cc:1434] T c599cd289e57419397953153bb3d15c7 P 53dbeee29b9742288a0859376d333a2d: Time spent starting tablet: real 0.008s	user 0.008s	sys 0.000s
I20260608 12:55:41.292649 19830 tablet_bootstrap.cc:492] T c87a946114ea44e0974166fd29102fe9 P 7fae2dd7991b4dbc8d1f166a3f02a86a: Bootstrap starting.
I20260608 12:55:41.293898 19828 raft_consensus.cc:359] T c87a946114ea44e0974166fd29102fe9 P f4a398fb2f134ae9ad81b0a357ad8ddb [term 0 FOLLOWER]: Replica starting. Triggering 0 pending ops. Active config: opid_index: -1 OBSOLETE_local: false peers { permanent_uuid: "53dbeee29b9742288a0859376d333a2d" member_type: VOTER last_known_addr { host: "127.16.158.1" port: 37281 } } peers { permanent_uuid: "f4a398fb2f134ae9ad81b0a357ad8ddb" member_type: VOTER last_known_addr { host: "127.16.158.2" port: 32955 } } peers { permanent_uuid: "7fae2dd7991b4dbc8d1f166a3f02a86a" member_type: VOTER last_known_addr { host: "127.16.158.3" port: 40725 } }
I20260608 12:55:41.294391 19828 raft_consensus.cc:385] T c87a946114ea44e0974166fd29102fe9 P f4a398fb2f134ae9ad81b0a357ad8ddb [term 0 FOLLOWER]: Consensus starting up: Expiring failure detector timer to make a prompt election more likely
I20260608 12:55:41.294611 19828 raft_consensus.cc:740] T c87a946114ea44e0974166fd29102fe9 P f4a398fb2f134ae9ad81b0a357ad8ddb [term 0 FOLLOWER]: Becoming Follower/Learner. State: Replica: f4a398fb2f134ae9ad81b0a357ad8ddb, State: Initialized, Role: FOLLOWER
I20260608 12:55:41.295377 19828 consensus_queue.cc:260] T c87a946114ea44e0974166fd29102fe9 P f4a398fb2f134ae9ad81b0a357ad8ddb [NON_LEADER]: Queue going to NON_LEADER mode. State: All replicated index: 0, Majority replicated index: 0, Committed index: 0, Last appended: 0.0, Last appended by leader: 0, Current term: 0, Majority size: -1, State: 0, Mode: NON_LEADER, active raft config: opid_index: -1 OBSOLETE_local: false peers { permanent_uuid: "53dbeee29b9742288a0859376d333a2d" member_type: VOTER last_known_addr { host: "127.16.158.1" port: 37281 } } peers { permanent_uuid: "f4a398fb2f134ae9ad81b0a357ad8ddb" member_type: VOTER last_known_addr { host: "127.16.158.2" port: 32955 } } peers { permanent_uuid: "7fae2dd7991b4dbc8d1f166a3f02a86a" member_type: VOTER last_known_addr { host: "127.16.158.3" port: 40725 } }
I20260608 12:55:41.297621 19828 ts_tablet_manager.cc:1434] T c87a946114ea44e0974166fd29102fe9 P f4a398fb2f134ae9ad81b0a357ad8ddb: Time spent starting tablet: real 0.006s	user 0.006s	sys 0.001s
I20260608 12:55:41.298611 19828 tablet_bootstrap.cc:492] T d1e57bacf6e74e958518d2de1703ef35 P f4a398fb2f134ae9ad81b0a357ad8ddb: Bootstrap starting.
I20260608 12:55:41.302498 19830 tablet_bootstrap.cc:654] T c87a946114ea44e0974166fd29102fe9 P 7fae2dd7991b4dbc8d1f166a3f02a86a: Neither blocks nor log segments found. Creating new log.
I20260608 12:55:41.305274 19828 tablet_bootstrap.cc:654] T d1e57bacf6e74e958518d2de1703ef35 P f4a398fb2f134ae9ad81b0a357ad8ddb: Neither blocks nor log segments found. Creating new log.
I20260608 12:55:41.310397 19828 tablet_bootstrap.cc:492] T d1e57bacf6e74e958518d2de1703ef35 P f4a398fb2f134ae9ad81b0a357ad8ddb: No bootstrap required, opened a new log
I20260608 12:55:41.310868 19828 ts_tablet_manager.cc:1403] T d1e57bacf6e74e958518d2de1703ef35 P f4a398fb2f134ae9ad81b0a357ad8ddb: Time spent bootstrapping tablet: real 0.012s	user 0.007s	sys 0.003s
I20260608 12:55:41.313422 19828 raft_consensus.cc:359] T d1e57bacf6e74e958518d2de1703ef35 P f4a398fb2f134ae9ad81b0a357ad8ddb [term 0 FOLLOWER]: Replica starting. Triggering 0 pending ops. Active config: opid_index: -1 OBSOLETE_local: false peers { permanent_uuid: "53dbeee29b9742288a0859376d333a2d" member_type: VOTER last_known_addr { host: "127.16.158.1" port: 37281 } } peers { permanent_uuid: "f4a398fb2f134ae9ad81b0a357ad8ddb" member_type: VOTER last_known_addr { host: "127.16.158.2" port: 32955 } } peers { permanent_uuid: "7fae2dd7991b4dbc8d1f166a3f02a86a" member_type: VOTER last_known_addr { host: "127.16.158.3" port: 40725 } }
I20260608 12:55:41.313963 19828 raft_consensus.cc:385] T d1e57bacf6e74e958518d2de1703ef35 P f4a398fb2f134ae9ad81b0a357ad8ddb [term 0 FOLLOWER]: Consensus starting up: Expiring failure detector timer to make a prompt election more likely
I20260608 12:55:41.314044 19830 tablet_bootstrap.cc:492] T c87a946114ea44e0974166fd29102fe9 P 7fae2dd7991b4dbc8d1f166a3f02a86a: No bootstrap required, opened a new log
I20260608 12:55:41.314210 19828 raft_consensus.cc:740] T d1e57bacf6e74e958518d2de1703ef35 P f4a398fb2f134ae9ad81b0a357ad8ddb [term 0 FOLLOWER]: Becoming Follower/Learner. State: Replica: f4a398fb2f134ae9ad81b0a357ad8ddb, State: Initialized, Role: FOLLOWER
I20260608 12:55:41.314589 19830 ts_tablet_manager.cc:1403] T c87a946114ea44e0974166fd29102fe9 P 7fae2dd7991b4dbc8d1f166a3f02a86a: Time spent bootstrapping tablet: real 0.022s	user 0.010s	sys 0.009s
I20260608 12:55:41.314955 19828 consensus_queue.cc:260] T d1e57bacf6e74e958518d2de1703ef35 P f4a398fb2f134ae9ad81b0a357ad8ddb [NON_LEADER]: Queue going to NON_LEADER mode. State: All replicated index: 0, Majority replicated index: 0, Committed index: 0, Last appended: 0.0, Last appended by leader: 0, Current term: 0, Majority size: -1, State: 0, Mode: NON_LEADER, active raft config: opid_index: -1 OBSOLETE_local: false peers { permanent_uuid: "53dbeee29b9742288a0859376d333a2d" member_type: VOTER last_known_addr { host: "127.16.158.1" port: 37281 } } peers { permanent_uuid: "f4a398fb2f134ae9ad81b0a357ad8ddb" member_type: VOTER last_known_addr { host: "127.16.158.2" port: 32955 } } peers { permanent_uuid: "7fae2dd7991b4dbc8d1f166a3f02a86a" member_type: VOTER last_known_addr { host: "127.16.158.3" port: 40725 } }
I20260608 12:55:41.316771 19828 ts_tablet_manager.cc:1434] T d1e57bacf6e74e958518d2de1703ef35 P f4a398fb2f134ae9ad81b0a357ad8ddb: Time spent starting tablet: real 0.006s	user 0.007s	sys 0.000s
I20260608 12:55:41.317508 19830 raft_consensus.cc:359] T c87a946114ea44e0974166fd29102fe9 P 7fae2dd7991b4dbc8d1f166a3f02a86a [term 0 FOLLOWER]: Replica starting. Triggering 0 pending ops. Active config: opid_index: -1 OBSOLETE_local: false peers { permanent_uuid: "53dbeee29b9742288a0859376d333a2d" member_type: VOTER last_known_addr { host: "127.16.158.1" port: 37281 } } peers { permanent_uuid: "f4a398fb2f134ae9ad81b0a357ad8ddb" member_type: VOTER last_known_addr { host: "127.16.158.2" port: 32955 } } peers { permanent_uuid: "7fae2dd7991b4dbc8d1f166a3f02a86a" member_type: VOTER last_known_addr { host: "127.16.158.3" port: 40725 } }
I20260608 12:55:41.318114 19830 raft_consensus.cc:385] T c87a946114ea44e0974166fd29102fe9 P 7fae2dd7991b4dbc8d1f166a3f02a86a [term 0 FOLLOWER]: Consensus starting up: Expiring failure detector timer to make a prompt election more likely
I20260608 12:55:41.318406 19830 raft_consensus.cc:740] T c87a946114ea44e0974166fd29102fe9 P 7fae2dd7991b4dbc8d1f166a3f02a86a [term 0 FOLLOWER]: Becoming Follower/Learner. State: Replica: 7fae2dd7991b4dbc8d1f166a3f02a86a, State: Initialized, Role: FOLLOWER
I20260608 12:55:41.319087 19830 consensus_queue.cc:260] T c87a946114ea44e0974166fd29102fe9 P 7fae2dd7991b4dbc8d1f166a3f02a86a [NON_LEADER]: Queue going to NON_LEADER mode. State: All replicated index: 0, Majority replicated index: 0, Committed index: 0, Last appended: 0.0, Last appended by leader: 0, Current term: 0, Majority size: -1, State: 0, Mode: NON_LEADER, active raft config: opid_index: -1 OBSOLETE_local: false peers { permanent_uuid: "53dbeee29b9742288a0859376d333a2d" member_type: VOTER last_known_addr { host: "127.16.158.1" port: 37281 } } peers { permanent_uuid: "f4a398fb2f134ae9ad81b0a357ad8ddb" member_type: VOTER last_known_addr { host: "127.16.158.2" port: 32955 } } peers { permanent_uuid: "7fae2dd7991b4dbc8d1f166a3f02a86a" member_type: VOTER last_known_addr { host: "127.16.158.3" port: 40725 } }
I20260608 12:55:41.320813 19830 ts_tablet_manager.cc:1434] T c87a946114ea44e0974166fd29102fe9 P 7fae2dd7991b4dbc8d1f166a3f02a86a: Time spent starting tablet: real 0.006s	user 0.006s	sys 0.000s
I20260608 12:55:41.327483 19835 raft_consensus.cc:493] T c87a946114ea44e0974166fd29102fe9 P 7fae2dd7991b4dbc8d1f166a3f02a86a [term 0 FOLLOWER]: Starting pre-election (no leader contacted us within the election timeout)
I20260608 12:55:41.328074 19835 raft_consensus.cc:515] T c87a946114ea44e0974166fd29102fe9 P 7fae2dd7991b4dbc8d1f166a3f02a86a [term 0 FOLLOWER]: Starting pre-election with config: opid_index: -1 OBSOLETE_local: false peers { permanent_uuid: "53dbeee29b9742288a0859376d333a2d" member_type: VOTER last_known_addr { host: "127.16.158.1" port: 37281 } } peers { permanent_uuid: "f4a398fb2f134ae9ad81b0a357ad8ddb" member_type: VOTER last_known_addr { host: "127.16.158.2" port: 32955 } } peers { permanent_uuid: "7fae2dd7991b4dbc8d1f166a3f02a86a" member_type: VOTER last_known_addr { host: "127.16.158.3" port: 40725 } }
I20260608 12:55:41.330704 19835 leader_election.cc:290] T c87a946114ea44e0974166fd29102fe9 P 7fae2dd7991b4dbc8d1f166a3f02a86a [CANDIDATE]: Term 1 pre-election: Requested pre-vote from peers 53dbeee29b9742288a0859376d333a2d (127.16.158.1:37281), f4a398fb2f134ae9ad81b0a357ad8ddb (127.16.158.2:32955)
I20260608 12:55:41.337045 19836 raft_consensus.cc:493] T c87a946114ea44e0974166fd29102fe9 P f4a398fb2f134ae9ad81b0a357ad8ddb [term 0 FOLLOWER]: Starting pre-election (no leader contacted us within the election timeout)
I20260608 12:55:41.337657 19836 raft_consensus.cc:515] T c87a946114ea44e0974166fd29102fe9 P f4a398fb2f134ae9ad81b0a357ad8ddb [term 0 FOLLOWER]: Starting pre-election with config: opid_index: -1 OBSOLETE_local: false peers { permanent_uuid: "53dbeee29b9742288a0859376d333a2d" member_type: VOTER last_known_addr { host: "127.16.158.1" port: 37281 } } peers { permanent_uuid: "f4a398fb2f134ae9ad81b0a357ad8ddb" member_type: VOTER last_known_addr { host: "127.16.158.2" port: 32955 } } peers { permanent_uuid: "7fae2dd7991b4dbc8d1f166a3f02a86a" member_type: VOTER last_known_addr { host: "127.16.158.3" port: 40725 } }
I20260608 12:55:41.340725 19836 leader_election.cc:290] T c87a946114ea44e0974166fd29102fe9 P f4a398fb2f134ae9ad81b0a357ad8ddb [CANDIDATE]: Term 1 pre-election: Requested pre-vote from peers 53dbeee29b9742288a0859376d333a2d (127.16.158.1:37281), 7fae2dd7991b4dbc8d1f166a3f02a86a (127.16.158.3:40725)
I20260608 12:55:41.341048 19634 tablet_service.cc:1917] Received RequestConsensusVote() RPC: tablet_id: "c87a946114ea44e0974166fd29102fe9" candidate_uuid: "7fae2dd7991b4dbc8d1f166a3f02a86a" candidate_term: 1 candidate_status { last_received { term: 0 index: 0 } } ignore_live_leader: false dest_uuid: "53dbeee29b9742288a0859376d333a2d" is_pre_election: true
I20260608 12:55:41.341846 19634 raft_consensus.cc:2468] T c87a946114ea44e0974166fd29102fe9 P 53dbeee29b9742288a0859376d333a2d [term 0 FOLLOWER]: Leader pre-election vote request: Granting yes vote for candidate 7fae2dd7991b4dbc8d1f166a3f02a86a in term 0.
I20260608 12:55:41.343497 19749 leader_election.cc:304] T c87a946114ea44e0974166fd29102fe9 P 7fae2dd7991b4dbc8d1f166a3f02a86a [CANDIDATE]: Term 1 pre-election: Election decided. Result: candidate won. Election summary: received 2 responses out of 3 voters: 2 yes votes; 0 no votes. yes voters: 53dbeee29b9742288a0859376d333a2d, 7fae2dd7991b4dbc8d1f166a3f02a86a; no voters: 
I20260608 12:55:41.344394 19835 raft_consensus.cc:2804] T c87a946114ea44e0974166fd29102fe9 P 7fae2dd7991b4dbc8d1f166a3f02a86a [term 0 FOLLOWER]: Leader pre-election won for term 1
I20260608 12:55:41.344765 19835 raft_consensus.cc:493] T c87a946114ea44e0974166fd29102fe9 P 7fae2dd7991b4dbc8d1f166a3f02a86a [term 0 FOLLOWER]: Starting leader election (no leader contacted us within the election timeout)
I20260608 12:55:41.345109 19835 raft_consensus.cc:3060] T c87a946114ea44e0974166fd29102fe9 P 7fae2dd7991b4dbc8d1f166a3f02a86a [term 0 FOLLOWER]: Advancing to term 1
I20260608 12:55:41.345901 19709 tablet_service.cc:1917] Received RequestConsensusVote() RPC: tablet_id: "c87a946114ea44e0974166fd29102fe9" candidate_uuid: "7fae2dd7991b4dbc8d1f166a3f02a86a" candidate_term: 1 candidate_status { last_received { term: 0 index: 0 } } ignore_live_leader: false dest_uuid: "f4a398fb2f134ae9ad81b0a357ad8ddb" is_pre_election: true
I20260608 12:55:41.346589 19709 raft_consensus.cc:2468] T c87a946114ea44e0974166fd29102fe9 P f4a398fb2f134ae9ad81b0a357ad8ddb [term 0 FOLLOWER]: Leader pre-election vote request: Granting yes vote for candidate 7fae2dd7991b4dbc8d1f166a3f02a86a in term 0.
I20260608 12:55:41.350659 19834 raft_consensus.cc:493] T d1e57bacf6e74e958518d2de1703ef35 P 53dbeee29b9742288a0859376d333a2d [term 0 FOLLOWER]: Starting pre-election (no leader contacted us within the election timeout)
I20260608 12:55:41.351197 19834 raft_consensus.cc:515] T d1e57bacf6e74e958518d2de1703ef35 P 53dbeee29b9742288a0859376d333a2d [term 0 FOLLOWER]: Starting pre-election with config: opid_index: -1 OBSOLETE_local: false peers { permanent_uuid: "53dbeee29b9742288a0859376d333a2d" member_type: VOTER last_known_addr { host: "127.16.158.1" port: 37281 } } peers { permanent_uuid: "f4a398fb2f134ae9ad81b0a357ad8ddb" member_type: VOTER last_known_addr { host: "127.16.158.2" port: 32955 } } peers { permanent_uuid: "7fae2dd7991b4dbc8d1f166a3f02a86a" member_type: VOTER last_known_addr { host: "127.16.158.3" port: 40725 } }
I20260608 12:55:41.356228 19834 leader_election.cc:290] T d1e57bacf6e74e958518d2de1703ef35 P 53dbeee29b9742288a0859376d333a2d [CANDIDATE]: Term 1 pre-election: Requested pre-vote from peers f4a398fb2f134ae9ad81b0a357ad8ddb (127.16.158.2:32955), 7fae2dd7991b4dbc8d1f166a3f02a86a (127.16.158.3:40725)
I20260608 12:55:41.356181 19783 tablet_service.cc:1917] Received RequestConsensusVote() RPC: tablet_id: "c87a946114ea44e0974166fd29102fe9" candidate_uuid: "f4a398fb2f134ae9ad81b0a357ad8ddb" candidate_term: 1 candidate_status { last_received { term: 0 index: 0 } } ignore_live_leader: false dest_uuid: "7fae2dd7991b4dbc8d1f166a3f02a86a" is_pre_election: true
I20260608 12:55:41.355526 19835 raft_consensus.cc:515] T c87a946114ea44e0974166fd29102fe9 P 7fae2dd7991b4dbc8d1f166a3f02a86a [term 1 FOLLOWER]: Starting leader election with config: opid_index: -1 OBSOLETE_local: false peers { permanent_uuid: "53dbeee29b9742288a0859376d333a2d" member_type: VOTER last_known_addr { host: "127.16.158.1" port: 37281 } } peers { permanent_uuid: "f4a398fb2f134ae9ad81b0a357ad8ddb" member_type: VOTER last_known_addr { host: "127.16.158.2" port: 32955 } } peers { permanent_uuid: "7fae2dd7991b4dbc8d1f166a3f02a86a" member_type: VOTER last_known_addr { host: "127.16.158.3" port: 40725 } }
I20260608 12:55:41.358352 19783 raft_consensus.cc:2393] T c87a946114ea44e0974166fd29102fe9 P 7fae2dd7991b4dbc8d1f166a3f02a86a [term 1 FOLLOWER]: Leader pre-election vote request: Denying vote to candidate f4a398fb2f134ae9ad81b0a357ad8ddb in current term 1: Already voted for candidate 7fae2dd7991b4dbc8d1f166a3f02a86a in this term.
I20260608 12:55:41.359968 19634 tablet_service.cc:1917] Received RequestConsensusVote() RPC: tablet_id: "c87a946114ea44e0974166fd29102fe9" candidate_uuid: "f4a398fb2f134ae9ad81b0a357ad8ddb" candidate_term: 1 candidate_status { last_received { term: 0 index: 0 } } ignore_live_leader: false dest_uuid: "53dbeee29b9742288a0859376d333a2d" is_pre_election: true
I20260608 12:55:41.360721 19634 raft_consensus.cc:2468] T c87a946114ea44e0974166fd29102fe9 P 53dbeee29b9742288a0859376d333a2d [term 0 FOLLOWER]: Leader pre-election vote request: Granting yes vote for candidate f4a398fb2f134ae9ad81b0a357ad8ddb in term 0.
I20260608 12:55:41.362182 19675 leader_election.cc:304] T c87a946114ea44e0974166fd29102fe9 P f4a398fb2f134ae9ad81b0a357ad8ddb [CANDIDATE]: Term 1 pre-election: Election decided. Result: candidate won. Election summary: received 2 responses out of 3 voters: 2 yes votes; 0 no votes. yes voters: 53dbeee29b9742288a0859376d333a2d, f4a398fb2f134ae9ad81b0a357ad8ddb; no voters: 
I20260608 12:55:41.363085 19836 raft_consensus.cc:2804] T c87a946114ea44e0974166fd29102fe9 P f4a398fb2f134ae9ad81b0a357ad8ddb [term 0 FOLLOWER]: Leader pre-election won for term 1
I20260608 12:55:41.363437 19836 raft_consensus.cc:493] T c87a946114ea44e0974166fd29102fe9 P f4a398fb2f134ae9ad81b0a357ad8ddb [term 0 FOLLOWER]: Starting leader election (no leader contacted us within the election timeout)
I20260608 12:55:41.363798 19836 raft_consensus.cc:3060] T c87a946114ea44e0974166fd29102fe9 P f4a398fb2f134ae9ad81b0a357ad8ddb [term 0 FOLLOWER]: Advancing to term 1
I20260608 12:55:41.366796 19709 tablet_service.cc:1917] Received RequestConsensusVote() RPC: tablet_id: "c87a946114ea44e0974166fd29102fe9" candidate_uuid: "7fae2dd7991b4dbc8d1f166a3f02a86a" candidate_term: 1 candidate_status { last_received { term: 0 index: 0 } } ignore_live_leader: false dest_uuid: "f4a398fb2f134ae9ad81b0a357ad8ddb"
I20260608 12:55:41.367550 19835 leader_election.cc:290] T c87a946114ea44e0974166fd29102fe9 P 7fae2dd7991b4dbc8d1f166a3f02a86a [CANDIDATE]: Term 1 election: Requested vote from peers 53dbeee29b9742288a0859376d333a2d (127.16.158.1:37281), f4a398fb2f134ae9ad81b0a357ad8ddb (127.16.158.2:32955)
I20260608 12:55:41.368599 19634 tablet_service.cc:1917] Received RequestConsensusVote() RPC: tablet_id: "c87a946114ea44e0974166fd29102fe9" candidate_uuid: "7fae2dd7991b4dbc8d1f166a3f02a86a" candidate_term: 1 candidate_status { last_received { term: 0 index: 0 } } ignore_live_leader: false dest_uuid: "53dbeee29b9742288a0859376d333a2d"
I20260608 12:55:41.369184 19634 raft_consensus.cc:3060] T c87a946114ea44e0974166fd29102fe9 P 53dbeee29b9742288a0859376d333a2d [term 0 FOLLOWER]: Advancing to term 1
I20260608 12:55:41.370684 19708 tablet_service.cc:1917] Received RequestConsensusVote() RPC: tablet_id: "d1e57bacf6e74e958518d2de1703ef35" candidate_uuid: "53dbeee29b9742288a0859376d333a2d" candidate_term: 1 candidate_status { last_received { term: 0 index: 0 } } ignore_live_leader: false dest_uuid: "f4a398fb2f134ae9ad81b0a357ad8ddb" is_pre_election: true
I20260608 12:55:41.371201 19708 raft_consensus.cc:2468] T d1e57bacf6e74e958518d2de1703ef35 P f4a398fb2f134ae9ad81b0a357ad8ddb [term 0 FOLLOWER]: Leader pre-election vote request: Granting yes vote for candidate 53dbeee29b9742288a0859376d333a2d in term 0.
I20260608 12:55:41.371272 19836 raft_consensus.cc:515] T c87a946114ea44e0974166fd29102fe9 P f4a398fb2f134ae9ad81b0a357ad8ddb [term 1 FOLLOWER]: Starting leader election with config: opid_index: -1 OBSOLETE_local: false peers { permanent_uuid: "53dbeee29b9742288a0859376d333a2d" member_type: VOTER last_known_addr { host: "127.16.158.1" port: 37281 } } peers { permanent_uuid: "f4a398fb2f134ae9ad81b0a357ad8ddb" member_type: VOTER last_known_addr { host: "127.16.158.2" port: 32955 } } peers { permanent_uuid: "7fae2dd7991b4dbc8d1f166a3f02a86a" member_type: VOTER last_known_addr { host: "127.16.158.3" port: 40725 } }
I20260608 12:55:41.372550 19709 raft_consensus.cc:2393] T c87a946114ea44e0974166fd29102fe9 P f4a398fb2f134ae9ad81b0a357ad8ddb [term 1 FOLLOWER]: Leader election vote request: Denying vote to candidate 7fae2dd7991b4dbc8d1f166a3f02a86a in current term 1: Already voted for candidate f4a398fb2f134ae9ad81b0a357ad8ddb in this term.
I20260608 12:55:41.372790 19597 leader_election.cc:304] T d1e57bacf6e74e958518d2de1703ef35 P 53dbeee29b9742288a0859376d333a2d [CANDIDATE]: Term 1 pre-election: Election decided. Result: candidate won. Election summary: received 2 responses out of 3 voters: 2 yes votes; 0 no votes. yes voters: 53dbeee29b9742288a0859376d333a2d, f4a398fb2f134ae9ad81b0a357ad8ddb; no voters: 
I20260608 12:55:41.375151 19836 leader_election.cc:290] T c87a946114ea44e0974166fd29102fe9 P f4a398fb2f134ae9ad81b0a357ad8ddb [CANDIDATE]: Term 1 election: Requested vote from peers 53dbeee29b9742288a0859376d333a2d (127.16.158.1:37281), 7fae2dd7991b4dbc8d1f166a3f02a86a (127.16.158.3:40725)
I20260608 12:55:41.376322 19783 tablet_service.cc:1917] Received RequestConsensusVote() RPC: tablet_id: "c87a946114ea44e0974166fd29102fe9" candidate_uuid: "f4a398fb2f134ae9ad81b0a357ad8ddb" candidate_term: 1 candidate_status { last_received { term: 0 index: 0 } } ignore_live_leader: false dest_uuid: "7fae2dd7991b4dbc8d1f166a3f02a86a"
I20260608 12:55:41.376384 19633 tablet_service.cc:1917] Received RequestConsensusVote() RPC: tablet_id: "c87a946114ea44e0974166fd29102fe9" candidate_uuid: "f4a398fb2f134ae9ad81b0a357ad8ddb" candidate_term: 1 candidate_status { last_received { term: 0 index: 0 } } ignore_live_leader: false dest_uuid: "53dbeee29b9742288a0859376d333a2d"
I20260608 12:55:41.377307 19783 raft_consensus.cc:2393] T c87a946114ea44e0974166fd29102fe9 P 7fae2dd7991b4dbc8d1f166a3f02a86a [term 1 FOLLOWER]: Leader election vote request: Denying vote to candidate f4a398fb2f134ae9ad81b0a357ad8ddb in current term 1: Already voted for candidate 7fae2dd7991b4dbc8d1f166a3f02a86a in this term.
I20260608 12:55:41.378130 19834 raft_consensus.cc:2804] T d1e57bacf6e74e958518d2de1703ef35 P 53dbeee29b9742288a0859376d333a2d [term 0 FOLLOWER]: Leader pre-election won for term 1
I20260608 12:55:41.378521 19834 raft_consensus.cc:493] T d1e57bacf6e74e958518d2de1703ef35 P 53dbeee29b9742288a0859376d333a2d [term 0 FOLLOWER]: Starting leader election (no leader contacted us within the election timeout)
I20260608 12:55:41.378885 19834 raft_consensus.cc:3060] T d1e57bacf6e74e958518d2de1703ef35 P 53dbeee29b9742288a0859376d333a2d [term 0 FOLLOWER]: Advancing to term 1
I20260608 12:55:41.378695 19675 leader_election.cc:304] T c87a946114ea44e0974166fd29102fe9 P f4a398fb2f134ae9ad81b0a357ad8ddb [CANDIDATE]: Term 1 election: Election decided. Result: candidate lost. Election summary: received 3 responses out of 3 voters: 1 yes votes; 2 no votes. yes voters: f4a398fb2f134ae9ad81b0a357ad8ddb; no voters: 53dbeee29b9742288a0859376d333a2d, 7fae2dd7991b4dbc8d1f166a3f02a86a
I20260608 12:55:41.377303 19634 raft_consensus.cc:2468] T c87a946114ea44e0974166fd29102fe9 P 53dbeee29b9742288a0859376d333a2d [term 1 FOLLOWER]: Leader election vote request: Granting yes vote for candidate 7fae2dd7991b4dbc8d1f166a3f02a86a in term 1.
I20260608 12:55:41.380813 19836 raft_consensus.cc:2749] T c87a946114ea44e0974166fd29102fe9 P f4a398fb2f134ae9ad81b0a357ad8ddb [term 1 FOLLOWER]: Leader election lost for term 1. Reason: could not achieve majority
I20260608 12:55:41.381415 19783 tablet_service.cc:1917] Received RequestConsensusVote() RPC: tablet_id: "d1e57bacf6e74e958518d2de1703ef35" candidate_uuid: "53dbeee29b9742288a0859376d333a2d" candidate_term: 1 candidate_status { last_received { term: 0 index: 0 } } ignore_live_leader: false dest_uuid: "7fae2dd7991b4dbc8d1f166a3f02a86a" is_pre_election: true
I20260608 12:55:41.381565 19749 leader_election.cc:304] T c87a946114ea44e0974166fd29102fe9 P 7fae2dd7991b4dbc8d1f166a3f02a86a [CANDIDATE]: Term 1 election: Election decided. Result: candidate won. Election summary: received 3 responses out of 3 voters: 2 yes votes; 1 no votes. yes voters: 53dbeee29b9742288a0859376d333a2d, 7fae2dd7991b4dbc8d1f166a3f02a86a; no voters: f4a398fb2f134ae9ad81b0a357ad8ddb
I20260608 12:55:41.382077 19783 raft_consensus.cc:2468] T d1e57bacf6e74e958518d2de1703ef35 P 7fae2dd7991b4dbc8d1f166a3f02a86a [term 0 FOLLOWER]: Leader pre-election vote request: Granting yes vote for candidate 53dbeee29b9742288a0859376d333a2d in term 0.
I20260608 12:55:41.382427 19835 raft_consensus.cc:2804] T c87a946114ea44e0974166fd29102fe9 P 7fae2dd7991b4dbc8d1f166a3f02a86a [term 1 FOLLOWER]: Leader election won for term 1
I20260608 12:55:41.383778 19835 raft_consensus.cc:697] T c87a946114ea44e0974166fd29102fe9 P 7fae2dd7991b4dbc8d1f166a3f02a86a [term 1 LEADER]: Becoming Leader. State: Replica: 7fae2dd7991b4dbc8d1f166a3f02a86a, State: Running, Role: LEADER
I20260608 12:55:41.384698 19835 consensus_queue.cc:237] T c87a946114ea44e0974166fd29102fe9 P 7fae2dd7991b4dbc8d1f166a3f02a86a [LEADER]: Queue going to LEADER mode. State: All replicated index: 0, Majority replicated index: 0, Committed index: 0, Last appended: 0.0, Last appended by leader: 0, Current term: 1, Majority size: 2, State: 0, Mode: LEADER, active raft config: opid_index: -1 OBSOLETE_local: false peers { permanent_uuid: "53dbeee29b9742288a0859376d333a2d" member_type: VOTER last_known_addr { host: "127.16.158.1" port: 37281 } } peers { permanent_uuid: "f4a398fb2f134ae9ad81b0a357ad8ddb" member_type: VOTER last_known_addr { host: "127.16.158.2" port: 32955 } } peers { permanent_uuid: "7fae2dd7991b4dbc8d1f166a3f02a86a" member_type: VOTER last_known_addr { host: "127.16.158.3" port: 40725 } }
I20260608 12:55:41.387292 19834 raft_consensus.cc:515] T d1e57bacf6e74e958518d2de1703ef35 P 53dbeee29b9742288a0859376d333a2d [term 1 FOLLOWER]: Starting leader election with config: opid_index: -1 OBSOLETE_local: false peers { permanent_uuid: "53dbeee29b9742288a0859376d333a2d" member_type: VOTER last_known_addr { host: "127.16.158.1" port: 37281 } } peers { permanent_uuid: "f4a398fb2f134ae9ad81b0a357ad8ddb" member_type: VOTER last_known_addr { host: "127.16.158.2" port: 32955 } } peers { permanent_uuid: "7fae2dd7991b4dbc8d1f166a3f02a86a" member_type: VOTER last_known_addr { host: "127.16.158.3" port: 40725 } }
I20260608 12:55:41.390398 19834 leader_election.cc:290] T d1e57bacf6e74e958518d2de1703ef35 P 53dbeee29b9742288a0859376d333a2d [CANDIDATE]: Term 1 election: Requested vote from peers f4a398fb2f134ae9ad81b0a357ad8ddb (127.16.158.2:32955), 7fae2dd7991b4dbc8d1f166a3f02a86a (127.16.158.3:40725)
I20260608 12:55:41.390620 19783 tablet_service.cc:1917] Received RequestConsensusVote() RPC: tablet_id: "d1e57bacf6e74e958518d2de1703ef35" candidate_uuid: "53dbeee29b9742288a0859376d333a2d" candidate_term: 1 candidate_status { last_received { term: 0 index: 0 } } ignore_live_leader: false dest_uuid: "7fae2dd7991b4dbc8d1f166a3f02a86a"
I20260608 12:55:41.391198 19783 raft_consensus.cc:3060] T d1e57bacf6e74e958518d2de1703ef35 P 7fae2dd7991b4dbc8d1f166a3f02a86a [term 0 FOLLOWER]: Advancing to term 1
I20260608 12:55:41.391412 19709 tablet_service.cc:1917] Received RequestConsensusVote() RPC: tablet_id: "d1e57bacf6e74e958518d2de1703ef35" candidate_uuid: "53dbeee29b9742288a0859376d333a2d" candidate_term: 1 candidate_status { last_received { term: 0 index: 0 } } ignore_live_leader: false dest_uuid: "f4a398fb2f134ae9ad81b0a357ad8ddb"
I20260608 12:55:41.392454 19709 raft_consensus.cc:3060] T d1e57bacf6e74e958518d2de1703ef35 P f4a398fb2f134ae9ad81b0a357ad8ddb [term 0 FOLLOWER]: Advancing to term 1
I20260608 12:55:41.393872 19530 catalog_manager.cc:5696] T c87a946114ea44e0974166fd29102fe9 P 7fae2dd7991b4dbc8d1f166a3f02a86a reported cstate change: term changed from 0 to 1, leader changed from <none> to 7fae2dd7991b4dbc8d1f166a3f02a86a (127.16.158.3). New cstate: current_term: 1 leader_uuid: "7fae2dd7991b4dbc8d1f166a3f02a86a" committed_config { opid_index: -1 OBSOLETE_local: false peers { permanent_uuid: "53dbeee29b9742288a0859376d333a2d" member_type: VOTER last_known_addr { host: "127.16.158.1" port: 37281 } health_report { overall_health: UNKNOWN } } peers { permanent_uuid: "f4a398fb2f134ae9ad81b0a357ad8ddb" member_type: VOTER last_known_addr { host: "127.16.158.2" port: 32955 } health_report { overall_health: UNKNOWN } } peers { permanent_uuid: "7fae2dd7991b4dbc8d1f166a3f02a86a" member_type: VOTER last_known_addr { host: "127.16.158.3" port: 40725 } health_report { overall_health: HEALTHY } } }
I20260608 12:55:41.398198 19783 raft_consensus.cc:2468] T d1e57bacf6e74e958518d2de1703ef35 P 7fae2dd7991b4dbc8d1f166a3f02a86a [term 1 FOLLOWER]: Leader election vote request: Granting yes vote for candidate 53dbeee29b9742288a0859376d333a2d in term 1.
I20260608 12:55:41.399235 19709 raft_consensus.cc:2468] T d1e57bacf6e74e958518d2de1703ef35 P f4a398fb2f134ae9ad81b0a357ad8ddb [term 1 FOLLOWER]: Leader election vote request: Granting yes vote for candidate 53dbeee29b9742288a0859376d333a2d in term 1.
I20260608 12:55:41.399587 19600 leader_election.cc:304] T d1e57bacf6e74e958518d2de1703ef35 P 53dbeee29b9742288a0859376d333a2d [CANDIDATE]: Term 1 election: Election decided. Result: candidate won. Election summary: received 2 responses out of 3 voters: 2 yes votes; 0 no votes. yes voters: 53dbeee29b9742288a0859376d333a2d, 7fae2dd7991b4dbc8d1f166a3f02a86a; no voters: 
I20260608 12:55:41.400471 19834 raft_consensus.cc:2804] T d1e57bacf6e74e958518d2de1703ef35 P 53dbeee29b9742288a0859376d333a2d [term 1 FOLLOWER]: Leader election won for term 1
I20260608 12:55:41.402757 19834 raft_consensus.cc:697] T d1e57bacf6e74e958518d2de1703ef35 P 53dbeee29b9742288a0859376d333a2d [term 1 LEADER]: Becoming Leader. State: Replica: 53dbeee29b9742288a0859376d333a2d, State: Running, Role: LEADER
I20260608 12:55:41.403610 19834 consensus_queue.cc:237] T d1e57bacf6e74e958518d2de1703ef35 P 53dbeee29b9742288a0859376d333a2d [LEADER]: Queue going to LEADER mode. State: All replicated index: 0, Majority replicated index: 0, Committed index: 0, Last appended: 0.0, Last appended by leader: 0, Current term: 1, Majority size: 2, State: 0, Mode: LEADER, active raft config: opid_index: -1 OBSOLETE_local: false peers { permanent_uuid: "53dbeee29b9742288a0859376d333a2d" member_type: VOTER last_known_addr { host: "127.16.158.1" port: 37281 } } peers { permanent_uuid: "f4a398fb2f134ae9ad81b0a357ad8ddb" member_type: VOTER last_known_addr { host: "127.16.158.2" port: 32955 } } peers { permanent_uuid: "7fae2dd7991b4dbc8d1f166a3f02a86a" member_type: VOTER last_known_addr { host: "127.16.158.3" port: 40725 } }
I20260608 12:55:41.410444 19530 catalog_manager.cc:5696] T d1e57bacf6e74e958518d2de1703ef35 P 53dbeee29b9742288a0859376d333a2d reported cstate change: term changed from 0 to 1, leader changed from <none> to 53dbeee29b9742288a0859376d333a2d (127.16.158.1). New cstate: current_term: 1 leader_uuid: "53dbeee29b9742288a0859376d333a2d" committed_config { opid_index: -1 OBSOLETE_local: false peers { permanent_uuid: "53dbeee29b9742288a0859376d333a2d" member_type: VOTER last_known_addr { host: "127.16.158.1" port: 37281 } health_report { overall_health: HEALTHY } } peers { permanent_uuid: "f4a398fb2f134ae9ad81b0a357ad8ddb" member_type: VOTER last_known_addr { host: "127.16.158.2" port: 32955 } health_report { overall_health: UNKNOWN } } peers { permanent_uuid: "7fae2dd7991b4dbc8d1f166a3f02a86a" member_type: VOTER last_known_addr { host: "127.16.158.3" port: 40725 } health_report { overall_health: UNKNOWN } } }
I20260608 12:55:41.425836 19836 raft_consensus.cc:493] T a3f1cbcb820349ccaaac1fdf61d9d57f P f4a398fb2f134ae9ad81b0a357ad8ddb [term 0 FOLLOWER]: Starting pre-election (no leader contacted us within the election timeout)
I20260608 12:55:41.426334 19836 raft_consensus.cc:515] T a3f1cbcb820349ccaaac1fdf61d9d57f P f4a398fb2f134ae9ad81b0a357ad8ddb [term 0 FOLLOWER]: Starting pre-election with config: opid_index: -1 OBSOLETE_local: false peers { permanent_uuid: "f4a398fb2f134ae9ad81b0a357ad8ddb" member_type: VOTER last_known_addr { host: "127.16.158.2" port: 32955 } } peers { permanent_uuid: "53dbeee29b9742288a0859376d333a2d" member_type: VOTER last_known_addr { host: "127.16.158.1" port: 37281 } } peers { permanent_uuid: "7fae2dd7991b4dbc8d1f166a3f02a86a" member_type: VOTER last_known_addr { host: "127.16.158.3" port: 40725 } }
I20260608 12:55:41.428160 19836 leader_election.cc:290] T a3f1cbcb820349ccaaac1fdf61d9d57f P f4a398fb2f134ae9ad81b0a357ad8ddb [CANDIDATE]: Term 1 pre-election: Requested pre-vote from peers 53dbeee29b9742288a0859376d333a2d (127.16.158.1:37281), 7fae2dd7991b4dbc8d1f166a3f02a86a (127.16.158.3:40725)
I20260608 12:55:41.428877 19634 tablet_service.cc:1917] Received RequestConsensusVote() RPC: tablet_id: "a3f1cbcb820349ccaaac1fdf61d9d57f" candidate_uuid: "f4a398fb2f134ae9ad81b0a357ad8ddb" candidate_term: 1 candidate_status { last_received { term: 0 index: 0 } } ignore_live_leader: false dest_uuid: "53dbeee29b9742288a0859376d333a2d" is_pre_election: true
I20260608 12:55:41.429152 19783 tablet_service.cc:1917] Received RequestConsensusVote() RPC: tablet_id: "a3f1cbcb820349ccaaac1fdf61d9d57f" candidate_uuid: "f4a398fb2f134ae9ad81b0a357ad8ddb" candidate_term: 1 candidate_status { last_received { term: 0 index: 0 } } ignore_live_leader: false dest_uuid: "7fae2dd7991b4dbc8d1f166a3f02a86a" is_pre_election: true
I20260608 12:55:41.429374 19634 raft_consensus.cc:2468] T a3f1cbcb820349ccaaac1fdf61d9d57f P 53dbeee29b9742288a0859376d333a2d [term 0 FOLLOWER]: Leader pre-election vote request: Granting yes vote for candidate f4a398fb2f134ae9ad81b0a357ad8ddb in term 0.
I20260608 12:55:41.429847 19834 raft_consensus.cc:493] T a3f1cbcb820349ccaaac1fdf61d9d57f P 53dbeee29b9742288a0859376d333a2d [term 0 FOLLOWER]: Starting pre-election (no leader contacted us within the election timeout)
I20260608 12:55:41.429787 19783 raft_consensus.cc:2468] T a3f1cbcb820349ccaaac1fdf61d9d57f P 7fae2dd7991b4dbc8d1f166a3f02a86a [term 0 FOLLOWER]: Leader pre-election vote request: Granting yes vote for candidate f4a398fb2f134ae9ad81b0a357ad8ddb in term 0.
I20260608 12:55:41.430393 19675 leader_election.cc:304] T a3f1cbcb820349ccaaac1fdf61d9d57f P f4a398fb2f134ae9ad81b0a357ad8ddb [CANDIDATE]: Term 1 pre-election: Election decided. Result: candidate won. Election summary: received 2 responses out of 3 voters: 2 yes votes; 0 no votes. yes voters: 53dbeee29b9742288a0859376d333a2d, f4a398fb2f134ae9ad81b0a357ad8ddb; no voters: 
I20260608 12:55:41.430467 19834 raft_consensus.cc:515] T a3f1cbcb820349ccaaac1fdf61d9d57f P 53dbeee29b9742288a0859376d333a2d [term 0 FOLLOWER]: Starting pre-election with config: opid_index: -1 OBSOLETE_local: false peers { permanent_uuid: "f4a398fb2f134ae9ad81b0a357ad8ddb" member_type: VOTER last_known_addr { host: "127.16.158.2" port: 32955 } } peers { permanent_uuid: "53dbeee29b9742288a0859376d333a2d" member_type: VOTER last_known_addr { host: "127.16.158.1" port: 37281 } } peers { permanent_uuid: "7fae2dd7991b4dbc8d1f166a3f02a86a" member_type: VOTER last_known_addr { host: "127.16.158.3" port: 40725 } }
I20260608 12:55:41.431119 19836 raft_consensus.cc:2804] T a3f1cbcb820349ccaaac1fdf61d9d57f P f4a398fb2f134ae9ad81b0a357ad8ddb [term 0 FOLLOWER]: Leader pre-election won for term 1
I20260608 12:55:41.431485 19836 raft_consensus.cc:493] T a3f1cbcb820349ccaaac1fdf61d9d57f P f4a398fb2f134ae9ad81b0a357ad8ddb [term 0 FOLLOWER]: Starting leader election (no leader contacted us within the election timeout)
I20260608 12:55:41.431802 19836 raft_consensus.cc:3060] T a3f1cbcb820349ccaaac1fdf61d9d57f P f4a398fb2f134ae9ad81b0a357ad8ddb [term 0 FOLLOWER]: Advancing to term 1
I20260608 12:55:41.432384 19834 leader_election.cc:290] T a3f1cbcb820349ccaaac1fdf61d9d57f P 53dbeee29b9742288a0859376d333a2d [CANDIDATE]: Term 1 pre-election: Requested pre-vote from peers f4a398fb2f134ae9ad81b0a357ad8ddb (127.16.158.2:32955), 7fae2dd7991b4dbc8d1f166a3f02a86a (127.16.158.3:40725)
I20260608 12:55:41.433106 19709 tablet_service.cc:1917] Received RequestConsensusVote() RPC: tablet_id: "a3f1cbcb820349ccaaac1fdf61d9d57f" candidate_uuid: "53dbeee29b9742288a0859376d333a2d" candidate_term: 1 candidate_status { last_received { term: 0 index: 0 } } ignore_live_leader: false dest_uuid: "f4a398fb2f134ae9ad81b0a357ad8ddb" is_pre_election: true
I20260608 12:55:41.433576 19783 tablet_service.cc:1917] Received RequestConsensusVote() RPC: tablet_id: "a3f1cbcb820349ccaaac1fdf61d9d57f" candidate_uuid: "53dbeee29b9742288a0859376d333a2d" candidate_term: 1 candidate_status { last_received { term: 0 index: 0 } } ignore_live_leader: false dest_uuid: "7fae2dd7991b4dbc8d1f166a3f02a86a" is_pre_election: true
I20260608 12:55:41.434033 19783 raft_consensus.cc:2468] T a3f1cbcb820349ccaaac1fdf61d9d57f P 7fae2dd7991b4dbc8d1f166a3f02a86a [term 0 FOLLOWER]: Leader pre-election vote request: Granting yes vote for candidate 53dbeee29b9742288a0859376d333a2d in term 0.
I20260608 12:55:41.434850 19600 leader_election.cc:304] T a3f1cbcb820349ccaaac1fdf61d9d57f P 53dbeee29b9742288a0859376d333a2d [CANDIDATE]: Term 1 pre-election: Election decided. Result: candidate won. Election summary: received 2 responses out of 3 voters: 2 yes votes; 0 no votes. yes voters: 53dbeee29b9742288a0859376d333a2d, 7fae2dd7991b4dbc8d1f166a3f02a86a; no voters: 
I20260608 12:55:41.435453 19834 raft_consensus.cc:2804] T a3f1cbcb820349ccaaac1fdf61d9d57f P 53dbeee29b9742288a0859376d333a2d [term 0 FOLLOWER]: Leader pre-election won for term 1
I20260608 12:55:41.435724 19834 raft_consensus.cc:493] T a3f1cbcb820349ccaaac1fdf61d9d57f P 53dbeee29b9742288a0859376d333a2d [term 0 FOLLOWER]: Starting leader election (no leader contacted us within the election timeout)
I20260608 12:55:41.435999 19834 raft_consensus.cc:3060] T a3f1cbcb820349ccaaac1fdf61d9d57f P 53dbeee29b9742288a0859376d333a2d [term 0 FOLLOWER]: Advancing to term 1
I20260608 12:55:41.436559 19835 raft_consensus.cc:493] T c599cd289e57419397953153bb3d15c7 P 7fae2dd7991b4dbc8d1f166a3f02a86a [term 0 FOLLOWER]: Starting pre-election (no leader contacted us within the election timeout)
I20260608 12:55:41.437107 19836 raft_consensus.cc:515] T a3f1cbcb820349ccaaac1fdf61d9d57f P f4a398fb2f134ae9ad81b0a357ad8ddb [term 1 FOLLOWER]: Starting leader election with config: opid_index: -1 OBSOLETE_local: false peers { permanent_uuid: "f4a398fb2f134ae9ad81b0a357ad8ddb" member_type: VOTER last_known_addr { host: "127.16.158.2" port: 32955 } } peers { permanent_uuid: "53dbeee29b9742288a0859376d333a2d" member_type: VOTER last_known_addr { host: "127.16.158.1" port: 37281 } } peers { permanent_uuid: "7fae2dd7991b4dbc8d1f166a3f02a86a" member_type: VOTER last_known_addr { host: "127.16.158.3" port: 40725 } }
I20260608 12:55:41.437019 19835 raft_consensus.cc:515] T c599cd289e57419397953153bb3d15c7 P 7fae2dd7991b4dbc8d1f166a3f02a86a [term 0 FOLLOWER]: Starting pre-election with config: opid_index: -1 OBSOLETE_local: false peers { permanent_uuid: "53dbeee29b9742288a0859376d333a2d" member_type: VOTER last_known_addr { host: "127.16.158.1" port: 37281 } } peers { permanent_uuid: "f4a398fb2f134ae9ad81b0a357ad8ddb" member_type: VOTER last_known_addr { host: "127.16.158.2" port: 32955 } } peers { permanent_uuid: "7fae2dd7991b4dbc8d1f166a3f02a86a" member_type: VOTER last_known_addr { host: "127.16.158.3" port: 40725 } }
I20260608 12:55:41.438107 19709 raft_consensus.cc:2393] T a3f1cbcb820349ccaaac1fdf61d9d57f P f4a398fb2f134ae9ad81b0a357ad8ddb [term 1 FOLLOWER]: Leader pre-election vote request: Denying vote to candidate 53dbeee29b9742288a0859376d333a2d in current term 1: Already voted for candidate f4a398fb2f134ae9ad81b0a357ad8ddb in this term.
I20260608 12:55:41.438859 19836 leader_election.cc:290] T a3f1cbcb820349ccaaac1fdf61d9d57f P f4a398fb2f134ae9ad81b0a357ad8ddb [CANDIDATE]: Term 1 election: Requested vote from peers 53dbeee29b9742288a0859376d333a2d (127.16.158.1:37281), 7fae2dd7991b4dbc8d1f166a3f02a86a (127.16.158.3:40725)
I20260608 12:55:41.440325 19783 tablet_service.cc:1917] Received RequestConsensusVote() RPC: tablet_id: "a3f1cbcb820349ccaaac1fdf61d9d57f" candidate_uuid: "f4a398fb2f134ae9ad81b0a357ad8ddb" candidate_term: 1 candidate_status { last_received { term: 0 index: 0 } } ignore_live_leader: false dest_uuid: "7fae2dd7991b4dbc8d1f166a3f02a86a"
