I20260608 12:55:47.052199 19805 raft_consensus.cc:606] T 599a80e0dadc44f4b63f428bc9144a4e P b92f2c66ee8849168da3a2226f2974fd [term 1 LEADER]: Received request to transfer leadership to TS 0ee23eeca9d841d7861f05c5357abaa8
I20260608 12:55:47.067137 20035 raft_consensus.cc:1217] T a64d64113cc44b29a6b487071e821c0c P f172706bd2ee4605b3205af062adea7e [term 1 LEARNER]: Deduplicated request from leader. Original: 1.1->[1.2-1.2]   Dedup: 1.2->[]
I20260608 12:55:47.079751 19731 tablet_service.cc:2072] Received LeaderStepDown RPC: tablet_id: "ee109df0e7784ba2bc35ba2b909ec4b3"
dest_uuid: "e87608a354984b18b9fbb0beb6b9b221"
mode: GRACEFUL
new_leader_uuid: "f172706bd2ee4605b3205af062adea7e"
 from {username='slave'} at 127.0.0.1:45174
I20260608 12:55:47.080418 19731 raft_consensus.cc:606] T ee109df0e7784ba2bc35ba2b909ec4b3 P e87608a354984b18b9fbb0beb6b9b221 [term 1 LEADER]: Received request to transfer leadership to TS f172706bd2ee4605b3205af062adea7e
I20260608 12:55:47.081938 19684 auto_leader_rebalancer.cc:388] table: range_aware_rebalance_new_range, leader rebalance finish, leader transfer count: 2
I20260608 12:55:47.083237 19684 auto_leader_rebalancer.cc:451] All tables' leader rebalancing finished this round
I20260608 12:55:47.261132 20035 raft_consensus.cc:1217] T 71ee310ee06b42adae294d8378b6ce19 P f172706bd2ee4605b3205af062adea7e [term 1 LEARNER]: Deduplicated request from leader. Original: 1.1->[1.2-1.2]   Dedup: 1.2->[]
I20260608 12:55:47.284132 20035 raft_consensus.cc:1217] T c494273f140c4edabd370185916d77a1 P f172706bd2ee4605b3205af062adea7e [term 1 LEARNER]: Deduplicated request from leader. Original: 1.1->[1.2-1.2]   Dedup: 1.2->[]
I20260608 12:55:47.298146 20069 raft_consensus.cc:993] T ee109df0e7784ba2bc35ba2b909ec4b3 P e87608a354984b18b9fbb0beb6b9b221: : Instructing follower f172706bd2ee4605b3205af062adea7e to start an election
I20260608 12:55:47.298689 20203 raft_consensus.cc:1081] T ee109df0e7784ba2bc35ba2b909ec4b3 P e87608a354984b18b9fbb0beb6b9b221 [term 1 LEADER]: Signalling peer f172706bd2ee4605b3205af062adea7e to start an election
I20260608 12:55:47.300246 20035 tablet_service.cc:2044] Received Run Leader Election RPC: tablet_id: "ee109df0e7784ba2bc35ba2b909ec4b3"
dest_uuid: "f172706bd2ee4605b3205af062adea7e"
 from {username='slave'} at 127.0.0.1:42068
I20260608 12:55:47.300776 20035 raft_consensus.cc:493] T ee109df0e7784ba2bc35ba2b909ec4b3 P f172706bd2ee4605b3205af062adea7e [term 1 FOLLOWER]: Starting forced leader election (received explicit request)
I20260608 12:55:47.301101 20035 raft_consensus.cc:3060] T ee109df0e7784ba2bc35ba2b909ec4b3 P f172706bd2ee4605b3205af062adea7e [term 1 FOLLOWER]: Advancing to term 2
I20260608 12:55:47.305877 20035 raft_consensus.cc:515] T ee109df0e7784ba2bc35ba2b909ec4b3 P f172706bd2ee4605b3205af062adea7e [term 2 FOLLOWER]: Starting forced leader election with config: opid_index: -1 OBSOLETE_local: false peers { permanent_uuid: "f172706bd2ee4605b3205af062adea7e" member_type: VOTER last_known_addr { host: "127.16.93.196" port: 38755 } } peers { permanent_uuid: "b92f2c66ee8849168da3a2226f2974fd" member_type: VOTER last_known_addr { host: "127.16.93.194" port: 35629 } } peers { permanent_uuid: "e87608a354984b18b9fbb0beb6b9b221" member_type: VOTER last_known_addr { host: "127.16.93.193" port: 44149 } }
I20260608 12:55:47.307665 20035 leader_election.cc:290] T ee109df0e7784ba2bc35ba2b909ec4b3 P f172706bd2ee4605b3205af062adea7e [CANDIDATE]: Term 2 election: Requested vote from peers b92f2c66ee8849168da3a2226f2974fd (127.16.93.194:35629), e87608a354984b18b9fbb0beb6b9b221 (127.16.93.193:44149)
I20260608 12:55:47.308574 19805 tablet_service.cc:1917] Received RequestConsensusVote() RPC: tablet_id: "ee109df0e7784ba2bc35ba2b909ec4b3" candidate_uuid: "f172706bd2ee4605b3205af062adea7e" candidate_term: 2 candidate_status { last_received { term: 1 index: 1 } } ignore_live_leader: true dest_uuid: "b92f2c66ee8849168da3a2226f2974fd"
I20260608 12:55:47.308888 19731 tablet_service.cc:1917] Received RequestConsensusVote() RPC: tablet_id: "ee109df0e7784ba2bc35ba2b909ec4b3" candidate_uuid: "f172706bd2ee4605b3205af062adea7e" candidate_term: 2 candidate_status { last_received { term: 1 index: 1 } } ignore_live_leader: true dest_uuid: "e87608a354984b18b9fbb0beb6b9b221"
I20260608 12:55:47.309204 19805 raft_consensus.cc:3060] T ee109df0e7784ba2bc35ba2b909ec4b3 P b92f2c66ee8849168da3a2226f2974fd [term 1 FOLLOWER]: Advancing to term 2
I20260608 12:55:47.309466 19731 raft_consensus.cc:3055] T ee109df0e7784ba2bc35ba2b909ec4b3 P e87608a354984b18b9fbb0beb6b9b221 [term 1 LEADER]: Stepping down as leader of term 1
I20260608 12:55:47.309829 19731 raft_consensus.cc:740] T ee109df0e7784ba2bc35ba2b909ec4b3 P e87608a354984b18b9fbb0beb6b9b221 [term 1 LEADER]: Becoming Follower/Learner. State: Replica: e87608a354984b18b9fbb0beb6b9b221, State: Running, Role: LEADER
I20260608 12:55:47.310664 19731 consensus_queue.cc:260] T ee109df0e7784ba2bc35ba2b909ec4b3 P e87608a354984b18b9fbb0beb6b9b221 [NON_LEADER]: Queue going to NON_LEADER mode. State: All replicated index: 0, Majority replicated index: 1, Committed index: 1, Last appended: 1.1, Last appended by leader: 1, Current term: 1, Majority size: -1, State: 0, Mode: NON_LEADER, active raft config: opid_index: -1 OBSOLETE_local: false peers { permanent_uuid: "f172706bd2ee4605b3205af062adea7e" member_type: VOTER last_known_addr { host: "127.16.93.196" port: 38755 } } peers { permanent_uuid: "b92f2c66ee8849168da3a2226f2974fd" member_type: VOTER last_known_addr { host: "127.16.93.194" port: 35629 } } peers { permanent_uuid: "e87608a354984b18b9fbb0beb6b9b221" member_type: VOTER last_known_addr { host: "127.16.93.193" port: 44149 } }
I20260608 12:55:47.311583 19731 raft_consensus.cc:3060] T ee109df0e7784ba2bc35ba2b909ec4b3 P e87608a354984b18b9fbb0beb6b9b221 [term 1 FOLLOWER]: Advancing to term 2
I20260608 12:55:47.316473 19805 raft_consensus.cc:2468] T ee109df0e7784ba2bc35ba2b909ec4b3 P b92f2c66ee8849168da3a2226f2974fd [term 2 FOLLOWER]: Leader election vote request: Granting yes vote for candidate f172706bd2ee4605b3205af062adea7e in term 2.
I20260608 12:55:47.317962 20001 leader_election.cc:304] T ee109df0e7784ba2bc35ba2b909ec4b3 P f172706bd2ee4605b3205af062adea7e [CANDIDATE]: Term 2 election: Election decided. Result: candidate won. Election summary: received 2 responses out of 3 voters: 2 yes votes; 0 no votes. yes voters: b92f2c66ee8849168da3a2226f2974fd, f172706bd2ee4605b3205af062adea7e; no voters: 
I20260608 12:55:47.318943 20144 raft_consensus.cc:2804] T ee109df0e7784ba2bc35ba2b909ec4b3 P f172706bd2ee4605b3205af062adea7e [term 2 FOLLOWER]: Leader election won for term 2
I20260608 12:55:47.319012 19731 raft_consensus.cc:2468] T ee109df0e7784ba2bc35ba2b909ec4b3 P e87608a354984b18b9fbb0beb6b9b221 [term 2 FOLLOWER]: Leader election vote request: Granting yes vote for candidate f172706bd2ee4605b3205af062adea7e in term 2.
I20260608 12:55:47.320326 20144 raft_consensus.cc:697] T ee109df0e7784ba2bc35ba2b909ec4b3 P f172706bd2ee4605b3205af062adea7e [term 2 LEADER]: Becoming Leader. State: Replica: f172706bd2ee4605b3205af062adea7e, State: Running, Role: LEADER
I20260608 12:55:47.321256 20144 consensus_queue.cc:237] T ee109df0e7784ba2bc35ba2b909ec4b3 P f172706bd2ee4605b3205af062adea7e [LEADER]: Queue going to LEADER mode. State: All replicated index: 0, Majority replicated index: 1, Committed index: 1, Last appended: 1.1, Last appended by leader: 1, Current term: 2, Majority size: 2, State: 0, Mode: LEADER, active raft config: opid_index: -1 OBSOLETE_local: false peers { permanent_uuid: "f172706bd2ee4605b3205af062adea7e" member_type: VOTER last_known_addr { host: "127.16.93.196" port: 38755 } } peers { permanent_uuid: "b92f2c66ee8849168da3a2226f2974fd" member_type: VOTER last_known_addr { host: "127.16.93.194" port: 35629 } } peers { permanent_uuid: "e87608a354984b18b9fbb0beb6b9b221" member_type: VOTER last_known_addr { host: "127.16.93.193" port: 44149 } }
I20260608 12:55:47.329430 19627 catalog_manager.cc:5696] T ee109df0e7784ba2bc35ba2b909ec4b3 P f172706bd2ee4605b3205af062adea7e reported cstate change: term changed from 1 to 2, leader changed from e87608a354984b18b9fbb0beb6b9b221 (127.16.93.193) to f172706bd2ee4605b3205af062adea7e (127.16.93.196). New cstate: current_term: 2 leader_uuid: "f172706bd2ee4605b3205af062adea7e" committed_config { opid_index: -1 OBSOLETE_local: false peers { permanent_uuid: "f172706bd2ee4605b3205af062adea7e" member_type: VOTER last_known_addr { host: "127.16.93.196" port: 38755 } health_report { overall_health: HEALTHY } } peers { permanent_uuid: "b92f2c66ee8849168da3a2226f2974fd" member_type: VOTER last_known_addr { host: "127.16.93.194" port: 35629 } health_report { overall_health: UNKNOWN } } peers { permanent_uuid: "e87608a354984b18b9fbb0beb6b9b221" member_type: VOTER last_known_addr { host: "127.16.93.193" port: 44149 } health_report { overall_health: UNKNOWN } } }
I20260608 12:55:47.341189 20035 raft_consensus.cc:1217] T cb7dc579542840149bbf3d5c40be1301 P f172706bd2ee4605b3205af062adea7e [term 1 LEARNER]: Deduplicated request from leader. Original: 1.1->[1.2-1.2]   Dedup: 1.2->[]
I20260608 12:55:47.353607 20128 raft_consensus.cc:993] T 599a80e0dadc44f4b63f428bc9144a4e P b92f2c66ee8849168da3a2226f2974fd: : Instructing follower 0ee23eeca9d841d7861f05c5357abaa8 to start an election
I20260608 12:55:47.354074 20202 raft_consensus.cc:1081] T 599a80e0dadc44f4b63f428bc9144a4e P b92f2c66ee8849168da3a2226f2974fd [term 1 LEADER]: Signalling peer 0ee23eeca9d841d7861f05c5357abaa8 to start an election
I20260608 12:55:47.355751 19880 tablet_service.cc:2044] Received Run Leader Election RPC: tablet_id: "599a80e0dadc44f4b63f428bc9144a4e"
dest_uuid: "0ee23eeca9d841d7861f05c5357abaa8"
 from {username='slave'} at 127.0.0.1:55156
I20260608 12:55:47.356261 19880 raft_consensus.cc:493] T 599a80e0dadc44f4b63f428bc9144a4e P 0ee23eeca9d841d7861f05c5357abaa8 [term 1 FOLLOWER]: Starting forced leader election (received explicit request)
I20260608 12:55:47.356598 19880 raft_consensus.cc:3060] T 599a80e0dadc44f4b63f428bc9144a4e P 0ee23eeca9d841d7861f05c5357abaa8 [term 1 FOLLOWER]: Advancing to term 2
I20260608 12:55:47.361500 19880 raft_consensus.cc:515] T 599a80e0dadc44f4b63f428bc9144a4e P 0ee23eeca9d841d7861f05c5357abaa8 [term 2 FOLLOWER]: Starting forced leader election with config: opid_index: -1 OBSOLETE_local: false peers { permanent_uuid: "e87608a354984b18b9fbb0beb6b9b221" member_type: VOTER last_known_addr { host: "127.16.93.193" port: 44149 } } peers { permanent_uuid: "b92f2c66ee8849168da3a2226f2974fd" member_type: VOTER last_known_addr { host: "127.16.93.194" port: 35629 } } peers { permanent_uuid: "0ee23eeca9d841d7861f05c5357abaa8" member_type: VOTER last_known_addr { host: "127.16.93.195" port: 37269 } }
I20260608 12:55:47.363687 19880 leader_election.cc:290] T 599a80e0dadc44f4b63f428bc9144a4e P 0ee23eeca9d841d7861f05c5357abaa8 [CANDIDATE]: Term 2 election: Requested vote from peers e87608a354984b18b9fbb0beb6b9b221 (127.16.93.193:44149), b92f2c66ee8849168da3a2226f2974fd (127.16.93.194:35629)
I20260608 12:55:47.364042 19731 tablet_service.cc:1917] Received RequestConsensusVote() RPC: tablet_id: "599a80e0dadc44f4b63f428bc9144a4e" candidate_uuid: "0ee23eeca9d841d7861f05c5357abaa8" candidate_term: 2 candidate_status { last_received { term: 1 index: 1 } } ignore_live_leader: true dest_uuid: "e87608a354984b18b9fbb0beb6b9b221"
I20260608 12:55:47.364439 19805 tablet_service.cc:1917] Received RequestConsensusVote() RPC: tablet_id: "599a80e0dadc44f4b63f428bc9144a4e" candidate_uuid: "0ee23eeca9d841d7861f05c5357abaa8" candidate_term: 2 candidate_status { last_received { term: 1 index: 1 } } ignore_live_leader: true dest_uuid: "b92f2c66ee8849168da3a2226f2974fd"
I20260608 12:55:47.364671 19731 raft_consensus.cc:3060] T 599a80e0dadc44f4b63f428bc9144a4e P e87608a354984b18b9fbb0beb6b9b221 [term 1 FOLLOWER]: Advancing to term 2
I20260608 12:55:47.365041 19805 raft_consensus.cc:3055] T 599a80e0dadc44f4b63f428bc9144a4e P b92f2c66ee8849168da3a2226f2974fd [term 1 LEADER]: Stepping down as leader of term 1
I20260608 12:55:47.365306 19805 raft_consensus.cc:740] T 599a80e0dadc44f4b63f428bc9144a4e P b92f2c66ee8849168da3a2226f2974fd [term 1 LEADER]: Becoming Follower/Learner. State: Replica: b92f2c66ee8849168da3a2226f2974fd, State: Running, Role: LEADER
I20260608 12:55:47.365962 19805 consensus_queue.cc:260] T 599a80e0dadc44f4b63f428bc9144a4e P b92f2c66ee8849168da3a2226f2974fd [NON_LEADER]: Queue going to NON_LEADER mode. State: All replicated index: 0, Majority replicated index: 1, Committed index: 1, Last appended: 1.1, Last appended by leader: 1, Current term: 1, Majority size: -1, State: 0, Mode: NON_LEADER, active raft config: opid_index: -1 OBSOLETE_local: false peers { permanent_uuid: "e87608a354984b18b9fbb0beb6b9b221" member_type: VOTER last_known_addr { host: "127.16.93.193" port: 44149 } } peers { permanent_uuid: "b92f2c66ee8849168da3a2226f2974fd" member_type: VOTER last_known_addr { host: "127.16.93.194" port: 35629 } } peers { permanent_uuid: "0ee23eeca9d841d7861f05c5357abaa8" member_type: VOTER last_known_addr { host: "127.16.93.195" port: 37269 } }
I20260608 12:55:47.366825 19805 raft_consensus.cc:3060] T 599a80e0dadc44f4b63f428bc9144a4e P b92f2c66ee8849168da3a2226f2974fd [term 1 FOLLOWER]: Advancing to term 2
I20260608 12:55:47.372464 19731 raft_consensus.cc:2468] T 599a80e0dadc44f4b63f428bc9144a4e P e87608a354984b18b9fbb0beb6b9b221 [term 2 FOLLOWER]: Leader election vote request: Granting yes vote for candidate 0ee23eeca9d841d7861f05c5357abaa8 in term 2.
I20260608 12:55:47.372969 19805 raft_consensus.cc:2468] T 599a80e0dadc44f4b63f428bc9144a4e P b92f2c66ee8849168da3a2226f2974fd [term 2 FOLLOWER]: Leader election vote request: Granting yes vote for candidate 0ee23eeca9d841d7861f05c5357abaa8 in term 2.
I20260608 12:55:47.373797 19848 leader_election.cc:304] T 599a80e0dadc44f4b63f428bc9144a4e P 0ee23eeca9d841d7861f05c5357abaa8 [CANDIDATE]: Term 2 election: Election decided. Result: candidate won. Election summary: received 2 responses out of 3 voters: 2 yes votes; 0 no votes. yes voters: 0ee23eeca9d841d7861f05c5357abaa8, e87608a354984b18b9fbb0beb6b9b221; no voters: 
I20260608 12:55:47.374750 20200 raft_consensus.cc:2804] T 599a80e0dadc44f4b63f428bc9144a4e P 0ee23eeca9d841d7861f05c5357abaa8 [term 2 FOLLOWER]: Leader election won for term 2
I20260608 12:55:47.375250 20200 raft_consensus.cc:697] T 599a80e0dadc44f4b63f428bc9144a4e P 0ee23eeca9d841d7861f05c5357abaa8 [term 2 LEADER]: Becoming Leader. State: Replica: 0ee23eeca9d841d7861f05c5357abaa8, State: Running, Role: LEADER
I20260608 12:55:47.376125 20200 consensus_queue.cc:237] T 599a80e0dadc44f4b63f428bc9144a4e P 0ee23eeca9d841d7861f05c5357abaa8 [LEADER]: Queue going to LEADER mode. State: All replicated index: 0, Majority replicated index: 1, Committed index: 1, Last appended: 1.1, Last appended by leader: 1, Current term: 2, Majority size: 2, State: 0, Mode: LEADER, active raft config: opid_index: -1 OBSOLETE_local: false peers { permanent_uuid: "e87608a354984b18b9fbb0beb6b9b221" member_type: VOTER last_known_addr { host: "127.16.93.193" port: 44149 } } peers { permanent_uuid: "b92f2c66ee8849168da3a2226f2974fd" member_type: VOTER last_known_addr { host: "127.16.93.194" port: 35629 } } peers { permanent_uuid: "0ee23eeca9d841d7861f05c5357abaa8" member_type: VOTER last_known_addr { host: "127.16.93.195" port: 37269 } }
I20260608 12:55:47.384563 19629 catalog_manager.cc:5696] T 599a80e0dadc44f4b63f428bc9144a4e P 0ee23eeca9d841d7861f05c5357abaa8 reported cstate change: term changed from 1 to 2, leader changed from b92f2c66ee8849168da3a2226f2974fd (127.16.93.194) to 0ee23eeca9d841d7861f05c5357abaa8 (127.16.93.195). New cstate: current_term: 2 leader_uuid: "0ee23eeca9d841d7861f05c5357abaa8" committed_config { opid_index: -1 OBSOLETE_local: false peers { permanent_uuid: "e87608a354984b18b9fbb0beb6b9b221" member_type: VOTER last_known_addr { host: "127.16.93.193" port: 44149 } health_report { overall_health: UNKNOWN } } peers { permanent_uuid: "b92f2c66ee8849168da3a2226f2974fd" member_type: VOTER last_known_addr { host: "127.16.93.194" port: 35629 } health_report { overall_health: UNKNOWN } } peers { permanent_uuid: "0ee23eeca9d841d7861f05c5357abaa8" member_type: VOTER last_known_addr { host: "127.16.93.195" port: 37269 } health_report { overall_health: HEALTHY } } }
I20260608 12:55:47.633694 20198 raft_consensus.cc:1064] T a64d64113cc44b29a6b487071e821c0c P 0ee23eeca9d841d7861f05c5357abaa8: attempting to promote NON_VOTER f172706bd2ee4605b3205af062adea7e to VOTER
I20260608 12:55:47.636387 20198 consensus_queue.cc:237] T a64d64113cc44b29a6b487071e821c0c P 0ee23eeca9d841d7861f05c5357abaa8 [LEADER]: Queue going to LEADER mode. State: All replicated index: 0, Majority replicated index: 2, Committed index: 2, Last appended: 1.2, Last appended by leader: 0, Current term: 1, Majority size: 3, State: 0, Mode: LEADER, active raft config: opid_index: 3 OBSOLETE_local: false peers { permanent_uuid: "b92f2c66ee8849168da3a2226f2974fd" member_type: VOTER last_known_addr { host: "127.16.93.194" port: 35629 } } peers { permanent_uuid: "e87608a354984b18b9fbb0beb6b9b221" member_type: VOTER last_known_addr { host: "127.16.93.193" port: 44149 } attrs { replace: true } } peers { permanent_uuid: "0ee23eeca9d841d7861f05c5357abaa8" member_type: VOTER last_known_addr { host: "127.16.93.195" port: 37269 } } peers { permanent_uuid: "f172706bd2ee4605b3205af062adea7e" member_type: VOTER last_known_addr { host: "127.16.93.196" port: 38755 } attrs { promote: false } }
I20260608 12:55:47.647351 19731 raft_consensus.cc:1275] T a64d64113cc44b29a6b487071e821c0c P e87608a354984b18b9fbb0beb6b9b221 [term 1 FOLLOWER]: Refusing update from remote peer 0ee23eeca9d841d7861f05c5357abaa8: Log matching property violated. Preceding OpId in replica: term: 1 index: 2. Preceding OpId from leader: term: 1 index: 3. (index mismatch)
I20260608 12:55:47.647481 20035 raft_consensus.cc:1275] T a64d64113cc44b29a6b487071e821c0c P f172706bd2ee4605b3205af062adea7e [term 1 LEARNER]: Refusing update from remote peer 0ee23eeca9d841d7861f05c5357abaa8: Log matching property violated. Preceding OpId in replica: term: 1 index: 2. Preceding OpId from leader: term: 1 index: 3. (index mismatch)
I20260608 12:55:47.649937 20212 consensus_queue.cc:1048] T a64d64113cc44b29a6b487071e821c0c P 0ee23eeca9d841d7861f05c5357abaa8 [LEADER]: Connected to new peer: Peer: permanent_uuid: "f172706bd2ee4605b3205af062adea7e" member_type: VOTER last_known_addr { host: "127.16.93.196" port: 38755 } attrs { promote: false }, Status: LMP_MISMATCH, Last received: 0.0, Next index: 3, Last known committed idx: 2, Time since last communication: 0.001s
I20260608 12:55:47.651189 20200 consensus_queue.cc:1048] T a64d64113cc44b29a6b487071e821c0c P 0ee23eeca9d841d7861f05c5357abaa8 [LEADER]: Connected to new peer: Peer: permanent_uuid: "e87608a354984b18b9fbb0beb6b9b221" member_type: VOTER last_known_addr { host: "127.16.93.193" port: 44149 } attrs { replace: true }, Status: LMP_MISMATCH, Last received: 0.0, Next index: 3, Last known committed idx: 2, Time since last communication: 0.000s
I20260608 12:55:47.654824 19805 raft_consensus.cc:1275] T a64d64113cc44b29a6b487071e821c0c P b92f2c66ee8849168da3a2226f2974fd [term 1 FOLLOWER]: Refusing update from remote peer 0ee23eeca9d841d7861f05c5357abaa8: Log matching property violated. Preceding OpId in replica: term: 1 index: 2. Preceding OpId from leader: term: 1 index: 3. (index mismatch)
I20260608 12:55:47.657045 20200 consensus_queue.cc:1048] T a64d64113cc44b29a6b487071e821c0c P 0ee23eeca9d841d7861f05c5357abaa8 [LEADER]: Connected to new peer: Peer: permanent_uuid: "b92f2c66ee8849168da3a2226f2974fd" member_type: VOTER last_known_addr { host: "127.16.93.194" port: 35629 }, Status: LMP_MISMATCH, Last received: 0.0, Next index: 3, Last known committed idx: 2, Time since last communication: 0.001s
I20260608 12:55:47.673594 20212 raft_consensus.cc:2955] T a64d64113cc44b29a6b487071e821c0c P 0ee23eeca9d841d7861f05c5357abaa8 [term 1 LEADER]: Committing config change with OpId 1.3: config changed from index 2 to 3, f172706bd2ee4605b3205af062adea7e (127.16.93.196) changed from NON_VOTER to VOTER. New config: { opid_index: 3 OBSOLETE_local: false peers { permanent_uuid: "b92f2c66ee8849168da3a2226f2974fd" member_type: VOTER last_known_addr { host: "127.16.93.194" port: 35629 } } peers { permanent_uuid: "e87608a354984b18b9fbb0beb6b9b221" member_type: VOTER last_known_addr { host: "127.16.93.193" port: 44149 } attrs { replace: true } } peers { permanent_uuid: "0ee23eeca9d841d7861f05c5357abaa8" member_type: VOTER last_known_addr { host: "127.16.93.195" port: 37269 } } peers { permanent_uuid: "f172706bd2ee4605b3205af062adea7e" member_type: VOTER last_known_addr { host: "127.16.93.196" port: 38755 } attrs { promote: false } } }
I20260608 12:55:47.675740 20035 raft_consensus.cc:2955] T a64d64113cc44b29a6b487071e821c0c P f172706bd2ee4605b3205af062adea7e [term 1 FOLLOWER]: Committing config change with OpId 1.3: config changed from index 2 to 3, f172706bd2ee4605b3205af062adea7e (127.16.93.196) changed from NON_VOTER to VOTER. New config: { opid_index: 3 OBSOLETE_local: false peers { permanent_uuid: "b92f2c66ee8849168da3a2226f2974fd" member_type: VOTER last_known_addr { host: "127.16.93.194" port: 35629 } } peers { permanent_uuid: "e87608a354984b18b9fbb0beb6b9b221" member_type: VOTER last_known_addr { host: "127.16.93.193" port: 44149 } attrs { replace: true } } peers { permanent_uuid: "0ee23eeca9d841d7861f05c5357abaa8" member_type: VOTER last_known_addr { host: "127.16.93.195" port: 37269 } } peers { permanent_uuid: "f172706bd2ee4605b3205af062adea7e" member_type: VOTER last_known_addr { host: "127.16.93.196" port: 38755 } attrs { promote: false } } }
I20260608 12:55:47.677659 19731 raft_consensus.cc:2955] T a64d64113cc44b29a6b487071e821c0c P e87608a354984b18b9fbb0beb6b9b221 [term 1 FOLLOWER]: Committing config change with OpId 1.3: config changed from index 2 to 3, f172706bd2ee4605b3205af062adea7e (127.16.93.196) changed from NON_VOTER to VOTER. New config: { opid_index: 3 OBSOLETE_local: false peers { permanent_uuid: "b92f2c66ee8849168da3a2226f2974fd" member_type: VOTER last_known_addr { host: "127.16.93.194" port: 35629 } } peers { permanent_uuid: "e87608a354984b18b9fbb0beb6b9b221" member_type: VOTER last_known_addr { host: "127.16.93.193" port: 44149 } attrs { replace: true } } peers { permanent_uuid: "0ee23eeca9d841d7861f05c5357abaa8" member_type: VOTER last_known_addr { host: "127.16.93.195" port: 37269 } } peers { permanent_uuid: "f172706bd2ee4605b3205af062adea7e" member_type: VOTER last_known_addr { host: "127.16.93.196" port: 38755 } attrs { promote: false } } }
I20260608 12:55:47.691694 20203 raft_consensus.cc:1064] T c494273f140c4edabd370185916d77a1 P e87608a354984b18b9fbb0beb6b9b221: attempting to promote NON_VOTER f172706bd2ee4605b3205af062adea7e to VOTER
I20260608 12:55:47.694023 19629 catalog_manager.cc:5696] T a64d64113cc44b29a6b487071e821c0c P f172706bd2ee4605b3205af062adea7e reported cstate change: config changed from index 2 to 3, f172706bd2ee4605b3205af062adea7e (127.16.93.196) changed from NON_VOTER to VOTER. New cstate: current_term: 1 leader_uuid: "0ee23eeca9d841d7861f05c5357abaa8" committed_config { opid_index: 3 OBSOLETE_local: false peers { permanent_uuid: "b92f2c66ee8849168da3a2226f2974fd" member_type: VOTER last_known_addr { host: "127.16.93.194" port: 35629 } } peers { permanent_uuid: "e87608a354984b18b9fbb0beb6b9b221" member_type: VOTER last_known_addr { host: "127.16.93.193" port: 44149 } attrs { replace: true } } peers { permanent_uuid: "0ee23eeca9d841d7861f05c5357abaa8" member_type: VOTER last_known_addr { host: "127.16.93.195" port: 37269 } } peers { permanent_uuid: "f172706bd2ee4605b3205af062adea7e" member_type: VOTER last_known_addr { host: "127.16.93.196" port: 38755 } attrs { promote: false } } }
I20260608 12:55:47.694320 20203 consensus_queue.cc:237] T c494273f140c4edabd370185916d77a1 P e87608a354984b18b9fbb0beb6b9b221 [LEADER]: Queue going to LEADER mode. State: All replicated index: 0, Majority replicated index: 2, Committed index: 2, Last appended: 1.2, Last appended by leader: 0, Current term: 1, Majority size: 3, State: 0, Mode: LEADER, active raft config: opid_index: 3 OBSOLETE_local: false peers { permanent_uuid: "b92f2c66ee8849168da3a2226f2974fd" member_type: VOTER last_known_addr { host: "127.16.93.194" port: 35629 } attrs { replace: true } } peers { permanent_uuid: "e87608a354984b18b9fbb0beb6b9b221" member_type: VOTER last_known_addr { host: "127.16.93.193" port: 44149 } } peers { permanent_uuid: "0ee23eeca9d841d7861f05c5357abaa8" member_type: VOTER last_known_addr { host: "127.16.93.195" port: 37269 } } peers { permanent_uuid: "f172706bd2ee4605b3205af062adea7e" member_type: VOTER last_known_addr { host: "127.16.93.196" port: 38755 } attrs { promote: false } }
I20260608 12:55:47.695036 19805 raft_consensus.cc:2955] T a64d64113cc44b29a6b487071e821c0c P b92f2c66ee8849168da3a2226f2974fd [term 1 FOLLOWER]: Committing config change with OpId 1.3: config changed from index 2 to 3, f172706bd2ee4605b3205af062adea7e (127.16.93.196) changed from NON_VOTER to VOTER. New config: { opid_index: 3 OBSOLETE_local: false peers { permanent_uuid: "b92f2c66ee8849168da3a2226f2974fd" member_type: VOTER last_known_addr { host: "127.16.93.194" port: 35629 } } peers { permanent_uuid: "e87608a354984b18b9fbb0beb6b9b221" member_type: VOTER last_known_addr { host: "127.16.93.193" port: 44149 } attrs { replace: true } } peers { permanent_uuid: "0ee23eeca9d841d7861f05c5357abaa8" member_type: VOTER last_known_addr { host: "127.16.93.195" port: 37269 } } peers { permanent_uuid: "f172706bd2ee4605b3205af062adea7e" member_type: VOTER last_known_addr { host: "127.16.93.196" port: 38755 } attrs { promote: false } } }
I20260608 12:55:47.703984 19806 raft_consensus.cc:1275] T c494273f140c4edabd370185916d77a1 P b92f2c66ee8849168da3a2226f2974fd [term 1 FOLLOWER]: Refusing update from remote peer e87608a354984b18b9fbb0beb6b9b221: Log matching property violated. Preceding OpId in replica: term: 1 index: 2. Preceding OpId from leader: term: 1 index: 3. (index mismatch)
I20260608 12:55:47.704246 19880 raft_consensus.cc:1275] T c494273f140c4edabd370185916d77a1 P 0ee23eeca9d841d7861f05c5357abaa8 [term 1 FOLLOWER]: Refusing update from remote peer e87608a354984b18b9fbb0beb6b9b221: Log matching property violated. Preceding OpId in replica: term: 1 index: 2. Preceding OpId from leader: term: 1 index: 3. (index mismatch)
I20260608 12:55:47.705798 20194 consensus_queue.cc:1048] T c494273f140c4edabd370185916d77a1 P e87608a354984b18b9fbb0beb6b9b221 [LEADER]: Connected to new peer: Peer: permanent_uuid: "b92f2c66ee8849168da3a2226f2974fd" member_type: VOTER last_known_addr { host: "127.16.93.194" port: 35629 } attrs { replace: true }, Status: LMP_MISMATCH, Last received: 0.0, Next index: 3, Last known committed idx: 2, Time since last communication: 0.000s
I20260608 12:55:47.706076 20032 raft_consensus.cc:1275] T c494273f140c4edabd370185916d77a1 P f172706bd2ee4605b3205af062adea7e [term 1 LEARNER]: Refusing update from remote peer e87608a354984b18b9fbb0beb6b9b221: Log matching property violated. Preceding OpId in replica: term: 1 index: 2. Preceding OpId from leader: term: 1 index: 3. (index mismatch)
I20260608 12:55:47.708863 20194 consensus_queue.cc:1048] T c494273f140c4edabd370185916d77a1 P e87608a354984b18b9fbb0beb6b9b221 [LEADER]: Connected to new peer: Peer: permanent_uuid: "f172706bd2ee4605b3205af062adea7e" member_type: VOTER last_known_addr { host: "127.16.93.196" port: 38755 } attrs { promote: false }, Status: LMP_MISMATCH, Last received: 0.0, Next index: 3, Last known committed idx: 2, Time since last communication: 0.000s
I20260608 12:55:47.710049 20069 consensus_queue.cc:1048] T c494273f140c4edabd370185916d77a1 P e87608a354984b18b9fbb0beb6b9b221 [LEADER]: Connected to new peer: Peer: permanent_uuid: "0ee23eeca9d841d7861f05c5357abaa8" member_type: VOTER last_known_addr { host: "127.16.93.195" port: 37269 }, Status: LMP_MISMATCH, Last received: 0.0, Next index: 3, Last known committed idx: 2, Time since last communication: 0.000s
I20260608 12:55:47.717248 19880 consensus_queue.cc:237] T a64d64113cc44b29a6b487071e821c0c P 0ee23eeca9d841d7861f05c5357abaa8 [LEADER]: Queue going to LEADER mode. State: All replicated index: 0, Majority replicated index: 3, Committed index: 3, Last appended: 1.3, Last appended by leader: 0, Current term: 1, Majority size: 2, State: 0, Mode: LEADER, active raft config: opid_index: 4 OBSOLETE_local: false peers { permanent_uuid: "b92f2c66ee8849168da3a2226f2974fd" member_type: VOTER last_known_addr { host: "127.16.93.194" port: 35629 } } peers { permanent_uuid: "0ee23eeca9d841d7861f05c5357abaa8" member_type: VOTER last_known_addr { host: "127.16.93.195" port: 37269 } } peers { permanent_uuid: "f172706bd2ee4605b3205af062adea7e" member_type: VOTER last_known_addr { host: "127.16.93.196" port: 38755 } attrs { promote: false } }
I20260608 12:55:47.724135 20034 raft_consensus.cc:1275] T a64d64113cc44b29a6b487071e821c0c P f172706bd2ee4605b3205af062adea7e [term 1 FOLLOWER]: Refusing update from remote peer 0ee23eeca9d841d7861f05c5357abaa8: Log matching property violated. Preceding OpId in replica: term: 1 index: 3. Preceding OpId from leader: term: 1 index: 4. (index mismatch)
I20260608 12:55:47.724735 20202 raft_consensus.cc:1064] T cb7dc579542840149bbf3d5c40be1301 P b92f2c66ee8849168da3a2226f2974fd: attempting to promote NON_VOTER f172706bd2ee4605b3205af062adea7e to VOTER
I20260608 12:55:47.727866 20202 consensus_queue.cc:237] T cb7dc579542840149bbf3d5c40be1301 P b92f2c66ee8849168da3a2226f2974fd [LEADER]: Queue going to LEADER mode. State: All replicated index: 0, Majority replicated index: 2, Committed index: 2, Last appended: 1.2, Last appended by leader: 0, Current term: 1, Majority size: 3, State: 0, Mode: LEADER, active raft config: opid_index: 3 OBSOLETE_local: false peers { permanent_uuid: "e87608a354984b18b9fbb0beb6b9b221" member_type: VOTER last_known_addr { host: "127.16.93.193" port: 44149 } attrs { replace: true } } peers { permanent_uuid: "b92f2c66ee8849168da3a2226f2974fd" member_type: VOTER last_known_addr { host: "127.16.93.194" port: 35629 } } peers { permanent_uuid: "0ee23eeca9d841d7861f05c5357abaa8" member_type: VOTER last_known_addr { host: "127.16.93.195" port: 37269 } } peers { permanent_uuid: "f172706bd2ee4605b3205af062adea7e" member_type: VOTER last_known_addr { host: "127.16.93.196" port: 38755 } attrs { promote: false } }
I20260608 12:55:47.729732 19806 raft_consensus.cc:1275] T a64d64113cc44b29a6b487071e821c0c P b92f2c66ee8849168da3a2226f2974fd [term 1 FOLLOWER]: Refusing update from remote peer 0ee23eeca9d841d7861f05c5357abaa8: Log matching property violated. Preceding OpId in replica: term: 1 index: 3. Preceding OpId from leader: term: 1 index: 4. (index mismatch)
I20260608 12:55:47.731603 20198 consensus_queue.cc:1048] T a64d64113cc44b29a6b487071e821c0c P 0ee23eeca9d841d7861f05c5357abaa8 [LEADER]: Connected to new peer: Peer: permanent_uuid: "b92f2c66ee8849168da3a2226f2974fd" member_type: VOTER last_known_addr { host: "127.16.93.194" port: 35629 }, Status: LMP_MISMATCH, Last received: 0.0, Next index: 4, Last known committed idx: 3, Time since last communication: 0.000s
I20260608 12:55:47.733532 20198 consensus_queue.cc:1048] T a64d64113cc44b29a6b487071e821c0c P 0ee23eeca9d841d7861f05c5357abaa8 [LEADER]: Connected to new peer: Peer: permanent_uuid: "f172706bd2ee4605b3205af062adea7e" member_type: VOTER last_known_addr { host: "127.16.93.196" port: 38755 } attrs { promote: false }, Status: LMP_MISMATCH, Last received: 0.0, Next index: 4, Last known committed idx: 3, Time since last communication: 0.000s
I20260608 12:55:47.744155 20128 raft_consensus.cc:1064] T 71ee310ee06b42adae294d8378b6ce19 P b92f2c66ee8849168da3a2226f2974fd: attempting to promote NON_VOTER f172706bd2ee4605b3205af062adea7e to VOTER
I20260608 12:55:47.758674 20213 raft_consensus.cc:2955] T a64d64113cc44b29a6b487071e821c0c P 0ee23eeca9d841d7861f05c5357abaa8 [term 1 LEADER]: Committing config change with OpId 1.4: config changed from index 3 to 4, VOTER e87608a354984b18b9fbb0beb6b9b221 (127.16.93.193) evicted. New config: { opid_index: 4 OBSOLETE_local: false peers { permanent_uuid: "b92f2c66ee8849168da3a2226f2974fd" member_type: VOTER last_known_addr { host: "127.16.93.194" port: 35629 } } peers { permanent_uuid: "0ee23eeca9d841d7861f05c5357abaa8" member_type: VOTER last_known_addr { host: "127.16.93.195" port: 37269 } } peers { permanent_uuid: "f172706bd2ee4605b3205af062adea7e" member_type: VOTER last_known_addr { host: "127.16.93.196" port: 38755 } attrs { promote: false } } }
I20260608 12:55:47.761168 19731 raft_consensus.cc:1275] T 599a80e0dadc44f4b63f428bc9144a4e P e87608a354984b18b9fbb0beb6b9b221 [term 2 FOLLOWER]: Refusing update from remote peer 0ee23eeca9d841d7861f05c5357abaa8: Log matching property violated. Preceding OpId in replica: term: 1 index: 1. Preceding OpId from leader: term: 2 index: 2. (index mismatch)
I20260608 12:55:47.746809 20128 consensus_queue.cc:237] T 71ee310ee06b42adae294d8378b6ce19 P b92f2c66ee8849168da3a2226f2974fd [LEADER]: Queue going to LEADER mode. State: All replicated index: 0, Majority replicated index: 2, Committed index: 2, Last appended: 1.2, Last appended by leader: 0, Current term: 1, Majority size: 3, State: 0, Mode: LEADER, active raft config: opid_index: 3 OBSOLETE_local: false peers { permanent_uuid: "e87608a354984b18b9fbb0beb6b9b221" member_type: VOTER last_known_addr { host: "127.16.93.193" port: 44149 } } peers { permanent_uuid: "b92f2c66ee8849168da3a2226f2974fd" member_type: VOTER last_known_addr { host: "127.16.93.194" port: 35629 } } peers { permanent_uuid: "0ee23eeca9d841d7861f05c5357abaa8" member_type: VOTER last_known_addr { host: "127.16.93.195" port: 37269 } attrs { replace: true } } peers { permanent_uuid: "f172706bd2ee4605b3205af062adea7e" member_type: VOTER last_known_addr { host: "127.16.93.196" port: 38755 } attrs { promote: false } }
I20260608 12:55:47.767298 19806 raft_consensus.cc:2955] T a64d64113cc44b29a6b487071e821c0c P b92f2c66ee8849168da3a2226f2974fd [term 1 FOLLOWER]: Committing config change with OpId 1.4: config changed from index 3 to 4, VOTER e87608a354984b18b9fbb0beb6b9b221 (127.16.93.193) evicted. New config: { opid_index: 4 OBSOLETE_local: false peers { permanent_uuid: "b92f2c66ee8849168da3a2226f2974fd" member_type: VOTER last_known_addr { host: "127.16.93.194" port: 35629 } } peers { permanent_uuid: "0ee23eeca9d841d7861f05c5357abaa8" member_type: VOTER last_known_addr { host: "127.16.93.195" port: 37269 } } peers { permanent_uuid: "f172706bd2ee4605b3205af062adea7e" member_type: VOTER last_known_addr { host: "127.16.93.196" port: 38755 } attrs { promote: false } } }
I20260608 12:55:47.768836 20034 raft_consensus.cc:2955] T a64d64113cc44b29a6b487071e821c0c P f172706bd2ee4605b3205af062adea7e [term 1 FOLLOWER]: Committing config change with OpId 1.4: config changed from index 3 to 4, VOTER e87608a354984b18b9fbb0beb6b9b221 (127.16.93.193) evicted. New config: { opid_index: 4 OBSOLETE_local: false peers { permanent_uuid: "b92f2c66ee8849168da3a2226f2974fd" member_type: VOTER last_known_addr { host: "127.16.93.194" port: 35629 } } peers { permanent_uuid: "0ee23eeca9d841d7861f05c5357abaa8" member_type: VOTER last_known_addr { host: "127.16.93.195" port: 37269 } } peers { permanent_uuid: "f172706bd2ee4605b3205af062adea7e" member_type: VOTER last_known_addr { host: "127.16.93.196" port: 38755 } attrs { promote: false } } }
I20260608 12:55:47.780767 20212 consensus_queue.cc:1048] T 599a80e0dadc44f4b63f428bc9144a4e P 0ee23eeca9d841d7861f05c5357abaa8 [LEADER]: Connected to new peer: Peer: permanent_uuid: "e87608a354984b18b9fbb0beb6b9b221" member_type: VOTER last_known_addr { host: "127.16.93.193" port: 44149 }, Status: LMP_MISMATCH, Last received: 0.0, Next index: 2, Last known committed idx: 1, Time since last communication: 0.000s
I20260608 12:55:47.791817 19616 catalog_manager.cc:5209] ChangeConfig:REMOVE_PEER RPC for tablet a64d64113cc44b29a6b487071e821c0c with cas_config_opid_index 3: ChangeConfig:REMOVE_PEER succeeded (attempt 1)
I20260608 12:55:47.795553 19627 catalog_manager.cc:5696] T a64d64113cc44b29a6b487071e821c0c P 0ee23eeca9d841d7861f05c5357abaa8 reported cstate change: config changed from index 3 to 4, VOTER e87608a354984b18b9fbb0beb6b9b221 (127.16.93.193) evicted. New cstate: current_term: 1 leader_uuid: "0ee23eeca9d841d7861f05c5357abaa8" committed_config { opid_index: 4 OBSOLETE_local: false peers { permanent_uuid: "b92f2c66ee8849168da3a2226f2974fd" member_type: VOTER last_known_addr { host: "127.16.93.194" port: 35629 } health_report { overall_health: HEALTHY } } peers { permanent_uuid: "0ee23eeca9d841d7861f05c5357abaa8" member_type: VOTER last_known_addr { host: "127.16.93.195" port: 37269 } health_report { overall_health: HEALTHY } } peers { permanent_uuid: "f172706bd2ee4605b3205af062adea7e" member_type: VOTER last_known_addr { host: "127.16.93.196" port: 38755 } attrs { promote: false } health_report { overall_health: HEALTHY } } }
I20260608 12:55:47.802218 20035 raft_consensus.cc:1275] T 71ee310ee06b42adae294d8378b6ce19 P f172706bd2ee4605b3205af062adea7e [term 1 LEARNER]: Refusing update from remote peer b92f2c66ee8849168da3a2226f2974fd: Log matching property violated. Preceding OpId in replica: term: 1 index: 2. Preceding OpId from leader: term: 1 index: 3. (index mismatch)
I20260608 12:55:47.803952 20201 consensus_queue.cc:1048] T 71ee310ee06b42adae294d8378b6ce19 P b92f2c66ee8849168da3a2226f2974fd [LEADER]: Connected to new peer: Peer: permanent_uuid: "f172706bd2ee4605b3205af062adea7e" member_type: VOTER last_known_addr { host: "127.16.93.196" port: 38755 } attrs { promote: false }, Status: LMP_MISMATCH, Last received: 0.0, Next index: 3, Last known committed idx: 2, Time since last communication: 0.001s
I20260608 12:55:47.813001 19717 tablet_service.cc:1558] Processing DeleteTablet for tablet a64d64113cc44b29a6b487071e821c0c with delete_type TABLET_DATA_TOMBSTONED (TS e87608a354984b18b9fbb0beb6b9b221 not found in new config with opid_index 4) from {username='slave'} at 127.0.0.1:44544
I20260608 12:55:47.823853 19881 raft_consensus.cc:1275] T 71ee310ee06b42adae294d8378b6ce19 P 0ee23eeca9d841d7861f05c5357abaa8 [term 1 FOLLOWER]: Refusing update from remote peer b92f2c66ee8849168da3a2226f2974fd: Log matching property violated. Preceding OpId in replica: term: 1 index: 2. Preceding OpId from leader: term: 1 index: 3. (index mismatch)
I20260608 12:55:47.829301 20201 consensus_queue.cc:1048] T 71ee310ee06b42adae294d8378b6ce19 P b92f2c66ee8849168da3a2226f2974fd [LEADER]: Connected to new peer: Peer: permanent_uuid: "0ee23eeca9d841d7861f05c5357abaa8" member_type: VOTER last_known_addr { host: "127.16.93.195" port: 37269 } attrs { replace: true }, Status: LMP_MISMATCH, Last received: 0.0, Next index: 3, Last known committed idx: 2, Time since last communication: 0.001s
I20260608 12:55:47.829754 20194 raft_consensus.cc:2955] T c494273f140c4edabd370185916d77a1 P e87608a354984b18b9fbb0beb6b9b221 [term 1 LEADER]: Committing config change with OpId 1.3: config changed from index 2 to 3, f172706bd2ee4605b3205af062adea7e (127.16.93.196) changed from NON_VOTER to VOTER. New config: { opid_index: 3 OBSOLETE_local: false peers { permanent_uuid: "b92f2c66ee8849168da3a2226f2974fd" member_type: VOTER last_known_addr { host: "127.16.93.194" port: 35629 } attrs { replace: true } } peers { permanent_uuid: "e87608a354984b18b9fbb0beb6b9b221" member_type: VOTER last_known_addr { host: "127.16.93.193" port: 44149 } } peers { permanent_uuid: "0ee23eeca9d841d7861f05c5357abaa8" member_type: VOTER last_known_addr { host: "127.16.93.195" port: 37269 } } peers { permanent_uuid: "f172706bd2ee4605b3205af062adea7e" member_type: VOTER last_known_addr { host: "127.16.93.196" port: 38755 } attrs { promote: false } } }
I20260608 12:55:47.833438 19808 raft_consensus.cc:2955] T c494273f140c4edabd370185916d77a1 P b92f2c66ee8849168da3a2226f2974fd [term 1 FOLLOWER]: Committing config change with OpId 1.3: config changed from index 2 to 3, f172706bd2ee4605b3205af062adea7e (127.16.93.196) changed from NON_VOTER to VOTER. New config: { opid_index: 3 OBSOLETE_local: false peers { permanent_uuid: "b92f2c66ee8849168da3a2226f2974fd" member_type: VOTER last_known_addr { host: "127.16.93.194" port: 35629 } attrs { replace: true } } peers { permanent_uuid: "e87608a354984b18b9fbb0beb6b9b221" member_type: VOTER last_known_addr { host: "127.16.93.193" port: 44149 } } peers { permanent_uuid: "0ee23eeca9d841d7861f05c5357abaa8" member_type: VOTER last_known_addr { host: "127.16.93.195" port: 37269 } } peers { permanent_uuid: "f172706bd2ee4605b3205af062adea7e" member_type: VOTER last_known_addr { host: "127.16.93.196" port: 38755 } attrs { promote: false } } }
I20260608 12:55:47.837651 19806 raft_consensus.cc:1275] T 599a80e0dadc44f4b63f428bc9144a4e P b92f2c66ee8849168da3a2226f2974fd [term 2 FOLLOWER]: Refusing update from remote peer 0ee23eeca9d841d7861f05c5357abaa8: Log matching property violated. Preceding OpId in replica: term: 1 index: 1. Preceding OpId from leader: term: 2 index: 2. (index mismatch)
I20260608 12:55:47.839531 20213 consensus_queue.cc:1048] T 599a80e0dadc44f4b63f428bc9144a4e P 0ee23eeca9d841d7861f05c5357abaa8 [LEADER]: Connected to new peer: Peer: permanent_uuid: "b92f2c66ee8849168da3a2226f2974fd" member_type: VOTER last_known_addr { host: "127.16.93.194" port: 35629 }, Status: LMP_MISMATCH, Last received: 0.0, Next index: 2, Last known committed idx: 1, Time since last communication: 0.000s
I20260608 12:55:47.840889 20035 raft_consensus.cc:1275] T cb7dc579542840149bbf3d5c40be1301 P f172706bd2ee4605b3205af062adea7e [term 1 LEARNER]: Refusing update from remote peer b92f2c66ee8849168da3a2226f2974fd: Log matching property violated. Preceding OpId in replica: term: 1 index: 2. Preceding OpId from leader: term: 1 index: 3. (index mismatch)
I20260608 12:55:47.845441 19731 raft_consensus.cc:1275] T 71ee310ee06b42adae294d8378b6ce19 P e87608a354984b18b9fbb0beb6b9b221 [term 1 FOLLOWER]: Refusing update from remote peer b92f2c66ee8849168da3a2226f2974fd: Log matching property violated. Preceding OpId in replica: term: 1 index: 2. Preceding OpId from leader: term: 1 index: 3. (index mismatch)
I20260608 12:55:47.845638 20128 consensus_queue.cc:1048] T cb7dc579542840149bbf3d5c40be1301 P b92f2c66ee8849168da3a2226f2974fd [LEADER]: Connected to new peer: Peer: permanent_uuid: "f172706bd2ee4605b3205af062adea7e" member_type: VOTER last_known_addr { host: "127.16.93.196" port: 38755 } attrs { promote: false }, Status: LMP_MISMATCH, Last received: 0.0, Next index: 3, Last known committed idx: 2, Time since last communication: 0.000s
I20260608 12:55:47.864600 20035 raft_consensus.cc:2955] T c494273f140c4edabd370185916d77a1 P f172706bd2ee4605b3205af062adea7e [term 1 FOLLOWER]: Committing config change with OpId 1.3: config changed from index 2 to 3, f172706bd2ee4605b3205af062adea7e (127.16.93.196) changed from NON_VOTER to VOTER. New config: { opid_index: 3 OBSOLETE_local: false peers { permanent_uuid: "b92f2c66ee8849168da3a2226f2974fd" member_type: VOTER last_known_addr { host: "127.16.93.194" port: 35629 } attrs { replace: true } } peers { permanent_uuid: "e87608a354984b18b9fbb0beb6b9b221" member_type: VOTER last_known_addr { host: "127.16.93.193" port: 44149 } } peers { permanent_uuid: "0ee23eeca9d841d7861f05c5357abaa8" member_type: VOTER last_known_addr { host: "127.16.93.195" port: 37269 } } peers { permanent_uuid: "f172706bd2ee4605b3205af062adea7e" member_type: VOTER last_known_addr { host: "127.16.93.196" port: 38755 } attrs { promote: false } } }
I20260608 12:55:47.859524 20201 consensus_queue.cc:1048] T 71ee310ee06b42adae294d8378b6ce19 P b92f2c66ee8849168da3a2226f2974fd [LEADER]: Connected to new peer: Peer: permanent_uuid: "e87608a354984b18b9fbb0beb6b9b221" member_type: VOTER last_known_addr { host: "127.16.93.193" port: 44149 }, Status: LMP_MISMATCH, Last received: 0.0, Next index: 3, Last known committed idx: 2, Time since last communication: 0.009s
I20260608 12:55:47.866775 19627 catalog_manager.cc:5696] T c494273f140c4edabd370185916d77a1 P e87608a354984b18b9fbb0beb6b9b221 reported cstate change: config changed from index 2 to 3, f172706bd2ee4605b3205af062adea7e (127.16.93.196) changed from NON_VOTER to VOTER. New cstate: current_term: 1 leader_uuid: "e87608a354984b18b9fbb0beb6b9b221" committed_config { opid_index: 3 OBSOLETE_local: false peers { permanent_uuid: "b92f2c66ee8849168da3a2226f2974fd" member_type: VOTER last_known_addr { host: "127.16.93.194" port: 35629 } attrs { replace: true } health_report { overall_health: HEALTHY } } peers { permanent_uuid: "e87608a354984b18b9fbb0beb6b9b221" member_type: VOTER last_known_addr { host: "127.16.93.193" port: 44149 } health_report { overall_health: HEALTHY } } peers { permanent_uuid: "0ee23eeca9d841d7861f05c5357abaa8" member_type: VOTER last_known_addr { host: "127.16.93.195" port: 37269 } health_report { overall_health: UNKNOWN } } peers { permanent_uuid: "f172706bd2ee4605b3205af062adea7e" member_type: VOTER last_known_addr { host: "127.16.93.196" port: 38755 } attrs { promote: false } health_report { overall_health: HEALTHY } } }
W20260608 12:55:47.877856 20222 log.cc:927] Time spent T 71ee310ee06b42adae294d8378b6ce19 P b92f2c66ee8849168da3a2226f2974fd: Append to log took a long time: real 0.080s	user 0.001s	sys 0.000s
I20260608 12:55:47.913188 19808 raft_consensus.cc:1275] T ee109df0e7784ba2bc35ba2b909ec4b3 P b92f2c66ee8849168da3a2226f2974fd [term 2 FOLLOWER]: Refusing update from remote peer f172706bd2ee4605b3205af062adea7e: Log matching property violated. Preceding OpId in replica: term: 1 index: 1. Preceding OpId from leader: term: 2 index: 2. (index mismatch)
I20260608 12:55:47.915555 20144 consensus_queue.cc:1048] T ee109df0e7784ba2bc35ba2b909ec4b3 P f172706bd2ee4605b3205af062adea7e [LEADER]: Connected to new peer: Peer: permanent_uuid: "b92f2c66ee8849168da3a2226f2974fd" member_type: VOTER last_known_addr { host: "127.16.93.194" port: 35629 }, Status: LMP_MISMATCH, Last received: 0.0, Next index: 2, Last known committed idx: 1, Time since last communication: 0.001s
I20260608 12:55:47.978437 20227 tablet_replica.cc:333] T a64d64113cc44b29a6b487071e821c0c P e87608a354984b18b9fbb0beb6b9b221: stopping tablet replica
I20260608 12:55:47.979888 19881 raft_consensus.cc:1275] T cb7dc579542840149bbf3d5c40be1301 P 0ee23eeca9d841d7861f05c5357abaa8 [term 1 FOLLOWER]: Refusing update from remote peer b92f2c66ee8849168da3a2226f2974fd: Log matching property violated. Preceding OpId in replica: term: 1 index: 2. Preceding OpId from leader: term: 1 index: 3. (index mismatch)
I20260608 12:55:47.989748 20228 consensus_queue.cc:1048] T cb7dc579542840149bbf3d5c40be1301 P b92f2c66ee8849168da3a2226f2974fd [LEADER]: Connected to new peer: Peer: permanent_uuid: "0ee23eeca9d841d7861f05c5357abaa8" member_type: VOTER last_known_addr { host: "127.16.93.195" port: 37269 }, Status: LMP_MISMATCH, Last received: 0.0, Next index: 3, Last known committed idx: 2, Time since last communication: 0.001s
I20260608 12:55:47.999492 19731 raft_consensus.cc:1275] T ee109df0e7784ba2bc35ba2b909ec4b3 P e87608a354984b18b9fbb0beb6b9b221 [term 2 FOLLOWER]: Refusing update from remote peer f172706bd2ee4605b3205af062adea7e: Log matching property violated. Preceding OpId in replica: term: 1 index: 1. Preceding OpId from leader: term: 2 index: 2. (index mismatch)
I20260608 12:55:48.009368 20233 raft_consensus.cc:2955] T 71ee310ee06b42adae294d8378b6ce19 P b92f2c66ee8849168da3a2226f2974fd [term 1 LEADER]: Committing config change with OpId 1.3: config changed from index 2 to 3, f172706bd2ee4605b3205af062adea7e (127.16.93.196) changed from NON_VOTER to VOTER. New config: { opid_index: 3 OBSOLETE_local: false peers { permanent_uuid: "e87608a354984b18b9fbb0beb6b9b221" member_type: VOTER last_known_addr { host: "127.16.93.193" port: 44149 } } peers { permanent_uuid: "b92f2c66ee8849168da3a2226f2974fd" member_type: VOTER last_known_addr { host: "127.16.93.194" port: 35629 } } peers { permanent_uuid: "0ee23eeca9d841d7861f05c5357abaa8" member_type: VOTER last_known_addr { host: "127.16.93.195" port: 37269 } attrs { replace: true } } peers { permanent_uuid: "f172706bd2ee4605b3205af062adea7e" member_type: VOTER last_known_addr { host: "127.16.93.196" port: 38755 } attrs { promote: false } } }
I20260608 12:55:48.035956 19880 raft_consensus.cc:2955] T 71ee310ee06b42adae294d8378b6ce19 P 0ee23eeca9d841d7861f05c5357abaa8 [term 1 FOLLOWER]: Committing config change with OpId 1.3: config changed from index 2 to 3, f172706bd2ee4605b3205af062adea7e (127.16.93.196) changed from NON_VOTER to VOTER. New config: { opid_index: 3 OBSOLETE_local: false peers { permanent_uuid: "e87608a354984b18b9fbb0beb6b9b221" member_type: VOTER last_known_addr { host: "127.16.93.193" port: 44149 } } peers { permanent_uuid: "b92f2c66ee8849168da3a2226f2974fd" member_type: VOTER last_known_addr { host: "127.16.93.194" port: 35629 } } peers { permanent_uuid: "0ee23eeca9d841d7861f05c5357abaa8" member_type: VOTER last_known_addr { host: "127.16.93.195" port: 37269 } attrs { replace: true } } peers { permanent_uuid: "f172706bd2ee4605b3205af062adea7e" member_type: VOTER last_known_addr { host: "127.16.93.196" port: 38755 } attrs { promote: false } } }
