I20260608 12:40:04.899478   431 fs_report.cc:389] FS layout report
--------------------
wal directory: /tmp/dist-test-taskT9QPXg/test-tmp/auto_rebalancer-test.0.AutoRebalancerTest.TestMaxMovesPerServer.1780922276441594-431-0/minicluster-data/ts-5-root
metadata directory: /tmp/dist-test-taskT9QPXg/test-tmp/auto_rebalancer-test.0.AutoRebalancerTest.TestMaxMovesPerServer.1780922276441594-431-0/minicluster-data/ts-5-root
1 data directories: /tmp/dist-test-taskT9QPXg/test-tmp/auto_rebalancer-test.0.AutoRebalancerTest.TestMaxMovesPerServer.1780922276441594-431-0/minicluster-data/ts-5-root/data
Total live blocks: 0
Total live bytes: 0
Total live bytes (after alignment): 0
Total number of LBM containers: 0 (0 full)
Did not check for missing blocks
Did not check for orphaned blocks
Total full LBM containers with extra space: 0 (0 repaired)
Total full LBM container extra space in bytes: 0 (0 repaired)
Total incomplete LBM containers: 0 (0 repaired)
Total LBM partial records: 0 (0 repaired)
Total corrupted LBM metadata records in RocksDB: 0 (0 repaired)
I20260608 12:40:04.928912   431 rpc_server.cc:225] running with OpenSSL 1.1.1  11 Sep 2018
I20260608 12:40:04.930249   431 kserver.cc:163] Server-wide thread pool size limit: 3276
I20260608 12:40:04.931725   431 txn_system_client.cc:432] TxnSystemClient initialization is disabled...
I20260608 12:40:04.933949   431 ts_tablet_manager.cc:585] Loaded tablet metadata (0 total tablets, 0 live tablets)
I20260608 12:40:04.934212   431 ts_tablet_manager.cc:531] Time spent load tablet metadata: real 0.000s	user 0.000s	sys 0.000s
I20260608 12:40:04.934494   431 ts_tablet_manager.cc:616] Registered 0 tablets
I20260608 12:40:04.934687   431 ts_tablet_manager.cc:595] Time spent register tablets: real 0.000s	user 0.000s	sys 0.000s
W20260608 12:40:04.953352  5082 debug-util.cc:398] Leaking SignalData structure 0x7b08000b0800 after lost signal to thread 434
W20260608 12:40:04.956238  5082 debug-util.cc:398] Leaking SignalData structure 0x7b080005be60 after lost signal to thread 4936
W20260608 12:40:04.958238  5082 debug-util.cc:398] Leaking SignalData structure 0x7b080023d4c0 after lost signal to thread 5011
I20260608 12:40:04.979214  5059 consensus_queue.cc:237] T 1e2479e437d341d7abbd67813088afe3 P b171d277c41a415da1e90b80d48f4499 [LEADER]: Queue going to LEADER mode. State: All replicated index: 0, Majority replicated index: 25, Committed index: 25, Last appended: 1.25, Last appended by leader: 0, Current term: 1, Majority size: 2, State: 0, Mode: LEADER, active raft config: opid_index: 26 OBSOLETE_local: false peers { permanent_uuid: "235d3d02930f47fea690518fabe49140" member_type: VOTER last_known_addr { host: "127.0.107.193" port: 42113 } attrs { replace: true } } peers { permanent_uuid: "939ffea6e549456a96ef36fba6127fed" member_type: VOTER last_known_addr { host: "127.0.107.194" port: 36413 } } peers { permanent_uuid: "b171d277c41a415da1e90b80d48f4499" member_type: VOTER last_known_addr { host: "127.0.107.195" port: 35903 } } peers { permanent_uuid: "488f5b4e9c1041e0900750c2e3ddbc8c" member_type: NON_VOTER last_known_addr { host: "127.0.107.197" port: 39033 } attrs { promote: true } }
I20260608 12:40:04.996061  4987 raft_consensus.cc:1275] T 1e2479e437d341d7abbd67813088afe3 P 939ffea6e549456a96ef36fba6127fed [term 1 FOLLOWER]: Refusing update from remote peer b171d277c41a415da1e90b80d48f4499: Log matching property violated. Preceding OpId in replica: term: 1 index: 25. Preceding OpId from leader: term: 1 index: 26. (index mismatch)
I20260608 12:40:05.004778  5319 consensus_queue.cc:1048] T 1e2479e437d341d7abbd67813088afe3 P b171d277c41a415da1e90b80d48f4499 [LEADER]: Connected to new peer: Peer: permanent_uuid: "939ffea6e549456a96ef36fba6127fed" member_type: VOTER last_known_addr { host: "127.0.107.194" port: 36413 }, Status: LMP_MISMATCH, Last received: 0.0, Next index: 26, Last known committed idx: 25, Time since last communication: 0.000s
I20260608 12:40:05.009227  4908 raft_consensus.cc:1275] T 1e2479e437d341d7abbd67813088afe3 P 235d3d02930f47fea690518fabe49140 [term 1 FOLLOWER]: Refusing update from remote peer b171d277c41a415da1e90b80d48f4499: Log matching property violated. Preceding OpId in replica: term: 1 index: 25. Preceding OpId from leader: term: 1 index: 26. (index mismatch)
I20260608 12:40:05.019359  5319 consensus_queue.cc:1048] T 1e2479e437d341d7abbd67813088afe3 P b171d277c41a415da1e90b80d48f4499 [LEADER]: Connected to new peer: Peer: permanent_uuid: "235d3d02930f47fea690518fabe49140" member_type: VOTER last_known_addr { host: "127.0.107.193" port: 42113 } attrs { replace: true }, Status: LMP_MISMATCH, Last received: 0.0, Next index: 26, Last known committed idx: 25, Time since last communication: 0.001s
I20260608 12:40:05.025360  5307 raft_consensus.cc:2955] T 1e2479e437d341d7abbd67813088afe3 P b171d277c41a415da1e90b80d48f4499 [term 1 LEADER]: Committing config change with OpId 1.26: config changed from index -1 to 26, NON_VOTER 488f5b4e9c1041e0900750c2e3ddbc8c (127.0.107.197) added. New config: { opid_index: 26 OBSOLETE_local: false peers { permanent_uuid: "235d3d02930f47fea690518fabe49140" member_type: VOTER last_known_addr { host: "127.0.107.193" port: 42113 } attrs { replace: true } } peers { permanent_uuid: "939ffea6e549456a96ef36fba6127fed" member_type: VOTER last_known_addr { host: "127.0.107.194" port: 36413 } } peers { permanent_uuid: "b171d277c41a415da1e90b80d48f4499" member_type: VOTER last_known_addr { host: "127.0.107.195" port: 35903 } } peers { permanent_uuid: "488f5b4e9c1041e0900750c2e3ddbc8c" member_type: NON_VOTER last_known_addr { host: "127.0.107.197" port: 39033 } attrs { promote: true } } }
I20260608 12:40:05.037186  4987 raft_consensus.cc:2955] T 1e2479e437d341d7abbd67813088afe3 P 939ffea6e549456a96ef36fba6127fed [term 1 FOLLOWER]: Committing config change with OpId 1.26: config changed from index -1 to 26, NON_VOTER 488f5b4e9c1041e0900750c2e3ddbc8c (127.0.107.197) added. New config: { opid_index: 26 OBSOLETE_local: false peers { permanent_uuid: "235d3d02930f47fea690518fabe49140" member_type: VOTER last_known_addr { host: "127.0.107.193" port: 42113 } attrs { replace: true } } peers { permanent_uuid: "939ffea6e549456a96ef36fba6127fed" member_type: VOTER last_known_addr { host: "127.0.107.194" port: 36413 } } peers { permanent_uuid: "b171d277c41a415da1e90b80d48f4499" member_type: VOTER last_known_addr { host: "127.0.107.195" port: 35903 } } peers { permanent_uuid: "488f5b4e9c1041e0900750c2e3ddbc8c" member_type: NON_VOTER last_known_addr { host: "127.0.107.197" port: 39033 } attrs { promote: true } } }
I20260608 12:40:05.057579  4908 raft_consensus.cc:2955] T 1e2479e437d341d7abbd67813088afe3 P 235d3d02930f47fea690518fabe49140 [term 1 FOLLOWER]: Committing config change with OpId 1.26: config changed from index -1 to 26, NON_VOTER 488f5b4e9c1041e0900750c2e3ddbc8c (127.0.107.197) added. New config: { opid_index: 26 OBSOLETE_local: false peers { permanent_uuid: "235d3d02930f47fea690518fabe49140" member_type: VOTER last_known_addr { host: "127.0.107.193" port: 42113 } attrs { replace: true } } peers { permanent_uuid: "939ffea6e549456a96ef36fba6127fed" member_type: VOTER last_known_addr { host: "127.0.107.194" port: 36413 } } peers { permanent_uuid: "b171d277c41a415da1e90b80d48f4499" member_type: VOTER last_known_addr { host: "127.0.107.195" port: 35903 } } peers { permanent_uuid: "488f5b4e9c1041e0900750c2e3ddbc8c" member_type: NON_VOTER last_known_addr { host: "127.0.107.197" port: 39033 } attrs { promote: true } } }
I20260608 12:40:05.179513  4807 catalog_manager.cc:5696] T 1e2479e437d341d7abbd67813088afe3 P 939ffea6e549456a96ef36fba6127fed reported cstate change: config changed from index -1 to 26, NON_VOTER 488f5b4e9c1041e0900750c2e3ddbc8c (127.0.107.197) added. New cstate: current_term: 1 leader_uuid: "b171d277c41a415da1e90b80d48f4499" committed_config { opid_index: 26 OBSOLETE_local: false peers { permanent_uuid: "235d3d02930f47fea690518fabe49140" member_type: VOTER last_known_addr { host: "127.0.107.193" port: 42113 } attrs { replace: true } } peers { permanent_uuid: "939ffea6e549456a96ef36fba6127fed" member_type: VOTER last_known_addr { host: "127.0.107.194" port: 36413 } } peers { permanent_uuid: "b171d277c41a415da1e90b80d48f4499" member_type: VOTER last_known_addr { host: "127.0.107.195" port: 35903 } } peers { permanent_uuid: "488f5b4e9c1041e0900750c2e3ddbc8c" member_type: NON_VOTER last_known_addr { host: "127.0.107.197" port: 39033 } attrs { promote: true } } }
W20260608 12:40:05.198266  5027 consensus_peers.cc:597] T 1e2479e437d341d7abbd67813088afe3 P b171d277c41a415da1e90b80d48f4499 -> Peer 488f5b4e9c1041e0900750c2e3ddbc8c (127.0.107.197:39033): Couldn't send request to peer 488f5b4e9c1041e0900750c2e3ddbc8c. Error code: TABLET_NOT_FOUND (6). Status: Not found: Tablet not found: 1e2479e437d341d7abbd67813088afe3. This is attempt 1: this message will repeat every 5th retry.
I20260608 12:40:05.215564  4908 consensus_queue.cc:237] T 2595ae3b88384007aabba741f1136878 P 235d3d02930f47fea690518fabe49140 [LEADER]: Queue going to LEADER mode. State: All replicated index: 0, Majority replicated index: 25, Committed index: 25, Last appended: 1.25, Last appended by leader: 0, Current term: 1, Majority size: 2, State: 0, Mode: LEADER, active raft config: opid_index: 26 OBSOLETE_local: false peers { permanent_uuid: "235d3d02930f47fea690518fabe49140" member_type: VOTER last_known_addr { host: "127.0.107.193" port: 42113 } } peers { permanent_uuid: "939ffea6e549456a96ef36fba6127fed" member_type: VOTER last_known_addr { host: "127.0.107.194" port: 36413 } attrs { replace: true } } peers { permanent_uuid: "b171d277c41a415da1e90b80d48f4499" member_type: VOTER last_known_addr { host: "127.0.107.195" port: 35903 } } peers { permanent_uuid: "8dbc9f62de904e68b021f65bd5ce13f1" member_type: NON_VOTER last_known_addr { host: "127.0.107.196" port: 46187 } attrs { promote: true } }
I20260608 12:40:05.232411  5059 raft_consensus.cc:1275] T 2595ae3b88384007aabba741f1136878 P b171d277c41a415da1e90b80d48f4499 [term 1 FOLLOWER]: Refusing update from remote peer 235d3d02930f47fea690518fabe49140: Log matching property violated. Preceding OpId in replica: term: 1 index: 25. Preceding OpId from leader: term: 1 index: 26. (index mismatch)
I20260608 12:40:05.234933  5314 consensus_queue.cc:1048] T 2595ae3b88384007aabba741f1136878 P 235d3d02930f47fea690518fabe49140 [LEADER]: Connected to new peer: Peer: permanent_uuid: "b171d277c41a415da1e90b80d48f4499" member_type: VOTER last_known_addr { host: "127.0.107.195" port: 35903 }, Status: LMP_MISMATCH, Last received: 0.0, Next index: 26, Last known committed idx: 25, Time since last communication: 0.001s
I20260608 12:40:05.245744  4980 raft_consensus.cc:1275] T 2595ae3b88384007aabba741f1136878 P 939ffea6e549456a96ef36fba6127fed [term 1 FOLLOWER]: Refusing update from remote peer 235d3d02930f47fea690518fabe49140: Log matching property violated. Preceding OpId in replica: term: 1 index: 25. Preceding OpId from leader: term: 1 index: 26. (index mismatch)
I20260608 12:40:05.248881  5297 consensus_queue.cc:1048] T 2595ae3b88384007aabba741f1136878 P 235d3d02930f47fea690518fabe49140 [LEADER]: Connected to new peer: Peer: permanent_uuid: "939ffea6e549456a96ef36fba6127fed" member_type: VOTER last_known_addr { host: "127.0.107.194" port: 36413 } attrs { replace: true }, Status: LMP_MISMATCH, Last received: 0.0, Next index: 26, Last known committed idx: 25, Time since last communication: 0.001s
I20260608 12:40:05.252830  5314 raft_consensus.cc:2955] T 2595ae3b88384007aabba741f1136878 P 235d3d02930f47fea690518fabe49140 [term 1 LEADER]: Committing config change with OpId 1.26: config changed from index -1 to 26, NON_VOTER 8dbc9f62de904e68b021f65bd5ce13f1 (127.0.107.196) added. New config: { opid_index: 26 OBSOLETE_local: false peers { permanent_uuid: "235d3d02930f47fea690518fabe49140" member_type: VOTER last_known_addr { host: "127.0.107.193" port: 42113 } } peers { permanent_uuid: "939ffea6e549456a96ef36fba6127fed" member_type: VOTER last_known_addr { host: "127.0.107.194" port: 36413 } attrs { replace: true } } peers { permanent_uuid: "b171d277c41a415da1e90b80d48f4499" member_type: VOTER last_known_addr { host: "127.0.107.195" port: 35903 } } peers { permanent_uuid: "8dbc9f62de904e68b021f65bd5ce13f1" member_type: NON_VOTER last_known_addr { host: "127.0.107.196" port: 46187 } attrs { promote: true } } }
W20260608 12:40:05.264103  4876 consensus_peers.cc:597] T 2595ae3b88384007aabba741f1136878 P 235d3d02930f47fea690518fabe49140 -> Peer 8dbc9f62de904e68b021f65bd5ce13f1 (127.0.107.196:46187): Couldn't send request to peer 8dbc9f62de904e68b021f65bd5ce13f1. Error code: TABLET_NOT_FOUND (6). Status: Not found: Tablet not found: 2595ae3b88384007aabba741f1136878. This is attempt 1: this message will repeat every 5th retry.
I20260608 12:40:05.280449  5059 raft_consensus.cc:2955] T 2595ae3b88384007aabba741f1136878 P b171d277c41a415da1e90b80d48f4499 [term 1 FOLLOWER]: Committing config change with OpId 1.26: config changed from index -1 to 26, NON_VOTER 8dbc9f62de904e68b021f65bd5ce13f1 (127.0.107.196) added. New config: { opid_index: 26 OBSOLETE_local: false peers { permanent_uuid: "235d3d02930f47fea690518fabe49140" member_type: VOTER last_known_addr { host: "127.0.107.193" port: 42113 } } peers { permanent_uuid: "939ffea6e549456a96ef36fba6127fed" member_type: VOTER last_known_addr { host: "127.0.107.194" port: 36413 } attrs { replace: true } } peers { permanent_uuid: "b171d277c41a415da1e90b80d48f4499" member_type: VOTER last_known_addr { host: "127.0.107.195" port: 35903 } } peers { permanent_uuid: "8dbc9f62de904e68b021f65bd5ce13f1" member_type: NON_VOTER last_known_addr { host: "127.0.107.196" port: 46187 } attrs { promote: true } } }
I20260608 12:40:05.297017  4980 raft_consensus.cc:2955] T 2595ae3b88384007aabba741f1136878 P 939ffea6e549456a96ef36fba6127fed [term 1 FOLLOWER]: Committing config change with OpId 1.26: config changed from index -1 to 26, NON_VOTER 8dbc9f62de904e68b021f65bd5ce13f1 (127.0.107.196) added. New config: { opid_index: 26 OBSOLETE_local: false peers { permanent_uuid: "235d3d02930f47fea690518fabe49140" member_type: VOTER last_known_addr { host: "127.0.107.193" port: 42113 } } peers { permanent_uuid: "939ffea6e549456a96ef36fba6127fed" member_type: VOTER last_known_addr { host: "127.0.107.194" port: 36413 } attrs { replace: true } } peers { permanent_uuid: "b171d277c41a415da1e90b80d48f4499" member_type: VOTER last_known_addr { host: "127.0.107.195" port: 35903 } } peers { permanent_uuid: "8dbc9f62de904e68b021f65bd5ce13f1" member_type: NON_VOTER last_known_addr { host: "127.0.107.196" port: 46187 } attrs { promote: true } } }
I20260608 12:40:05.332541  4908 consensus_queue.cc:237] T 7c331ce182884b7184c13a68bc314882 P 235d3d02930f47fea690518fabe49140 [LEADER]: Queue going to LEADER mode. State: All replicated index: 0, Majority replicated index: 25, Committed index: 25, Last appended: 1.25, Last appended by leader: 0, Current term: 1, Majority size: 2, State: 0, Mode: LEADER, active raft config: opid_index: 26 OBSOLETE_local: false peers { permanent_uuid: "235d3d02930f47fea690518fabe49140" member_type: VOTER last_known_addr { host: "127.0.107.193" port: 42113 } } peers { permanent_uuid: "939ffea6e549456a96ef36fba6127fed" member_type: VOTER last_known_addr { host: "127.0.107.194" port: 36413 } } peers { permanent_uuid: "b171d277c41a415da1e90b80d48f4499" member_type: VOTER last_known_addr { host: "127.0.107.195" port: 35903 } attrs { replace: true } } peers { permanent_uuid: "488f5b4e9c1041e0900750c2e3ddbc8c" member_type: NON_VOTER last_known_addr { host: "127.0.107.197" port: 39033 } attrs { promote: true } }
I20260608 12:40:05.346547  4806 catalog_manager.cc:5696] T 2595ae3b88384007aabba741f1136878 P 939ffea6e549456a96ef36fba6127fed reported cstate change: config changed from index -1 to 26, NON_VOTER 8dbc9f62de904e68b021f65bd5ce13f1 (127.0.107.196) added. New cstate: current_term: 1 leader_uuid: "235d3d02930f47fea690518fabe49140" committed_config { opid_index: 26 OBSOLETE_local: false peers { permanent_uuid: "235d3d02930f47fea690518fabe49140" member_type: VOTER last_known_addr { host: "127.0.107.193" port: 42113 } } peers { permanent_uuid: "939ffea6e549456a96ef36fba6127fed" member_type: VOTER last_known_addr { host: "127.0.107.194" port: 36413 } attrs { replace: true } } peers { permanent_uuid: "b171d277c41a415da1e90b80d48f4499" member_type: VOTER last_known_addr { host: "127.0.107.195" port: 35903 } } peers { permanent_uuid: "8dbc9f62de904e68b021f65bd5ce13f1" member_type: NON_VOTER last_known_addr { host: "127.0.107.196" port: 46187 } attrs { promote: true } } }
I20260608 12:40:05.352438  5059 raft_consensus.cc:1275] T 7c331ce182884b7184c13a68bc314882 P b171d277c41a415da1e90b80d48f4499 [term 1 FOLLOWER]: Refusing update from remote peer 235d3d02930f47fea690518fabe49140: Log matching property violated. Preceding OpId in replica: term: 1 index: 25. Preceding OpId from leader: term: 1 index: 26. (index mismatch)
I20260608 12:40:05.352834  4980 raft_consensus.cc:1275] T 7c331ce182884b7184c13a68bc314882 P 939ffea6e549456a96ef36fba6127fed [term 1 FOLLOWER]: Refusing update from remote peer 235d3d02930f47fea690518fabe49140: Log matching property violated. Preceding OpId in replica: term: 1 index: 25. Preceding OpId from leader: term: 1 index: 26. (index mismatch)
I20260608 12:40:05.354861  5533 consensus_queue.cc:1048] T 7c331ce182884b7184c13a68bc314882 P 235d3d02930f47fea690518fabe49140 [LEADER]: Connected to new peer: Peer: permanent_uuid: "b171d277c41a415da1e90b80d48f4499" member_type: VOTER last_known_addr { host: "127.0.107.195" port: 35903 } attrs { replace: true }, Status: LMP_MISMATCH, Last received: 0.0, Next index: 26, Last known committed idx: 25, Time since last communication: 0.001s
I20260608 12:40:05.373158  5544 consensus_queue.cc:1048] T 7c331ce182884b7184c13a68bc314882 P 235d3d02930f47fea690518fabe49140 [LEADER]: Connected to new peer: Peer: permanent_uuid: "939ffea6e549456a96ef36fba6127fed" member_type: VOTER last_known_addr { host: "127.0.107.194" port: 36413 }, Status: LMP_MISMATCH, Last received: 0.0, Next index: 26, Last known committed idx: 25, Time since last communication: 0.001s
W20260608 12:40:05.381767  4878 consensus_peers.cc:597] T 7c331ce182884b7184c13a68bc314882 P 235d3d02930f47fea690518fabe49140 -> Peer 488f5b4e9c1041e0900750c2e3ddbc8c (127.0.107.197:39033): Couldn't send request to peer 488f5b4e9c1041e0900750c2e3ddbc8c. Error code: TABLET_NOT_FOUND (6). Status: Not found: Tablet not found: 7c331ce182884b7184c13a68bc314882. This is attempt 1: this message will repeat every 5th retry.
I20260608 12:40:05.387990  5533 raft_consensus.cc:2955] T 7c331ce182884b7184c13a68bc314882 P 235d3d02930f47fea690518fabe49140 [term 1 LEADER]: Committing config change with OpId 1.26: config changed from index -1 to 26, NON_VOTER 488f5b4e9c1041e0900750c2e3ddbc8c (127.0.107.197) added. New config: { opid_index: 26 OBSOLETE_local: false peers { permanent_uuid: "235d3d02930f47fea690518fabe49140" member_type: VOTER last_known_addr { host: "127.0.107.193" port: 42113 } } peers { permanent_uuid: "939ffea6e549456a96ef36fba6127fed" member_type: VOTER last_known_addr { host: "127.0.107.194" port: 36413 } } peers { permanent_uuid: "b171d277c41a415da1e90b80d48f4499" member_type: VOTER last_known_addr { host: "127.0.107.195" port: 35903 } attrs { replace: true } } peers { permanent_uuid: "488f5b4e9c1041e0900750c2e3ddbc8c" member_type: NON_VOTER last_known_addr { host: "127.0.107.197" port: 39033 } attrs { promote: true } } }
I20260608 12:40:05.390192  4980 raft_consensus.cc:2955] T 7c331ce182884b7184c13a68bc314882 P 939ffea6e549456a96ef36fba6127fed [term 1 FOLLOWER]: Committing config change with OpId 1.26: config changed from index -1 to 26, NON_VOTER 488f5b4e9c1041e0900750c2e3ddbc8c (127.0.107.197) added. New config: { opid_index: 26 OBSOLETE_local: false peers { permanent_uuid: "235d3d02930f47fea690518fabe49140" member_type: VOTER last_known_addr { host: "127.0.107.193" port: 42113 } } peers { permanent_uuid: "939ffea6e549456a96ef36fba6127fed" member_type: VOTER last_known_addr { host: "127.0.107.194" port: 36413 } } peers { permanent_uuid: "b171d277c41a415da1e90b80d48f4499" member_type: VOTER last_known_addr { host: "127.0.107.195" port: 35903 } attrs { replace: true } } peers { permanent_uuid: "488f5b4e9c1041e0900750c2e3ddbc8c" member_type: NON_VOTER last_known_addr { host: "127.0.107.197" port: 39033 } attrs { promote: true } } }
I20260608 12:40:05.402743  5059 raft_consensus.cc:2955] T 7c331ce182884b7184c13a68bc314882 P b171d277c41a415da1e90b80d48f4499 [term 1 FOLLOWER]: Committing config change with OpId 1.26: config changed from index -1 to 26, NON_VOTER 488f5b4e9c1041e0900750c2e3ddbc8c (127.0.107.197) added. New config: { opid_index: 26 OBSOLETE_local: false peers { permanent_uuid: "235d3d02930f47fea690518fabe49140" member_type: VOTER last_known_addr { host: "127.0.107.193" port: 42113 } } peers { permanent_uuid: "939ffea6e549456a96ef36fba6127fed" member_type: VOTER last_known_addr { host: "127.0.107.194" port: 36413 } } peers { permanent_uuid: "b171d277c41a415da1e90b80d48f4499" member_type: VOTER last_known_addr { host: "127.0.107.195" port: 35903 } attrs { replace: true } } peers { permanent_uuid: "488f5b4e9c1041e0900750c2e3ddbc8c" member_type: NON_VOTER last_known_addr { host: "127.0.107.197" port: 39033 } attrs { promote: true } } }
I20260608 12:40:05.417990  4805 catalog_manager.cc:5696] T 7c331ce182884b7184c13a68bc314882 P b171d277c41a415da1e90b80d48f4499 reported cstate change: config changed from index -1 to 26, NON_VOTER 488f5b4e9c1041e0900750c2e3ddbc8c (127.0.107.197) added. New cstate: current_term: 1 leader_uuid: "235d3d02930f47fea690518fabe49140" committed_config { opid_index: 26 OBSOLETE_local: false peers { permanent_uuid: "235d3d02930f47fea690518fabe49140" member_type: VOTER last_known_addr { host: "127.0.107.193" port: 42113 } } peers { permanent_uuid: "939ffea6e549456a96ef36fba6127fed" member_type: VOTER last_known_addr { host: "127.0.107.194" port: 36413 } } peers { permanent_uuid: "b171d277c41a415da1e90b80d48f4499" member_type: VOTER last_known_addr { host: "127.0.107.195" port: 35903 } attrs { replace: true } } peers { permanent_uuid: "488f5b4e9c1041e0900750c2e3ddbc8c" member_type: NON_VOTER last_known_addr { host: "127.0.107.197" port: 39033 } attrs { promote: true } } }
I20260608 12:40:05.436694  5059 consensus_queue.cc:237] T 0960d3f1e7bb4518a1cc51ea49e14ac7 P b171d277c41a415da1e90b80d48f4499 [LEADER]: Queue going to LEADER mode. State: All replicated index: 0, Majority replicated index: 25, Committed index: 25, Last appended: 1.25, Last appended by leader: 0, Current term: 1, Majority size: 2, State: 0, Mode: LEADER, active raft config: opid_index: 26 OBSOLETE_local: false peers { permanent_uuid: "235d3d02930f47fea690518fabe49140" member_type: VOTER last_known_addr { host: "127.0.107.193" port: 42113 } attrs { replace: true } } peers { permanent_uuid: "939ffea6e549456a96ef36fba6127fed" member_type: VOTER last_known_addr { host: "127.0.107.194" port: 36413 } } peers { permanent_uuid: "b171d277c41a415da1e90b80d48f4499" member_type: VOTER last_known_addr { host: "127.0.107.195" port: 35903 } } peers { permanent_uuid: "8dbc9f62de904e68b021f65bd5ce13f1" member_type: NON_VOTER last_known_addr { host: "127.0.107.196" port: 46187 } attrs { promote: true } }
I20260608 12:40:05.445019  4980 raft_consensus.cc:1275] T 0960d3f1e7bb4518a1cc51ea49e14ac7 P 939ffea6e549456a96ef36fba6127fed [term 1 FOLLOWER]: Refusing update from remote peer b171d277c41a415da1e90b80d48f4499: Log matching property violated. Preceding OpId in replica: term: 1 index: 25. Preceding OpId from leader: term: 1 index: 26. (index mismatch)
I20260608 12:40:05.447789  4908 raft_consensus.cc:1275] T 0960d3f1e7bb4518a1cc51ea49e14ac7 P 235d3d02930f47fea690518fabe49140 [term 1 FOLLOWER]: Refusing update from remote peer b171d277c41a415da1e90b80d48f4499: Log matching property violated. Preceding OpId in replica: term: 1 index: 25. Preceding OpId from leader: term: 1 index: 26. (index mismatch)
I20260608 12:40:05.451999  5304 consensus_queue.cc:1048] T 0960d3f1e7bb4518a1cc51ea49e14ac7 P b171d277c41a415da1e90b80d48f4499 [LEADER]: Connected to new peer: Peer: permanent_uuid: "939ffea6e549456a96ef36fba6127fed" member_type: VOTER last_known_addr { host: "127.0.107.194" port: 36413 }, Status: LMP_MISMATCH, Last received: 0.0, Next index: 26, Last known committed idx: 25, Time since last communication: 0.001s
I20260608 12:40:05.454527  5304 consensus_queue.cc:1048] T 0960d3f1e7bb4518a1cc51ea49e14ac7 P b171d277c41a415da1e90b80d48f4499 [LEADER]: Connected to new peer: Peer: permanent_uuid: "235d3d02930f47fea690518fabe49140" member_type: VOTER last_known_addr { host: "127.0.107.193" port: 42113 } attrs { replace: true }, Status: LMP_MISMATCH, Last received: 0.0, Next index: 26, Last known committed idx: 25, Time since last communication: 0.000s
W20260608 12:40:05.464776  5025 consensus_peers.cc:597] T 0960d3f1e7bb4518a1cc51ea49e14ac7 P b171d277c41a415da1e90b80d48f4499 -> Peer 8dbc9f62de904e68b021f65bd5ce13f1 (127.0.107.196:46187): Couldn't send request to peer 8dbc9f62de904e68b021f65bd5ce13f1. Error code: TABLET_NOT_FOUND (6). Status: Not found: Tablet not found: 0960d3f1e7bb4518a1cc51ea49e14ac7. This is attempt 1: this message will repeat every 5th retry.
I20260608 12:40:05.464457  5304 raft_consensus.cc:2955] T 0960d3f1e7bb4518a1cc51ea49e14ac7 P b171d277c41a415da1e90b80d48f4499 [term 1 LEADER]: Committing config change with OpId 1.26: config changed from index -1 to 26, NON_VOTER 8dbc9f62de904e68b021f65bd5ce13f1 (127.0.107.196) added. New config: { opid_index: 26 OBSOLETE_local: false peers { permanent_uuid: "235d3d02930f47fea690518fabe49140" member_type: VOTER last_known_addr { host: "127.0.107.193" port: 42113 } attrs { replace: true } } peers { permanent_uuid: "939ffea6e549456a96ef36fba6127fed" member_type: VOTER last_known_addr { host: "127.0.107.194" port: 36413 } } peers { permanent_uuid: "b171d277c41a415da1e90b80d48f4499" member_type: VOTER last_known_addr { host: "127.0.107.195" port: 35903 } } peers { permanent_uuid: "8dbc9f62de904e68b021f65bd5ce13f1" member_type: NON_VOTER last_known_addr { host: "127.0.107.196" port: 46187 } attrs { promote: true } } }
I20260608 12:40:05.466871  4908 raft_consensus.cc:2955] T 0960d3f1e7bb4518a1cc51ea49e14ac7 P 235d3d02930f47fea690518fabe49140 [term 1 FOLLOWER]: Committing config change with OpId 1.26: config changed from index -1 to 26, NON_VOTER 8dbc9f62de904e68b021f65bd5ce13f1 (127.0.107.196) added. New config: { opid_index: 26 OBSOLETE_local: false peers { permanent_uuid: "235d3d02930f47fea690518fabe49140" member_type: VOTER last_known_addr { host: "127.0.107.193" port: 42113 } attrs { replace: true } } peers { permanent_uuid: "939ffea6e549456a96ef36fba6127fed" member_type: VOTER last_known_addr { host: "127.0.107.194" port: 36413 } } peers { permanent_uuid: "b171d277c41a415da1e90b80d48f4499" member_type: VOTER last_known_addr { host: "127.0.107.195" port: 35903 } } peers { permanent_uuid: "8dbc9f62de904e68b021f65bd5ce13f1" member_type: NON_VOTER last_known_addr { host: "127.0.107.196" port: 46187 } attrs { promote: true } } }
I20260608 12:40:05.469841  4980 raft_consensus.cc:2955] T 0960d3f1e7bb4518a1cc51ea49e14ac7 P 939ffea6e549456a96ef36fba6127fed [term 1 FOLLOWER]: Committing config change with OpId 1.26: config changed from index -1 to 26, NON_VOTER 8dbc9f62de904e68b021f65bd5ce13f1 (127.0.107.196) added. New config: { opid_index: 26 OBSOLETE_local: false peers { permanent_uuid: "235d3d02930f47fea690518fabe49140" member_type: VOTER last_known_addr { host: "127.0.107.193" port: 42113 } attrs { replace: true } } peers { permanent_uuid: "939ffea6e549456a96ef36fba6127fed" member_type: VOTER last_known_addr { host: "127.0.107.194" port: 36413 } } peers { permanent_uuid: "b171d277c41a415da1e90b80d48f4499" member_type: VOTER last_known_addr { host: "127.0.107.195" port: 35903 } } peers { permanent_uuid: "8dbc9f62de904e68b021f65bd5ce13f1" member_type: NON_VOTER last_known_addr { host: "127.0.107.196" port: 46187 } attrs { promote: true } } }
I20260608 12:40:05.484238  4908 consensus_queue.cc:237] T 43ff1d371f5a4f8eb861c299be1c38c9 P 235d3d02930f47fea690518fabe49140 [LEADER]: Queue going to LEADER mode. State: All replicated index: 0, Majority replicated index: 25, Committed index: 25, Last appended: 1.25, Last appended by leader: 0, Current term: 1, Majority size: 2, State: 0, Mode: LEADER, active raft config: opid_index: 26 OBSOLETE_local: false peers { permanent_uuid: "235d3d02930f47fea690518fabe49140" member_type: VOTER last_known_addr { host: "127.0.107.193" port: 42113 } } peers { permanent_uuid: "939ffea6e549456a96ef36fba6127fed" member_type: VOTER last_known_addr { host: "127.0.107.194" port: 36413 } } peers { permanent_uuid: "b171d277c41a415da1e90b80d48f4499" member_type: VOTER last_known_addr { host: "127.0.107.195" port: 35903 } attrs { replace: true } } peers { permanent_uuid: "8dbc9f62de904e68b021f65bd5ce13f1" member_type: NON_VOTER last_known_addr { host: "127.0.107.196" port: 46187 } attrs { promote: true } }
I20260608 12:40:05.483525  4805 catalog_manager.cc:5696] T 0960d3f1e7bb4518a1cc51ea49e14ac7 P 235d3d02930f47fea690518fabe49140 reported cstate change: config changed from index -1 to 26, NON_VOTER 8dbc9f62de904e68b021f65bd5ce13f1 (127.0.107.196) added. New cstate: current_term: 1 leader_uuid: "b171d277c41a415da1e90b80d48f4499" committed_config { opid_index: 26 OBSOLETE_local: false peers { permanent_uuid: "235d3d02930f47fea690518fabe49140" member_type: VOTER last_known_addr { host: "127.0.107.193" port: 42113 } attrs { replace: true } } peers { permanent_uuid: "939ffea6e549456a96ef36fba6127fed" member_type: VOTER last_known_addr { host: "127.0.107.194" port: 36413 } } peers { permanent_uuid: "b171d277c41a415da1e90b80d48f4499" member_type: VOTER last_known_addr { host: "127.0.107.195" port: 35903 } } peers { permanent_uuid: "8dbc9f62de904e68b021f65bd5ce13f1" member_type: NON_VOTER last_known_addr { host: "127.0.107.196" port: 46187 } attrs { promote: true } } }
I20260608 12:40:05.495466  5059 raft_consensus.cc:1275] T 43ff1d371f5a4f8eb861c299be1c38c9 P b171d277c41a415da1e90b80d48f4499 [term 1 FOLLOWER]: Refusing update from remote peer 235d3d02930f47fea690518fabe49140: Log matching property violated. Preceding OpId in replica: term: 1 index: 25. Preceding OpId from leader: term: 1 index: 26. (index mismatch)
I20260608 12:40:05.497267  5533 consensus_queue.cc:1048] T 43ff1d371f5a4f8eb861c299be1c38c9 P 235d3d02930f47fea690518fabe49140 [LEADER]: Connected to new peer: Peer: permanent_uuid: "b171d277c41a415da1e90b80d48f4499" member_type: VOTER last_known_addr { host: "127.0.107.195" port: 35903 } attrs { replace: true }, Status: LMP_MISMATCH, Last received: 0.0, Next index: 26, Last known committed idx: 25, Time since last communication: 0.000s
W20260608 12:40:05.499063  4876 consensus_peers.cc:597] T 43ff1d371f5a4f8eb861c299be1c38c9 P 235d3d02930f47fea690518fabe49140 -> Peer 8dbc9f62de904e68b021f65bd5ce13f1 (127.0.107.196:46187): Couldn't send request to peer 8dbc9f62de904e68b021f65bd5ce13f1. Error code: TABLET_NOT_FOUND (6). Status: Not found: Tablet not found: 43ff1d371f5a4f8eb861c299be1c38c9. This is attempt 1: this message will repeat every 5th retry.
I20260608 12:40:05.504843  4980 raft_consensus.cc:1275] T 43ff1d371f5a4f8eb861c299be1c38c9 P 939ffea6e549456a96ef36fba6127fed [term 1 FOLLOWER]: Refusing update from remote peer 235d3d02930f47fea690518fabe49140: Log matching property violated. Preceding OpId in replica: term: 1 index: 25. Preceding OpId from leader: term: 1 index: 26. (index mismatch)
I20260608 12:40:05.506553  5533 consensus_queue.cc:1048] T 43ff1d371f5a4f8eb861c299be1c38c9 P 235d3d02930f47fea690518fabe49140 [LEADER]: Connected to new peer: Peer: permanent_uuid: "939ffea6e549456a96ef36fba6127fed" member_type: VOTER last_known_addr { host: "127.0.107.194" port: 36413 }, Status: LMP_MISMATCH, Last received: 0.0, Next index: 26, Last known committed idx: 25, Time since last communication: 0.000s
I20260608 12:40:05.509197  5297 raft_consensus.cc:2955] T 43ff1d371f5a4f8eb861c299be1c38c9 P 235d3d02930f47fea690518fabe49140 [term 1 LEADER]: Committing config change with OpId 1.26: config changed from index -1 to 26, NON_VOTER 8dbc9f62de904e68b021f65bd5ce13f1 (127.0.107.196) added. New config: { opid_index: 26 OBSOLETE_local: false peers { permanent_uuid: "235d3d02930f47fea690518fabe49140" member_type: VOTER last_known_addr { host: "127.0.107.193" port: 42113 } } peers { permanent_uuid: "939ffea6e549456a96ef36fba6127fed" member_type: VOTER last_known_addr { host: "127.0.107.194" port: 36413 } } peers { permanent_uuid: "b171d277c41a415da1e90b80d48f4499" member_type: VOTER last_known_addr { host: "127.0.107.195" port: 35903 } attrs { replace: true } } peers { permanent_uuid: "8dbc9f62de904e68b021f65bd5ce13f1" member_type: NON_VOTER last_known_addr { host: "127.0.107.196" port: 46187 } attrs { promote: true } } }
I20260608 12:40:05.512291  5059 raft_consensus.cc:2955] T 43ff1d371f5a4f8eb861c299be1c38c9 P b171d277c41a415da1e90b80d48f4499 [term 1 FOLLOWER]: Committing config change with OpId 1.26: config changed from index -1 to 26, NON_VOTER 8dbc9f62de904e68b021f65bd5ce13f1 (127.0.107.196) added. New config: { opid_index: 26 OBSOLETE_local: false peers { permanent_uuid: "235d3d02930f47fea690518fabe49140" member_type: VOTER last_known_addr { host: "127.0.107.193" port: 42113 } } peers { permanent_uuid: "939ffea6e549456a96ef36fba6127fed" member_type: VOTER last_known_addr { host: "127.0.107.194" port: 36413 } } peers { permanent_uuid: "b171d277c41a415da1e90b80d48f4499" member_type: VOTER last_known_addr { host: "127.0.107.195" port: 35903 } attrs { replace: true } } peers { permanent_uuid: "8dbc9f62de904e68b021f65bd5ce13f1" member_type: NON_VOTER last_known_addr { host: "127.0.107.196" port: 46187 } attrs { promote: true } } }
I20260608 12:40:05.519452  4980 raft_consensus.cc:2955] T 43ff1d371f5a4f8eb861c299be1c38c9 P 939ffea6e549456a96ef36fba6127fed [term 1 FOLLOWER]: Committing config change with OpId 1.26: config changed from index -1 to 26, NON_VOTER 8dbc9f62de904e68b021f65bd5ce13f1 (127.0.107.196) added. New config: { opid_index: 26 OBSOLETE_local: false peers { permanent_uuid: "235d3d02930f47fea690518fabe49140" member_type: VOTER last_known_addr { host: "127.0.107.193" port: 42113 } } peers { permanent_uuid: "939ffea6e549456a96ef36fba6127fed" member_type: VOTER last_known_addr { host: "127.0.107.194" port: 36413 } } peers { permanent_uuid: "b171d277c41a415da1e90b80d48f4499" member_type: VOTER last_known_addr { host: "127.0.107.195" port: 35903 } attrs { replace: true } } peers { permanent_uuid: "8dbc9f62de904e68b021f65bd5ce13f1" member_type: NON_VOTER last_known_addr { host: "127.0.107.196" port: 46187 } attrs { promote: true } } }
I20260608 12:40:05.530053  4807 catalog_manager.cc:5696] T 43ff1d371f5a4f8eb861c299be1c38c9 P b171d277c41a415da1e90b80d48f4499 reported cstate change: config changed from index -1 to 26, NON_VOTER 8dbc9f62de904e68b021f65bd5ce13f1 (127.0.107.196) added. New cstate: current_term: 1 leader_uuid: "235d3d02930f47fea690518fabe49140" committed_config { opid_index: 26 OBSOLETE_local: false peers { permanent_uuid: "235d3d02930f47fea690518fabe49140" member_type: VOTER last_known_addr { host: "127.0.107.193" port: 42113 } } peers { permanent_uuid: "939ffea6e549456a96ef36fba6127fed" member_type: VOTER last_known_addr { host: "127.0.107.194" port: 36413 } } peers { permanent_uuid: "b171d277c41a415da1e90b80d48f4499" member_type: VOTER last_known_addr { host: "127.0.107.195" port: 35903 } attrs { replace: true } } peers { permanent_uuid: "8dbc9f62de904e68b021f65bd5ce13f1" member_type: NON_VOTER last_known_addr { host: "127.0.107.196" port: 46187 } attrs { promote: true } } }
I20260608 12:40:05.543431  5557 acceptor_pool.cc:272] collecting diagnostics on the listening RPC socket 127.0.107.198:36365 every 8 connection(s)
I20260608 12:40:05.544042   431 rpc_server.cc:307] RPC server started. Bound to: 127.0.107.198:36365
I20260608 12:40:05.569722  5559 ts_tablet_manager.cc:933] T 1e2479e437d341d7abbd67813088afe3 P 488f5b4e9c1041e0900750c2e3ddbc8c: Initiating tablet copy from peer b171d277c41a415da1e90b80d48f4499 (127.0.107.195:35903)
I20260608 12:40:05.583148  5559 tablet_copy_client.cc:323] T 1e2479e437d341d7abbd67813088afe3 P 488f5b4e9c1041e0900750c2e3ddbc8c: tablet copy: Beginning tablet copy session from remote peer at address 127.0.107.195:35903
I20260608 12:40:05.595629  5558 heartbeater.cc:344] Connected to a master server at 127.0.107.254:44545
I20260608 12:40:05.596220  5558 heartbeater.cc:461] Registering TS with master...
I20260608 12:40:05.597179  5558 heartbeater.cc:507] Master 127.0.107.254:44545 requested a full tablet report, sending...
I20260608 12:40:05.600630  4807 ts_manager.cc:194] Registered new tserver with Master: 7ca3e9d762554954be2c19e1b19ecc78 (127.0.107.198:36365)
I20260608 12:40:05.602506  4807 master_service.cc:502] Signed X509 certificate for tserver {username='slave'} at 127.0.0.1:37980
I20260608 12:40:05.634590  5071 tablet_copy_service.cc:140] P b171d277c41a415da1e90b80d48f4499: Received BeginTabletCopySession request for tablet 1e2479e437d341d7abbd67813088afe3 from peer 488f5b4e9c1041e0900750c2e3ddbc8c ({username='slave'} at 127.0.0.1:41900)
I20260608 12:40:05.635953  5071 tablet_copy_service.cc:161] P b171d277c41a415da1e90b80d48f4499: Beginning new tablet copy session on tablet 1e2479e437d341d7abbd67813088afe3 from peer 488f5b4e9c1041e0900750c2e3ddbc8c at {username='slave'} at 127.0.0.1:41900: session id = 488f5b4e9c1041e0900750c2e3ddbc8c-1e2479e437d341d7abbd67813088afe3
I20260608 12:40:05.644328  5071 tablet_copy_source_session.cc:215] T 1e2479e437d341d7abbd67813088afe3 P b171d277c41a415da1e90b80d48f4499: Tablet Copy: opened 0 blocks and 1 log segments
I20260608 12:40:05.648193  5559 data_dirs.cc:400] Could only allocate 1 dirs of requested 3 for tablet 1e2479e437d341d7abbd67813088afe3. 1 dirs total, 0 dirs full, 0 dirs failed
I20260608 12:40:05.680095  5559 tablet_copy_client.cc:806] T 1e2479e437d341d7abbd67813088afe3 P 488f5b4e9c1041e0900750c2e3ddbc8c: tablet copy: Starting download of 0 data blocks...
I20260608 12:40:05.680743  5559 tablet_copy_client.cc:670] T 1e2479e437d341d7abbd67813088afe3 P 488f5b4e9c1041e0900750c2e3ddbc8c: tablet copy: Starting download of 1 WAL segments...
I20260608 12:40:05.685691  5563 tablet_copy_client.cc:1025] T 1e2479e437d341d7abbd67813088afe3 P 488f5b4e9c1041e0900750c2e3ddbc8c: tablet copy: Injecting latency into file download: 2000
I20260608 12:40:05.753803  5566 ts_tablet_manager.cc:933] T 2595ae3b88384007aabba741f1136878 P 8dbc9f62de904e68b021f65bd5ce13f1: Initiating tablet copy from peer 235d3d02930f47fea690518fabe49140 (127.0.107.193:42113)
I20260608 12:40:05.755882  5566 tablet_copy_client.cc:323] T 2595ae3b88384007aabba741f1136878 P 8dbc9f62de904e68b021f65bd5ce13f1: tablet copy: Beginning tablet copy session from remote peer at address 127.0.107.193:42113
I20260608 12:40:05.758440  5396 heartbeater.cc:499] Master 127.0.107.254:44545 was elected leader, sending a full tablet report...
I20260608 12:40:05.777899  5570 ts_tablet_manager.cc:933] T 7c331ce182884b7184c13a68bc314882 P 488f5b4e9c1041e0900750c2e3ddbc8c: Initiating tablet copy from peer 235d3d02930f47fea690518fabe49140 (127.0.107.193:42113)
I20260608 12:40:05.784397  4922 tablet_copy_service.cc:140] P 235d3d02930f47fea690518fabe49140: Received BeginTabletCopySession request for tablet 2595ae3b88384007aabba741f1136878 from peer 8dbc9f62de904e68b021f65bd5ce13f1 ({username='slave'} at 127.0.0.1:46200)
I20260608 12:40:05.785315  4922 tablet_copy_service.cc:161] P 235d3d02930f47fea690518fabe49140: Beginning new tablet copy session on tablet 2595ae3b88384007aabba741f1136878 from peer 8dbc9f62de904e68b021f65bd5ce13f1 at {username='slave'} at 127.0.0.1:46200: session id = 8dbc9f62de904e68b021f65bd5ce13f1-2595ae3b88384007aabba741f1136878
I20260608 12:40:05.788821  5570 tablet_copy_client.cc:323] T 7c331ce182884b7184c13a68bc314882 P 488f5b4e9c1041e0900750c2e3ddbc8c: tablet copy: Beginning tablet copy session from remote peer at address 127.0.107.193:42113
I20260608 12:40:05.794710  4922 tablet_copy_source_session.cc:215] T 2595ae3b88384007aabba741f1136878 P 235d3d02930f47fea690518fabe49140: Tablet Copy: opened 0 blocks and 1 log segments
I20260608 12:40:05.812388  5566 data_dirs.cc:400] Could only allocate 1 dirs of requested 3 for tablet 2595ae3b88384007aabba741f1136878. 1 dirs total, 0 dirs full, 0 dirs failed
I20260608 12:40:05.812407  4922 tablet_copy_service.cc:140] P 235d3d02930f47fea690518fabe49140: Received BeginTabletCopySession request for tablet 7c331ce182884b7184c13a68bc314882 from peer 488f5b4e9c1041e0900750c2e3ddbc8c ({username='slave'} at 127.0.0.1:46214)
I20260608 12:40:05.813140  4922 tablet_copy_service.cc:161] P 235d3d02930f47fea690518fabe49140: Beginning new tablet copy session on tablet 7c331ce182884b7184c13a68bc314882 from peer 488f5b4e9c1041e0900750c2e3ddbc8c at {username='slave'} at 127.0.0.1:46214: session id = 488f5b4e9c1041e0900750c2e3ddbc8c-7c331ce182884b7184c13a68bc314882
I20260608 12:40:05.820865  4922 tablet_copy_source_session.cc:215] T 7c331ce182884b7184c13a68bc314882 P 235d3d02930f47fea690518fabe49140: Tablet Copy: opened 0 blocks and 1 log segments
I20260608 12:40:05.824157  5570 data_dirs.cc:400] Could only allocate 1 dirs of requested 3 for tablet 7c331ce182884b7184c13a68bc314882. 1 dirs total, 0 dirs full, 0 dirs failed
I20260608 12:40:05.830613  5566 tablet_copy_client.cc:806] T 2595ae3b88384007aabba741f1136878 P 8dbc9f62de904e68b021f65bd5ce13f1: tablet copy: Starting download of 0 data blocks...
I20260608 12:40:05.831362  5566 tablet_copy_client.cc:670] T 2595ae3b88384007aabba741f1136878 P 8dbc9f62de904e68b021f65bd5ce13f1: tablet copy: Starting download of 1 WAL segments...
I20260608 12:40:05.836443  5567 tablet_copy_client.cc:1025] T 2595ae3b88384007aabba741f1136878 P 8dbc9f62de904e68b021f65bd5ce13f1: tablet copy: Injecting latency into file download: 2000
I20260608 12:40:05.842984  5570 tablet_copy_client.cc:806] T 7c331ce182884b7184c13a68bc314882 P 488f5b4e9c1041e0900750c2e3ddbc8c: tablet copy: Starting download of 0 data blocks...
I20260608 12:40:05.843722  5570 tablet_copy_client.cc:670] T 7c331ce182884b7184c13a68bc314882 P 488f5b4e9c1041e0900750c2e3ddbc8c: tablet copy: Starting download of 1 WAL segments...
I20260608 12:40:05.850548  5571 tablet_copy_client.cc:1025] T 7c331ce182884b7184c13a68bc314882 P 488f5b4e9c1041e0900750c2e3ddbc8c: tablet copy: Injecting latency into file download: 2000
I20260608 12:40:05.889339  5471 heartbeater.cc:499] Master 127.0.107.254:44545 was elected leader, sending a full tablet report...
I20260608 12:40:06.050781  5573 ts_tablet_manager.cc:933] T 0960d3f1e7bb4518a1cc51ea49e14ac7 P 8dbc9f62de904e68b021f65bd5ce13f1: Initiating tablet copy from peer b171d277c41a415da1e90b80d48f4499 (127.0.107.195:35903)
I20260608 12:40:06.056311  5573 tablet_copy_client.cc:323] T 0960d3f1e7bb4518a1cc51ea49e14ac7 P 8dbc9f62de904e68b021f65bd5ce13f1: tablet copy: Beginning tablet copy session from remote peer at address 127.0.107.195:35903
I20260608 12:40:06.079614  5575 ts_tablet_manager.cc:933] T 43ff1d371f5a4f8eb861c299be1c38c9 P 8dbc9f62de904e68b021f65bd5ce13f1: Initiating tablet copy from peer 235d3d02930f47fea690518fabe49140 (127.0.107.193:42113)
I20260608 12:40:06.081593  5071 tablet_copy_service.cc:140] P b171d277c41a415da1e90b80d48f4499: Received BeginTabletCopySession request for tablet 0960d3f1e7bb4518a1cc51ea49e14ac7 from peer 8dbc9f62de904e68b021f65bd5ce13f1 ({username='slave'} at 127.0.0.1:41914)
I20260608 12:40:06.082325  5071 tablet_copy_service.cc:161] P b171d277c41a415da1e90b80d48f4499: Beginning new tablet copy session on tablet 0960d3f1e7bb4518a1cc51ea49e14ac7 from peer 8dbc9f62de904e68b021f65bd5ce13f1 at {username='slave'} at 127.0.0.1:41914: session id = 8dbc9f62de904e68b021f65bd5ce13f1-0960d3f1e7bb4518a1cc51ea49e14ac7
I20260608 12:40:06.088989  5575 tablet_copy_client.cc:323] T 43ff1d371f5a4f8eb861c299be1c38c9 P 8dbc9f62de904e68b021f65bd5ce13f1: tablet copy: Beginning tablet copy session from remote peer at address 127.0.107.193:42113
I20260608 12:40:06.091598  4922 tablet_copy_service.cc:140] P 235d3d02930f47fea690518fabe49140: Received BeginTabletCopySession request for tablet 43ff1d371f5a4f8eb861c299be1c38c9 from peer 8dbc9f62de904e68b021f65bd5ce13f1 ({username='slave'} at 127.0.0.1:46200)
I20260608 12:40:06.092350  4922 tablet_copy_service.cc:161] P 235d3d02930f47fea690518fabe49140: Beginning new tablet copy session on tablet 43ff1d371f5a4f8eb861c299be1c38c9 from peer 8dbc9f62de904e68b021f65bd5ce13f1 at {username='slave'} at 127.0.0.1:46200: session id = 8dbc9f62de904e68b021f65bd5ce13f1-43ff1d371f5a4f8eb861c299be1c38c9
I20260608 12:40:06.103955  5071 tablet_copy_source_session.cc:215] T 0960d3f1e7bb4518a1cc51ea49e14ac7 P b171d277c41a415da1e90b80d48f4499: Tablet Copy: opened 0 blocks and 1 log segments
I20260608 12:40:06.110641  4922 tablet_copy_source_session.cc:215] T 43ff1d371f5a4f8eb861c299be1c38c9 P 235d3d02930f47fea690518fabe49140: Tablet Copy: opened 0 blocks and 1 log segments
I20260608 12:40:06.111841  5573 data_dirs.cc:400] Could only allocate 1 dirs of requested 3 for tablet 0960d3f1e7bb4518a1cc51ea49e14ac7. 1 dirs total, 0 dirs full, 0 dirs failed
I20260608 12:40:06.114090  5575 data_dirs.cc:400] Could only allocate 1 dirs of requested 3 for tablet 43ff1d371f5a4f8eb861c299be1c38c9. 1 dirs total, 0 dirs full, 0 dirs failed
I20260608 12:40:06.130895  5575 tablet_copy_client.cc:806] T 43ff1d371f5a4f8eb861c299be1c38c9 P 8dbc9f62de904e68b021f65bd5ce13f1: tablet copy: Starting download of 0 data blocks...
I20260608 12:40:06.131594  5575 tablet_copy_client.cc:670] T 43ff1d371f5a4f8eb861c299be1c38c9 P 8dbc9f62de904e68b021f65bd5ce13f1: tablet copy: Starting download of 1 WAL segments...
I20260608 12:40:06.135780  5576 tablet_copy_client.cc:1025] T 43ff1d371f5a4f8eb861c299be1c38c9 P 8dbc9f62de904e68b021f65bd5ce13f1: tablet copy: Injecting latency into file download: 2000
I20260608 12:40:06.139271  5573 tablet_copy_client.cc:806] T 0960d3f1e7bb4518a1cc51ea49e14ac7 P 8dbc9f62de904e68b021f65bd5ce13f1: tablet copy: Starting download of 0 data blocks...
I20260608 12:40:06.139962  5573 tablet_copy_client.cc:670] T 0960d3f1e7bb4518a1cc51ea49e14ac7 P 8dbc9f62de904e68b021f65bd5ce13f1: tablet copy: Starting download of 1 WAL segments...
I20260608 12:40:06.144400  5574 tablet_copy_client.cc:1025] T 0960d3f1e7bb4518a1cc51ea49e14ac7 P 8dbc9f62de904e68b021f65bd5ce13f1: tablet copy: Injecting latency into file download: 2000
I20260608 12:40:06.610901  5558 heartbeater.cc:499] Master 127.0.107.254:44545 was elected leader, sending a full tablet report...
I20260608 12:40:07.687616  5559 tablet_copy_client.cc:538] T 1e2479e437d341d7abbd67813088afe3 P 488f5b4e9c1041e0900750c2e3ddbc8c: tablet copy: Tablet Copy complete. Replacing tablet superblock.
I20260608 12:40:07.704936  5559 tablet_bootstrap.cc:492] T 1e2479e437d341d7abbd67813088afe3 P 488f5b4e9c1041e0900750c2e3ddbc8c: Bootstrap starting.
I20260608 12:40:07.838181  5566 tablet_copy_client.cc:538] T 2595ae3b88384007aabba741f1136878 P 8dbc9f62de904e68b021f65bd5ce13f1: tablet copy: Tablet Copy complete. Replacing tablet superblock.
I20260608 12:40:07.851534  5566 tablet_bootstrap.cc:492] T 2595ae3b88384007aabba741f1136878 P 8dbc9f62de904e68b021f65bd5ce13f1: Bootstrap starting.
I20260608 12:40:07.852162  5570 tablet_copy_client.cc:538] T 7c331ce182884b7184c13a68bc314882 P 488f5b4e9c1041e0900750c2e3ddbc8c: tablet copy: Tablet Copy complete. Replacing tablet superblock.
I20260608 12:40:07.863097  5570 tablet_bootstrap.cc:492] T 7c331ce182884b7184c13a68bc314882 P 488f5b4e9c1041e0900750c2e3ddbc8c: Bootstrap starting.
I20260608 12:40:07.867580  5559 tablet_bootstrap.cc:492] T 1e2479e437d341d7abbd67813088afe3 P 488f5b4e9c1041e0900750c2e3ddbc8c: Bootstrap replayed 1/1 log segments. Stats: ops{read=26 overwritten=0 applied=26 ignored=0} inserts{seen=73 ignored=0} mutations{seen=0 ignored=0} orphaned_commits=0. Pending: 0 replicates
I20260608 12:40:07.868585  5559 tablet_bootstrap.cc:492] T 1e2479e437d341d7abbd67813088afe3 P 488f5b4e9c1041e0900750c2e3ddbc8c: Bootstrap complete.
I20260608 12:40:07.879321  5559 ts_tablet_manager.cc:1403] T 1e2479e437d341d7abbd67813088afe3 P 488f5b4e9c1041e0900750c2e3ddbc8c: Time spent bootstrapping tablet: real 0.175s	user 0.131s	sys 0.020s
I20260608 12:40:07.883051  5559 raft_consensus.cc:359] T 1e2479e437d341d7abbd67813088afe3 P 488f5b4e9c1041e0900750c2e3ddbc8c [term 1 LEARNER]: Replica starting. Triggering 0 pending ops. Active config: opid_index: 26 OBSOLETE_local: false peers { permanent_uuid: "235d3d02930f47fea690518fabe49140" member_type: VOTER last_known_addr { host: "127.0.107.193" port: 42113 } attrs { replace: true } } peers { permanent_uuid: "939ffea6e549456a96ef36fba6127fed" member_type: VOTER last_known_addr { host: "127.0.107.194" port: 36413 } } peers { permanent_uuid: "b171d277c41a415da1e90b80d48f4499" member_type: VOTER last_known_addr { host: "127.0.107.195" port: 35903 } } peers { permanent_uuid: "488f5b4e9c1041e0900750c2e3ddbc8c" member_type: NON_VOTER last_known_addr { host: "127.0.107.197" port: 39033 } attrs { promote: true } }
I20260608 12:40:07.884310  5559 raft_consensus.cc:740] T 1e2479e437d341d7abbd67813088afe3 P 488f5b4e9c1041e0900750c2e3ddbc8c [term 1 LEARNER]: Becoming Follower/Learner. State: Replica: 488f5b4e9c1041e0900750c2e3ddbc8c, State: Initialized, Role: LEARNER
