I20260608 12:55:50.405776 20315 raft_consensus.cc:2955] T b2963a996f524b6885e9e9b857d18187 P 198a1ddd989540d1b182afef12b20b79 [term 1 LEADER]: Committing config change with OpId 1.2: config changed from index -1 to 2, NON_VOTER fb8a9a4bec984e8886018b36a844f625 (127.16.109.4) added. New config: { opid_index: 2 OBSOLETE_local: false peers { permanent_uuid: "caf946915b0e4d4386f57ca69ee8cc83" member_type: VOTER last_known_addr { host: "127.16.109.1" port: 43853 } attrs { replace: true } } peers { permanent_uuid: "d906979ec9e04230992029300702f333" member_type: VOTER last_known_addr { host: "127.16.109.2" port: 42223 } } peers { permanent_uuid: "198a1ddd989540d1b182afef12b20b79" member_type: VOTER last_known_addr { host: "127.16.109.3" port: 42167 } } peers { permanent_uuid: "fb8a9a4bec984e8886018b36a844f625" member_type: NON_VOTER last_known_addr { host: "127.16.109.4" port: 45675 } attrs { promote: true } } }
I20260608 12:55:50.407810 19891 raft_consensus.cc:2955] T b2963a996f524b6885e9e9b857d18187 P d906979ec9e04230992029300702f333 [term 1 FOLLOWER]: Committing config change with OpId 1.2: config changed from index -1 to 2, NON_VOTER fb8a9a4bec984e8886018b36a844f625 (127.16.109.4) added. New config: { opid_index: 2 OBSOLETE_local: false peers { permanent_uuid: "caf946915b0e4d4386f57ca69ee8cc83" member_type: VOTER last_known_addr { host: "127.16.109.1" port: 43853 } attrs { replace: true } } peers { permanent_uuid: "d906979ec9e04230992029300702f333" member_type: VOTER last_known_addr { host: "127.16.109.2" port: 42223 } } peers { permanent_uuid: "198a1ddd989540d1b182afef12b20b79" member_type: VOTER last_known_addr { host: "127.16.109.3" port: 42167 } } peers { permanent_uuid: "fb8a9a4bec984e8886018b36a844f625" member_type: NON_VOTER last_known_addr { host: "127.16.109.4" port: 45675 } attrs { promote: true } } }
I20260608 12:55:50.411257 19812 raft_consensus.cc:2955] T b2963a996f524b6885e9e9b857d18187 P caf946915b0e4d4386f57ca69ee8cc83 [term 1 FOLLOWER]: Committing config change with OpId 1.2: config changed from index -1 to 2, NON_VOTER fb8a9a4bec984e8886018b36a844f625 (127.16.109.4) added. New config: { opid_index: 2 OBSOLETE_local: false peers { permanent_uuid: "caf946915b0e4d4386f57ca69ee8cc83" member_type: VOTER last_known_addr { host: "127.16.109.1" port: 43853 } attrs { replace: true } } peers { permanent_uuid: "d906979ec9e04230992029300702f333" member_type: VOTER last_known_addr { host: "127.16.109.2" port: 42223 } } peers { permanent_uuid: "198a1ddd989540d1b182afef12b20b79" member_type: VOTER last_known_addr { host: "127.16.109.3" port: 42167 } } peers { permanent_uuid: "fb8a9a4bec984e8886018b36a844f625" member_type: NON_VOTER last_known_addr { host: "127.16.109.4" port: 45675 } attrs { promote: true } } }
I20260608 12:55:50.419752 19711 catalog_manager.cc:5696] T b2963a996f524b6885e9e9b857d18187 P 198a1ddd989540d1b182afef12b20b79 reported cstate change: config changed from index -1 to 2, NON_VOTER fb8a9a4bec984e8886018b36a844f625 (127.16.109.4) added. New cstate: current_term: 1 leader_uuid: "198a1ddd989540d1b182afef12b20b79" committed_config { opid_index: 2 OBSOLETE_local: false peers { permanent_uuid: "caf946915b0e4d4386f57ca69ee8cc83" member_type: VOTER last_known_addr { host: "127.16.109.1" port: 43853 } attrs { replace: true } health_report { overall_health: HEALTHY } } peers { permanent_uuid: "d906979ec9e04230992029300702f333" member_type: VOTER last_known_addr { host: "127.16.109.2" port: 42223 } health_report { overall_health: HEALTHY } } peers { permanent_uuid: "198a1ddd989540d1b182afef12b20b79" member_type: VOTER last_known_addr { host: "127.16.109.3" port: 42167 } health_report { overall_health: HEALTHY } } peers { permanent_uuid: "fb8a9a4bec984e8886018b36a844f625" member_type: NON_VOTER last_known_addr { host: "127.16.109.4" port: 45675 } attrs { promote: true } health_report { overall_health: UNKNOWN } } }
I20260608 12:55:50.440274 20125 consensus_queue.cc:237] T 45d1f77153904966bcc4540f836c0742 P fb8a9a4bec984e8886018b36a844f625 [LEADER]: Queue going to LEADER mode. State: All replicated index: 0, Majority replicated index: 1, Committed index: 1, Last appended: 1.1, Last appended by leader: 0, Current term: 1, Majority size: 2, State: 0, Mode: LEADER, active raft config: opid_index: 2 OBSOLETE_local: false peers { permanent_uuid: "fb8a9a4bec984e8886018b36a844f625" member_type: VOTER last_known_addr { host: "127.16.109.4" port: 45675 } attrs { replace: true } } peers { permanent_uuid: "198a1ddd989540d1b182afef12b20b79" member_type: VOTER last_known_addr { host: "127.16.109.3" port: 42167 } } peers { permanent_uuid: "caf946915b0e4d4386f57ca69ee8cc83" member_type: VOTER last_known_addr { host: "127.16.109.1" port: 43853 } } peers { permanent_uuid: "d906979ec9e04230992029300702f333" member_type: NON_VOTER last_known_addr { host: "127.16.109.2" port: 42223 } attrs { promote: true } }
I20260608 12:55:50.455134 19812 raft_consensus.cc:1275] T 45d1f77153904966bcc4540f836c0742 P caf946915b0e4d4386f57ca69ee8cc83 [term 1 FOLLOWER]: Refusing update from remote peer fb8a9a4bec984e8886018b36a844f625: Log matching property violated. Preceding OpId in replica: term: 1 index: 1. Preceding OpId from leader: term: 1 index: 2. (index mismatch)
W20260608 12:55:50.455813 20092 consensus_peers.cc:597] T 45d1f77153904966bcc4540f836c0742 P fb8a9a4bec984e8886018b36a844f625 -> Peer d906979ec9e04230992029300702f333 (127.16.109.2:42223): Couldn't send request to peer d906979ec9e04230992029300702f333. Error code: TABLET_NOT_FOUND (6). Status: Not found: Tablet not found: 45d1f77153904966bcc4540f836c0742. This is attempt 1: this message will repeat every 5th retry.
I20260608 12:55:50.456518 19963 raft_consensus.cc:1275] T 45d1f77153904966bcc4540f836c0742 P 198a1ddd989540d1b182afef12b20b79 [term 1 FOLLOWER]: Refusing update from remote peer fb8a9a4bec984e8886018b36a844f625: Log matching property violated. Preceding OpId in replica: term: 1 index: 1. Preceding OpId from leader: term: 1 index: 2. (index mismatch)
I20260608 12:55:50.456774 20292 consensus_queue.cc:1048] T 45d1f77153904966bcc4540f836c0742 P fb8a9a4bec984e8886018b36a844f625 [LEADER]: Connected to new peer: Peer: permanent_uuid: "caf946915b0e4d4386f57ca69ee8cc83" member_type: VOTER last_known_addr { host: "127.16.109.1" port: 43853 }, Status: LMP_MISMATCH, Last received: 0.0, Next index: 2, Last known committed idx: 1, Time since last communication: 0.000s
I20260608 12:55:50.457904 20174 consensus_queue.cc:1048] T 45d1f77153904966bcc4540f836c0742 P fb8a9a4bec984e8886018b36a844f625 [LEADER]: Connected to new peer: Peer: permanent_uuid: "198a1ddd989540d1b182afef12b20b79" member_type: VOTER last_known_addr { host: "127.16.109.3" port: 42167 }, Status: LMP_MISMATCH, Last received: 0.0, Next index: 2, Last known committed idx: 1, Time since last communication: 0.000s
I20260608 12:55:50.485643 20292 raft_consensus.cc:2955] T 45d1f77153904966bcc4540f836c0742 P fb8a9a4bec984e8886018b36a844f625 [term 1 LEADER]: Committing config change with OpId 1.2: config changed from index -1 to 2, NON_VOTER d906979ec9e04230992029300702f333 (127.16.109.2) added. New config: { opid_index: 2 OBSOLETE_local: false peers { permanent_uuid: "fb8a9a4bec984e8886018b36a844f625" member_type: VOTER last_known_addr { host: "127.16.109.4" port: 45675 } attrs { replace: true } } peers { permanent_uuid: "198a1ddd989540d1b182afef12b20b79" member_type: VOTER last_known_addr { host: "127.16.109.3" port: 42167 } } peers { permanent_uuid: "caf946915b0e4d4386f57ca69ee8cc83" member_type: VOTER last_known_addr { host: "127.16.109.1" port: 43853 } } peers { permanent_uuid: "d906979ec9e04230992029300702f333" member_type: NON_VOTER last_known_addr { host: "127.16.109.2" port: 42223 } attrs { promote: true } } }
I20260608 12:55:50.487562 19814 raft_consensus.cc:2955] T 45d1f77153904966bcc4540f836c0742 P caf946915b0e4d4386f57ca69ee8cc83 [term 1 FOLLOWER]: Committing config change with OpId 1.2: config changed from index -1 to 2, NON_VOTER d906979ec9e04230992029300702f333 (127.16.109.2) added. New config: { opid_index: 2 OBSOLETE_local: false peers { permanent_uuid: "fb8a9a4bec984e8886018b36a844f625" member_type: VOTER last_known_addr { host: "127.16.109.4" port: 45675 } attrs { replace: true } } peers { permanent_uuid: "198a1ddd989540d1b182afef12b20b79" member_type: VOTER last_known_addr { host: "127.16.109.3" port: 42167 } } peers { permanent_uuid: "caf946915b0e4d4386f57ca69ee8cc83" member_type: VOTER last_known_addr { host: "127.16.109.1" port: 43853 } } peers { permanent_uuid: "d906979ec9e04230992029300702f333" member_type: NON_VOTER last_known_addr { host: "127.16.109.2" port: 42223 } attrs { promote: true } } }
I20260608 12:55:50.500653 19714 catalog_manager.cc:5696] T 45d1f77153904966bcc4540f836c0742 P caf946915b0e4d4386f57ca69ee8cc83 reported cstate change: config changed from index -1 to 2, NON_VOTER d906979ec9e04230992029300702f333 (127.16.109.2) added. New cstate: current_term: 1 leader_uuid: "fb8a9a4bec984e8886018b36a844f625" committed_config { opid_index: 2 OBSOLETE_local: false peers { permanent_uuid: "fb8a9a4bec984e8886018b36a844f625" member_type: VOTER last_known_addr { host: "127.16.109.4" port: 45675 } attrs { replace: true } } peers { permanent_uuid: "198a1ddd989540d1b182afef12b20b79" member_type: VOTER last_known_addr { host: "127.16.109.3" port: 42167 } } peers { permanent_uuid: "caf946915b0e4d4386f57ca69ee8cc83" member_type: VOTER last_known_addr { host: "127.16.109.1" port: 43853 } } peers { permanent_uuid: "d906979ec9e04230992029300702f333" member_type: NON_VOTER last_known_addr { host: "127.16.109.2" port: 42223 } attrs { promote: true } } }
I20260608 12:55:50.501025 19966 consensus_queue.cc:237] T ca8040f53d9d4266a1262fed93eb2136 P 198a1ddd989540d1b182afef12b20b79 [LEADER]: Queue going to LEADER mode. State: All replicated index: 0, Majority replicated index: 1, Committed index: 1, Last appended: 1.1, Last appended by leader: 0, Current term: 1, Majority size: 2, State: 0, Mode: LEADER, active raft config: opid_index: 2 OBSOLETE_local: false peers { permanent_uuid: "caf946915b0e4d4386f57ca69ee8cc83" member_type: VOTER last_known_addr { host: "127.16.109.1" port: 43853 } } peers { permanent_uuid: "d906979ec9e04230992029300702f333" member_type: VOTER last_known_addr { host: "127.16.109.2" port: 42223 } attrs { replace: true } } peers { permanent_uuid: "198a1ddd989540d1b182afef12b20b79" member_type: VOTER last_known_addr { host: "127.16.109.3" port: 42167 } } peers { permanent_uuid: "fb8a9a4bec984e8886018b36a844f625" member_type: NON_VOTER last_known_addr { host: "127.16.109.4" port: 45675 } attrs { promote: true } }
I20260608 12:55:50.511680 19963 raft_consensus.cc:2955] T 45d1f77153904966bcc4540f836c0742 P 198a1ddd989540d1b182afef12b20b79 [term 1 FOLLOWER]: Committing config change with OpId 1.2: config changed from index -1 to 2, NON_VOTER d906979ec9e04230992029300702f333 (127.16.109.2) added. New config: { opid_index: 2 OBSOLETE_local: false peers { permanent_uuid: "fb8a9a4bec984e8886018b36a844f625" member_type: VOTER last_known_addr { host: "127.16.109.4" port: 45675 } attrs { replace: true } } peers { permanent_uuid: "198a1ddd989540d1b182afef12b20b79" member_type: VOTER last_known_addr { host: "127.16.109.3" port: 42167 } } peers { permanent_uuid: "caf946915b0e4d4386f57ca69ee8cc83" member_type: VOTER last_known_addr { host: "127.16.109.1" port: 43853 } } peers { permanent_uuid: "d906979ec9e04230992029300702f333" member_type: NON_VOTER last_known_addr { host: "127.16.109.2" port: 42223 } attrs { promote: true } } }
W20260608 12:55:50.526101 19932 consensus_peers.cc:597] T ca8040f53d9d4266a1262fed93eb2136 P 198a1ddd989540d1b182afef12b20b79 -> Peer fb8a9a4bec984e8886018b36a844f625 (127.16.109.4:45675): Couldn't send request to peer fb8a9a4bec984e8886018b36a844f625. Error code: TABLET_NOT_FOUND (6). Status: Not found: Tablet not found: ca8040f53d9d4266a1262fed93eb2136. This is attempt 1: this message will repeat every 5th retry.
I20260608 12:55:50.527150 19891 raft_consensus.cc:1275] T ca8040f53d9d4266a1262fed93eb2136 P d906979ec9e04230992029300702f333 [term 1 FOLLOWER]: Refusing update from remote peer 198a1ddd989540d1b182afef12b20b79: Log matching property violated. Preceding OpId in replica: term: 1 index: 1. Preceding OpId from leader: term: 1 index: 2. (index mismatch)
I20260608 12:55:50.528218 19814 raft_consensus.cc:1275] T ca8040f53d9d4266a1262fed93eb2136 P caf946915b0e4d4386f57ca69ee8cc83 [term 1 FOLLOWER]: Refusing update from remote peer 198a1ddd989540d1b182afef12b20b79: Log matching property violated. Preceding OpId in replica: term: 1 index: 1. Preceding OpId from leader: term: 1 index: 2. (index mismatch)
I20260608 12:55:50.528812 20316 consensus_queue.cc:1048] T ca8040f53d9d4266a1262fed93eb2136 P 198a1ddd989540d1b182afef12b20b79 [LEADER]: Connected to new peer: Peer: permanent_uuid: "d906979ec9e04230992029300702f333" member_type: VOTER last_known_addr { host: "127.16.109.2" port: 42223 } attrs { replace: true }, Status: LMP_MISMATCH, Last received: 0.0, Next index: 2, Last known committed idx: 1, Time since last communication: 0.000s
I20260608 12:55:50.529836 20315 consensus_queue.cc:1048] T ca8040f53d9d4266a1262fed93eb2136 P 198a1ddd989540d1b182afef12b20b79 [LEADER]: Connected to new peer: Peer: permanent_uuid: "caf946915b0e4d4386f57ca69ee8cc83" member_type: VOTER last_known_addr { host: "127.16.109.1" port: 43853 }, Status: LMP_MISMATCH, Last received: 0.0, Next index: 2, Last known committed idx: 1, Time since last communication: 0.000s
I20260608 12:55:50.538637 20315 raft_consensus.cc:2955] T ca8040f53d9d4266a1262fed93eb2136 P 198a1ddd989540d1b182afef12b20b79 [term 1 LEADER]: Committing config change with OpId 1.2: config changed from index -1 to 2, NON_VOTER fb8a9a4bec984e8886018b36a844f625 (127.16.109.4) added. New config: { opid_index: 2 OBSOLETE_local: false peers { permanent_uuid: "caf946915b0e4d4386f57ca69ee8cc83" member_type: VOTER last_known_addr { host: "127.16.109.1" port: 43853 } } peers { permanent_uuid: "d906979ec9e04230992029300702f333" member_type: VOTER last_known_addr { host: "127.16.109.2" port: 42223 } attrs { replace: true } } peers { permanent_uuid: "198a1ddd989540d1b182afef12b20b79" member_type: VOTER last_known_addr { host: "127.16.109.3" port: 42167 } } peers { permanent_uuid: "fb8a9a4bec984e8886018b36a844f625" member_type: NON_VOTER last_known_addr { host: "127.16.109.4" port: 45675 } attrs { promote: true } } }
I20260608 12:55:50.539810 19814 raft_consensus.cc:2955] T ca8040f53d9d4266a1262fed93eb2136 P caf946915b0e4d4386f57ca69ee8cc83 [term 1 FOLLOWER]: Committing config change with OpId 1.2: config changed from index -1 to 2, NON_VOTER fb8a9a4bec984e8886018b36a844f625 (127.16.109.4) added. New config: { opid_index: 2 OBSOLETE_local: false peers { permanent_uuid: "caf946915b0e4d4386f57ca69ee8cc83" member_type: VOTER last_known_addr { host: "127.16.109.1" port: 43853 } } peers { permanent_uuid: "d906979ec9e04230992029300702f333" member_type: VOTER last_known_addr { host: "127.16.109.2" port: 42223 } attrs { replace: true } } peers { permanent_uuid: "198a1ddd989540d1b182afef12b20b79" member_type: VOTER last_known_addr { host: "127.16.109.3" port: 42167 } } peers { permanent_uuid: "fb8a9a4bec984e8886018b36a844f625" member_type: NON_VOTER last_known_addr { host: "127.16.109.4" port: 45675 } attrs { promote: true } } }
I20260608 12:55:50.542109 19891 raft_consensus.cc:2955] T ca8040f53d9d4266a1262fed93eb2136 P d906979ec9e04230992029300702f333 [term 1 FOLLOWER]: Committing config change with OpId 1.2: config changed from index -1 to 2, NON_VOTER fb8a9a4bec984e8886018b36a844f625 (127.16.109.4) added. New config: { opid_index: 2 OBSOLETE_local: false peers { permanent_uuid: "caf946915b0e4d4386f57ca69ee8cc83" member_type: VOTER last_known_addr { host: "127.16.109.1" port: 43853 } } peers { permanent_uuid: "d906979ec9e04230992029300702f333" member_type: VOTER last_known_addr { host: "127.16.109.2" port: 42223 } attrs { replace: true } } peers { permanent_uuid: "198a1ddd989540d1b182afef12b20b79" member_type: VOTER last_known_addr { host: "127.16.109.3" port: 42167 } } peers { permanent_uuid: "fb8a9a4bec984e8886018b36a844f625" member_type: NON_VOTER last_known_addr { host: "127.16.109.4" port: 45675 } attrs { promote: true } } }
I20260608 12:55:50.553817 19714 catalog_manager.cc:5696] T ca8040f53d9d4266a1262fed93eb2136 P caf946915b0e4d4386f57ca69ee8cc83 reported cstate change: config changed from index -1 to 2, NON_VOTER fb8a9a4bec984e8886018b36a844f625 (127.16.109.4) added. New cstate: current_term: 1 leader_uuid: "198a1ddd989540d1b182afef12b20b79" committed_config { opid_index: 2 OBSOLETE_local: false peers { permanent_uuid: "caf946915b0e4d4386f57ca69ee8cc83" member_type: VOTER last_known_addr { host: "127.16.109.1" port: 43853 } } peers { permanent_uuid: "d906979ec9e04230992029300702f333" member_type: VOTER last_known_addr { host: "127.16.109.2" port: 42223 } attrs { replace: true } } peers { permanent_uuid: "198a1ddd989540d1b182afef12b20b79" member_type: VOTER last_known_addr { host: "127.16.109.3" port: 42167 } } peers { permanent_uuid: "fb8a9a4bec984e8886018b36a844f625" member_type: NON_VOTER last_known_addr { host: "127.16.109.4" port: 45675 } attrs { promote: true } } }
I20260608 12:55:50.564949 19814 consensus_queue.cc:237] T 8ba697fc0c9247e180db726b8f39759d P caf946915b0e4d4386f57ca69ee8cc83 [LEADER]: Queue going to LEADER mode. State: All replicated index: 0, Majority replicated index: 2, Committed index: 2, Last appended: 2.2, Last appended by leader: 1, Current term: 2, Majority size: 2, State: 0, Mode: LEADER, active raft config: opid_index: 3 OBSOLETE_local: false peers { permanent_uuid: "fb8a9a4bec984e8886018b36a844f625" member_type: VOTER last_known_addr { host: "127.16.109.4" port: 45675 } attrs { replace: true } } peers { permanent_uuid: "caf946915b0e4d4386f57ca69ee8cc83" member_type: VOTER last_known_addr { host: "127.16.109.1" port: 43853 } } peers { permanent_uuid: "d906979ec9e04230992029300702f333" member_type: VOTER last_known_addr { host: "127.16.109.2" port: 42223 } } peers { permanent_uuid: "198a1ddd989540d1b182afef12b20b79" member_type: NON_VOTER last_known_addr { host: "127.16.109.3" port: 42167 } attrs { promote: true } }
I20260608 12:55:50.573369 19891 raft_consensus.cc:1275] T 8ba697fc0c9247e180db726b8f39759d P d906979ec9e04230992029300702f333 [term 2 FOLLOWER]: Refusing update from remote peer caf946915b0e4d4386f57ca69ee8cc83: Log matching property violated. Preceding OpId in replica: term: 2 index: 2. Preceding OpId from leader: term: 2 index: 3. (index mismatch)
W20260608 12:55:50.574160 19782 consensus_peers.cc:597] T 8ba697fc0c9247e180db726b8f39759d P caf946915b0e4d4386f57ca69ee8cc83 -> Peer 198a1ddd989540d1b182afef12b20b79 (127.16.109.3:42167): Couldn't send request to peer 198a1ddd989540d1b182afef12b20b79. Error code: TABLET_NOT_FOUND (6). Status: Not found: Tablet not found: 8ba697fc0c9247e180db726b8f39759d. This is attempt 1: this message will repeat every 5th retry.
I20260608 12:55:50.575739 20125 raft_consensus.cc:1275] T 8ba697fc0c9247e180db726b8f39759d P fb8a9a4bec984e8886018b36a844f625 [term 2 FOLLOWER]: Refusing update from remote peer caf946915b0e4d4386f57ca69ee8cc83: Log matching property violated. Preceding OpId in replica: term: 2 index: 2. Preceding OpId from leader: term: 2 index: 3. (index mismatch)
I20260608 12:55:50.577121 20312 consensus_queue.cc:1048] T 8ba697fc0c9247e180db726b8f39759d P caf946915b0e4d4386f57ca69ee8cc83 [LEADER]: Connected to new peer: Peer: permanent_uuid: "d906979ec9e04230992029300702f333" member_type: VOTER last_known_addr { host: "127.16.109.2" port: 42223 }, Status: LMP_MISMATCH, Last received: 0.0, Next index: 3, Last known committed idx: 2, Time since last communication: 0.000s
I20260608 12:55:50.577841 20313 consensus_queue.cc:1048] T 8ba697fc0c9247e180db726b8f39759d P caf946915b0e4d4386f57ca69ee8cc83 [LEADER]: Connected to new peer: Peer: permanent_uuid: "fb8a9a4bec984e8886018b36a844f625" member_type: VOTER last_known_addr { host: "127.16.109.4" port: 45675 } attrs { replace: true }, Status: LMP_MISMATCH, Last received: 0.0, Next index: 3, Last known committed idx: 2, Time since last communication: 0.000s
I20260608 12:55:50.588528 20313 raft_consensus.cc:2955] T 8ba697fc0c9247e180db726b8f39759d P caf946915b0e4d4386f57ca69ee8cc83 [term 2 LEADER]: Committing config change with OpId 2.3: config changed from index -1 to 3, NON_VOTER 198a1ddd989540d1b182afef12b20b79 (127.16.109.3) added. New config: { opid_index: 3 OBSOLETE_local: false peers { permanent_uuid: "fb8a9a4bec984e8886018b36a844f625" member_type: VOTER last_known_addr { host: "127.16.109.4" port: 45675 } attrs { replace: true } } peers { permanent_uuid: "caf946915b0e4d4386f57ca69ee8cc83" member_type: VOTER last_known_addr { host: "127.16.109.1" port: 43853 } } peers { permanent_uuid: "d906979ec9e04230992029300702f333" member_type: VOTER last_known_addr { host: "127.16.109.2" port: 42223 } } peers { permanent_uuid: "198a1ddd989540d1b182afef12b20b79" member_type: NON_VOTER last_known_addr { host: "127.16.109.3" port: 42167 } attrs { promote: true } } }
I20260608 12:55:50.591092 20125 raft_consensus.cc:2955] T 8ba697fc0c9247e180db726b8f39759d P fb8a9a4bec984e8886018b36a844f625 [term 2 FOLLOWER]: Committing config change with OpId 2.3: config changed from index -1 to 3, NON_VOTER 198a1ddd989540d1b182afef12b20b79 (127.16.109.3) added. New config: { opid_index: 3 OBSOLETE_local: false peers { permanent_uuid: "fb8a9a4bec984e8886018b36a844f625" member_type: VOTER last_known_addr { host: "127.16.109.4" port: 45675 } attrs { replace: true } } peers { permanent_uuid: "caf946915b0e4d4386f57ca69ee8cc83" member_type: VOTER last_known_addr { host: "127.16.109.1" port: 43853 } } peers { permanent_uuid: "d906979ec9e04230992029300702f333" member_type: VOTER last_known_addr { host: "127.16.109.2" port: 42223 } } peers { permanent_uuid: "198a1ddd989540d1b182afef12b20b79" member_type: NON_VOTER last_known_addr { host: "127.16.109.3" port: 42167 } attrs { promote: true } } }
I20260608 12:55:50.598675 20124 tablet_service.cc:2072] Received LeaderStepDown RPC: tablet_id: "45d1f77153904966bcc4540f836c0742"
dest_uuid: "fb8a9a4bec984e8886018b36a844f625"
mode: GRACEFUL
 from {username='slave'} at 127.0.0.1:39062
I20260608 12:55:50.599228 20124 raft_consensus.cc:606] T 45d1f77153904966bcc4540f836c0742 P fb8a9a4bec984e8886018b36a844f625 [term 1 LEADER]: Received request to transfer leadership
I20260608 12:55:50.602371 19714 catalog_manager.cc:5696] T 8ba697fc0c9247e180db726b8f39759d P caf946915b0e4d4386f57ca69ee8cc83 reported cstate change: config changed from index -1 to 3, NON_VOTER 198a1ddd989540d1b182afef12b20b79 (127.16.109.3) added. New cstate: current_term: 2 leader_uuid: "caf946915b0e4d4386f57ca69ee8cc83" committed_config { opid_index: 3 OBSOLETE_local: false peers { permanent_uuid: "fb8a9a4bec984e8886018b36a844f625" member_type: VOTER last_known_addr { host: "127.16.109.4" port: 45675 } attrs { replace: true } health_report { overall_health: HEALTHY } } peers { permanent_uuid: "caf946915b0e4d4386f57ca69ee8cc83" member_type: VOTER last_known_addr { host: "127.16.109.1" port: 43853 } health_report { overall_health: HEALTHY } } peers { permanent_uuid: "d906979ec9e04230992029300702f333" member_type: VOTER last_known_addr { host: "127.16.109.2" port: 42223 } health_report { overall_health: HEALTHY } } peers { permanent_uuid: "198a1ddd989540d1b182afef12b20b79" member_type: NON_VOTER last_known_addr { host: "127.16.109.3" port: 42167 } attrs { promote: true } health_report { overall_health: UNKNOWN } } }
I20260608 12:55:50.603856 20124 tablet_service.cc:2072] Received LeaderStepDown RPC: tablet_id: "45d1f77153904966bcc4540f836c0742"
dest_uuid: "fb8a9a4bec984e8886018b36a844f625"
mode: GRACEFUL
 from {username='slave'} at 127.0.0.1:39062
I20260608 12:55:50.604391 20124 raft_consensus.cc:606] T 45d1f77153904966bcc4540f836c0742 P fb8a9a4bec984e8886018b36a844f625 [term 1 LEADER]: Received request to transfer leadership
W20260608 12:55:50.605611 19702 proxy.cc:239] Call had error, refreshing address and retrying: Remote error: Service unavailable: leadership transfer for 45d1f77153904966bcc4540f836c0742 already in progress
I20260608 12:55:50.611094 19891 raft_consensus.cc:2955] T 8ba697fc0c9247e180db726b8f39759d P d906979ec9e04230992029300702f333 [term 2 FOLLOWER]: Committing config change with OpId 2.3: config changed from index -1 to 3, NON_VOTER 198a1ddd989540d1b182afef12b20b79 (127.16.109.3) added. New config: { opid_index: 3 OBSOLETE_local: false peers { permanent_uuid: "fb8a9a4bec984e8886018b36a844f625" member_type: VOTER last_known_addr { host: "127.16.109.4" port: 45675 } attrs { replace: true } } peers { permanent_uuid: "caf946915b0e4d4386f57ca69ee8cc83" member_type: VOTER last_known_addr { host: "127.16.109.1" port: 43853 } } peers { permanent_uuid: "d906979ec9e04230992029300702f333" member_type: VOTER last_known_addr { host: "127.16.109.2" port: 42223 } } peers { permanent_uuid: "198a1ddd989540d1b182afef12b20b79" member_type: NON_VOTER last_known_addr { host: "127.16.109.3" port: 42167 } attrs { promote: true } } }
I20260608 12:55:50.621131 20125 tablet_service.cc:2072] Received LeaderStepDown RPC: tablet_id: "45d1f77153904966bcc4540f836c0742"
dest_uuid: "fb8a9a4bec984e8886018b36a844f625"
mode: GRACEFUL
 from {username='slave'} at 127.0.0.1:39062
I20260608 12:55:50.621600 20125 raft_consensus.cc:606] T 45d1f77153904966bcc4540f836c0742 P fb8a9a4bec984e8886018b36a844f625 [term 1 LEADER]: Received request to transfer leadership
W20260608 12:55:50.630618 19763 auto_rebalancer.cc:855] Removing replace marker failed: Service unavailable: leader transfer in progress
W20260608 12:55:50.631026 19763 auto_rebalancer.cc:863] Could not move replica: Remote error: Service unavailable: leadership transfer for 45d1f77153904966bcc4540f836c0742 already in progress
W20260608 12:55:50.631234 19763 auto_rebalancer.cc:301] scheduled replica move failed to complete: Remote error: Service unavailable: leadership transfer for 45d1f77153904966bcc4540f836c0742 already in progress
I20260608 12:55:50.777136 20334 ts_tablet_manager.cc:933] T b2963a996f524b6885e9e9b857d18187 P fb8a9a4bec984e8886018b36a844f625: Initiating tablet copy from peer 198a1ddd989540d1b182afef12b20b79 (127.16.109.3:42167)
I20260608 12:55:50.779057 20334 tablet_copy_client.cc:323] T b2963a996f524b6885e9e9b857d18187 P fb8a9a4bec984e8886018b36a844f625: tablet copy: Beginning tablet copy session from remote peer at address 127.16.109.3:42167
I20260608 12:55:50.780556 19976 tablet_copy_service.cc:140] P 198a1ddd989540d1b182afef12b20b79: Received BeginTabletCopySession request for tablet b2963a996f524b6885e9e9b857d18187 from peer fb8a9a4bec984e8886018b36a844f625 ({username='slave'} at 127.0.0.1:38606)
I20260608 12:55:50.780977 19976 tablet_copy_service.cc:161] P 198a1ddd989540d1b182afef12b20b79: Beginning new tablet copy session on tablet b2963a996f524b6885e9e9b857d18187 from peer fb8a9a4bec984e8886018b36a844f625 at {username='slave'} at 127.0.0.1:38606: session id = fb8a9a4bec984e8886018b36a844f625-b2963a996f524b6885e9e9b857d18187
I20260608 12:55:50.785416 19976 tablet_copy_source_session.cc:215] T b2963a996f524b6885e9e9b857d18187 P 198a1ddd989540d1b182afef12b20b79: Tablet Copy: opened 0 blocks and 1 log segments
I20260608 12:55:50.787820 20334 data_dirs.cc:400] Could only allocate 1 dirs of requested 3 for tablet b2963a996f524b6885e9e9b857d18187. 1 dirs total, 0 dirs full, 0 dirs failed
I20260608 12:55:50.797712 20334 tablet_copy_client.cc:806] T b2963a996f524b6885e9e9b857d18187 P fb8a9a4bec984e8886018b36a844f625: tablet copy: Starting download of 0 data blocks...
I20260608 12:55:50.803543 20334 tablet_copy_client.cc:670] T b2963a996f524b6885e9e9b857d18187 P fb8a9a4bec984e8886018b36a844f625: tablet copy: Starting download of 1 WAL segments...
I20260608 12:55:50.806849 20334 tablet_copy_client.cc:538] T b2963a996f524b6885e9e9b857d18187 P fb8a9a4bec984e8886018b36a844f625: tablet copy: Tablet Copy complete. Replacing tablet superblock.
I20260608 12:55:50.812652 20334 tablet_bootstrap.cc:492] T b2963a996f524b6885e9e9b857d18187 P fb8a9a4bec984e8886018b36a844f625: Bootstrap starting.
I20260608 12:55:50.833428 20334 tablet_bootstrap.cc:492] T b2963a996f524b6885e9e9b857d18187 P fb8a9a4bec984e8886018b36a844f625: Bootstrap replayed 1/1 log segments. Stats: ops{read=2 overwritten=0 applied=2 ignored=0} inserts{seen=0 ignored=0} mutations{seen=0 ignored=0} orphaned_commits=0. Pending: 0 replicates
I20260608 12:55:50.834378 20334 tablet_bootstrap.cc:492] T b2963a996f524b6885e9e9b857d18187 P fb8a9a4bec984e8886018b36a844f625: Bootstrap complete.
I20260608 12:55:50.835032 20334 ts_tablet_manager.cc:1403] T b2963a996f524b6885e9e9b857d18187 P fb8a9a4bec984e8886018b36a844f625: Time spent bootstrapping tablet: real 0.023s	user 0.023s	sys 0.001s
I20260608 12:55:50.837234 20334 raft_consensus.cc:359] T b2963a996f524b6885e9e9b857d18187 P fb8a9a4bec984e8886018b36a844f625 [term 1 LEARNER]: Replica starting. Triggering 0 pending ops. Active config: opid_index: 2 OBSOLETE_local: false peers { permanent_uuid: "caf946915b0e4d4386f57ca69ee8cc83" member_type: VOTER last_known_addr { host: "127.16.109.1" port: 43853 } attrs { replace: true } } peers { permanent_uuid: "d906979ec9e04230992029300702f333" member_type: VOTER last_known_addr { host: "127.16.109.2" port: 42223 } } peers { permanent_uuid: "198a1ddd989540d1b182afef12b20b79" member_type: VOTER last_known_addr { host: "127.16.109.3" port: 42167 } } peers { permanent_uuid: "fb8a9a4bec984e8886018b36a844f625" member_type: NON_VOTER last_known_addr { host: "127.16.109.4" port: 45675 } attrs { promote: true } }
I20260608 12:55:50.838049 20334 raft_consensus.cc:740] T b2963a996f524b6885e9e9b857d18187 P fb8a9a4bec984e8886018b36a844f625 [term 1 LEARNER]: Becoming Follower/Learner. State: Replica: fb8a9a4bec984e8886018b36a844f625, State: Initialized, Role: LEARNER
I20260608 12:55:50.838573 20334 consensus_queue.cc:260] T b2963a996f524b6885e9e9b857d18187 P fb8a9a4bec984e8886018b36a844f625 [NON_LEADER]: Queue going to NON_LEADER mode. State: All replicated index: 0, Majority replicated index: 0, Committed index: 2, Last appended: 1.2, Last appended by leader: 2, Current term: 0, Majority size: -1, State: 0, Mode: NON_LEADER, active raft config: opid_index: 2 OBSOLETE_local: false peers { permanent_uuid: "caf946915b0e4d4386f57ca69ee8cc83" member_type: VOTER last_known_addr { host: "127.16.109.1" port: 43853 } attrs { replace: true } } peers { permanent_uuid: "d906979ec9e04230992029300702f333" member_type: VOTER last_known_addr { host: "127.16.109.2" port: 42223 } } peers { permanent_uuid: "198a1ddd989540d1b182afef12b20b79" member_type: VOTER last_known_addr { host: "127.16.109.3" port: 42167 } } peers { permanent_uuid: "fb8a9a4bec984e8886018b36a844f625" member_type: NON_VOTER last_known_addr { host: "127.16.109.4" port: 45675 } attrs { promote: true } }
I20260608 12:55:50.841243 20334 ts_tablet_manager.cc:1434] T b2963a996f524b6885e9e9b857d18187 P fb8a9a4bec984e8886018b36a844f625: Time spent starting tablet: real 0.006s	user 0.002s	sys 0.004s
I20260608 12:55:50.843147 19976 tablet_copy_service.cc:342] P 198a1ddd989540d1b182afef12b20b79: Request end of tablet copy session fb8a9a4bec984e8886018b36a844f625-b2963a996f524b6885e9e9b857d18187 received from {username='slave'} at 127.0.0.1:38606
I20260608 12:55:50.843567 19976 tablet_copy_service.cc:434] P 198a1ddd989540d1b182afef12b20b79: ending tablet copy session fb8a9a4bec984e8886018b36a844f625-b2963a996f524b6885e9e9b857d18187 on tablet b2963a996f524b6885e9e9b857d18187 with peer fb8a9a4bec984e8886018b36a844f625
I20260608 12:55:50.906308 19768 auto_leader_rebalancer.cc:140] leader rebalance for table range_aware_rebalance_new_range
I20260608 12:55:50.924466 19768 auto_leader_rebalancer.cc:388] table: range_aware_rebalance_new_range, leader rebalance finish, leader transfer count: 0
I20260608 12:55:50.925320 19768 auto_leader_rebalancer.cc:451] All tables' leader rebalancing finished this round
I20260608 12:55:50.929085 20326 raft_consensus.cc:993] T 45d1f77153904966bcc4540f836c0742 P fb8a9a4bec984e8886018b36a844f625: : Instructing follower 198a1ddd989540d1b182afef12b20b79 to start an election
I20260608 12:55:50.929558 20326 raft_consensus.cc:1081] T 45d1f77153904966bcc4540f836c0742 P fb8a9a4bec984e8886018b36a844f625 [term 1 LEADER]: Signalling peer 198a1ddd989540d1b182afef12b20b79 to start an election
I20260608 12:55:50.931375 19963 tablet_service.cc:2044] Received Run Leader Election RPC: tablet_id: "45d1f77153904966bcc4540f836c0742"
dest_uuid: "198a1ddd989540d1b182afef12b20b79"
 from {username='slave'} at 127.0.0.1:38606
I20260608 12:55:50.931919 19963 raft_consensus.cc:493] T 45d1f77153904966bcc4540f836c0742 P 198a1ddd989540d1b182afef12b20b79 [term 1 FOLLOWER]: Starting forced leader election (received explicit request)
I20260608 12:55:50.932253 19963 raft_consensus.cc:3060] T 45d1f77153904966bcc4540f836c0742 P 198a1ddd989540d1b182afef12b20b79 [term 1 FOLLOWER]: Advancing to term 2
I20260608 12:55:50.938827 19963 raft_consensus.cc:515] T 45d1f77153904966bcc4540f836c0742 P 198a1ddd989540d1b182afef12b20b79 [term 2 FOLLOWER]: Starting forced leader election with config: opid_index: 2 OBSOLETE_local: false peers { permanent_uuid: "fb8a9a4bec984e8886018b36a844f625" member_type: VOTER last_known_addr { host: "127.16.109.4" port: 45675 } attrs { replace: true } } peers { permanent_uuid: "198a1ddd989540d1b182afef12b20b79" member_type: VOTER last_known_addr { host: "127.16.109.3" port: 42167 } } peers { permanent_uuid: "caf946915b0e4d4386f57ca69ee8cc83" member_type: VOTER last_known_addr { host: "127.16.109.1" port: 43853 } } peers { permanent_uuid: "d906979ec9e04230992029300702f333" member_type: NON_VOTER last_known_addr { host: "127.16.109.2" port: 42223 } attrs { promote: true } }
I20260608 12:55:50.942008 20125 tablet_service.cc:1917] Received RequestConsensusVote() RPC: tablet_id: "45d1f77153904966bcc4540f836c0742" candidate_uuid: "198a1ddd989540d1b182afef12b20b79" candidate_term: 2 candidate_status { last_received { term: 1 index: 2 } } ignore_live_leader: true dest_uuid: "fb8a9a4bec984e8886018b36a844f625"
I20260608 12:55:50.942178 19963 leader_election.cc:290] T 45d1f77153904966bcc4540f836c0742 P 198a1ddd989540d1b182afef12b20b79 [CANDIDATE]: Term 2 election: Requested vote from peers fb8a9a4bec984e8886018b36a844f625 (127.16.109.4:45675), caf946915b0e4d4386f57ca69ee8cc83 (127.16.109.1:43853)
I20260608 12:55:50.942736 19814 tablet_service.cc:1917] Received RequestConsensusVote() RPC: tablet_id: "45d1f77153904966bcc4540f836c0742" candidate_uuid: "198a1ddd989540d1b182afef12b20b79" candidate_term: 2 candidate_status { last_received { term: 1 index: 2 } } ignore_live_leader: true dest_uuid: "caf946915b0e4d4386f57ca69ee8cc83"
I20260608 12:55:50.943291 19814 raft_consensus.cc:3060] T 45d1f77153904966bcc4540f836c0742 P caf946915b0e4d4386f57ca69ee8cc83 [term 1 FOLLOWER]: Advancing to term 2
I20260608 12:55:50.946018 20125 raft_consensus.cc:3055] T 45d1f77153904966bcc4540f836c0742 P fb8a9a4bec984e8886018b36a844f625 [term 1 LEADER]: Stepping down as leader of term 1
I20260608 12:55:50.946368 20125 raft_consensus.cc:740] T 45d1f77153904966bcc4540f836c0742 P fb8a9a4bec984e8886018b36a844f625 [term 1 LEADER]: Becoming Follower/Learner. State: Replica: fb8a9a4bec984e8886018b36a844f625, State: Running, Role: LEADER
I20260608 12:55:50.947227 20125 consensus_queue.cc:260] T 45d1f77153904966bcc4540f836c0742 P fb8a9a4bec984e8886018b36a844f625 [NON_LEADER]: Queue going to NON_LEADER mode. State: All replicated index: 0, Majority replicated index: 2, Committed index: 2, Last appended: 1.2, Last appended by leader: 2, Current term: 1, Majority size: -1, State: 0, Mode: NON_LEADER, active raft config: opid_index: 2 OBSOLETE_local: false peers { permanent_uuid: "fb8a9a4bec984e8886018b36a844f625" member_type: VOTER last_known_addr { host: "127.16.109.4" port: 45675 } attrs { replace: true } } peers { permanent_uuid: "198a1ddd989540d1b182afef12b20b79" member_type: VOTER last_known_addr { host: "127.16.109.3" port: 42167 } } peers { permanent_uuid: "caf946915b0e4d4386f57ca69ee8cc83" member_type: VOTER last_known_addr { host: "127.16.109.1" port: 43853 } } peers { permanent_uuid: "d906979ec9e04230992029300702f333" member_type: NON_VOTER last_known_addr { host: "127.16.109.2" port: 42223 } attrs { promote: true } }
I20260608 12:55:50.948752 20125 raft_consensus.cc:3060] T 45d1f77153904966bcc4540f836c0742 P fb8a9a4bec984e8886018b36a844f625 [term 1 FOLLOWER]: Advancing to term 2
I20260608 12:55:50.950070 19814 raft_consensus.cc:2468] T 45d1f77153904966bcc4540f836c0742 P caf946915b0e4d4386f57ca69ee8cc83 [term 2 FOLLOWER]: Leader election vote request: Granting yes vote for candidate 198a1ddd989540d1b182afef12b20b79 in term 2.
I20260608 12:55:50.951438 19929 leader_election.cc:304] T 45d1f77153904966bcc4540f836c0742 P 198a1ddd989540d1b182afef12b20b79 [CANDIDATE]: Term 2 election: Election decided. Result: candidate won. Election summary: received 2 responses out of 3 voters: 2 yes votes; 0 no votes. yes voters: 198a1ddd989540d1b182afef12b20b79, caf946915b0e4d4386f57ca69ee8cc83; no voters: 
I20260608 12:55:50.952356 20304 raft_consensus.cc:2804] T 45d1f77153904966bcc4540f836c0742 P 198a1ddd989540d1b182afef12b20b79 [term 2 FOLLOWER]: Leader election won for term 2
I20260608 12:55:50.952827 20304 raft_consensus.cc:697] T 45d1f77153904966bcc4540f836c0742 P 198a1ddd989540d1b182afef12b20b79 [term 2 LEADER]: Becoming Leader. State: Replica: 198a1ddd989540d1b182afef12b20b79, State: Running, Role: LEADER
I20260608 12:55:50.953641 20304 consensus_queue.cc:237] T 45d1f77153904966bcc4540f836c0742 P 198a1ddd989540d1b182afef12b20b79 [LEADER]: Queue going to LEADER mode. State: All replicated index: 0, Majority replicated index: 2, Committed index: 2, Last appended: 1.2, Last appended by leader: 2, Current term: 2, Majority size: 2, State: 0, Mode: LEADER, active raft config: opid_index: 2 OBSOLETE_local: false peers { permanent_uuid: "fb8a9a4bec984e8886018b36a844f625" member_type: VOTER last_known_addr { host: "127.16.109.4" port: 45675 } attrs { replace: true } } peers { permanent_uuid: "198a1ddd989540d1b182afef12b20b79" member_type: VOTER last_known_addr { host: "127.16.109.3" port: 42167 } } peers { permanent_uuid: "caf946915b0e4d4386f57ca69ee8cc83" member_type: VOTER last_known_addr { host: "127.16.109.1" port: 43853 } } peers { permanent_uuid: "d906979ec9e04230992029300702f333" member_type: NON_VOTER last_known_addr { host: "127.16.109.2" port: 42223 } attrs { promote: true } }
I20260608 12:55:50.955185 20125 raft_consensus.cc:2468] T 45d1f77153904966bcc4540f836c0742 P fb8a9a4bec984e8886018b36a844f625 [term 2 FOLLOWER]: Leader election vote request: Granting yes vote for candidate 198a1ddd989540d1b182afef12b20b79 in term 2.
I20260608 12:55:50.963687 19714 catalog_manager.cc:5696] T 45d1f77153904966bcc4540f836c0742 P 198a1ddd989540d1b182afef12b20b79 reported cstate change: term changed from 1 to 2, leader changed from fb8a9a4bec984e8886018b36a844f625 (127.16.109.4) to 198a1ddd989540d1b182afef12b20b79 (127.16.109.3). New cstate: current_term: 2 leader_uuid: "198a1ddd989540d1b182afef12b20b79" committed_config { opid_index: 2 OBSOLETE_local: false peers { permanent_uuid: "fb8a9a4bec984e8886018b36a844f625" member_type: VOTER last_known_addr { host: "127.16.109.4" port: 45675 } attrs { replace: true } health_report { overall_health: UNKNOWN } } peers { permanent_uuid: "198a1ddd989540d1b182afef12b20b79" member_type: VOTER last_known_addr { host: "127.16.109.3" port: 42167 } health_report { overall_health: HEALTHY } } peers { permanent_uuid: "caf946915b0e4d4386f57ca69ee8cc83" member_type: VOTER last_known_addr { host: "127.16.109.1" port: 43853 } health_report { overall_health: UNKNOWN } } peers { permanent_uuid: "d906979ec9e04230992029300702f333" member_type: NON_VOTER last_known_addr { host: "127.16.109.2" port: 42223 } attrs { promote: true } health_report { overall_health: UNKNOWN } } }
I20260608 12:55:51.067693 20334 ts_tablet_manager.cc:933] T ca8040f53d9d4266a1262fed93eb2136 P fb8a9a4bec984e8886018b36a844f625: Initiating tablet copy from peer 198a1ddd989540d1b182afef12b20b79 (127.16.109.3:42167)
I20260608 12:55:51.070668 20334 tablet_copy_client.cc:323] T ca8040f53d9d4266a1262fed93eb2136 P fb8a9a4bec984e8886018b36a844f625: tablet copy: Beginning tablet copy session from remote peer at address 127.16.109.3:42167
I20260608 12:55:51.072924 19976 tablet_copy_service.cc:140] P 198a1ddd989540d1b182afef12b20b79: Received BeginTabletCopySession request for tablet ca8040f53d9d4266a1262fed93eb2136 from peer fb8a9a4bec984e8886018b36a844f625 ({username='slave'} at 127.0.0.1:38606)
I20260608 12:55:51.073460 19976 tablet_copy_service.cc:161] P 198a1ddd989540d1b182afef12b20b79: Beginning new tablet copy session on tablet ca8040f53d9d4266a1262fed93eb2136 from peer fb8a9a4bec984e8886018b36a844f625 at {username='slave'} at 127.0.0.1:38606: session id = fb8a9a4bec984e8886018b36a844f625-ca8040f53d9d4266a1262fed93eb2136
I20260608 12:55:51.081490 19976 tablet_copy_source_session.cc:215] T ca8040f53d9d4266a1262fed93eb2136 P 198a1ddd989540d1b182afef12b20b79: Tablet Copy: opened 0 blocks and 1 log segments
I20260608 12:55:51.084980 20334 data_dirs.cc:400] Could only allocate 1 dirs of requested 3 for tablet ca8040f53d9d4266a1262fed93eb2136. 1 dirs total, 0 dirs full, 0 dirs failed
I20260608 12:55:51.099910 20334 tablet_copy_client.cc:806] T ca8040f53d9d4266a1262fed93eb2136 P fb8a9a4bec984e8886018b36a844f625: tablet copy: Starting download of 0 data blocks...
I20260608 12:55:51.100489 20334 tablet_copy_client.cc:670] T ca8040f53d9d4266a1262fed93eb2136 P fb8a9a4bec984e8886018b36a844f625: tablet copy: Starting download of 1 WAL segments...
I20260608 12:55:51.106662 20334 tablet_copy_client.cc:538] T ca8040f53d9d4266a1262fed93eb2136 P fb8a9a4bec984e8886018b36a844f625: tablet copy: Tablet Copy complete. Replacing tablet superblock.
I20260608 12:55:51.115244 20334 tablet_bootstrap.cc:492] T ca8040f53d9d4266a1262fed93eb2136 P fb8a9a4bec984e8886018b36a844f625: Bootstrap starting.
I20260608 12:55:51.142724 20339 ts_tablet_manager.cc:933] T 8ba697fc0c9247e180db726b8f39759d P 198a1ddd989540d1b182afef12b20b79: Initiating tablet copy from peer caf946915b0e4d4386f57ca69ee8cc83 (127.16.109.1:43853)
I20260608 12:55:51.150856 20339 tablet_copy_client.cc:323] T 8ba697fc0c9247e180db726b8f39759d P 198a1ddd989540d1b182afef12b20b79: tablet copy: Beginning tablet copy session from remote peer at address 127.16.109.1:43853
I20260608 12:55:51.151557 20334 tablet_bootstrap.cc:492] T ca8040f53d9d4266a1262fed93eb2136 P fb8a9a4bec984e8886018b36a844f625: Bootstrap replayed 1/1 log segments. Stats: ops{read=2 overwritten=0 applied=2 ignored=0} inserts{seen=0 ignored=0} mutations{seen=0 ignored=0} orphaned_commits=0. Pending: 0 replicates
I20260608 12:55:51.152451 20334 tablet_bootstrap.cc:492] T ca8040f53d9d4266a1262fed93eb2136 P fb8a9a4bec984e8886018b36a844f625: Bootstrap complete.
I20260608 12:55:51.152624 19827 tablet_copy_service.cc:140] P caf946915b0e4d4386f57ca69ee8cc83: Received BeginTabletCopySession request for tablet 8ba697fc0c9247e180db726b8f39759d from peer 198a1ddd989540d1b182afef12b20b79 ({username='slave'} at 127.0.0.1:58210)
I20260608 12:55:51.153163 19827 tablet_copy_service.cc:161] P caf946915b0e4d4386f57ca69ee8cc83: Beginning new tablet copy session on tablet 8ba697fc0c9247e180db726b8f39759d from peer 198a1ddd989540d1b182afef12b20b79 at {username='slave'} at 127.0.0.1:58210: session id = 198a1ddd989540d1b182afef12b20b79-8ba697fc0c9247e180db726b8f39759d
I20260608 12:55:51.153223 20334 ts_tablet_manager.cc:1403] T ca8040f53d9d4266a1262fed93eb2136 P fb8a9a4bec984e8886018b36a844f625: Time spent bootstrapping tablet: real 0.038s	user 0.017s	sys 0.012s
I20260608 12:55:51.156886 20334 raft_consensus.cc:359] T ca8040f53d9d4266a1262fed93eb2136 P fb8a9a4bec984e8886018b36a844f625 [term 1 LEARNER]: Replica starting. Triggering 0 pending ops. Active config: opid_index: 2 OBSOLETE_local: false peers { permanent_uuid: "caf946915b0e4d4386f57ca69ee8cc83" member_type: VOTER last_known_addr { host: "127.16.109.1" port: 43853 } } peers { permanent_uuid: "d906979ec9e04230992029300702f333" member_type: VOTER last_known_addr { host: "127.16.109.2" port: 42223 } attrs { replace: true } } peers { permanent_uuid: "198a1ddd989540d1b182afef12b20b79" member_type: VOTER last_known_addr { host: "127.16.109.3" port: 42167 } } peers { permanent_uuid: "fb8a9a4bec984e8886018b36a844f625" member_type: NON_VOTER last_known_addr { host: "127.16.109.4" port: 45675 } attrs { promote: true } }
I20260608 12:55:51.157685 20334 raft_consensus.cc:740] T ca8040f53d9d4266a1262fed93eb2136 P fb8a9a4bec984e8886018b36a844f625 [term 1 LEARNER]: Becoming Follower/Learner. State: Replica: fb8a9a4bec984e8886018b36a844f625, State: Initialized, Role: LEARNER
I20260608 12:55:51.158354 20334 consensus_queue.cc:260] T ca8040f53d9d4266a1262fed93eb2136 P fb8a9a4bec984e8886018b36a844f625 [NON_LEADER]: Queue going to NON_LEADER mode. State: All replicated index: 0, Majority replicated index: 0, Committed index: 2, Last appended: 1.2, Last appended by leader: 2, Current term: 0, Majority size: -1, State: 0, Mode: NON_LEADER, active raft config: opid_index: 2 OBSOLETE_local: false peers { permanent_uuid: "caf946915b0e4d4386f57ca69ee8cc83" member_type: VOTER last_known_addr { host: "127.16.109.1" port: 43853 } } peers { permanent_uuid: "d906979ec9e04230992029300702f333" member_type: VOTER last_known_addr { host: "127.16.109.2" port: 42223 } attrs { replace: true } } peers { permanent_uuid: "198a1ddd989540d1b182afef12b20b79" member_type: VOTER last_known_addr { host: "127.16.109.3" port: 42167 } } peers { permanent_uuid: "fb8a9a4bec984e8886018b36a844f625" member_type: NON_VOTER last_known_addr { host: "127.16.109.4" port: 45675 } attrs { promote: true } }
I20260608 12:55:51.160305 19827 tablet_copy_source_session.cc:215] T 8ba697fc0c9247e180db726b8f39759d P caf946915b0e4d4386f57ca69ee8cc83: Tablet Copy: opened 0 blocks and 1 log segments
I20260608 12:55:51.163570 20339 data_dirs.cc:400] Could only allocate 1 dirs of requested 3 for tablet 8ba697fc0c9247e180db726b8f39759d. 1 dirs total, 0 dirs full, 0 dirs failed
I20260608 12:55:51.164978 20334 ts_tablet_manager.cc:1434] T ca8040f53d9d4266a1262fed93eb2136 P fb8a9a4bec984e8886018b36a844f625: Time spent starting tablet: real 0.011s	user 0.005s	sys 0.000s
I20260608 12:55:51.166831 19976 tablet_copy_service.cc:342] P 198a1ddd989540d1b182afef12b20b79: Request end of tablet copy session fb8a9a4bec984e8886018b36a844f625-ca8040f53d9d4266a1262fed93eb2136 received from {username='slave'} at 127.0.0.1:38606
I20260608 12:55:51.167263 19976 tablet_copy_service.cc:434] P 198a1ddd989540d1b182afef12b20b79: ending tablet copy session fb8a9a4bec984e8886018b36a844f625-ca8040f53d9d4266a1262fed93eb2136 on tablet ca8040f53d9d4266a1262fed93eb2136 with peer fb8a9a4bec984e8886018b36a844f625
I20260608 12:55:51.179220 20339 tablet_copy_client.cc:806] T 8ba697fc0c9247e180db726b8f39759d P 198a1ddd989540d1b182afef12b20b79: tablet copy: Starting download of 0 data blocks...
I20260608 12:55:51.179802 20339 tablet_copy_client.cc:670] T 8ba697fc0c9247e180db726b8f39759d P 198a1ddd989540d1b182afef12b20b79: tablet copy: Starting download of 1 WAL segments...
I20260608 12:55:51.183601 20339 tablet_copy_client.cc:538] T 8ba697fc0c9247e180db726b8f39759d P 198a1ddd989540d1b182afef12b20b79: tablet copy: Tablet Copy complete. Replacing tablet superblock.
I20260608 12:55:51.189975 20339 tablet_bootstrap.cc:492] T 8ba697fc0c9247e180db726b8f39759d P 198a1ddd989540d1b182afef12b20b79: Bootstrap starting.
I20260608 12:55:51.207499 20339 tablet_bootstrap.cc:492] T 8ba697fc0c9247e180db726b8f39759d P 198a1ddd989540d1b182afef12b20b79: Bootstrap replayed 1/1 log segments. Stats: ops{read=3 overwritten=0 applied=3 ignored=0} inserts{seen=0 ignored=0} mutations{seen=0 ignored=0} orphaned_commits=0. Pending: 0 replicates
I20260608 12:55:51.208164 20339 tablet_bootstrap.cc:492] T 8ba697fc0c9247e180db726b8f39759d P 198a1ddd989540d1b182afef12b20b79: Bootstrap complete.
I20260608 12:55:51.208743 20339 ts_tablet_manager.cc:1403] T 8ba697fc0c9247e180db726b8f39759d P 198a1ddd989540d1b182afef12b20b79: Time spent bootstrapping tablet: real 0.019s	user 0.013s	sys 0.003s
I20260608 12:55:51.210925 20339 raft_consensus.cc:359] T 8ba697fc0c9247e180db726b8f39759d P 198a1ddd989540d1b182afef12b20b79 [term 2 LEARNER]: Replica starting. Triggering 0 pending ops. Active config: opid_index: 3 OBSOLETE_local: false peers { permanent_uuid: "fb8a9a4bec984e8886018b36a844f625" member_type: VOTER last_known_addr { host: "127.16.109.4" port: 45675 } attrs { replace: true } } peers { permanent_uuid: "caf946915b0e4d4386f57ca69ee8cc83" member_type: VOTER last_known_addr { host: "127.16.109.1" port: 43853 } } peers { permanent_uuid: "d906979ec9e04230992029300702f333" member_type: VOTER last_known_addr { host: "127.16.109.2" port: 42223 } } peers { permanent_uuid: "198a1ddd989540d1b182afef12b20b79" member_type: NON_VOTER last_known_addr { host: "127.16.109.3" port: 42167 } attrs { promote: true } }
I20260608 12:55:51.211488 20339 raft_consensus.cc:740] T 8ba697fc0c9247e180db726b8f39759d P 198a1ddd989540d1b182afef12b20b79 [term 2 LEARNER]: Becoming Follower/Learner. State: Replica: 198a1ddd989540d1b182afef12b20b79, State: Initialized, Role: LEARNER
