I20260608 12:55:40.190654 19614 raft_consensus.cc:2468] T 1eb3ccb6d50b4649abc79ba5c3942fab P b2c9f38cc8a940609bda5575d7344d4c [term 1 FOLLOWER]: Leader election vote request: Granting yes vote for candidate 2e4eaa306af04b4ebccbee55a8fd100c in term 1.
I20260608 12:55:40.190675 19465 raft_consensus.cc:2468] T 1eb3ccb6d50b4649abc79ba5c3942fab P bb0d9b21cead4bf1b7533fa9ad781aa5 [term 1 FOLLOWER]: Leader election vote request: Granting yes vote for candidate 2e4eaa306af04b4ebccbee55a8fd100c in term 1.
I20260608 12:55:40.191880 19504 leader_election.cc:304] T 1eb3ccb6d50b4649abc79ba5c3942fab P 2e4eaa306af04b4ebccbee55a8fd100c [CANDIDATE]: Term 1 election: Election decided. Result: candidate won. Election summary: received 2 responses out of 3 voters: 2 yes votes; 0 no votes. yes voters: 2e4eaa306af04b4ebccbee55a8fd100c, b2c9f38cc8a940609bda5575d7344d4c; no voters: 
I20260608 12:55:40.192673 19665 raft_consensus.cc:2804] T 1eb3ccb6d50b4649abc79ba5c3942fab P 2e4eaa306af04b4ebccbee55a8fd100c [term 1 FOLLOWER]: Leader election won for term 1
I20260608 12:55:40.193758 19665 raft_consensus.cc:697] T 1eb3ccb6d50b4649abc79ba5c3942fab P 2e4eaa306af04b4ebccbee55a8fd100c [term 1 LEADER]: Becoming Leader. State: Replica: 2e4eaa306af04b4ebccbee55a8fd100c, State: Running, Role: LEADER
I20260608 12:55:40.194659 19665 consensus_queue.cc:237] T 1eb3ccb6d50b4649abc79ba5c3942fab P 2e4eaa306af04b4ebccbee55a8fd100c [LEADER]: Queue going to LEADER mode. State: All replicated index: 0, Majority replicated index: 0, Committed index: 0, Last appended: 0.0, Last appended by leader: 0, Current term: 1, Majority size: 2, State: 0, Mode: LEADER, active raft config: opid_index: -1 OBSOLETE_local: false peers { permanent_uuid: "bb0d9b21cead4bf1b7533fa9ad781aa5" member_type: VOTER last_known_addr { host: "127.16.112.1" port: 36025 } } peers { permanent_uuid: "2e4eaa306af04b4ebccbee55a8fd100c" member_type: VOTER last_known_addr { host: "127.16.112.2" port: 40785 } } peers { permanent_uuid: "b2c9f38cc8a940609bda5575d7344d4c" member_type: VOTER last_known_addr { host: "127.16.112.3" port: 37363 } }
I20260608 12:55:40.202145 19360 catalog_manager.cc:5696] T 1eb3ccb6d50b4649abc79ba5c3942fab P 2e4eaa306af04b4ebccbee55a8fd100c reported cstate change: term changed from 0 to 1, leader changed from <none> to 2e4eaa306af04b4ebccbee55a8fd100c (127.16.112.2). New cstate: current_term: 1 leader_uuid: "2e4eaa306af04b4ebccbee55a8fd100c" committed_config { opid_index: -1 OBSOLETE_local: false peers { permanent_uuid: "bb0d9b21cead4bf1b7533fa9ad781aa5" member_type: VOTER last_known_addr { host: "127.16.112.1" port: 36025 } health_report { overall_health: UNKNOWN } } peers { permanent_uuid: "2e4eaa306af04b4ebccbee55a8fd100c" member_type: VOTER last_known_addr { host: "127.16.112.2" port: 40785 } health_report { overall_health: HEALTHY } } peers { permanent_uuid: "b2c9f38cc8a940609bda5575d7344d4c" member_type: VOTER last_known_addr { host: "127.16.112.3" port: 37363 } health_report { overall_health: UNKNOWN } } }
I20260608 12:55:40.243870 16832 tablet_server.cc:179] TabletServer@127.16.112.1:0 shutting down...
I20260608 12:55:40.266185 16832 ts_tablet_manager.cc:1507] Shutting down tablet manager...
I20260608 12:55:40.267192 16832 tablet_replica.cc:333] T 841a3827960b4f779fa91b1ec106d2b6 P bb0d9b21cead4bf1b7533fa9ad781aa5: stopping tablet replica
I20260608 12:55:40.267843 16832 raft_consensus.cc:2243] T 841a3827960b4f779fa91b1ec106d2b6 P bb0d9b21cead4bf1b7533fa9ad781aa5 [term 1 FOLLOWER]: Raft consensus shutting down.
I20260608 12:55:40.268273 16832 raft_consensus.cc:2272] T 841a3827960b4f779fa91b1ec106d2b6 P bb0d9b21cead4bf1b7533fa9ad781aa5 [term 1 FOLLOWER]: Raft consensus is shut down!
I20260608 12:55:40.270159 16832 tablet_replica.cc:333] T bab19d520fc241be8f118466d59d3deb P bb0d9b21cead4bf1b7533fa9ad781aa5: stopping tablet replica
I20260608 12:55:40.270702 16832 raft_consensus.cc:2243] T bab19d520fc241be8f118466d59d3deb P bb0d9b21cead4bf1b7533fa9ad781aa5 [term 1 FOLLOWER]: Raft consensus shutting down.
I20260608 12:55:40.271083 16832 raft_consensus.cc:2272] T bab19d520fc241be8f118466d59d3deb P bb0d9b21cead4bf1b7533fa9ad781aa5 [term 1 FOLLOWER]: Raft consensus is shut down!
I20260608 12:55:40.273167 16832 tablet_replica.cc:333] T 1eb3ccb6d50b4649abc79ba5c3942fab P bb0d9b21cead4bf1b7533fa9ad781aa5: stopping tablet replica
I20260608 12:55:40.273743 16832 raft_consensus.cc:2243] T 1eb3ccb6d50b4649abc79ba5c3942fab P bb0d9b21cead4bf1b7533fa9ad781aa5 [term 1 FOLLOWER]: Raft consensus shutting down.
I20260608 12:55:40.274120 16832 raft_consensus.cc:2272] T 1eb3ccb6d50b4649abc79ba5c3942fab P bb0d9b21cead4bf1b7533fa9ad781aa5 [term 1 FOLLOWER]: Raft consensus is shut down!
I20260608 12:55:40.275738 16832 tablet_replica.cc:333] T e5e304b467174fe8b2f261005834447f P bb0d9b21cead4bf1b7533fa9ad781aa5: stopping tablet replica
I20260608 12:55:40.276207 16832 raft_consensus.cc:2243] T e5e304b467174fe8b2f261005834447f P bb0d9b21cead4bf1b7533fa9ad781aa5 [term 1 LEADER]: Raft consensus shutting down.
I20260608 12:55:40.276801 16832 pending_rounds.cc:70] T e5e304b467174fe8b2f261005834447f P bb0d9b21cead4bf1b7533fa9ad781aa5: Trying to abort 1 pending ops.
I20260608 12:55:40.277064 16832 pending_rounds.cc:77] T e5e304b467174fe8b2f261005834447f P bb0d9b21cead4bf1b7533fa9ad781aa5: Aborting op as it isn't in flight: id { term: 1 index: 1 } timestamp: 7294662000056328192 op_type: NO_OP noop_request { }
I20260608 12:55:40.277407 16832 raft_consensus.cc:2889] T e5e304b467174fe8b2f261005834447f P bb0d9b21cead4bf1b7533fa9ad781aa5 [term 1 LEADER]: NO_OP replication failed: Aborted: Op aborted
I20260608 12:55:40.277748 16832 raft_consensus.cc:2272] T e5e304b467174fe8b2f261005834447f P bb0d9b21cead4bf1b7533fa9ad781aa5 [term 1 FOLLOWER]: Raft consensus is shut down!
I20260608 12:55:40.292220 16832 tablet_server.cc:196] TabletServer@127.16.112.1:0 shutdown complete.
I20260608 12:55:40.303644 16832 tablet_server.cc:179] TabletServer@127.16.112.2:0 shutting down...
I20260608 12:55:40.321959 16832 ts_tablet_manager.cc:1507] Shutting down tablet manager...
I20260608 12:55:40.322629 16832 tablet_replica.cc:333] T 1eb3ccb6d50b4649abc79ba5c3942fab P 2e4eaa306af04b4ebccbee55a8fd100c: stopping tablet replica
I20260608 12:55:40.323212 16832 raft_consensus.cc:2243] T 1eb3ccb6d50b4649abc79ba5c3942fab P 2e4eaa306af04b4ebccbee55a8fd100c [term 1 LEADER]: Raft consensus shutting down.
I20260608 12:55:40.323819 16832 pending_rounds.cc:70] T 1eb3ccb6d50b4649abc79ba5c3942fab P 2e4eaa306af04b4ebccbee55a8fd100c: Trying to abort 1 pending ops.
I20260608 12:55:40.324038 16832 pending_rounds.cc:77] T 1eb3ccb6d50b4649abc79ba5c3942fab P 2e4eaa306af04b4ebccbee55a8fd100c: Aborting op as it isn't in flight: id { term: 1 index: 1 } timestamp: 7294662001445949440 op_type: NO_OP noop_request { }
I20260608 12:55:40.324328 16832 raft_consensus.cc:2889] T 1eb3ccb6d50b4649abc79ba5c3942fab P 2e4eaa306af04b4ebccbee55a8fd100c [term 1 LEADER]: NO_OP replication failed: Aborted: Op aborted
I20260608 12:55:40.324609 16832 raft_consensus.cc:2272] T 1eb3ccb6d50b4649abc79ba5c3942fab P 2e4eaa306af04b4ebccbee55a8fd100c [term 1 FOLLOWER]: Raft consensus is shut down!
I20260608 12:55:40.326715 16832 tablet_replica.cc:333] T e5e304b467174fe8b2f261005834447f P 2e4eaa306af04b4ebccbee55a8fd100c: stopping tablet replica
I20260608 12:55:40.327267 16832 raft_consensus.cc:2243] T e5e304b467174fe8b2f261005834447f P 2e4eaa306af04b4ebccbee55a8fd100c [term 1 FOLLOWER]: Raft consensus shutting down.
I20260608 12:55:40.327656 16832 raft_consensus.cc:2272] T e5e304b467174fe8b2f261005834447f P 2e4eaa306af04b4ebccbee55a8fd100c [term 1 FOLLOWER]: Raft consensus is shut down!
I20260608 12:55:40.329344 16832 tablet_replica.cc:333] T bab19d520fc241be8f118466d59d3deb P 2e4eaa306af04b4ebccbee55a8fd100c: stopping tablet replica
I20260608 12:55:40.329923 16832 raft_consensus.cc:2243] T bab19d520fc241be8f118466d59d3deb P 2e4eaa306af04b4ebccbee55a8fd100c [term 1 FOLLOWER]: Raft consensus shutting down.
I20260608 12:55:40.330298 16832 raft_consensus.cc:2272] T bab19d520fc241be8f118466d59d3deb P 2e4eaa306af04b4ebccbee55a8fd100c [term 1 FOLLOWER]: Raft consensus is shut down!
I20260608 12:55:40.331869 16832 tablet_replica.cc:333] T 841a3827960b4f779fa91b1ec106d2b6 P 2e4eaa306af04b4ebccbee55a8fd100c: stopping tablet replica
I20260608 12:55:40.332329 16832 raft_consensus.cc:2243] T 841a3827960b4f779fa91b1ec106d2b6 P 2e4eaa306af04b4ebccbee55a8fd100c [term 1 FOLLOWER]: Raft consensus shutting down.
I20260608 12:55:40.332700 16832 raft_consensus.cc:2272] T 841a3827960b4f779fa91b1ec106d2b6 P 2e4eaa306af04b4ebccbee55a8fd100c [term 1 FOLLOWER]: Raft consensus is shut down!
I20260608 12:55:40.355518 16832 tablet_server.cc:196] TabletServer@127.16.112.2:0 shutdown complete.
I20260608 12:55:40.367518 16832 tablet_server.cc:179] TabletServer@127.16.112.3:0 shutting down...
I20260608 12:55:40.386467 16832 ts_tablet_manager.cc:1507] Shutting down tablet manager...
I20260608 12:55:40.387156 16832 tablet_replica.cc:333] T 841a3827960b4f779fa91b1ec106d2b6 P b2c9f38cc8a940609bda5575d7344d4c: stopping tablet replica
I20260608 12:55:40.387728 16832 raft_consensus.cc:2243] T 841a3827960b4f779fa91b1ec106d2b6 P b2c9f38cc8a940609bda5575d7344d4c [term 1 LEADER]: Raft consensus shutting down.
I20260608 12:55:40.388362 16832 pending_rounds.cc:70] T 841a3827960b4f779fa91b1ec106d2b6 P b2c9f38cc8a940609bda5575d7344d4c: Trying to abort 1 pending ops.
I20260608 12:55:40.388535 16832 pending_rounds.cc:77] T 841a3827960b4f779fa91b1ec106d2b6 P b2c9f38cc8a940609bda5575d7344d4c: Aborting op as it isn't in flight: id { term: 1 index: 1 } timestamp: 7294662000430120960 op_type: NO_OP noop_request { }
I20260608 12:55:40.388821 16832 raft_consensus.cc:2889] T 841a3827960b4f779fa91b1ec106d2b6 P b2c9f38cc8a940609bda5575d7344d4c [term 1 LEADER]: NO_OP replication failed: Aborted: Op aborted
I20260608 12:55:40.389210 16832 raft_consensus.cc:2272] T 841a3827960b4f779fa91b1ec106d2b6 P b2c9f38cc8a940609bda5575d7344d4c [term 1 FOLLOWER]: Raft consensus is shut down!
I20260608 12:55:40.391348 16832 tablet_replica.cc:333] T 1eb3ccb6d50b4649abc79ba5c3942fab P b2c9f38cc8a940609bda5575d7344d4c: stopping tablet replica
I20260608 12:55:40.391871 16832 raft_consensus.cc:2243] T 1eb3ccb6d50b4649abc79ba5c3942fab P b2c9f38cc8a940609bda5575d7344d4c [term 1 FOLLOWER]: Raft consensus shutting down.
I20260608 12:55:40.392256 16832 raft_consensus.cc:2272] T 1eb3ccb6d50b4649abc79ba5c3942fab P b2c9f38cc8a940609bda5575d7344d4c [term 1 FOLLOWER]: Raft consensus is shut down!
I20260608 12:55:40.393950 16832 tablet_replica.cc:333] T bab19d520fc241be8f118466d59d3deb P b2c9f38cc8a940609bda5575d7344d4c: stopping tablet replica
I20260608 12:55:40.394447 16832 raft_consensus.cc:2243] T bab19d520fc241be8f118466d59d3deb P b2c9f38cc8a940609bda5575d7344d4c [term 1 LEADER]: Raft consensus shutting down.
I20260608 12:55:40.395093 16832 pending_rounds.cc:70] T bab19d520fc241be8f118466d59d3deb P b2c9f38cc8a940609bda5575d7344d4c: Trying to abort 1 pending ops.
I20260608 12:55:40.395292 16832 pending_rounds.cc:77] T bab19d520fc241be8f118466d59d3deb P b2c9f38cc8a940609bda5575d7344d4c: Aborting op as it isn't in flight: id { term: 1 index: 1 } timestamp: 7294662000559656960 op_type: NO_OP noop_request { }
I20260608 12:55:40.395561 16832 raft_consensus.cc:2889] T bab19d520fc241be8f118466d59d3deb P b2c9f38cc8a940609bda5575d7344d4c [term 1 LEADER]: NO_OP replication failed: Aborted: Op aborted
I20260608 12:55:40.395846 16832 raft_consensus.cc:2272] T bab19d520fc241be8f118466d59d3deb P b2c9f38cc8a940609bda5575d7344d4c [term 1 FOLLOWER]: Raft consensus is shut down!
I20260608 12:55:40.397761 16832 tablet_replica.cc:333] T e5e304b467174fe8b2f261005834447f P b2c9f38cc8a940609bda5575d7344d4c: stopping tablet replica
I20260608 12:55:40.398227 16832 raft_consensus.cc:2243] T e5e304b467174fe8b2f261005834447f P b2c9f38cc8a940609bda5575d7344d4c [term 1 FOLLOWER]: Raft consensus shutting down.
I20260608 12:55:40.398617 16832 raft_consensus.cc:2272] T e5e304b467174fe8b2f261005834447f P b2c9f38cc8a940609bda5575d7344d4c [term 1 FOLLOWER]: Raft consensus is shut down!
I20260608 12:55:40.420334 16832 tablet_server.cc:196] TabletServer@127.16.112.3:0 shutdown complete.
I20260608 12:55:40.431704 16832 master.cc:562] Master@127.16.112.62:44001 shutting down...
I20260608 12:55:40.447127 16832 raft_consensus.cc:2243] T 00000000000000000000000000000000 P dcfd98d97cb84850ab6117c88e4f0709 [term 1 LEADER]: Raft consensus shutting down.
I20260608 12:55:40.447686 16832 raft_consensus.cc:2272] T 00000000000000000000000000000000 P dcfd98d97cb84850ab6117c88e4f0709 [term 1 FOLLOWER]: Raft consensus is shut down!
I20260608 12:55:40.448040 16832 tablet_replica.cc:333] T 00000000000000000000000000000000 P dcfd98d97cb84850ab6117c88e4f0709: stopping tablet replica
I20260608 12:55:40.466238 16832 master.cc:584] Master@127.16.112.62:44001 shutdown complete.
[       OK ] AutoRebalancerTest.RangeAwareBuildClusterInfoGroupsByRange (2642 ms)
[ RUN      ] AutoRebalancerTest.RangeAwareRebalancesNewRangeReplicas
I20260608 12:55:40.501861 16832 internal_mini_cluster.cc:156] Creating distributed mini masters. Addrs: 127.16.112.62:41183
I20260608 12:55:40.503036 16832 file_cache.cc:492] Constructed file cache file cache with capacity 419430
W20260608 12:55:40.508198 19691 instance_detector.cc:116] could not retrieve AWS instance metadata: Network error: curl error: HTTP response code said error: The requested URL returned error: 404
W20260608 12:55:40.509979 19694 instance_detector.cc:116] could not retrieve OpenStack instance metadata: Network error: curl error: HTTP response code said error: The requested URL returned error: 404
I20260608 12:55:40.510433 16832 server_base.cc:1061] running on GCE node
W20260608 12:55:40.510249 19692 instance_detector.cc:116] could not retrieve Azure instance metadata: Network error: curl error: HTTP response code said error: The requested URL returned error: 404
I20260608 12:55:40.511775 16832 hybrid_clock.cc:584] initializing the hybrid clock with 'system_unsync' time source
W20260608 12:55:40.511953 16832 system_unsync_time.cc:38] NTP support is disabled. Clock error bounds will not be accurate. This configuration is not suitable for distributed clusters.
I20260608 12:55:40.512068 16832 hybrid_clock.cc:648] HybridClock initialized: now 1780923340512057 us; error 0 us; skew 500 ppm
I20260608 12:55:40.512584 16832 server_base.cc:861] Flag tcmalloc_max_total_thread_cache_bytes is not working since tcmalloc is not enabled.
I20260608 12:55:40.515000 16832 webserver.cc:533] Webserver started at http://127.16.112.62:37443/ using document root <none> and password file <none>
I20260608 12:55:40.515488 16832 fs_manager.cc:362] Metadata directory not provided
I20260608 12:55:40.515655 16832 fs_manager.cc:368] Using write-ahead log directory (fs_wal_dir) as metadata directory
I20260608 12:55:40.515893 16832 server_base.cc:909] This appears to be a new deployment of Kudu; creating new FS layout
I20260608 12:55:40.517009 16832 fs_manager.cc:1068] Generated new instance metadata in path /tmp/dist-test-taskkgDiXj/test-tmp/auto_rebalancer-test.0.AutoRebalancerTest.RangeAwareRebalancesNewRangeReplicas.1780923261350568-16832-0/minicluster-data/master-0-root/instance:
uuid: "9d10cf1159b446d29a5340ad6e26f279"
format_stamp: "Formatted at 2026-06-08 12:55:40 on dist-test-slave-cjgt"
I20260608 12:55:40.521649 16832 fs_manager.cc:696] Time spent creating directory manager: real 0.004s	user 0.006s	sys 0.000s
I20260608 12:55:40.525393 19699 log_block_manager.cc:4031] Time spent loading block containers with low live blocks: real 0.000s	user 0.000s	sys 0.000s
I20260608 12:55:40.526355 16832 fs_manager.cc:730] Time spent opening block manager: real 0.003s	user 0.000s	sys 0.003s
I20260608 12:55:40.526669 16832 fs_manager.cc:647] Opened local filesystem: /tmp/dist-test-taskkgDiXj/test-tmp/auto_rebalancer-test.0.AutoRebalancerTest.RangeAwareRebalancesNewRangeReplicas.1780923261350568-16832-0/minicluster-data/master-0-root
uuid: "9d10cf1159b446d29a5340ad6e26f279"
format_stamp: "Formatted at 2026-06-08 12:55:40 on dist-test-slave-cjgt"
I20260608 12:55:40.526971 16832 fs_report.cc:389] FS layout report
--------------------
wal directory: /tmp/dist-test-taskkgDiXj/test-tmp/auto_rebalancer-test.0.AutoRebalancerTest.RangeAwareRebalancesNewRangeReplicas.1780923261350568-16832-0/minicluster-data/master-0-root
metadata directory: /tmp/dist-test-taskkgDiXj/test-tmp/auto_rebalancer-test.0.AutoRebalancerTest.RangeAwareRebalancesNewRangeReplicas.1780923261350568-16832-0/minicluster-data/master-0-root
1 data directories: /tmp/dist-test-taskkgDiXj/test-tmp/auto_rebalancer-test.0.AutoRebalancerTest.RangeAwareRebalancesNewRangeReplicas.1780923261350568-16832-0/minicluster-data/master-0-root/data
Total live blocks: 0
Total live bytes: 0
Total live bytes (after alignment): 0
Total number of LBM containers: 0 (0 full)
Did not check for missing blocks
Did not check for orphaned blocks
Total full LBM containers with extra space: 0 (0 repaired)
Total full LBM container extra space in bytes: 0 (0 repaired)
Total incomplete LBM containers: 0 (0 repaired)
Total LBM partial records: 0 (0 repaired)
Total corrupted LBM metadata records in RocksDB: 0 (0 repaired)
I20260608 12:55:40.545799 16832 rpc_server.cc:225] running with OpenSSL 1.1.1  11 Sep 2018
I20260608 12:55:40.546841 16832 kserver.cc:163] Server-wide thread pool size limit: 3276
I20260608 12:55:40.583714 16832 rpc_server.cc:307] RPC server started. Bound to: 127.16.112.62:41183
I20260608 12:55:40.583863 19750 acceptor_pool.cc:272] collecting diagnostics on the listening RPC socket 127.16.112.62:41183 every 8 connection(s)
I20260608 12:55:40.587894 19751 data_dirs.cc:400] Could only allocate 1 dirs of requested 3 for tablet 00000000000000000000000000000000. 1 dirs total, 0 dirs full, 0 dirs failed
I20260608 12:55:40.598188 19751 tablet_bootstrap.cc:492] T 00000000000000000000000000000000 P 9d10cf1159b446d29a5340ad6e26f279: Bootstrap starting.
I20260608 12:55:40.602597 19751 tablet_bootstrap.cc:654] T 00000000000000000000000000000000 P 9d10cf1159b446d29a5340ad6e26f279: Neither blocks nor log segments found. Creating new log.
I20260608 12:55:40.606861 19751 tablet_bootstrap.cc:492] T 00000000000000000000000000000000 P 9d10cf1159b446d29a5340ad6e26f279: No bootstrap required, opened a new log
I20260608 12:55:40.608955 19751 raft_consensus.cc:359] T 00000000000000000000000000000000 P 9d10cf1159b446d29a5340ad6e26f279 [term 0 FOLLOWER]: Replica starting. Triggering 0 pending ops. Active config: opid_index: -1 OBSOLETE_local: true peers { permanent_uuid: "9d10cf1159b446d29a5340ad6e26f279" member_type: VOTER }
I20260608 12:55:40.609354 19751 raft_consensus.cc:385] T 00000000000000000000000000000000 P 9d10cf1159b446d29a5340ad6e26f279 [term 0 FOLLOWER]: Consensus starting up: Expiring failure detector timer to make a prompt election more likely
I20260608 12:55:40.609534 19751 raft_consensus.cc:740] T 00000000000000000000000000000000 P 9d10cf1159b446d29a5340ad6e26f279 [term 0 FOLLOWER]: Becoming Follower/Learner. State: Replica: 9d10cf1159b446d29a5340ad6e26f279, State: Initialized, Role: FOLLOWER
I20260608 12:55:40.610188 19751 consensus_queue.cc:260] T 00000000000000000000000000000000 P 9d10cf1159b446d29a5340ad6e26f279 [NON_LEADER]: Queue going to NON_LEADER mode. State: All replicated index: 0, Majority replicated index: 0, Committed index: 0, Last appended: 0.0, Last appended by leader: 0, Current term: 0, Majority size: -1, State: 0, Mode: NON_LEADER, active raft config: opid_index: -1 OBSOLETE_local: true peers { permanent_uuid: "9d10cf1159b446d29a5340ad6e26f279" member_type: VOTER }
I20260608 12:55:40.610594 19751 raft_consensus.cc:399] T 00000000000000000000000000000000 P 9d10cf1159b446d29a5340ad6e26f279 [term 0 FOLLOWER]: Only one voter in the Raft config. Triggering election immediately
I20260608 12:55:40.610787 19751 raft_consensus.cc:493] T 00000000000000000000000000000000 P 9d10cf1159b446d29a5340ad6e26f279 [term 0 FOLLOWER]: Starting leader election (initial election of a single-replica configuration)
I20260608 12:55:40.611009 19751 raft_consensus.cc:3060] T 00000000000000000000000000000000 P 9d10cf1159b446d29a5340ad6e26f279 [term 0 FOLLOWER]: Advancing to term 1
I20260608 12:55:40.615990 19751 raft_consensus.cc:515] T 00000000000000000000000000000000 P 9d10cf1159b446d29a5340ad6e26f279 [term 1 FOLLOWER]: Starting leader election with config: opid_index: -1 OBSOLETE_local: true peers { permanent_uuid: "9d10cf1159b446d29a5340ad6e26f279" member_type: VOTER }
I20260608 12:55:40.616463 19751 leader_election.cc:304] T 00000000000000000000000000000000 P 9d10cf1159b446d29a5340ad6e26f279 [CANDIDATE]: Term 1 election: Election decided. Result: candidate won. Election summary: received 1 responses out of 1 voters: 1 yes votes; 0 no votes. yes voters: 9d10cf1159b446d29a5340ad6e26f279; no voters: 
I20260608 12:55:40.617621 19751 leader_election.cc:290] T 00000000000000000000000000000000 P 9d10cf1159b446d29a5340ad6e26f279 [CANDIDATE]: Term 1 election: Requested vote from peers 
I20260608 12:55:40.618095 19754 raft_consensus.cc:2804] T 00000000000000000000000000000000 P 9d10cf1159b446d29a5340ad6e26f279 [term 1 FOLLOWER]: Leader election won for term 1
I20260608 12:55:40.619542 19754 raft_consensus.cc:697] T 00000000000000000000000000000000 P 9d10cf1159b446d29a5340ad6e26f279 [term 1 LEADER]: Becoming Leader. State: Replica: 9d10cf1159b446d29a5340ad6e26f279, State: Running, Role: LEADER
I20260608 12:55:40.620260 19754 consensus_queue.cc:237] T 00000000000000000000000000000000 P 9d10cf1159b446d29a5340ad6e26f279 [LEADER]: Queue going to LEADER mode. State: All replicated index: 0, Majority replicated index: 0, Committed index: 0, Last appended: 0.0, Last appended by leader: 0, Current term: 1, Majority size: 1, State: 0, Mode: LEADER, active raft config: opid_index: -1 OBSOLETE_local: true peers { permanent_uuid: "9d10cf1159b446d29a5340ad6e26f279" member_type: VOTER }
I20260608 12:55:40.620713 19751 sys_catalog.cc:565] T 00000000000000000000000000000000 P 9d10cf1159b446d29a5340ad6e26f279 [sys.catalog]: configured and running, proceeding with master startup.
I20260608 12:55:40.630962 19756 sys_catalog.cc:455] T 00000000000000000000000000000000 P 9d10cf1159b446d29a5340ad6e26f279 [sys.catalog]: SysCatalogTable state changed. Reason: New leader 9d10cf1159b446d29a5340ad6e26f279. Latest consensus state: current_term: 1 leader_uuid: "9d10cf1159b446d29a5340ad6e26f279" committed_config { opid_index: -1 OBSOLETE_local: true peers { permanent_uuid: "9d10cf1159b446d29a5340ad6e26f279" member_type: VOTER } }
I20260608 12:55:40.631319 19755 sys_catalog.cc:455] T 00000000000000000000000000000000 P 9d10cf1159b446d29a5340ad6e26f279 [sys.catalog]: SysCatalogTable state changed. Reason: RaftConsensus started. Latest consensus state: current_term: 1 leader_uuid: "9d10cf1159b446d29a5340ad6e26f279" committed_config { opid_index: -1 OBSOLETE_local: true peers { permanent_uuid: "9d10cf1159b446d29a5340ad6e26f279" member_type: VOTER } }
I20260608 12:55:40.631559 19756 sys_catalog.cc:458] T 00000000000000000000000000000000 P 9d10cf1159b446d29a5340ad6e26f279 [sys.catalog]: This master's current role is: LEADER
I20260608 12:55:40.631845 19755 sys_catalog.cc:458] T 00000000000000000000000000000000 P 9d10cf1159b446d29a5340ad6e26f279 [sys.catalog]: This master's current role is: LEADER
I20260608 12:55:40.635721 19763 catalog_manager.cc:1510] Loading table and tablet metadata into memory...
I20260608 12:55:40.640854 19763 catalog_manager.cc:1519] Initializing Kudu cluster ID...
I20260608 12:55:40.642071 16832 internal_mini_cluster.cc:184] Waiting to initialize catalog manager on master 0
I20260608 12:55:40.650296 19763 catalog_manager.cc:1382] Generated new cluster ID: c50b97122aec4c36a8606e8e406a237b
I20260608 12:55:40.650588 19763 catalog_manager.cc:1530] Initializing Kudu internal certificate authority...
I20260608 12:55:40.673556 19763 catalog_manager.cc:1405] Generated new certificate authority record
I20260608 12:55:40.674872 19763 catalog_manager.cc:1539] Loading token signing keys...
I20260608 12:55:40.693169 19763 catalog_manager.cc:6069] T 00000000000000000000000000000000 P 9d10cf1159b446d29a5340ad6e26f279: Generated new TSK 0
I20260608 12:55:40.693902 19763 catalog_manager.cc:1549] Initializing in-progress tserver states...
I20260608 12:55:40.709398 16832 file_cache.cc:492] Constructed file cache file cache with capacity 419430
W20260608 12:55:40.715943 19772 instance_detector.cc:116] could not retrieve AWS instance metadata: Network error: curl error: HTTP response code said error: The requested URL returned error: 404
W20260608 12:55:40.717031 19773 instance_detector.cc:116] could not retrieve Azure instance metadata: Network error: curl error: HTTP response code said error: The requested URL returned error: 404
W20260608 12:55:40.718712 19775 instance_detector.cc:116] could not retrieve OpenStack instance metadata: Network error: curl error: HTTP response code said error: The requested URL returned error: 404
I20260608 12:55:40.719429 16832 server_base.cc:1061] running on GCE node
I20260608 12:55:40.720242 16832 hybrid_clock.cc:584] initializing the hybrid clock with 'system_unsync' time source
W20260608 12:55:40.720485 16832 system_unsync_time.cc:38] NTP support is disabled. Clock error bounds will not be accurate. This configuration is not suitable for distributed clusters.
I20260608 12:55:40.720674 16832 hybrid_clock.cc:648] HybridClock initialized: now 1780923340720648 us; error 0 us; skew 500 ppm
I20260608 12:55:40.721280 16832 server_base.cc:861] Flag tcmalloc_max_total_thread_cache_bytes is not working since tcmalloc is not enabled.
I20260608 12:55:40.723968 16832 webserver.cc:533] Webserver started at http://127.16.112.1:44363/ using document root <none> and password file <none>
I20260608 12:55:40.724542 16832 fs_manager.cc:362] Metadata directory not provided
I20260608 12:55:40.724766 16832 fs_manager.cc:368] Using write-ahead log directory (fs_wal_dir) as metadata directory
I20260608 12:55:40.725055 16832 server_base.cc:909] This appears to be a new deployment of Kudu; creating new FS layout
I20260608 12:55:40.726240 16832 fs_manager.cc:1068] Generated new instance metadata in path /tmp/dist-test-taskkgDiXj/test-tmp/auto_rebalancer-test.0.AutoRebalancerTest.RangeAwareRebalancesNewRangeReplicas.1780923261350568-16832-0/minicluster-data/ts-0-root/instance:
uuid: "c38838b24eb049aba4e737391d798691"
format_stamp: "Formatted at 2026-06-08 12:55:40 on dist-test-slave-cjgt"
I20260608 12:55:40.730945 16832 fs_manager.cc:696] Time spent creating directory manager: real 0.004s	user 0.004s	sys 0.000s
I20260608 12:55:40.734557 19780 log_block_manager.cc:4031] Time spent loading block containers with low live blocks: real 0.000s	user 0.000s	sys 0.000s
I20260608 12:55:40.735399 16832 fs_manager.cc:730] Time spent opening block manager: real 0.002s	user 0.003s	sys 0.000s
I20260608 12:55:40.735705 16832 fs_manager.cc:647] Opened local filesystem: /tmp/dist-test-taskkgDiXj/test-tmp/auto_rebalancer-test.0.AutoRebalancerTest.RangeAwareRebalancesNewRangeReplicas.1780923261350568-16832-0/minicluster-data/ts-0-root
uuid: "c38838b24eb049aba4e737391d798691"
format_stamp: "Formatted at 2026-06-08 12:55:40 on dist-test-slave-cjgt"
I20260608 12:55:40.735992 16832 fs_report.cc:389] FS layout report
--------------------
wal directory: /tmp/dist-test-taskkgDiXj/test-tmp/auto_rebalancer-test.0.AutoRebalancerTest.RangeAwareRebalancesNewRangeReplicas.1780923261350568-16832-0/minicluster-data/ts-0-root
metadata directory: /tmp/dist-test-taskkgDiXj/test-tmp/auto_rebalancer-test.0.AutoRebalancerTest.RangeAwareRebalancesNewRangeReplicas.1780923261350568-16832-0/minicluster-data/ts-0-root
1 data directories: /tmp/dist-test-taskkgDiXj/test-tmp/auto_rebalancer-test.0.AutoRebalancerTest.RangeAwareRebalancesNewRangeReplicas.1780923261350568-16832-0/minicluster-data/ts-0-root/data
Total live blocks: 0
Total live bytes: 0
Total live bytes (after alignment): 0
Total number of LBM containers: 0 (0 full)
Did not check for missing blocks
Did not check for orphaned blocks
Total full LBM containers with extra space: 0 (0 repaired)
Total full LBM container extra space in bytes: 0 (0 repaired)
Total incomplete LBM containers: 0 (0 repaired)
Total LBM partial records: 0 (0 repaired)
Total corrupted LBM metadata records in RocksDB: 0 (0 repaired)
I20260608 12:55:40.759387 16832 rpc_server.cc:225] running with OpenSSL 1.1.1  11 Sep 2018
I20260608 12:55:40.760558 16832 kserver.cc:163] Server-wide thread pool size limit: 3276
I20260608 12:55:40.762188 16832 txn_system_client.cc:432] TxnSystemClient initialization is disabled...
I20260608 12:55:40.764632 16832 ts_tablet_manager.cc:585] Loaded tablet metadata (0 total tablets, 0 live tablets)
I20260608 12:55:40.764873 16832 ts_tablet_manager.cc:531] Time spent load tablet metadata: real 0.000s	user 0.000s	sys 0.000s
I20260608 12:55:40.765125 16832 ts_tablet_manager.cc:616] Registered 0 tablets
I20260608 12:55:40.765306 16832 ts_tablet_manager.cc:595] Time spent register tablets: real 0.000s	user 0.000s	sys 0.000s
I20260608 12:55:40.816453 16832 rpc_server.cc:307] RPC server started. Bound to: 127.16.112.1:46875
I20260608 12:55:40.816637 19842 acceptor_pool.cc:272] collecting diagnostics on the listening RPC socket 127.16.112.1:46875 every 8 connection(s)
I20260608 12:55:40.824638 16832 file_cache.cc:492] Constructed file cache file cache with capacity 419430
W20260608 12:55:40.833446 19847 instance_detector.cc:116] could not retrieve AWS instance metadata: Network error: curl error: HTTP response code said error: The requested URL returned error: 404
W20260608 12:55:40.835611 19848 instance_detector.cc:116] could not retrieve Azure instance metadata: Network error: curl error: HTTP response code said error: The requested URL returned error: 404
W20260608 12:55:40.839066 19850 instance_detector.cc:116] could not retrieve OpenStack instance metadata: Network error: curl error: HTTP response code said error: The requested URL returned error: 404
I20260608 12:55:40.841506 16832 server_base.cc:1061] running on GCE node
I20260608 12:55:40.842792 16832 hybrid_clock.cc:584] initializing the hybrid clock with 'system_unsync' time source
W20260608 12:55:40.843036 16832 system_unsync_time.cc:38] NTP support is disabled. Clock error bounds will not be accurate. This configuration is not suitable for distributed clusters.
I20260608 12:55:40.843220 16832 hybrid_clock.cc:648] HybridClock initialized: now 1780923340843198 us; error 0 us; skew 500 ppm
I20260608 12:55:40.843817 16832 server_base.cc:861] Flag tcmalloc_max_total_thread_cache_bytes is not working since tcmalloc is not enabled.
I20260608 12:55:40.844208 19843 heartbeater.cc:344] Connected to a master server at 127.16.112.62:41183
I20260608 12:55:40.844748 19843 heartbeater.cc:461] Registering TS with master...
I20260608 12:55:40.845745 19843 heartbeater.cc:507] Master 127.16.112.62:41183 requested a full tablet report, sending...
I20260608 12:55:40.846697 16832 webserver.cc:533] Webserver started at http://127.16.112.2:40905/ using document root <none> and password file <none>
I20260608 12:55:40.847302 16832 fs_manager.cc:362] Metadata directory not provided
I20260608 12:55:40.847524 16832 fs_manager.cc:368] Using write-ahead log directory (fs_wal_dir) as metadata directory
I20260608 12:55:40.847805 16832 server_base.cc:909] This appears to be a new deployment of Kudu; creating new FS layout
I20260608 12:55:40.848232 19716 ts_manager.cc:194] Registered new tserver with Master: c38838b24eb049aba4e737391d798691 (127.16.112.1:46875)
I20260608 12:55:40.848995 16832 fs_manager.cc:1068] Generated new instance metadata in path /tmp/dist-test-taskkgDiXj/test-tmp/auto_rebalancer-test.0.AutoRebalancerTest.RangeAwareRebalancesNewRangeReplicas.1780923261350568-16832-0/minicluster-data/ts-1-root/instance:
uuid: "4365bea8f761477b9d1c04cc8eb2c909"
format_stamp: "Formatted at 2026-06-08 12:55:40 on dist-test-slave-cjgt"
I20260608 12:55:40.850133 19716 master_service.cc:502] Signed X509 certificate for tserver {username='slave'} at 127.0.0.1:36490
I20260608 12:55:40.854038 16832 fs_manager.cc:696] Time spent creating directory manager: real 0.004s	user 0.007s	sys 0.000s
I20260608 12:55:40.857790 19855 log_block_manager.cc:4031] Time spent loading block containers with low live blocks: real 0.000s	user 0.000s	sys 0.000s
I20260608 12:55:40.858584 16832 fs_manager.cc:730] Time spent opening block manager: real 0.002s	user 0.003s	sys 0.001s
I20260608 12:55:40.858912 16832 fs_manager.cc:647] Opened local filesystem: /tmp/dist-test-taskkgDiXj/test-tmp/auto_rebalancer-test.0.AutoRebalancerTest.RangeAwareRebalancesNewRangeReplicas.1780923261350568-16832-0/minicluster-data/ts-1-root
uuid: "4365bea8f761477b9d1c04cc8eb2c909"
format_stamp: "Formatted at 2026-06-08 12:55:40 on dist-test-slave-cjgt"
I20260608 12:55:40.859216 16832 fs_report.cc:389] FS layout report
--------------------
wal directory: /tmp/dist-test-taskkgDiXj/test-tmp/auto_rebalancer-test.0.AutoRebalancerTest.RangeAwareRebalancesNewRangeReplicas.1780923261350568-16832-0/minicluster-data/ts-1-root
metadata directory: /tmp/dist-test-taskkgDiXj/test-tmp/auto_rebalancer-test.0.AutoRebalancerTest.RangeAwareRebalancesNewRangeReplicas.1780923261350568-16832-0/minicluster-data/ts-1-root
1 data directories: /tmp/dist-test-taskkgDiXj/test-tmp/auto_rebalancer-test.0.AutoRebalancerTest.RangeAwareRebalancesNewRangeReplicas.1780923261350568-16832-0/minicluster-data/ts-1-root/data
Total live blocks: 0
Total live bytes: 0
Total live bytes (after alignment): 0
Total number of LBM containers: 0 (0 full)
Did not check for missing blocks
Did not check for orphaned blocks
Total full LBM containers with extra space: 0 (0 repaired)
Total full LBM container extra space in bytes: 0 (0 repaired)
Total incomplete LBM containers: 0 (0 repaired)
Total LBM partial records: 0 (0 repaired)
Total corrupted LBM metadata records in RocksDB: 0 (0 repaired)
I20260608 12:55:40.873447 16832 rpc_server.cc:225] running with OpenSSL 1.1.1  11 Sep 2018
I20260608 12:55:40.875144 16832 kserver.cc:163] Server-wide thread pool size limit: 3276
I20260608 12:55:40.876797 16832 txn_system_client.cc:432] TxnSystemClient initialization is disabled...
I20260608 12:55:40.879350 16832 ts_tablet_manager.cc:585] Loaded tablet metadata (0 total tablets, 0 live tablets)
I20260608 12:55:40.879587 16832 ts_tablet_manager.cc:531] Time spent load tablet metadata: real 0.000s	user 0.000s	sys 0.000s
I20260608 12:55:40.879844 16832 ts_tablet_manager.cc:616] Registered 0 tablets
I20260608 12:55:40.880024 16832 ts_tablet_manager.cc:595] Time spent register tablets: real 0.000s	user 0.000s	sys 0.000s
I20260608 12:55:40.920130 16832 rpc_server.cc:307] RPC server started. Bound to: 127.16.112.2:46619
I20260608 12:55:40.920301 19917 acceptor_pool.cc:272] collecting diagnostics on the listening RPC socket 127.16.112.2:46619 every 8 connection(s)
I20260608 12:55:40.925431 16832 file_cache.cc:492] Constructed file cache file cache with capacity 419430
W20260608 12:55:40.934122 19921 instance_detector.cc:116] could not retrieve AWS instance metadata: Network error: curl error: HTTP response code said error: The requested URL returned error: 404
W20260608 12:55:40.934150 19922 instance_detector.cc:116] could not retrieve Azure instance metadata: Network error: curl error: HTTP response code said error: The requested URL returned error: 404
I20260608 12:55:40.938233 16832 server_base.cc:1061] running on GCE node
W20260608 12:55:40.938370 19924 instance_detector.cc:116] could not retrieve OpenStack instance metadata: Network error: curl error: HTTP response code said error: The requested URL returned error: 404
I20260608 12:55:40.938630 19918 heartbeater.cc:344] Connected to a master server at 127.16.112.62:41183
I20260608 12:55:40.939281 19918 heartbeater.cc:461] Registering TS with master...
I20260608 12:55:40.939805 16832 hybrid_clock.cc:584] initializing the hybrid clock with 'system_unsync' time source
W20260608 12:55:40.940044 16832 system_unsync_time.cc:38] NTP support is disabled. Clock error bounds will not be accurate. This configuration is not suitable for distributed clusters.
I20260608 12:55:40.940255 19918 heartbeater.cc:507] Master 127.16.112.62:41183 requested a full tablet report, sending...
I20260608 12:55:40.940253 16832 hybrid_clock.cc:648] HybridClock initialized: now 1780923340940210 us; error 0 us; skew 500 ppm
I20260608 12:55:40.941397 16832 server_base.cc:861] Flag tcmalloc_max_total_thread_cache_bytes is not working since tcmalloc is not enabled.
I20260608 12:55:40.943167 19716 ts_manager.cc:194] Registered new tserver with Master: 4365bea8f761477b9d1c04cc8eb2c909 (127.16.112.2:46619)
I20260608 12:55:40.944782 16832 webserver.cc:533] Webserver started at http://127.16.112.3:35945/ using document root <none> and password file <none>
I20260608 12:55:40.945528 16832 fs_manager.cc:362] Metadata directory not provided
I20260608 12:55:40.945453 19716 master_service.cc:502] Signed X509 certificate for tserver {username='slave'} at 127.0.0.1:36492
I20260608 12:55:40.945950 16832 fs_manager.cc:368] Using write-ahead log directory (fs_wal_dir) as metadata directory
I20260608 12:55:40.946313 16832 server_base.cc:909] This appears to be a new deployment of Kudu; creating new FS layout
I20260608 12:55:40.947968 16832 fs_manager.cc:1068] Generated new instance metadata in path /tmp/dist-test-taskkgDiXj/test-tmp/auto_rebalancer-test.0.AutoRebalancerTest.RangeAwareRebalancesNewRangeReplicas.1780923261350568-16832-0/minicluster-data/ts-2-root/instance:
uuid: "78c544fffab14956982ab083af0346f6"
format_stamp: "Formatted at 2026-06-08 12:55:40 on dist-test-slave-cjgt"
I20260608 12:55:40.952907 16832 fs_manager.cc:696] Time spent creating directory manager: real 0.004s	user 0.003s	sys 0.004s
I20260608 12:55:40.956529 19929 log_block_manager.cc:4031] Time spent loading block containers with low live blocks: real 0.000s	user 0.000s	sys 0.000s
I20260608 12:55:40.957473 16832 fs_manager.cc:730] Time spent opening block manager: real 0.003s	user 0.002s	sys 0.000s
I20260608 12:55:40.957908 16832 fs_manager.cc:647] Opened local filesystem: /tmp/dist-test-taskkgDiXj/test-tmp/auto_rebalancer-test.0.AutoRebalancerTest.RangeAwareRebalancesNewRangeReplicas.1780923261350568-16832-0/minicluster-data/ts-2-root
uuid: "78c544fffab14956982ab083af0346f6"
format_stamp: "Formatted at 2026-06-08 12:55:40 on dist-test-slave-cjgt"
I20260608 12:55:40.958211 16832 fs_report.cc:389] FS layout report
--------------------
wal directory: /tmp/dist-test-taskkgDiXj/test-tmp/auto_rebalancer-test.0.AutoRebalancerTest.RangeAwareRebalancesNewRangeReplicas.1780923261350568-16832-0/minicluster-data/ts-2-root
metadata directory: /tmp/dist-test-taskkgDiXj/test-tmp/auto_rebalancer-test.0.AutoRebalancerTest.RangeAwareRebalancesNewRangeReplicas.1780923261350568-16832-0/minicluster-data/ts-2-root
1 data directories: /tmp/dist-test-taskkgDiXj/test-tmp/auto_rebalancer-test.0.AutoRebalancerTest.RangeAwareRebalancesNewRangeReplicas.1780923261350568-16832-0/minicluster-data/ts-2-root/data
Total live blocks: 0
Total live bytes: 0
Total live bytes (after alignment): 0
Total number of LBM containers: 0 (0 full)
Did not check for missing blocks
Did not check for orphaned blocks
Total full LBM containers with extra space: 0 (0 repaired)
Total full LBM container extra space in bytes: 0 (0 repaired)
Total incomplete LBM containers: 0 (0 repaired)
Total LBM partial records: 0 (0 repaired)
Total corrupted LBM metadata records in RocksDB: 0 (0 repaired)
I20260608 12:55:40.988765 16832 rpc_server.cc:225] running with OpenSSL 1.1.1  11 Sep 2018
I20260608 12:55:40.989923 16832 kserver.cc:163] Server-wide thread pool size limit: 3276
I20260608 12:55:40.991418 16832 txn_system_client.cc:432] TxnSystemClient initialization is disabled...
I20260608 12:55:40.993966 16832 ts_tablet_manager.cc:585] Loaded tablet metadata (0 total tablets, 0 live tablets)
I20260608 12:55:40.994203 16832 ts_tablet_manager.cc:531] Time spent load tablet metadata: real 0.000s	user 0.000s	sys 0.000s
I20260608 12:55:40.994462 16832 ts_tablet_manager.cc:616] Registered 0 tablets
I20260608 12:55:40.994645 16832 ts_tablet_manager.cc:595] Time spent register tablets: real 0.000s	user 0.000s	sys 0.000s
I20260608 12:55:41.034602 16832 rpc_server.cc:307] RPC server started. Bound to: 127.16.112.3:36021
I20260608 12:55:41.034739 19991 acceptor_pool.cc:272] collecting diagnostics on the listening RPC socket 127.16.112.3:36021 every 8 connection(s)
I20260608 12:55:41.049873 19992 heartbeater.cc:344] Connected to a master server at 127.16.112.62:41183
I20260608 12:55:41.050225 19992 heartbeater.cc:461] Registering TS with master...
I20260608 12:55:41.050899 19992 heartbeater.cc:507] Master 127.16.112.62:41183 requested a full tablet report, sending...
I20260608 12:55:41.053035 19716 ts_manager.cc:194] Registered new tserver with Master: 78c544fffab14956982ab083af0346f6 (127.16.112.3:36021)
I20260608 12:55:41.053398 16832 internal_mini_cluster.cc:371] 3 TS(s) registered with all masters after 0.015165069s
I20260608 12:55:41.054529 19716 master_service.cc:502] Signed X509 certificate for tserver {username='slave'} at 127.0.0.1:36508
I20260608 12:55:41.853042 19843 heartbeater.cc:499] Master 127.16.112.62:41183 was elected leader, sending a full tablet report...
I20260608 12:55:41.949335 19918 heartbeater.cc:499] Master 127.16.112.62:41183 was elected leader, sending a full tablet report...
I20260608 12:55:42.057760 19992 heartbeater.cc:499] Master 127.16.112.62:41183 was elected leader, sending a full tablet report...
I20260608 12:55:42.112561 19716 catalog_manager.cc:2282] Servicing CreateTable request from {username='slave'} at 127.0.0.1:36510:
name: "range_aware_rebalance_new_range"
schema {
  columns {
    name: "key"
    type: INT32
    is_key: true
    is_nullable: false
    encoding: AUTO_ENCODING
    compression: DEFAULT_COMPRESSION
    cfile_block_size: 0
    immutable: false
  }
}
num_replicas: 3
split_rows_range_bounds {
  rows: "\006\001\000\000\000\000\007\001\n\000\000\000""\006\001\000\000\000\000\007\001\n\000\000\000"
  indirect_data: """"
}
partition_schema {
  hash_schema {
    columns {
      name: "key"
    }
    num_buckets: 8
    seed: 0
  }
  range_schema {
    columns {
      name: "key"
    }
  }
}
W20260608 12:55:42.115330 19716 catalog_manager.cc:7076] The number of live tablet servers is not enough to re-replicate a tablet replica of the newly created table range_aware_rebalance_new_range in case of a server failure: 4 tablet servers would be needed, 3 are available. Consider bringing up more tablet servers.
I20260608 12:55:42.183535 19808 tablet_service.cc:1511] Processing CreateTablet for tablet e8d037943d1b4fc0ad28b61267c6d784 (DEFAULT_TABLE table=range_aware_rebalance_new_range [id=3f49e348270140a5a41def19ba193390]), partition=HASH (key) PARTITION 0, RANGE (key) PARTITION 0 <= VALUES < 10
I20260608 12:55:42.184764 19957 tablet_service.cc:1511] Processing CreateTablet for tablet e8d037943d1b4fc0ad28b61267c6d784 (DEFAULT_TABLE table=range_aware_rebalance_new_range [id=3f49e348270140a5a41def19ba193390]), partition=HASH (key) PARTITION 0, RANGE (key) PARTITION 0 <= VALUES < 10
I20260608 12:55:42.186664 19957 data_dirs.cc:400] Could only allocate 1 dirs of requested 3 for tablet e8d037943d1b4fc0ad28b61267c6d784. 1 dirs total, 0 dirs full, 0 dirs failed
I20260608 12:55:42.186869 19807 tablet_service.cc:1511] Processing CreateTablet for tablet c291149e6151428fbf78090799605dca (DEFAULT_TABLE table=range_aware_rebalance_new_range [id=3f49e348270140a5a41def19ba193390]), partition=HASH (key) PARTITION 1, RANGE (key) PARTITION 0 <= VALUES < 10
I20260608 12:55:42.189253 19956 tablet_service.cc:1511] Processing CreateTablet for tablet c291149e6151428fbf78090799605dca (DEFAULT_TABLE table=range_aware_rebalance_new_range [id=3f49e348270140a5a41def19ba193390]), partition=HASH (key) PARTITION 1, RANGE (key) PARTITION 0 <= VALUES < 10
I20260608 12:55:42.189587 19806 tablet_service.cc:1511] Processing CreateTablet for tablet 52949818112e419faf2d42719925d02a (DEFAULT_TABLE table=range_aware_rebalance_new_range [id=3f49e348270140a5a41def19ba193390]), partition=HASH (key) PARTITION 2, RANGE (key) PARTITION 0 <= VALUES < 10
I20260608 12:55:42.190828 19956 data_dirs.cc:400] Could only allocate 1 dirs of requested 3 for tablet c291149e6151428fbf78090799605dca. 1 dirs total, 0 dirs full, 0 dirs failed
I20260608 12:55:42.192324 19883 tablet_service.cc:1511] Processing CreateTablet for tablet e8d037943d1b4fc0ad28b61267c6d784 (DEFAULT_TABLE table=range_aware_rebalance_new_range [id=3f49e348270140a5a41def19ba193390]), partition=HASH (key) PARTITION 0, RANGE (key) PARTITION 0 <= VALUES < 10
I20260608 12:55:42.195060 19805 tablet_service.cc:1511] Processing CreateTablet for tablet 8feccea391e443f0829007ca71f43db1 (DEFAULT_TABLE table=range_aware_rebalance_new_range [id=3f49e348270140a5a41def19ba193390]), partition=HASH (key) PARTITION 3, RANGE (key) PARTITION 0 <= VALUES < 10
I20260608 12:55:42.196244 19954 tablet_service.cc:1511] Processing CreateTablet for tablet 8feccea391e443f0829007ca71f43db1 (DEFAULT_TABLE table=range_aware_rebalance_new_range [id=3f49e348270140a5a41def19ba193390]), partition=HASH (key) PARTITION 3, RANGE (key) PARTITION 0 <= VALUES < 10
I20260608 12:55:42.197613 19882 tablet_service.cc:1511] Processing CreateTablet for tablet c291149e6151428fbf78090799605dca (DEFAULT_TABLE table=range_aware_rebalance_new_range [id=3f49e348270140a5a41def19ba193390]), partition=HASH (key) PARTITION 1, RANGE (key) PARTITION 0 <= VALUES < 10
I20260608 12:55:42.198901 19952 tablet_service.cc:1511] Processing CreateTablet for tablet e28898ce1fd348da801099079887c280 (DEFAULT_TABLE table=range_aware_rebalance_new_range [id=3f49e348270140a5a41def19ba193390]), partition=HASH (key) PARTITION 5, RANGE (key) PARTITION 0 <= VALUES < 10
I20260608 12:55:42.200246 19881 tablet_service.cc:1511] Processing CreateTablet for tablet 52949818112e419faf2d42719925d02a (DEFAULT_TABLE table=range_aware_rebalance_new_range [id=3f49e348270140a5a41def19ba193390]), partition=HASH (key) PARTITION 2, RANGE (key) PARTITION 0 <= VALUES < 10
I20260608 12:55:42.200989 19951 tablet_service.cc:1511] Processing CreateTablet for tablet 2223a3cffe6a49cf93d5ee8b990d62f0 (DEFAULT_TABLE table=range_aware_rebalance_new_range [id=3f49e348270140a5a41def19ba193390]), partition=HASH (key) PARTITION 6, RANGE (key) PARTITION 0 <= VALUES < 10
I20260608 12:55:42.201715 19955 tablet_service.cc:1511] Processing CreateTablet for tablet 52949818112e419faf2d42719925d02a (DEFAULT_TABLE table=range_aware_rebalance_new_range [id=3f49e348270140a5a41def19ba193390]), partition=HASH (key) PARTITION 2, RANGE (key) PARTITION 0 <= VALUES < 10
I20260608 12:55:42.201442 19953 tablet_service.cc:1511] Processing CreateTablet for tablet 04e5a850309d484098776c03c0bd6fff (DEFAULT_TABLE table=range_aware_rebalance_new_range [id=3f49e348270140a5a41def19ba193390]), partition=HASH (key) PARTITION 4, RANGE (key) PARTITION 0 <= VALUES < 10
I20260608 12:55:42.202955 19880 tablet_service.cc:1511] Processing CreateTablet for tablet 8feccea391e443f0829007ca71f43db1 (DEFAULT_TABLE table=range_aware_rebalance_new_range [id=3f49e348270140a5a41def19ba193390]), partition=HASH (key) PARTITION 3, RANGE (key) PARTITION 0 <= VALUES < 10
I20260608 12:55:42.204373 19954 data_dirs.cc:400] Could only allocate 1 dirs of requested 3 for tablet 8feccea391e443f0829007ca71f43db1. 1 dirs total, 0 dirs full, 0 dirs failed
I20260608 12:55:42.205152 19951 data_dirs.cc:400] Could only allocate 1 dirs of requested 3 for tablet 2223a3cffe6a49cf93d5ee8b990d62f0. 1 dirs total, 0 dirs full, 0 dirs failed
I20260608 12:55:42.205971 19955 data_dirs.cc:400] Could only allocate 1 dirs of requested 3 for tablet 52949818112e419faf2d42719925d02a. 1 dirs total, 0 dirs full, 0 dirs failed
I20260608 12:55:42.206032 19878 tablet_service.cc:1511] Processing CreateTablet for tablet e28898ce1fd348da801099079887c280 (DEFAULT_TABLE table=range_aware_rebalance_new_range [id=3f49e348270140a5a41def19ba193390]), partition=HASH (key) PARTITION 5, RANGE (key) PARTITION 0 <= VALUES < 10
I20260608 12:55:42.207425 19952 data_dirs.cc:400] Could only allocate 1 dirs of requested 3 for tablet e28898ce1fd348da801099079887c280. 1 dirs total, 0 dirs full, 0 dirs failed
I20260608 12:55:42.209108 19877 tablet_service.cc:1511] Processing CreateTablet for tablet 2223a3cffe6a49cf93d5ee8b990d62f0 (DEFAULT_TABLE table=range_aware_rebalance_new_range [id=3f49e348270140a5a41def19ba193390]), partition=HASH (key) PARTITION 6, RANGE (key) PARTITION 0 <= VALUES < 10
I20260608 12:55:42.210242 19953 data_dirs.cc:400] Could only allocate 1 dirs of requested 3 for tablet 04e5a850309d484098776c03c0bd6fff. 1 dirs total, 0 dirs full, 0 dirs failed
I20260608 12:55:42.212028 19876 tablet_service.cc:1511] Processing CreateTablet for tablet b9e537e492934156bf946e94f86567cf (DEFAULT_TABLE table=range_aware_rebalance_new_range [id=3f49e348270140a5a41def19ba193390]), partition=HASH (key) PARTITION 7, RANGE (key) PARTITION 0 <= VALUES < 10
I20260608 12:55:42.214836 19879 tablet_service.cc:1511] Processing CreateTablet for tablet 04e5a850309d484098776c03c0bd6fff (DEFAULT_TABLE table=range_aware_rebalance_new_range [id=3f49e348270140a5a41def19ba193390]), partition=HASH (key) PARTITION 4, RANGE (key) PARTITION 0 <= VALUES < 10
I20260608 12:55:42.216406 19808 data_dirs.cc:400] Could only allocate 1 dirs of requested 3 for tablet e8d037943d1b4fc0ad28b61267c6d784. 1 dirs total, 0 dirs full, 0 dirs failed
I20260608 12:55:42.217216 19807 data_dirs.cc:400] Could only allocate 1 dirs of requested 3 for tablet c291149e6151428fbf78090799605dca. 1 dirs total, 0 dirs full, 0 dirs failed
