I20260608 12:54:56.619865 16867 fs_manager.cc:1068] Generated new instance metadata in path /tmp/dist-test-taskiB9b6k/test-tmp/auto_rebalancer-test.0.AutoRebalancerTest.MovesScheduledIfAddTserver.1780923259896124-16867-0/minicluster-data/ts-3-root/instance:
uuid: "7b3384d40f504804a449f531db5761de"
format_stamp: "Formatted at 2026-06-08 12:54:56 on dist-test-slave-24fc"
I20260608 12:54:56.625007 16867 fs_manager.cc:696] Time spent creating directory manager: real 0.005s	user 0.002s	sys 0.003s
I20260608 12:54:56.629299 18906 log_block_manager.cc:4031] Time spent loading block containers with low live blocks: real 0.000s	user 0.000s	sys 0.000s
I20260608 12:54:56.631264 16867 fs_manager.cc:730] Time spent opening block manager: real 0.004s	user 0.000s	sys 0.004s
I20260608 12:54:56.631601 16867 fs_manager.cc:647] Opened local filesystem: /tmp/dist-test-taskiB9b6k/test-tmp/auto_rebalancer-test.0.AutoRebalancerTest.MovesScheduledIfAddTserver.1780923259896124-16867-0/minicluster-data/ts-3-root
uuid: "7b3384d40f504804a449f531db5761de"
format_stamp: "Formatted at 2026-06-08 12:54:56 on dist-test-slave-24fc"
I20260608 12:54:56.631866 16867 fs_report.cc:389] FS layout report
--------------------
wal directory: /tmp/dist-test-taskiB9b6k/test-tmp/auto_rebalancer-test.0.AutoRebalancerTest.MovesScheduledIfAddTserver.1780923259896124-16867-0/minicluster-data/ts-3-root
metadata directory: /tmp/dist-test-taskiB9b6k/test-tmp/auto_rebalancer-test.0.AutoRebalancerTest.MovesScheduledIfAddTserver.1780923259896124-16867-0/minicluster-data/ts-3-root
1 data directories: /tmp/dist-test-taskiB9b6k/test-tmp/auto_rebalancer-test.0.AutoRebalancerTest.MovesScheduledIfAddTserver.1780923259896124-16867-0/minicluster-data/ts-3-root/data
Total live blocks: 0
Total live bytes: 0
Total live bytes (after alignment): 0
Total number of LBM containers: 0 (0 full)
Did not check for missing blocks
Did not check for orphaned blocks
Total full LBM containers with extra space: 0 (0 repaired)
Total full LBM container extra space in bytes: 0 (0 repaired)
Total incomplete LBM containers: 0 (0 repaired)
Total LBM partial records: 0 (0 repaired)
Total corrupted LBM metadata records in RocksDB: 0 (0 repaired)
I20260608 12:54:56.655471 16867 rpc_server.cc:225] running with OpenSSL 1.1.1  11 Sep 2018
I20260608 12:54:56.657083 16867 kserver.cc:163] Server-wide thread pool size limit: 3276
I20260608 12:54:56.658665 16867 txn_system_client.cc:432] TxnSystemClient initialization is disabled...
I20260608 12:54:56.661191 16867 ts_tablet_manager.cc:585] Loaded tablet metadata (0 total tablets, 0 live tablets)
I20260608 12:54:56.661433 16867 ts_tablet_manager.cc:531] Time spent load tablet metadata: real 0.000s	user 0.000s	sys 0.000s
I20260608 12:54:56.661686 16867 ts_tablet_manager.cc:616] Registered 0 tablets
I20260608 12:54:56.661878 16867 ts_tablet_manager.cc:595] Time spent register tablets: real 0.000s	user 0.000s	sys 0.000s
I20260608 12:54:56.703333 16867 rpc_server.cc:307] RPC server started. Bound to: 127.16.120.196:41637
I20260608 12:54:56.703542 18968 acceptor_pool.cc:272] collecting diagnostics on the listening RPC socket 127.16.120.196:41637 every 8 connection(s)
I20260608 12:54:56.720064 18969 heartbeater.cc:344] Connected to a master server at 127.16.120.254:46621
I20260608 12:54:56.720476 18969 heartbeater.cc:461] Registering TS with master...
I20260608 12:54:56.721473 18969 heartbeater.cc:507] Master 127.16.120.254:46621 requested a full tablet report, sending...
I20260608 12:54:56.723734 18556 ts_manager.cc:194] Registered new tserver with Master: 7b3384d40f504804a449f531db5761de (127.16.120.196:41637)
I20260608 12:54:56.725394 18556 master_service.cc:502] Signed X509 certificate for tserver {username='slave'} at 127.0.0.1:42202
I20260608 12:54:56.880838 18809 consensus_queue.cc:237] T d2b37acaba9d4523b82fb7be7655294c P 1f671b3aa2184a8f93e28afe120af20f [LEADER]: Queue going to LEADER mode. State: All replicated index: 0, Majority replicated index: 2, Committed index: 2, Last appended: 2.2, Last appended by leader: 1, Current term: 2, Majority size: 2, State: 0, Mode: LEADER, active raft config: opid_index: 3 OBSOLETE_local: false peers { permanent_uuid: "982ebbff86ef43b387fd24dbfb696302" member_type: VOTER last_known_addr { host: "127.16.120.194" port: 34645 } } peers { permanent_uuid: "1f671b3aa2184a8f93e28afe120af20f" member_type: VOTER last_known_addr { host: "127.16.120.195" port: 36731 } } peers { permanent_uuid: "7b7b4fc0883a4eb0b7f87da07f482a09" member_type: VOTER last_known_addr { host: "127.16.120.193" port: 37973 } attrs { replace: true } } peers { permanent_uuid: "7b3384d40f504804a449f531db5761de" member_type: NON_VOTER last_known_addr { host: "127.16.120.196" port: 41637 } attrs { promote: true } }
I20260608 12:54:56.890010 18662 raft_consensus.cc:1275] T d2b37acaba9d4523b82fb7be7655294c P 7b7b4fc0883a4eb0b7f87da07f482a09 [term 2 FOLLOWER]: Refusing update from remote peer 1f671b3aa2184a8f93e28afe120af20f: Log matching property violated. Preceding OpId in replica: term: 2 index: 2. Preceding OpId from leader: term: 2 index: 3. (index mismatch)
I20260608 12:54:56.892310 18976 consensus_queue.cc:1048] T d2b37acaba9d4523b82fb7be7655294c P 1f671b3aa2184a8f93e28afe120af20f [LEADER]: Connected to new peer: Peer: permanent_uuid: "7b7b4fc0883a4eb0b7f87da07f482a09" member_type: VOTER last_known_addr { host: "127.16.120.193" port: 37973 } attrs { replace: true }, Status: LMP_MISMATCH, Last received: 0.0, Next index: 3, Last known committed idx: 2, Time since last communication: 0.001s
I20260608 12:54:56.892875 18737 raft_consensus.cc:1275] T d2b37acaba9d4523b82fb7be7655294c P 982ebbff86ef43b387fd24dbfb696302 [term 2 FOLLOWER]: Refusing update from remote peer 1f671b3aa2184a8f93e28afe120af20f: Log matching property violated. Preceding OpId in replica: term: 2 index: 2. Preceding OpId from leader: term: 2 index: 3. (index mismatch)
I20260608 12:54:56.894526 18977 consensus_queue.cc:1048] T d2b37acaba9d4523b82fb7be7655294c P 1f671b3aa2184a8f93e28afe120af20f [LEADER]: Connected to new peer: Peer: permanent_uuid: "982ebbff86ef43b387fd24dbfb696302" member_type: VOTER last_known_addr { host: "127.16.120.194" port: 34645 }, Status: LMP_MISMATCH, Last received: 0.0, Next index: 3, Last known committed idx: 2, Time since last communication: 0.001s
W20260608 12:54:56.904733 18775 consensus_peers.cc:597] T d2b37acaba9d4523b82fb7be7655294c P 1f671b3aa2184a8f93e28afe120af20f -> Peer 7b3384d40f504804a449f531db5761de (127.16.120.196:41637): Couldn't send request to peer 7b3384d40f504804a449f531db5761de. Error code: TABLET_NOT_FOUND (6). Status: Not found: Tablet not found: d2b37acaba9d4523b82fb7be7655294c. This is attempt 1: this message will repeat every 5th retry.
I20260608 12:54:56.906478 18976 raft_consensus.cc:2955] T d2b37acaba9d4523b82fb7be7655294c P 1f671b3aa2184a8f93e28afe120af20f [term 2 LEADER]: Committing config change with OpId 2.3: config changed from index -1 to 3, NON_VOTER 7b3384d40f504804a449f531db5761de (127.16.120.196) added. New config: { opid_index: 3 OBSOLETE_local: false peers { permanent_uuid: "982ebbff86ef43b387fd24dbfb696302" member_type: VOTER last_known_addr { host: "127.16.120.194" port: 34645 } } peers { permanent_uuid: "1f671b3aa2184a8f93e28afe120af20f" member_type: VOTER last_known_addr { host: "127.16.120.195" port: 36731 } } peers { permanent_uuid: "7b7b4fc0883a4eb0b7f87da07f482a09" member_type: VOTER last_known_addr { host: "127.16.120.193" port: 37973 } attrs { replace: true } } peers { permanent_uuid: "7b3384d40f504804a449f531db5761de" member_type: NON_VOTER last_known_addr { host: "127.16.120.196" port: 41637 } attrs { promote: true } } }
I20260608 12:54:56.908497 18662 raft_consensus.cc:2955] T d2b37acaba9d4523b82fb7be7655294c P 7b7b4fc0883a4eb0b7f87da07f482a09 [term 2 FOLLOWER]: Committing config change with OpId 2.3: config changed from index -1 to 3, NON_VOTER 7b3384d40f504804a449f531db5761de (127.16.120.196) added. New config: { opid_index: 3 OBSOLETE_local: false peers { permanent_uuid: "982ebbff86ef43b387fd24dbfb696302" member_type: VOTER last_known_addr { host: "127.16.120.194" port: 34645 } } peers { permanent_uuid: "1f671b3aa2184a8f93e28afe120af20f" member_type: VOTER last_known_addr { host: "127.16.120.195" port: 36731 } } peers { permanent_uuid: "7b7b4fc0883a4eb0b7f87da07f482a09" member_type: VOTER last_known_addr { host: "127.16.120.193" port: 37973 } attrs { replace: true } } peers { permanent_uuid: "7b3384d40f504804a449f531db5761de" member_type: NON_VOTER last_known_addr { host: "127.16.120.196" port: 41637 } attrs { promote: true } } }
I20260608 12:54:56.910245 18737 raft_consensus.cc:2955] T d2b37acaba9d4523b82fb7be7655294c P 982ebbff86ef43b387fd24dbfb696302 [term 2 FOLLOWER]: Committing config change with OpId 2.3: config changed from index -1 to 3, NON_VOTER 7b3384d40f504804a449f531db5761de (127.16.120.196) added. New config: { opid_index: 3 OBSOLETE_local: false peers { permanent_uuid: "982ebbff86ef43b387fd24dbfb696302" member_type: VOTER last_known_addr { host: "127.16.120.194" port: 34645 } } peers { permanent_uuid: "1f671b3aa2184a8f93e28afe120af20f" member_type: VOTER last_known_addr { host: "127.16.120.195" port: 36731 } } peers { permanent_uuid: "7b7b4fc0883a4eb0b7f87da07f482a09" member_type: VOTER last_known_addr { host: "127.16.120.193" port: 37973 } attrs { replace: true } } peers { permanent_uuid: "7b3384d40f504804a449f531db5761de" member_type: NON_VOTER last_known_addr { host: "127.16.120.196" port: 41637 } attrs { promote: true } } }
I20260608 12:54:56.922647 18556 catalog_manager.cc:5696] T d2b37acaba9d4523b82fb7be7655294c P 1f671b3aa2184a8f93e28afe120af20f reported cstate change: config changed from index -1 to 3, NON_VOTER 7b3384d40f504804a449f531db5761de (127.16.120.196) added. New cstate: current_term: 2 leader_uuid: "1f671b3aa2184a8f93e28afe120af20f" committed_config { opid_index: 3 OBSOLETE_local: false peers { permanent_uuid: "982ebbff86ef43b387fd24dbfb696302" member_type: VOTER last_known_addr { host: "127.16.120.194" port: 34645 } health_report { overall_health: HEALTHY } } peers { permanent_uuid: "1f671b3aa2184a8f93e28afe120af20f" member_type: VOTER last_known_addr { host: "127.16.120.195" port: 36731 } health_report { overall_health: HEALTHY } } peers { permanent_uuid: "7b7b4fc0883a4eb0b7f87da07f482a09" member_type: VOTER last_known_addr { host: "127.16.120.193" port: 37973 } attrs { replace: true } health_report { overall_health: HEALTHY } } peers { permanent_uuid: "7b3384d40f504804a449f531db5761de" member_type: NON_VOTER last_known_addr { host: "127.16.120.196" port: 41637 } attrs { promote: true } health_report { overall_health: UNKNOWN } } }
I20260608 12:54:57.505400 18987 ts_tablet_manager.cc:933] T d2b37acaba9d4523b82fb7be7655294c P 7b3384d40f504804a449f531db5761de: Initiating tablet copy from peer 1f671b3aa2184a8f93e28afe120af20f (127.16.120.195:36731)
I20260608 12:54:57.507342 18987 tablet_copy_client.cc:323] T d2b37acaba9d4523b82fb7be7655294c P 7b3384d40f504804a449f531db5761de: tablet copy: Beginning tablet copy session from remote peer at address 127.16.120.195:36731
I20260608 12:54:57.519434 18821 tablet_copy_service.cc:140] P 1f671b3aa2184a8f93e28afe120af20f: Received BeginTabletCopySession request for tablet d2b37acaba9d4523b82fb7be7655294c from peer 7b3384d40f504804a449f531db5761de ({username='slave'} at 127.0.0.1:49720)
I20260608 12:54:57.520110 18821 tablet_copy_service.cc:161] P 1f671b3aa2184a8f93e28afe120af20f: Beginning new tablet copy session on tablet d2b37acaba9d4523b82fb7be7655294c from peer 7b3384d40f504804a449f531db5761de at {username='slave'} at 127.0.0.1:49720: session id = 7b3384d40f504804a449f531db5761de-d2b37acaba9d4523b82fb7be7655294c
I20260608 12:54:57.529184 18821 tablet_copy_source_session.cc:215] T d2b37acaba9d4523b82fb7be7655294c P 1f671b3aa2184a8f93e28afe120af20f: Tablet Copy: opened 0 blocks and 1 log segments
I20260608 12:54:57.533433 18987 data_dirs.cc:400] Could only allocate 1 dirs of requested 3 for tablet d2b37acaba9d4523b82fb7be7655294c. 1 dirs total, 0 dirs full, 0 dirs failed
I20260608 12:54:57.544919 18987 tablet_copy_client.cc:806] T d2b37acaba9d4523b82fb7be7655294c P 7b3384d40f504804a449f531db5761de: tablet copy: Starting download of 0 data blocks...
I20260608 12:54:57.545621 18987 tablet_copy_client.cc:670] T d2b37acaba9d4523b82fb7be7655294c P 7b3384d40f504804a449f531db5761de: tablet copy: Starting download of 1 WAL segments...
I20260608 12:54:57.550252 18987 tablet_copy_client.cc:538] T d2b37acaba9d4523b82fb7be7655294c P 7b3384d40f504804a449f531db5761de: tablet copy: Tablet Copy complete. Replacing tablet superblock.
I20260608 12:54:57.556655 18987 tablet_bootstrap.cc:492] T d2b37acaba9d4523b82fb7be7655294c P 7b3384d40f504804a449f531db5761de: Bootstrap starting.
I20260608 12:54:57.574844 18987 tablet_bootstrap.cc:492] T d2b37acaba9d4523b82fb7be7655294c P 7b3384d40f504804a449f531db5761de: Bootstrap replayed 1/1 log segments. Stats: ops{read=3 overwritten=0 applied=3 ignored=0} inserts{seen=0 ignored=0} mutations{seen=0 ignored=0} orphaned_commits=0. Pending: 0 replicates
I20260608 12:54:57.575706 18987 tablet_bootstrap.cc:492] T d2b37acaba9d4523b82fb7be7655294c P 7b3384d40f504804a449f531db5761de: Bootstrap complete.
I20260608 12:54:57.576295 18987 ts_tablet_manager.cc:1403] T d2b37acaba9d4523b82fb7be7655294c P 7b3384d40f504804a449f531db5761de: Time spent bootstrapping tablet: real 0.020s	user 0.012s	sys 0.008s
I20260608 12:54:57.578749 18987 raft_consensus.cc:359] T d2b37acaba9d4523b82fb7be7655294c P 7b3384d40f504804a449f531db5761de [term 2 LEARNER]: Replica starting. Triggering 0 pending ops. Active config: opid_index: 3 OBSOLETE_local: false peers { permanent_uuid: "982ebbff86ef43b387fd24dbfb696302" member_type: VOTER last_known_addr { host: "127.16.120.194" port: 34645 } } peers { permanent_uuid: "1f671b3aa2184a8f93e28afe120af20f" member_type: VOTER last_known_addr { host: "127.16.120.195" port: 36731 } } peers { permanent_uuid: "7b7b4fc0883a4eb0b7f87da07f482a09" member_type: VOTER last_known_addr { host: "127.16.120.193" port: 37973 } attrs { replace: true } } peers { permanent_uuid: "7b3384d40f504804a449f531db5761de" member_type: NON_VOTER last_known_addr { host: "127.16.120.196" port: 41637 } attrs { promote: true } }
I20260608 12:54:57.579419 18987 raft_consensus.cc:740] T d2b37acaba9d4523b82fb7be7655294c P 7b3384d40f504804a449f531db5761de [term 2 LEARNER]: Becoming Follower/Learner. State: Replica: 7b3384d40f504804a449f531db5761de, State: Initialized, Role: LEARNER
I20260608 12:54:57.579972 18987 consensus_queue.cc:260] T d2b37acaba9d4523b82fb7be7655294c P 7b3384d40f504804a449f531db5761de [NON_LEADER]: Queue going to NON_LEADER mode. State: All replicated index: 0, Majority replicated index: 0, Committed index: 3, Last appended: 2.3, Last appended by leader: 3, Current term: 0, Majority size: -1, State: 0, Mode: NON_LEADER, active raft config: opid_index: 3 OBSOLETE_local: false peers { permanent_uuid: "982ebbff86ef43b387fd24dbfb696302" member_type: VOTER last_known_addr { host: "127.16.120.194" port: 34645 } } peers { permanent_uuid: "1f671b3aa2184a8f93e28afe120af20f" member_type: VOTER last_known_addr { host: "127.16.120.195" port: 36731 } } peers { permanent_uuid: "7b7b4fc0883a4eb0b7f87da07f482a09" member_type: VOTER last_known_addr { host: "127.16.120.193" port: 37973 } attrs { replace: true } } peers { permanent_uuid: "7b3384d40f504804a449f531db5761de" member_type: NON_VOTER last_known_addr { host: "127.16.120.196" port: 41637 } attrs { promote: true } }
I20260608 12:54:57.582345 18969 heartbeater.cc:499] Master 127.16.120.254:46621 was elected leader, sending a full tablet report...
I20260608 12:54:57.582718 18987 ts_tablet_manager.cc:1434] T d2b37acaba9d4523b82fb7be7655294c P 7b3384d40f504804a449f531db5761de: Time spent starting tablet: real 0.006s	user 0.006s	sys 0.001s
I20260608 12:54:57.584725 18821 tablet_copy_service.cc:342] P 1f671b3aa2184a8f93e28afe120af20f: Request end of tablet copy session 7b3384d40f504804a449f531db5761de-d2b37acaba9d4523b82fb7be7655294c received from {username='slave'} at 127.0.0.1:49720
I20260608 12:54:57.585222 18821 tablet_copy_service.cc:434] P 1f671b3aa2184a8f93e28afe120af20f: ending tablet copy session 7b3384d40f504804a449f531db5761de-d2b37acaba9d4523b82fb7be7655294c on tablet d2b37acaba9d4523b82fb7be7655294c with peer 7b3384d40f504804a449f531db5761de
I20260608 12:54:57.843644 18613 auto_leader_rebalancer.cc:140] leader rebalance for table test-workload
I20260608 12:54:57.845839 18613 auto_leader_rebalancer.cc:388] table: test-workload, leader rebalance finish, leader transfer count: 0
I20260608 12:54:57.846241 18613 auto_leader_rebalancer.cc:451] All tables' leader rebalancing finished this round
I20260608 12:54:57.936367 18944 raft_consensus.cc:1217] T d2b37acaba9d4523b82fb7be7655294c P 7b3384d40f504804a449f531db5761de [term 2 LEARNER]: Deduplicated request from leader. Original: 2.2->[2.3-2.3]   Dedup: 2.3->[]
I20260608 12:54:58.318671 18994 raft_consensus.cc:1064] T d2b37acaba9d4523b82fb7be7655294c P 1f671b3aa2184a8f93e28afe120af20f: attempting to promote NON_VOTER 7b3384d40f504804a449f531db5761de to VOTER
I20260608 12:54:58.320968 18994 consensus_queue.cc:237] T d2b37acaba9d4523b82fb7be7655294c P 1f671b3aa2184a8f93e28afe120af20f [LEADER]: Queue going to LEADER mode. State: All replicated index: 0, Majority replicated index: 3, Committed index: 3, Last appended: 2.3, Last appended by leader: 1, Current term: 2, Majority size: 3, State: 0, Mode: LEADER, active raft config: opid_index: 4 OBSOLETE_local: false peers { permanent_uuid: "982ebbff86ef43b387fd24dbfb696302" member_type: VOTER last_known_addr { host: "127.16.120.194" port: 34645 } } peers { permanent_uuid: "1f671b3aa2184a8f93e28afe120af20f" member_type: VOTER last_known_addr { host: "127.16.120.195" port: 36731 } } peers { permanent_uuid: "7b7b4fc0883a4eb0b7f87da07f482a09" member_type: VOTER last_known_addr { host: "127.16.120.193" port: 37973 } attrs { replace: true } } peers { permanent_uuid: "7b3384d40f504804a449f531db5761de" member_type: VOTER last_known_addr { host: "127.16.120.196" port: 41637 } attrs { promote: false } }
I20260608 12:54:58.327872 18662 raft_consensus.cc:1275] T d2b37acaba9d4523b82fb7be7655294c P 7b7b4fc0883a4eb0b7f87da07f482a09 [term 2 FOLLOWER]: Refusing update from remote peer 1f671b3aa2184a8f93e28afe120af20f: Log matching property violated. Preceding OpId in replica: term: 2 index: 3. Preceding OpId from leader: term: 2 index: 4. (index mismatch)
I20260608 12:54:58.327831 18944 raft_consensus.cc:1275] T d2b37acaba9d4523b82fb7be7655294c P 7b3384d40f504804a449f531db5761de [term 2 LEARNER]: Refusing update from remote peer 1f671b3aa2184a8f93e28afe120af20f: Log matching property violated. Preceding OpId in replica: term: 2 index: 3. Preceding OpId from leader: term: 2 index: 4. (index mismatch)
I20260608 12:54:58.329358 18737 raft_consensus.cc:1275] T d2b37acaba9d4523b82fb7be7655294c P 982ebbff86ef43b387fd24dbfb696302 [term 2 FOLLOWER]: Refusing update from remote peer 1f671b3aa2184a8f93e28afe120af20f: Log matching property violated. Preceding OpId in replica: term: 2 index: 3. Preceding OpId from leader: term: 2 index: 4. (index mismatch)
I20260608 12:54:58.329947 18993 consensus_queue.cc:1048] T d2b37acaba9d4523b82fb7be7655294c P 1f671b3aa2184a8f93e28afe120af20f [LEADER]: Connected to new peer: Peer: permanent_uuid: "7b7b4fc0883a4eb0b7f87da07f482a09" member_type: VOTER last_known_addr { host: "127.16.120.193" port: 37973 } attrs { replace: true }, Status: LMP_MISMATCH, Last received: 0.0, Next index: 4, Last known committed idx: 3, Time since last communication: 0.001s
I20260608 12:54:58.330874 18994 consensus_queue.cc:1048] T d2b37acaba9d4523b82fb7be7655294c P 1f671b3aa2184a8f93e28afe120af20f [LEADER]: Connected to new peer: Peer: permanent_uuid: "7b3384d40f504804a449f531db5761de" member_type: VOTER last_known_addr { host: "127.16.120.196" port: 41637 } attrs { promote: false }, Status: LMP_MISMATCH, Last received: 0.0, Next index: 4, Last known committed idx: 3, Time since last communication: 0.000s
I20260608 12:54:58.331847 18976 consensus_queue.cc:1048] T d2b37acaba9d4523b82fb7be7655294c P 1f671b3aa2184a8f93e28afe120af20f [LEADER]: Connected to new peer: Peer: permanent_uuid: "982ebbff86ef43b387fd24dbfb696302" member_type: VOTER last_known_addr { host: "127.16.120.194" port: 34645 }, Status: LMP_MISMATCH, Last received: 0.0, Next index: 4, Last known committed idx: 3, Time since last communication: 0.000s
I20260608 12:54:58.351958 18993 raft_consensus.cc:2955] T d2b37acaba9d4523b82fb7be7655294c P 1f671b3aa2184a8f93e28afe120af20f [term 2 LEADER]: Committing config change with OpId 2.4: config changed from index 3 to 4, 7b3384d40f504804a449f531db5761de (127.16.120.196) changed from NON_VOTER to VOTER. New config: { opid_index: 4 OBSOLETE_local: false peers { permanent_uuid: "982ebbff86ef43b387fd24dbfb696302" member_type: VOTER last_known_addr { host: "127.16.120.194" port: 34645 } } peers { permanent_uuid: "1f671b3aa2184a8f93e28afe120af20f" member_type: VOTER last_known_addr { host: "127.16.120.195" port: 36731 } } peers { permanent_uuid: "7b7b4fc0883a4eb0b7f87da07f482a09" member_type: VOTER last_known_addr { host: "127.16.120.193" port: 37973 } attrs { replace: true } } peers { permanent_uuid: "7b3384d40f504804a449f531db5761de" member_type: VOTER last_known_addr { host: "127.16.120.196" port: 41637 } attrs { promote: false } } }
I20260608 12:54:58.354461 18661 raft_consensus.cc:2955] T d2b37acaba9d4523b82fb7be7655294c P 7b7b4fc0883a4eb0b7f87da07f482a09 [term 2 FOLLOWER]: Committing config change with OpId 2.4: config changed from index 3 to 4, 7b3384d40f504804a449f531db5761de (127.16.120.196) changed from NON_VOTER to VOTER. New config: { opid_index: 4 OBSOLETE_local: false peers { permanent_uuid: "982ebbff86ef43b387fd24dbfb696302" member_type: VOTER last_known_addr { host: "127.16.120.194" port: 34645 } } peers { permanent_uuid: "1f671b3aa2184a8f93e28afe120af20f" member_type: VOTER last_known_addr { host: "127.16.120.195" port: 36731 } } peers { permanent_uuid: "7b7b4fc0883a4eb0b7f87da07f482a09" member_type: VOTER last_known_addr { host: "127.16.120.193" port: 37973 } attrs { replace: true } } peers { permanent_uuid: "7b3384d40f504804a449f531db5761de" member_type: VOTER last_known_addr { host: "127.16.120.196" port: 41637 } attrs { promote: false } } }
I20260608 12:54:58.354491 18943 raft_consensus.cc:2955] T d2b37acaba9d4523b82fb7be7655294c P 7b3384d40f504804a449f531db5761de [term 2 FOLLOWER]: Committing config change with OpId 2.4: config changed from index 3 to 4, 7b3384d40f504804a449f531db5761de (127.16.120.196) changed from NON_VOTER to VOTER. New config: { opid_index: 4 OBSOLETE_local: false peers { permanent_uuid: "982ebbff86ef43b387fd24dbfb696302" member_type: VOTER last_known_addr { host: "127.16.120.194" port: 34645 } } peers { permanent_uuid: "1f671b3aa2184a8f93e28afe120af20f" member_type: VOTER last_known_addr { host: "127.16.120.195" port: 36731 } } peers { permanent_uuid: "7b7b4fc0883a4eb0b7f87da07f482a09" member_type: VOTER last_known_addr { host: "127.16.120.193" port: 37973 } attrs { replace: true } } peers { permanent_uuid: "7b3384d40f504804a449f531db5761de" member_type: VOTER last_known_addr { host: "127.16.120.196" port: 41637 } attrs { promote: false } } }
I20260608 12:54:58.364559 18737 raft_consensus.cc:2955] T d2b37acaba9d4523b82fb7be7655294c P 982ebbff86ef43b387fd24dbfb696302 [term 2 FOLLOWER]: Committing config change with OpId 2.4: config changed from index 3 to 4, 7b3384d40f504804a449f531db5761de (127.16.120.196) changed from NON_VOTER to VOTER. New config: { opid_index: 4 OBSOLETE_local: false peers { permanent_uuid: "982ebbff86ef43b387fd24dbfb696302" member_type: VOTER last_known_addr { host: "127.16.120.194" port: 34645 } } peers { permanent_uuid: "1f671b3aa2184a8f93e28afe120af20f" member_type: VOTER last_known_addr { host: "127.16.120.195" port: 36731 } } peers { permanent_uuid: "7b7b4fc0883a4eb0b7f87da07f482a09" member_type: VOTER last_known_addr { host: "127.16.120.193" port: 37973 } attrs { replace: true } } peers { permanent_uuid: "7b3384d40f504804a449f531db5761de" member_type: VOTER last_known_addr { host: "127.16.120.196" port: 41637 } attrs { promote: false } } }
I20260608 12:54:58.368152 18557 catalog_manager.cc:5696] T d2b37acaba9d4523b82fb7be7655294c P 1f671b3aa2184a8f93e28afe120af20f reported cstate change: config changed from index 3 to 4, 7b3384d40f504804a449f531db5761de (127.16.120.196) changed from NON_VOTER to VOTER. New cstate: current_term: 2 leader_uuid: "1f671b3aa2184a8f93e28afe120af20f" committed_config { opid_index: 4 OBSOLETE_local: false peers { permanent_uuid: "982ebbff86ef43b387fd24dbfb696302" member_type: VOTER last_known_addr { host: "127.16.120.194" port: 34645 } health_report { overall_health: HEALTHY } } peers { permanent_uuid: "1f671b3aa2184a8f93e28afe120af20f" member_type: VOTER last_known_addr { host: "127.16.120.195" port: 36731 } health_report { overall_health: HEALTHY } } peers { permanent_uuid: "7b7b4fc0883a4eb0b7f87da07f482a09" member_type: VOTER last_known_addr { host: "127.16.120.193" port: 37973 } attrs { replace: true } health_report { overall_health: HEALTHY } } peers { permanent_uuid: "7b3384d40f504804a449f531db5761de" member_type: VOTER last_known_addr { host: "127.16.120.196" port: 41637 } attrs { promote: false } health_report { overall_health: HEALTHY } } }
I20260608 12:54:58.393833 18809 consensus_queue.cc:237] T d2b37acaba9d4523b82fb7be7655294c P 1f671b3aa2184a8f93e28afe120af20f [LEADER]: Queue going to LEADER mode. State: All replicated index: 0, Majority replicated index: 4, Committed index: 4, Last appended: 2.4, Last appended by leader: 1, Current term: 2, Majority size: 2, State: 0, Mode: LEADER, active raft config: opid_index: 5 OBSOLETE_local: false peers { permanent_uuid: "982ebbff86ef43b387fd24dbfb696302" member_type: VOTER last_known_addr { host: "127.16.120.194" port: 34645 } } peers { permanent_uuid: "1f671b3aa2184a8f93e28afe120af20f" member_type: VOTER last_known_addr { host: "127.16.120.195" port: 36731 } } peers { permanent_uuid: "7b3384d40f504804a449f531db5761de" member_type: VOTER last_known_addr { host: "127.16.120.196" port: 41637 } attrs { promote: false } }
I20260608 12:54:58.400508 18943 raft_consensus.cc:1275] T d2b37acaba9d4523b82fb7be7655294c P 7b3384d40f504804a449f531db5761de [term 2 FOLLOWER]: Refusing update from remote peer 1f671b3aa2184a8f93e28afe120af20f: Log matching property violated. Preceding OpId in replica: term: 2 index: 4. Preceding OpId from leader: term: 2 index: 5. (index mismatch)
I20260608 12:54:58.401840 18737 raft_consensus.cc:1275] T d2b37acaba9d4523b82fb7be7655294c P 982ebbff86ef43b387fd24dbfb696302 [term 2 FOLLOWER]: Refusing update from remote peer 1f671b3aa2184a8f93e28afe120af20f: Log matching property violated. Preceding OpId in replica: term: 2 index: 4. Preceding OpId from leader: term: 2 index: 5. (index mismatch)
I20260608 12:54:58.402304 18993 consensus_queue.cc:1048] T d2b37acaba9d4523b82fb7be7655294c P 1f671b3aa2184a8f93e28afe120af20f [LEADER]: Connected to new peer: Peer: permanent_uuid: "7b3384d40f504804a449f531db5761de" member_type: VOTER last_known_addr { host: "127.16.120.196" port: 41637 } attrs { promote: false }, Status: LMP_MISMATCH, Last received: 0.0, Next index: 5, Last known committed idx: 4, Time since last communication: 0.000s
I20260608 12:54:58.406196 18993 consensus_queue.cc:1048] T d2b37acaba9d4523b82fb7be7655294c P 1f671b3aa2184a8f93e28afe120af20f [LEADER]: Connected to new peer: Peer: permanent_uuid: "982ebbff86ef43b387fd24dbfb696302" member_type: VOTER last_known_addr { host: "127.16.120.194" port: 34645 }, Status: LMP_MISMATCH, Last received: 0.0, Next index: 5, Last known committed idx: 4, Time since last communication: 0.000s
I20260608 12:54:58.411335 18994 raft_consensus.cc:2955] T d2b37acaba9d4523b82fb7be7655294c P 1f671b3aa2184a8f93e28afe120af20f [term 2 LEADER]: Committing config change with OpId 2.5: config changed from index 4 to 5, VOTER 7b7b4fc0883a4eb0b7f87da07f482a09 (127.16.120.193) evicted. New config: { opid_index: 5 OBSOLETE_local: false peers { permanent_uuid: "982ebbff86ef43b387fd24dbfb696302" member_type: VOTER last_known_addr { host: "127.16.120.194" port: 34645 } } peers { permanent_uuid: "1f671b3aa2184a8f93e28afe120af20f" member_type: VOTER last_known_addr { host: "127.16.120.195" port: 36731 } } peers { permanent_uuid: "7b3384d40f504804a449f531db5761de" member_type: VOTER last_known_addr { host: "127.16.120.196" port: 41637 } attrs { promote: false } } }
I20260608 12:54:58.414898 18737 raft_consensus.cc:2955] T d2b37acaba9d4523b82fb7be7655294c P 982ebbff86ef43b387fd24dbfb696302 [term 2 FOLLOWER]: Committing config change with OpId 2.5: config changed from index 4 to 5, VOTER 7b7b4fc0883a4eb0b7f87da07f482a09 (127.16.120.193) evicted. New config: { opid_index: 5 OBSOLETE_local: false peers { permanent_uuid: "982ebbff86ef43b387fd24dbfb696302" member_type: VOTER last_known_addr { host: "127.16.120.194" port: 34645 } } peers { permanent_uuid: "1f671b3aa2184a8f93e28afe120af20f" member_type: VOTER last_known_addr { host: "127.16.120.195" port: 36731 } } peers { permanent_uuid: "7b3384d40f504804a449f531db5761de" member_type: VOTER last_known_addr { host: "127.16.120.196" port: 41637 } attrs { promote: false } } }
I20260608 12:54:58.420059 18545 catalog_manager.cc:5209] ChangeConfig:REMOVE_PEER RPC for tablet d2b37acaba9d4523b82fb7be7655294c with cas_config_opid_index 4: ChangeConfig:REMOVE_PEER succeeded (attempt 1)
I20260608 12:54:58.421960 18943 raft_consensus.cc:2955] T d2b37acaba9d4523b82fb7be7655294c P 7b3384d40f504804a449f531db5761de [term 2 FOLLOWER]: Committing config change with OpId 2.5: config changed from index 4 to 5, VOTER 7b7b4fc0883a4eb0b7f87da07f482a09 (127.16.120.193) evicted. New config: { opid_index: 5 OBSOLETE_local: false peers { permanent_uuid: "982ebbff86ef43b387fd24dbfb696302" member_type: VOTER last_known_addr { host: "127.16.120.194" port: 34645 } } peers { permanent_uuid: "1f671b3aa2184a8f93e28afe120af20f" member_type: VOTER last_known_addr { host: "127.16.120.195" port: 36731 } } peers { permanent_uuid: "7b3384d40f504804a449f531db5761de" member_type: VOTER last_known_addr { host: "127.16.120.196" port: 41637 } attrs { promote: false } } }
I20260608 12:54:58.426991 18558 catalog_manager.cc:5696] T d2b37acaba9d4523b82fb7be7655294c P 1f671b3aa2184a8f93e28afe120af20f reported cstate change: config changed from index 4 to 5, VOTER 7b7b4fc0883a4eb0b7f87da07f482a09 (127.16.120.193) evicted. New cstate: current_term: 2 leader_uuid: "1f671b3aa2184a8f93e28afe120af20f" committed_config { opid_index: 5 OBSOLETE_local: false peers { permanent_uuid: "982ebbff86ef43b387fd24dbfb696302" member_type: VOTER last_known_addr { host: "127.16.120.194" port: 34645 } health_report { overall_health: HEALTHY } } peers { permanent_uuid: "1f671b3aa2184a8f93e28afe120af20f" member_type: VOTER last_known_addr { host: "127.16.120.195" port: 36731 } health_report { overall_health: HEALTHY } } peers { permanent_uuid: "7b3384d40f504804a449f531db5761de" member_type: VOTER last_known_addr { host: "127.16.120.196" port: 41637 } attrs { promote: false } health_report { overall_health: HEALTHY } } }
I20260608 12:54:58.439868 18651 tablet_service.cc:1558] Processing DeleteTablet for tablet d2b37acaba9d4523b82fb7be7655294c with delete_type TABLET_DATA_TOMBSTONED (TS 7b7b4fc0883a4eb0b7f87da07f482a09 not found in new config with opid_index 5) from {username='slave'} at 127.0.0.1:57062
I20260608 12:54:58.442543 19004 tablet_replica.cc:333] T d2b37acaba9d4523b82fb7be7655294c P 7b7b4fc0883a4eb0b7f87da07f482a09: stopping tablet replica
I20260608 12:54:58.443265 19004 raft_consensus.cc:2243] T d2b37acaba9d4523b82fb7be7655294c P 7b7b4fc0883a4eb0b7f87da07f482a09 [term 2 FOLLOWER]: Raft consensus shutting down.
I20260608 12:54:58.443923 19004 raft_consensus.cc:2272] T d2b37acaba9d4523b82fb7be7655294c P 7b7b4fc0883a4eb0b7f87da07f482a09 [term 2 FOLLOWER]: Raft consensus is shut down!
I20260608 12:54:58.446568 19004 ts_tablet_manager.cc:1916] T d2b37acaba9d4523b82fb7be7655294c P 7b7b4fc0883a4eb0b7f87da07f482a09: Deleting tablet data with delete state TABLET_DATA_TOMBSTONED
I20260608 12:54:58.456888 19004 ts_tablet_manager.cc:1929] T d2b37acaba9d4523b82fb7be7655294c P 7b7b4fc0883a4eb0b7f87da07f482a09: tablet deleted with delete type TABLET_DATA_TOMBSTONED: last-logged OpId 2.4
I20260608 12:54:58.457283 19004 log.cc:1199] T d2b37acaba9d4523b82fb7be7655294c P 7b7b4fc0883a4eb0b7f87da07f482a09: Deleting WAL directory at /tmp/dist-test-taskiB9b6k/test-tmp/auto_rebalancer-test.0.AutoRebalancerTest.MovesScheduledIfAddTserver.1780923259896124-16867-0/minicluster-data/ts-0-root/wals/d2b37acaba9d4523b82fb7be7655294c
I20260608 12:54:58.458886 18547 catalog_manager.cc:5027] TS 7b7b4fc0883a4eb0b7f87da07f482a09 (127.16.120.193:37973): tablet d2b37acaba9d4523b82fb7be7655294c (table test-workload [id=18c51612c4eb41ea97ccb7878ba59ca7]) successfully deleted
I20260608 12:54:59.847405 18613 auto_leader_rebalancer.cc:140] leader rebalance for table test-workload
I20260608 12:54:59.849493 18613 auto_leader_rebalancer.cc:388] table: test-workload, leader rebalance finish, leader transfer count: 0
I20260608 12:54:59.849875 18613 auto_leader_rebalancer.cc:451] All tables' leader rebalancing finished this round
I20260608 12:55:01.851003 18613 auto_leader_rebalancer.cc:140] leader rebalance for table test-workload
I20260608 12:55:01.853412 18613 auto_leader_rebalancer.cc:388] table: test-workload, leader rebalance finish, leader transfer count: 0
I20260608 12:55:01.853820 18613 auto_leader_rebalancer.cc:451] All tables' leader rebalancing finished this round
I20260608 12:55:03.854758 18613 auto_leader_rebalancer.cc:140] leader rebalance for table test-workload
I20260608 12:55:03.856964 18613 auto_leader_rebalancer.cc:388] table: test-workload, leader rebalance finish, leader transfer count: 0
I20260608 12:55:03.857321 18613 auto_leader_rebalancer.cc:451] All tables' leader rebalancing finished this round
I20260608 12:55:05.858425 18613 auto_leader_rebalancer.cc:140] leader rebalance for table test-workload
I20260608 12:55:05.862488 18613 auto_leader_rebalancer.cc:388] table: test-workload, leader rebalance finish, leader transfer count: 0
I20260608 12:55:05.863394 18613 auto_leader_rebalancer.cc:451] All tables' leader rebalancing finished this round
W20260608 12:55:07.120072 18683 debug-util.cc:398] Leaking SignalData structure 0x7b080016a760 after lost signal to thread 16870
W20260608 12:55:07.121389 18683 debug-util.cc:398] Leaking SignalData structure 0x7b0800140040 after lost signal to thread 18594
W20260608 12:55:07.122740 18683 debug-util.cc:398] Leaking SignalData structure 0x7b0800194540 after lost signal to thread 18686
W20260608 12:55:07.129612 18683 debug-util.cc:398] Leaking SignalData structure 0x7b0800089f60 after lost signal to thread 18761
W20260608 12:55:07.130959 18683 debug-util.cc:398] Leaking SignalData structure 0x7b080015b620 after lost signal to thread 18835
W20260608 12:55:07.132230 18683 debug-util.cc:398] Leaking SignalData structure 0x7b08000fd2a0 after lost signal to thread 18968
I20260608 12:55:07.335777 19010 raft_consensus.cc:493] T d2b37acaba9d4523b82fb7be7655294c P 982ebbff86ef43b387fd24dbfb696302 [term 2 FOLLOWER]: Starting pre-election (detected failure of leader 1f671b3aa2184a8f93e28afe120af20f)
I20260608 12:55:07.337020 19010 raft_consensus.cc:515] T d2b37acaba9d4523b82fb7be7655294c P 982ebbff86ef43b387fd24dbfb696302 [term 2 FOLLOWER]: Starting pre-election with config: opid_index: 5 OBSOLETE_local: false peers { permanent_uuid: "982ebbff86ef43b387fd24dbfb696302" member_type: VOTER last_known_addr { host: "127.16.120.194" port: 34645 } } peers { permanent_uuid: "1f671b3aa2184a8f93e28afe120af20f" member_type: VOTER last_known_addr { host: "127.16.120.195" port: 36731 } } peers { permanent_uuid: "7b3384d40f504804a449f531db5761de" member_type: VOTER last_known_addr { host: "127.16.120.196" port: 41637 } attrs { promote: false } }
I20260608 12:55:07.488864 18809 tablet_service.cc:1917] Received RequestConsensusVote() RPC: tablet_id: "d2b37acaba9d4523b82fb7be7655294c" candidate_uuid: "982ebbff86ef43b387fd24dbfb696302" candidate_term: 3 candidate_status { last_received { term: 2 index: 5 } } ignore_live_leader: false dest_uuid: "1f671b3aa2184a8f93e28afe120af20f" is_pre_election: true
I20260608 12:55:07.484954 19010 leader_election.cc:290] T d2b37acaba9d4523b82fb7be7655294c P 982ebbff86ef43b387fd24dbfb696302 [CANDIDATE]: Term 3 pre-election: Requested pre-vote from peers 1f671b3aa2184a8f93e28afe120af20f (127.16.120.195:36731), 7b3384d40f504804a449f531db5761de (127.16.120.196:41637)
I20260608 12:55:07.704507 19011 raft_consensus.cc:493] T 3bf0670db7974a268d954eb69c06b235 P 1f671b3aa2184a8f93e28afe120af20f [term 1 FOLLOWER]: Starting pre-election (detected failure of leader 982ebbff86ef43b387fd24dbfb696302)
I20260608 12:55:07.705264 19011 raft_consensus.cc:515] T 3bf0670db7974a268d954eb69c06b235 P 1f671b3aa2184a8f93e28afe120af20f [term 1 FOLLOWER]: Starting pre-election with config: opid_index: -1 OBSOLETE_local: false peers { permanent_uuid: "7b7b4fc0883a4eb0b7f87da07f482a09" member_type: VOTER last_known_addr { host: "127.16.120.193" port: 37973 } } peers { permanent_uuid: "982ebbff86ef43b387fd24dbfb696302" member_type: VOTER last_known_addr { host: "127.16.120.194" port: 34645 } } peers { permanent_uuid: "1f671b3aa2184a8f93e28afe120af20f" member_type: VOTER last_known_addr { host: "127.16.120.195" port: 36731 } }
I20260608 12:55:07.715473 19011 leader_election.cc:290] T 3bf0670db7974a268d954eb69c06b235 P 1f671b3aa2184a8f93e28afe120af20f [CANDIDATE]: Term 2 pre-election: Requested pre-vote from peers 7b7b4fc0883a4eb0b7f87da07f482a09 (127.16.120.193:37973), 982ebbff86ef43b387fd24dbfb696302 (127.16.120.194:34645)
I20260608 12:55:07.807184 18661 tablet_service.cc:1917] Received RequestConsensusVote() RPC: tablet_id: "3bf0670db7974a268d954eb69c06b235" candidate_uuid: "1f671b3aa2184a8f93e28afe120af20f" candidate_term: 2 candidate_status { last_received { term: 1 index: 1 } } ignore_live_leader: false dest_uuid: "7b7b4fc0883a4eb0b7f87da07f482a09" is_pre_election: true
I20260608 12:55:07.809984 18558 rpcz_store.cc:275] Call kudu.master.MasterService.TSHeartbeat from 127.0.0.1:42202 (request call id 13) took 1929 ms. Trace:
I20260608 12:55:07.810504 18558 rpcz_store.cc:276] 0608 12:55:07.808149 (+     0us) service_pool.cc:167] Inserting onto call queue
0608 12:55:07.808387 (+   238us) service_pool.cc:224] Handling call
0608 12:55:07.809820 (+  1433us) inbound_call.cc:177] Queueing success response
Metrics: {"reported_tablets":0}
I20260608 12:55:07.824342 18737 tablet_service.cc:1917] Received RequestConsensusVote() RPC: tablet_id: "3bf0670db7974a268d954eb69c06b235" candidate_uuid: "1f671b3aa2184a8f93e28afe120af20f" candidate_term: 2 candidate_status { last_received { term: 1 index: 1 } } ignore_live_leader: false dest_uuid: "982ebbff86ef43b387fd24dbfb696302" is_pre_election: true
I20260608 12:55:07.827677 18775 leader_election.cc:304] T 3bf0670db7974a268d954eb69c06b235 P 1f671b3aa2184a8f93e28afe120af20f [CANDIDATE]: Term 2 pre-election: Election decided. Result: candidate lost. Election summary: received 3 responses out of 3 voters: 1 yes votes; 2 no votes. yes voters: 1f671b3aa2184a8f93e28afe120af20f; no voters: 7b7b4fc0883a4eb0b7f87da07f482a09, 982ebbff86ef43b387fd24dbfb696302
I20260608 12:55:07.830727 19011 raft_consensus.cc:2749] T 3bf0670db7974a268d954eb69c06b235 P 1f671b3aa2184a8f93e28afe120af20f [term 1 FOLLOWER]: Leader pre-election lost for term 2. Reason: could not achieve majority
I20260608 12:55:07.832953 19013 raft_consensus.cc:493] T d2b37acaba9d4523b82fb7be7655294c P 7b3384d40f504804a449f531db5761de [term 2 FOLLOWER]: Starting pre-election (detected failure of leader 1f671b3aa2184a8f93e28afe120af20f)
I20260608 12:55:07.833796 19013 raft_consensus.cc:515] T d2b37acaba9d4523b82fb7be7655294c P 7b3384d40f504804a449f531db5761de [term 2 FOLLOWER]: Starting pre-election with config: opid_index: 5 OBSOLETE_local: false peers { permanent_uuid: "982ebbff86ef43b387fd24dbfb696302" member_type: VOTER last_known_addr { host: "127.16.120.194" port: 34645 } } peers { permanent_uuid: "1f671b3aa2184a8f93e28afe120af20f" member_type: VOTER last_known_addr { host: "127.16.120.195" port: 36731 } } peers { permanent_uuid: "7b3384d40f504804a449f531db5761de" member_type: VOTER last_known_addr { host: "127.16.120.196" port: 41637 } attrs { promote: false } }
I20260608 12:55:07.839653 19013 leader_election.cc:290] T d2b37acaba9d4523b82fb7be7655294c P 7b3384d40f504804a449f531db5761de [CANDIDATE]: Term 3 pre-election: Requested pre-vote from peers 982ebbff86ef43b387fd24dbfb696302 (127.16.120.194:34645), 1f671b3aa2184a8f93e28afe120af20f (127.16.120.195:36731)
I20260608 12:55:07.847285 18809 tablet_service.cc:1917] Received RequestConsensusVote() RPC: tablet_id: "d2b37acaba9d4523b82fb7be7655294c" candidate_uuid: "7b3384d40f504804a449f531db5761de" candidate_term: 3 candidate_status { last_received { term: 2 index: 5 } } ignore_live_leader: false dest_uuid: "1f671b3aa2184a8f93e28afe120af20f" is_pre_election: true
I20260608 12:55:07.857228 18943 tablet_service.cc:1917] Received RequestConsensusVote() RPC: tablet_id: "d2b37acaba9d4523b82fb7be7655294c" candidate_uuid: "982ebbff86ef43b387fd24dbfb696302" candidate_term: 3 candidate_status { last_received { term: 2 index: 5 } } ignore_live_leader: false dest_uuid: "7b3384d40f504804a449f531db5761de" is_pre_election: true
I20260608 12:55:07.858718 18701 leader_election.cc:304] T d2b37acaba9d4523b82fb7be7655294c P 982ebbff86ef43b387fd24dbfb696302 [CANDIDATE]: Term 3 pre-election: Election decided. Result: candidate lost. Election summary: received 3 responses out of 3 voters: 1 yes votes; 2 no votes. yes voters: 982ebbff86ef43b387fd24dbfb696302; no voters: 1f671b3aa2184a8f93e28afe120af20f, 7b3384d40f504804a449f531db5761de
I20260608 12:55:07.859752 19010 raft_consensus.cc:2749] T d2b37acaba9d4523b82fb7be7655294c P 982ebbff86ef43b387fd24dbfb696302 [term 2 FOLLOWER]: Leader pre-election lost for term 3. Reason: could not achieve majority
I20260608 12:55:07.860503 18736 tablet_service.cc:1917] Received RequestConsensusVote() RPC: tablet_id: "d2b37acaba9d4523b82fb7be7655294c" candidate_uuid: "7b3384d40f504804a449f531db5761de" candidate_term: 3 candidate_status { last_received { term: 2 index: 5 } } ignore_live_leader: false dest_uuid: "982ebbff86ef43b387fd24dbfb696302" is_pre_election: true
I20260608 12:55:07.861820 18908 leader_election.cc:304] T d2b37acaba9d4523b82fb7be7655294c P 7b3384d40f504804a449f531db5761de [CANDIDATE]: Term 3 pre-election: Election decided. Result: candidate lost. Election summary: received 3 responses out of 3 voters: 1 yes votes; 2 no votes. yes voters: 7b3384d40f504804a449f531db5761de; no voters: 1f671b3aa2184a8f93e28afe120af20f, 982ebbff86ef43b387fd24dbfb696302
I20260608 12:55:07.862612 19013 raft_consensus.cc:2749] T d2b37acaba9d4523b82fb7be7655294c P 7b3384d40f504804a449f531db5761de [term 2 FOLLOWER]: Leader pre-election lost for term 3. Reason: could not achieve majority
I20260608 12:55:07.864470 18613 auto_leader_rebalancer.cc:140] leader rebalance for table test-workload
I20260608 12:55:07.866501 18613 auto_leader_rebalancer.cc:388] table: test-workload, leader rebalance finish, leader transfer count: 0
I20260608 12:55:07.866838 18613 auto_leader_rebalancer.cc:451] All tables' leader rebalancing finished this round
W20260608 12:55:08.216045 18832 debug-util.cc:398] Leaking SignalData structure 0x7b08000d7ca0 after lost signal to thread 16870
W20260608 12:55:08.217180 18832 debug-util.cc:398] Leaking SignalData structure 0x7b0800237f20 after lost signal to thread 18594
W20260608 12:55:08.218139 18832 debug-util.cc:398] Leaking SignalData structure 0x7b0800180680 after lost signal to thread 18686
W20260608 12:55:08.219035 18832 debug-util.cc:398] Leaking SignalData structure 0x7b08001ceea0 after lost signal to thread 18761
W20260608 12:55:08.219903 18832 debug-util.cc:398] Leaking SignalData structure 0x7b08001f10c0 after lost signal to thread 18835
W20260608 12:55:08.220801 18832 debug-util.cc:398] Leaking SignalData structure 0x7b0800186200 after lost signal to thread 18968
I20260608 12:55:09.868022 18613 auto_leader_rebalancer.cc:140] leader rebalance for table test-workload
I20260608 12:55:09.871137 18613 auto_leader_rebalancer.cc:388] table: test-workload, leader rebalance finish, leader transfer count: 0
I20260608 12:55:09.871663 18613 auto_leader_rebalancer.cc:451] All tables' leader rebalancing finished this round
I20260608 12:55:10.774916 16867 tablet_server.cc:179] TabletServer@127.16.120.193:0 shutting down...
I20260608 12:55:10.808744 16867 ts_tablet_manager.cc:1507] Shutting down tablet manager...
I20260608 12:55:10.809865 16867 tablet_replica.cc:333] T 3bf0670db7974a268d954eb69c06b235 P 7b7b4fc0883a4eb0b7f87da07f482a09: stopping tablet replica
I20260608 12:55:10.810706 16867 raft_consensus.cc:2243] T 3bf0670db7974a268d954eb69c06b235 P 7b7b4fc0883a4eb0b7f87da07f482a09 [term 1 FOLLOWER]: Raft consensus shutting down.
I20260608 12:55:10.811697 16867 raft_consensus.cc:2272] T 3bf0670db7974a268d954eb69c06b235 P 7b7b4fc0883a4eb0b7f87da07f482a09 [term 1 FOLLOWER]: Raft consensus is shut down!
I20260608 12:55:10.859406 16867 tablet_server.cc:196] TabletServer@127.16.120.193:0 shutdown complete.
I20260608 12:55:10.875473 16867 tablet_server.cc:179] TabletServer@127.16.120.194:0 shutting down...
I20260608 12:55:10.906668 16867 ts_tablet_manager.cc:1507] Shutting down tablet manager...
I20260608 12:55:10.907655 16867 tablet_replica.cc:333] T 3bf0670db7974a268d954eb69c06b235 P 982ebbff86ef43b387fd24dbfb696302: stopping tablet replica
I20260608 12:55:10.908362 16867 raft_consensus.cc:2243] T 3bf0670db7974a268d954eb69c06b235 P 982ebbff86ef43b387fd24dbfb696302 [term 1 LEADER]: Raft consensus shutting down.
I20260608 12:55:10.909516 16867 raft_consensus.cc:2272] T 3bf0670db7974a268d954eb69c06b235 P 982ebbff86ef43b387fd24dbfb696302 [term 1 FOLLOWER]: Raft consensus is shut down!
I20260608 12:55:10.912055 16867 tablet_replica.cc:333] T d2b37acaba9d4523b82fb7be7655294c P 982ebbff86ef43b387fd24dbfb696302: stopping tablet replica
I20260608 12:55:10.912539 16867 raft_consensus.cc:2243] T d2b37acaba9d4523b82fb7be7655294c P 982ebbff86ef43b387fd24dbfb696302 [term 2 FOLLOWER]: Raft consensus shutting down.
I20260608 12:55:10.913705 16867 raft_consensus.cc:2272] T d2b37acaba9d4523b82fb7be7655294c P 982ebbff86ef43b387fd24dbfb696302 [term 2 FOLLOWER]: Raft consensus is shut down!
I20260608 12:55:10.939618 16867 tablet_server.cc:196] TabletServer@127.16.120.194:0 shutdown complete.
I20260608 12:55:10.958720 16867 tablet_server.cc:179] TabletServer@127.16.120.195:0 shutting down...
I20260608 12:55:10.998513 16867 ts_tablet_manager.cc:1507] Shutting down tablet manager...
I20260608 12:55:10.999522 16867 tablet_replica.cc:333] T 3bf0670db7974a268d954eb69c06b235 P 1f671b3aa2184a8f93e28afe120af20f: stopping tablet replica
I20260608 12:55:11.001055 16867 raft_consensus.cc:2243] T 3bf0670db7974a268d954eb69c06b235 P 1f671b3aa2184a8f93e28afe120af20f [term 1 FOLLOWER]: Raft consensus shutting down.
I20260608 12:55:11.001683 16867 raft_consensus.cc:2272] T 3bf0670db7974a268d954eb69c06b235 P 1f671b3aa2184a8f93e28afe120af20f [term 1 FOLLOWER]: Raft consensus is shut down!
I20260608 12:55:11.004751 16867 tablet_replica.cc:333] T d2b37acaba9d4523b82fb7be7655294c P 1f671b3aa2184a8f93e28afe120af20f: stopping tablet replica
I20260608 12:55:11.005317 16867 raft_consensus.cc:2243] T d2b37acaba9d4523b82fb7be7655294c P 1f671b3aa2184a8f93e28afe120af20f [term 2 LEADER]: Raft consensus shutting down.
I20260608 12:55:11.006352 16867 raft_consensus.cc:2272] T d2b37acaba9d4523b82fb7be7655294c P 1f671b3aa2184a8f93e28afe120af20f [term 2 FOLLOWER]: Raft consensus is shut down!
I20260608 12:55:11.431406 16867 tablet_server.cc:196] TabletServer@127.16.120.195:0 shutdown complete.
I20260608 12:55:11.444361 16867 tablet_server.cc:179] TabletServer@127.16.120.196:0 shutting down...
I20260608 12:55:11.470569 16867 ts_tablet_manager.cc:1507] Shutting down tablet manager...
I20260608 12:55:11.471437 16867 tablet_replica.cc:333] T d2b37acaba9d4523b82fb7be7655294c P 7b3384d40f504804a449f531db5761de: stopping tablet replica
I20260608 12:55:11.472011 16867 raft_consensus.cc:2243] T d2b37acaba9d4523b82fb7be7655294c P 7b3384d40f504804a449f531db5761de [term 2 FOLLOWER]: Raft consensus shutting down.
I20260608 12:55:11.472750 16867 raft_consensus.cc:2272] T d2b37acaba9d4523b82fb7be7655294c P 7b3384d40f504804a449f531db5761de [term 2 FOLLOWER]: Raft consensus is shut down!
I20260608 12:55:11.493521 16867 tablet_server.cc:196] TabletServer@127.16.120.196:0 shutdown complete.
I20260608 12:55:11.505455 16867 master.cc:562] Master@127.16.120.254:46621 shutting down...
I20260608 12:55:11.526064 16867 raft_consensus.cc:2243] T 00000000000000000000000000000000 P 0581ab8933da488f9af26b117e5c0022 [term 1 LEADER]: Raft consensus shutting down.
I20260608 12:55:11.526757 16867 raft_consensus.cc:2272] T 00000000000000000000000000000000 P 0581ab8933da488f9af26b117e5c0022 [term 1 FOLLOWER]: Raft consensus is shut down!
I20260608 12:55:11.527107 16867 tablet_replica.cc:333] T 00000000000000000000000000000000 P 0581ab8933da488f9af26b117e5c0022: stopping tablet replica
I20260608 12:55:11.547003 16867 master.cc:584] Master@127.16.120.254:46621 shutdown complete.
[       OK ] AutoRebalancerTest.MovesScheduledIfAddTserver (27924 ms)
[ RUN      ] AutoRebalancerTest.NoReplicaMovesIfNoTservers
I20260608 12:55:11.588184 16867 internal_mini_cluster.cc:156] Creating distributed mini masters. Addrs: 127.16.120.254:42313
I20260608 12:55:11.589409 16867 file_cache.cc:492] Constructed file cache file cache with capacity 419430
