I20260608 12:54:16.228744 17945 leader_election.cc:304] T 02e54b13c65a4731a1892540d711c89e P 01bd1ca623f4408299fb96fc8ea06372 [CANDIDATE]: Term 1 election: Election decided. Result: candidate won. Election summary: received 2 responses out of 3 voters: 2 yes votes; 0 no votes. yes voters: 01bd1ca623f4408299fb96fc8ea06372, 3a44ac2b1e06481a972060350c270403; no voters: 
I20260608 12:54:16.229562 18025 ts_tablet_manager.cc:1403] T 1e97293089eb4946991f5457d8f92922 P 3a44ac2b1e06481a972060350c270403: Time spent bootstrapping tablet: real 0.209s	user 0.011s	sys 0.005s
I20260608 12:54:16.229955 18030 raft_consensus.cc:2804] T 02e54b13c65a4731a1892540d711c89e P 01bd1ca623f4408299fb96fc8ea06372 [term 1 FOLLOWER]: Leader election won for term 1
I20260608 12:54:16.230535 18030 raft_consensus.cc:697] T 02e54b13c65a4731a1892540d711c89e P 01bd1ca623f4408299fb96fc8ea06372 [term 1 LEADER]: Becoming Leader. State: Replica: 01bd1ca623f4408299fb96fc8ea06372, State: Running, Role: LEADER
I20260608 12:54:16.231516 18030 consensus_queue.cc:237] T 02e54b13c65a4731a1892540d711c89e P 01bd1ca623f4408299fb96fc8ea06372 [LEADER]: Queue going to LEADER mode. State: All replicated index: 0, Majority replicated index: 0, Committed index: 0, Last appended: 0.0, Last appended by leader: 0, Current term: 1, Majority size: 2, State: 0, Mode: LEADER, active raft config: opid_index: -1 OBSOLETE_local: false peers { permanent_uuid: "e01629a799ce47068e5ab70f289d8172" member_type: VOTER last_known_addr { host: "127.16.194.129" port: 45491 } } peers { permanent_uuid: "3a44ac2b1e06481a972060350c270403" member_type: VOTER last_known_addr { host: "127.16.194.130" port: 34211 } } peers { permanent_uuid: "01bd1ca623f4408299fb96fc8ea06372" member_type: VOTER last_known_addr { host: "127.16.194.131" port: 34267 } }
I20260608 12:54:16.232183 18025 raft_consensus.cc:359] T 1e97293089eb4946991f5457d8f92922 P 3a44ac2b1e06481a972060350c270403 [term 0 FOLLOWER]: Replica starting. Triggering 0 pending ops. Active config: opid_index: -1 OBSOLETE_local: false peers { permanent_uuid: "e01629a799ce47068e5ab70f289d8172" member_type: VOTER last_known_addr { host: "127.16.194.129" port: 45491 } } peers { permanent_uuid: "3a44ac2b1e06481a972060350c270403" member_type: VOTER last_known_addr { host: "127.16.194.130" port: 34211 } } peers { permanent_uuid: "01bd1ca623f4408299fb96fc8ea06372" member_type: VOTER last_known_addr { host: "127.16.194.131" port: 34267 } }
I20260608 12:54:16.232812 18029 tablet_bootstrap.cc:492] T 4cf659e6d80948bc928e2195eb2cc60a P e01629a799ce47068e5ab70f289d8172: No bootstrap required, opened a new log
I20260608 12:54:16.233546 18029 ts_tablet_manager.cc:1403] T 4cf659e6d80948bc928e2195eb2cc60a P e01629a799ce47068e5ab70f289d8172: Time spent bootstrapping tablet: real 0.050s	user 0.010s	sys 0.005s
I20260608 12:54:16.234413 17829 raft_consensus.cc:2468] T 02e54b13c65a4731a1892540d711c89e P e01629a799ce47068e5ab70f289d8172 [term 1 FOLLOWER]: Leader election vote request: Granting yes vote for candidate 01bd1ca623f4408299fb96fc8ea06372 in term 1.
I20260608 12:54:16.232847 18025 raft_consensus.cc:385] T 1e97293089eb4946991f5457d8f92922 P 3a44ac2b1e06481a972060350c270403 [term 0 FOLLOWER]: Consensus starting up: Expiring failure detector timer to make a prompt election more likely
I20260608 12:54:16.235193 18025 raft_consensus.cc:740] T 1e97293089eb4946991f5457d8f92922 P 3a44ac2b1e06481a972060350c270403 [term 0 FOLLOWER]: Becoming Follower/Learner. State: Replica: 3a44ac2b1e06481a972060350c270403, State: Initialized, Role: FOLLOWER
I20260608 12:54:16.236128 18025 consensus_queue.cc:260] T 1e97293089eb4946991f5457d8f92922 P 3a44ac2b1e06481a972060350c270403 [NON_LEADER]: Queue going to NON_LEADER mode. State: All replicated index: 0, Majority replicated index: 0, Committed index: 0, Last appended: 0.0, Last appended by leader: 0, Current term: 0, Majority size: -1, State: 0, Mode: NON_LEADER, active raft config: opid_index: -1 OBSOLETE_local: false peers { permanent_uuid: "e01629a799ce47068e5ab70f289d8172" member_type: VOTER last_known_addr { host: "127.16.194.129" port: 45491 } } peers { permanent_uuid: "3a44ac2b1e06481a972060350c270403" member_type: VOTER last_known_addr { host: "127.16.194.130" port: 34211 } } peers { permanent_uuid: "01bd1ca623f4408299fb96fc8ea06372" member_type: VOTER last_known_addr { host: "127.16.194.131" port: 34267 } }
I20260608 12:54:16.237105 18029 raft_consensus.cc:359] T 4cf659e6d80948bc928e2195eb2cc60a P e01629a799ce47068e5ab70f289d8172 [term 0 FOLLOWER]: Replica starting. Triggering 0 pending ops. Active config: opid_index: -1 OBSOLETE_local: false peers { permanent_uuid: "e01629a799ce47068e5ab70f289d8172" member_type: VOTER last_known_addr { host: "127.16.194.129" port: 45491 } } peers { permanent_uuid: "3a44ac2b1e06481a972060350c270403" member_type: VOTER last_known_addr { host: "127.16.194.130" port: 34211 } } peers { permanent_uuid: "01bd1ca623f4408299fb96fc8ea06372" member_type: VOTER last_known_addr { host: "127.16.194.131" port: 34267 } }
I20260608 12:54:16.237893 18025 ts_tablet_manager.cc:1434] T 1e97293089eb4946991f5457d8f92922 P 3a44ac2b1e06481a972060350c270403: Time spent starting tablet: real 0.008s	user 0.006s	sys 0.000s
I20260608 12:54:16.238049 18029 raft_consensus.cc:385] T 4cf659e6d80948bc928e2195eb2cc60a P e01629a799ce47068e5ab70f289d8172 [term 0 FOLLOWER]: Consensus starting up: Expiring failure detector timer to make a prompt election more likely
I20260608 12:54:16.238466 18029 raft_consensus.cc:740] T 4cf659e6d80948bc928e2195eb2cc60a P e01629a799ce47068e5ab70f289d8172 [term 0 FOLLOWER]: Becoming Follower/Learner. State: Replica: e01629a799ce47068e5ab70f289d8172, State: Initialized, Role: FOLLOWER
I20260608 12:54:16.239436 18029 consensus_queue.cc:260] T 4cf659e6d80948bc928e2195eb2cc60a P e01629a799ce47068e5ab70f289d8172 [NON_LEADER]: Queue going to NON_LEADER mode. State: All replicated index: 0, Majority replicated index: 0, Committed index: 0, Last appended: 0.0, Last appended by leader: 0, Current term: 0, Majority size: -1, State: 0, Mode: NON_LEADER, active raft config: opid_index: -1 OBSOLETE_local: false peers { permanent_uuid: "e01629a799ce47068e5ab70f289d8172" member_type: VOTER last_known_addr { host: "127.16.194.129" port: 45491 } } peers { permanent_uuid: "3a44ac2b1e06481a972060350c270403" member_type: VOTER last_known_addr { host: "127.16.194.130" port: 34211 } } peers { permanent_uuid: "01bd1ca623f4408299fb96fc8ea06372" member_type: VOTER last_known_addr { host: "127.16.194.131" port: 34267 } }
I20260608 12:54:16.242543 18029 ts_tablet_manager.cc:1434] T 4cf659e6d80948bc928e2195eb2cc60a P e01629a799ce47068e5ab70f289d8172: Time spent starting tablet: real 0.009s	user 0.010s	sys 0.000s
I20260608 12:54:16.243739 18029 tablet_bootstrap.cc:492] T 11e2eb9987df4f51870bab2d902e78d6 P e01629a799ce47068e5ab70f289d8172: Bootstrap starting.
I20260608 12:54:16.246767 18025 tablet_bootstrap.cc:492] T c50117fb8ef2452798464967d0777647 P 3a44ac2b1e06481a972060350c270403: Bootstrap starting.
I20260608 12:54:16.252277 18029 tablet_bootstrap.cc:654] T 11e2eb9987df4f51870bab2d902e78d6 P e01629a799ce47068e5ab70f289d8172: Neither blocks nor log segments found. Creating new log.
I20260608 12:54:16.252640 18025 tablet_bootstrap.cc:654] T c50117fb8ef2452798464967d0777647 P 3a44ac2b1e06481a972060350c270403: Neither blocks nor log segments found. Creating new log.
I20260608 12:54:16.262648 18024 tablet_bootstrap.cc:492] T 1e97293089eb4946991f5457d8f92922 P 01bd1ca623f4408299fb96fc8ea06372: No bootstrap required, opened a new log
I20260608 12:54:16.263142 18024 ts_tablet_manager.cc:1403] T 1e97293089eb4946991f5457d8f92922 P 01bd1ca623f4408299fb96fc8ea06372: Time spent bootstrapping tablet: real 0.087s	user 0.016s	sys 0.002s
I20260608 12:54:16.263351 18029 tablet_bootstrap.cc:492] T 11e2eb9987df4f51870bab2d902e78d6 P e01629a799ce47068e5ab70f289d8172: No bootstrap required, opened a new log
I20260608 12:54:16.263952 18029 ts_tablet_manager.cc:1403] T 11e2eb9987df4f51870bab2d902e78d6 P e01629a799ce47068e5ab70f289d8172: Time spent bootstrapping tablet: real 0.021s	user 0.006s	sys 0.014s
I20260608 12:54:16.263262 17724 catalog_manager.cc:5696] T 02e54b13c65a4731a1892540d711c89e P 01bd1ca623f4408299fb96fc8ea06372 reported cstate change: term changed from 0 to 1, leader changed from <none> to 01bd1ca623f4408299fb96fc8ea06372 (127.16.194.131). New cstate: current_term: 1 leader_uuid: "01bd1ca623f4408299fb96fc8ea06372" committed_config { opid_index: -1 OBSOLETE_local: false peers { permanent_uuid: "e01629a799ce47068e5ab70f289d8172" member_type: VOTER last_known_addr { host: "127.16.194.129" port: 45491 } health_report { overall_health: UNKNOWN } } peers { permanent_uuid: "3a44ac2b1e06481a972060350c270403" member_type: VOTER last_known_addr { host: "127.16.194.130" port: 34211 } health_report { overall_health: UNKNOWN } } peers { permanent_uuid: "01bd1ca623f4408299fb96fc8ea06372" member_type: VOTER last_known_addr { host: "127.16.194.131" port: 34267 } health_report { overall_health: HEALTHY } } }
I20260608 12:54:16.266337 18024 raft_consensus.cc:359] T 1e97293089eb4946991f5457d8f92922 P 01bd1ca623f4408299fb96fc8ea06372 [term 0 FOLLOWER]: Replica starting. Triggering 0 pending ops. Active config: opid_index: -1 OBSOLETE_local: false peers { permanent_uuid: "e01629a799ce47068e5ab70f289d8172" member_type: VOTER last_known_addr { host: "127.16.194.129" port: 45491 } } peers { permanent_uuid: "3a44ac2b1e06481a972060350c270403" member_type: VOTER last_known_addr { host: "127.16.194.130" port: 34211 } } peers { permanent_uuid: "01bd1ca623f4408299fb96fc8ea06372" member_type: VOTER last_known_addr { host: "127.16.194.131" port: 34267 } }
I20260608 12:54:16.267097 18024 raft_consensus.cc:385] T 1e97293089eb4946991f5457d8f92922 P 01bd1ca623f4408299fb96fc8ea06372 [term 0 FOLLOWER]: Consensus starting up: Expiring failure detector timer to make a prompt election more likely
I20260608 12:54:16.267047 18029 raft_consensus.cc:359] T 11e2eb9987df4f51870bab2d902e78d6 P e01629a799ce47068e5ab70f289d8172 [term 0 FOLLOWER]: Replica starting. Triggering 0 pending ops. Active config: opid_index: -1 OBSOLETE_local: false peers { permanent_uuid: "01bd1ca623f4408299fb96fc8ea06372" member_type: VOTER last_known_addr { host: "127.16.194.131" port: 34267 } } peers { permanent_uuid: "3a44ac2b1e06481a972060350c270403" member_type: VOTER last_known_addr { host: "127.16.194.130" port: 34211 } } peers { permanent_uuid: "e01629a799ce47068e5ab70f289d8172" member_type: VOTER last_known_addr { host: "127.16.194.129" port: 45491 } }
I20260608 12:54:16.267601 18024 raft_consensus.cc:740] T 1e97293089eb4946991f5457d8f92922 P 01bd1ca623f4408299fb96fc8ea06372 [term 0 FOLLOWER]: Becoming Follower/Learner. State: Replica: 01bd1ca623f4408299fb96fc8ea06372, State: Initialized, Role: FOLLOWER
I20260608 12:54:16.267915 18029 raft_consensus.cc:385] T 11e2eb9987df4f51870bab2d902e78d6 P e01629a799ce47068e5ab70f289d8172 [term 0 FOLLOWER]: Consensus starting up: Expiring failure detector timer to make a prompt election more likely
I20260608 12:54:16.268249 18029 raft_consensus.cc:740] T 11e2eb9987df4f51870bab2d902e78d6 P e01629a799ce47068e5ab70f289d8172 [term 0 FOLLOWER]: Becoming Follower/Learner. State: Replica: e01629a799ce47068e5ab70f289d8172, State: Initialized, Role: FOLLOWER
I20260608 12:54:16.269147 18029 consensus_queue.cc:260] T 11e2eb9987df4f51870bab2d902e78d6 P e01629a799ce47068e5ab70f289d8172 [NON_LEADER]: Queue going to NON_LEADER mode. State: All replicated index: 0, Majority replicated index: 0, Committed index: 0, Last appended: 0.0, Last appended by leader: 0, Current term: 0, Majority size: -1, State: 0, Mode: NON_LEADER, active raft config: opid_index: -1 OBSOLETE_local: false peers { permanent_uuid: "01bd1ca623f4408299fb96fc8ea06372" member_type: VOTER last_known_addr { host: "127.16.194.131" port: 34267 } } peers { permanent_uuid: "3a44ac2b1e06481a972060350c270403" member_type: VOTER last_known_addr { host: "127.16.194.130" port: 34211 } } peers { permanent_uuid: "e01629a799ce47068e5ab70f289d8172" member_type: VOTER last_known_addr { host: "127.16.194.129" port: 45491 } }
I20260608 12:54:16.272308 18029 ts_tablet_manager.cc:1434] T 11e2eb9987df4f51870bab2d902e78d6 P e01629a799ce47068e5ab70f289d8172: Time spent starting tablet: real 0.008s	user 0.007s	sys 0.000s
I20260608 12:54:16.273334 18024 consensus_queue.cc:260] T 1e97293089eb4946991f5457d8f92922 P 01bd1ca623f4408299fb96fc8ea06372 [NON_LEADER]: Queue going to NON_LEADER mode. State: All replicated index: 0, Majority replicated index: 0, Committed index: 0, Last appended: 0.0, Last appended by leader: 0, Current term: 0, Majority size: -1, State: 0, Mode: NON_LEADER, active raft config: opid_index: -1 OBSOLETE_local: false peers { permanent_uuid: "e01629a799ce47068e5ab70f289d8172" member_type: VOTER last_known_addr { host: "127.16.194.129" port: 45491 } } peers { permanent_uuid: "3a44ac2b1e06481a972060350c270403" member_type: VOTER last_known_addr { host: "127.16.194.130" port: 34211 } } peers { permanent_uuid: "01bd1ca623f4408299fb96fc8ea06372" member_type: VOTER last_known_addr { host: "127.16.194.131" port: 34267 } }
I20260608 12:54:16.273898 18025 tablet_bootstrap.cc:492] T c50117fb8ef2452798464967d0777647 P 3a44ac2b1e06481a972060350c270403: No bootstrap required, opened a new log
I20260608 12:54:16.274439 18025 ts_tablet_manager.cc:1403] T c50117fb8ef2452798464967d0777647 P 3a44ac2b1e06481a972060350c270403: Time spent bootstrapping tablet: real 0.028s	user 0.015s	sys 0.000s
I20260608 12:54:16.276371 18024 ts_tablet_manager.cc:1434] T 1e97293089eb4946991f5457d8f92922 P 01bd1ca623f4408299fb96fc8ea06372: Time spent starting tablet: real 0.013s	user 0.009s	sys 0.000s
I20260608 12:54:16.278972 18025 raft_consensus.cc:359] T c50117fb8ef2452798464967d0777647 P 3a44ac2b1e06481a972060350c270403 [term 0 FOLLOWER]: Replica starting. Triggering 0 pending ops. Active config: opid_index: -1 OBSOLETE_local: false peers { permanent_uuid: "e01629a799ce47068e5ab70f289d8172" member_type: VOTER last_known_addr { host: "127.16.194.129" port: 45491 } } peers { permanent_uuid: "3a44ac2b1e06481a972060350c270403" member_type: VOTER last_known_addr { host: "127.16.194.130" port: 34211 } } peers { permanent_uuid: "01bd1ca623f4408299fb96fc8ea06372" member_type: VOTER last_known_addr { host: "127.16.194.131" port: 34267 } }
I20260608 12:54:16.279582 18025 raft_consensus.cc:385] T c50117fb8ef2452798464967d0777647 P 3a44ac2b1e06481a972060350c270403 [term 0 FOLLOWER]: Consensus starting up: Expiring failure detector timer to make a prompt election more likely
I20260608 12:54:16.279918 18025 raft_consensus.cc:740] T c50117fb8ef2452798464967d0777647 P 3a44ac2b1e06481a972060350c270403 [term 0 FOLLOWER]: Becoming Follower/Learner. State: Replica: 3a44ac2b1e06481a972060350c270403, State: Initialized, Role: FOLLOWER
I20260608 12:54:16.280869 18025 consensus_queue.cc:260] T c50117fb8ef2452798464967d0777647 P 3a44ac2b1e06481a972060350c270403 [NON_LEADER]: Queue going to NON_LEADER mode. State: All replicated index: 0, Majority replicated index: 0, Committed index: 0, Last appended: 0.0, Last appended by leader: 0, Current term: 0, Majority size: -1, State: 0, Mode: NON_LEADER, active raft config: opid_index: -1 OBSOLETE_local: false peers { permanent_uuid: "e01629a799ce47068e5ab70f289d8172" member_type: VOTER last_known_addr { host: "127.16.194.129" port: 45491 } } peers { permanent_uuid: "3a44ac2b1e06481a972060350c270403" member_type: VOTER last_known_addr { host: "127.16.194.130" port: 34211 } } peers { permanent_uuid: "01bd1ca623f4408299fb96fc8ea06372" member_type: VOTER last_known_addr { host: "127.16.194.131" port: 34267 } }
I20260608 12:54:16.279961 17726 catalog_manager.cc:5696] T 6cfec656555045358a68049c2fe56a2f P 3a44ac2b1e06481a972060350c270403 reported cstate change: term changed from 0 to 1, leader changed from <none> to 3a44ac2b1e06481a972060350c270403 (127.16.194.130). New cstate: current_term: 1 leader_uuid: "3a44ac2b1e06481a972060350c270403" committed_config { opid_index: -1 OBSOLETE_local: false peers { permanent_uuid: "e01629a799ce47068e5ab70f289d8172" member_type: VOTER last_known_addr { host: "127.16.194.129" port: 45491 } health_report { overall_health: UNKNOWN } } peers { permanent_uuid: "3a44ac2b1e06481a972060350c270403" member_type: VOTER last_known_addr { host: "127.16.194.130" port: 34211 } health_report { overall_health: HEALTHY } } peers { permanent_uuid: "01bd1ca623f4408299fb96fc8ea06372" member_type: VOTER last_known_addr { host: "127.16.194.131" port: 34267 } health_report { overall_health: UNKNOWN } } }
I20260608 12:54:16.282943 18025 ts_tablet_manager.cc:1434] T c50117fb8ef2452798464967d0777647 P 3a44ac2b1e06481a972060350c270403: Time spent starting tablet: real 0.008s	user 0.005s	sys 0.001s
I20260608 12:54:16.282411 17726 catalog_manager.cc:5696] T 4cf659e6d80948bc928e2195eb2cc60a P 3a44ac2b1e06481a972060350c270403 reported cstate change: term changed from 0 to 1, leader changed from <none> to 3a44ac2b1e06481a972060350c270403 (127.16.194.130). New cstate: current_term: 1 leader_uuid: "3a44ac2b1e06481a972060350c270403" committed_config { opid_index: -1 OBSOLETE_local: false peers { permanent_uuid: "e01629a799ce47068e5ab70f289d8172" member_type: VOTER last_known_addr { host: "127.16.194.129" port: 45491 } health_report { overall_health: UNKNOWN } } peers { permanent_uuid: "3a44ac2b1e06481a972060350c270403" member_type: VOTER last_known_addr { host: "127.16.194.130" port: 34211 } health_report { overall_health: HEALTHY } } peers { permanent_uuid: "01bd1ca623f4408299fb96fc8ea06372" member_type: VOTER last_known_addr { host: "127.16.194.131" port: 34267 } health_report { overall_health: UNKNOWN } } }
I20260608 12:54:16.283908 18025 tablet_bootstrap.cc:492] T 16e1e18c706349468d6e57fb40d124b6 P 3a44ac2b1e06481a972060350c270403: Bootstrap starting.
I20260608 12:54:16.290235 18025 tablet_bootstrap.cc:654] T 16e1e18c706349468d6e57fb40d124b6 P 3a44ac2b1e06481a972060350c270403: Neither blocks nor log segments found. Creating new log.
I20260608 12:54:16.295326 18025 tablet_bootstrap.cc:492] T 16e1e18c706349468d6e57fb40d124b6 P 3a44ac2b1e06481a972060350c270403: No bootstrap required, opened a new log
I20260608 12:54:16.295930 18025 ts_tablet_manager.cc:1403] T 16e1e18c706349468d6e57fb40d124b6 P 3a44ac2b1e06481a972060350c270403: Time spent bootstrapping tablet: real 0.012s	user 0.012s	sys 0.000s
I20260608 12:54:16.298954 18025 raft_consensus.cc:359] T 16e1e18c706349468d6e57fb40d124b6 P 3a44ac2b1e06481a972060350c270403 [term 0 FOLLOWER]: Replica starting. Triggering 0 pending ops. Active config: opid_index: -1 OBSOLETE_local: false peers { permanent_uuid: "e01629a799ce47068e5ab70f289d8172" member_type: VOTER last_known_addr { host: "127.16.194.129" port: 45491 } } peers { permanent_uuid: "3a44ac2b1e06481a972060350c270403" member_type: VOTER last_known_addr { host: "127.16.194.130" port: 34211 } } peers { permanent_uuid: "01bd1ca623f4408299fb96fc8ea06372" member_type: VOTER last_known_addr { host: "127.16.194.131" port: 34267 } }
I20260608 12:54:16.299522 18025 raft_consensus.cc:385] T 16e1e18c706349468d6e57fb40d124b6 P 3a44ac2b1e06481a972060350c270403 [term 0 FOLLOWER]: Consensus starting up: Expiring failure detector timer to make a prompt election more likely
I20260608 12:54:16.299885 18025 raft_consensus.cc:740] T 16e1e18c706349468d6e57fb40d124b6 P 3a44ac2b1e06481a972060350c270403 [term 0 FOLLOWER]: Becoming Follower/Learner. State: Replica: 3a44ac2b1e06481a972060350c270403, State: Initialized, Role: FOLLOWER
I20260608 12:54:16.300622 18025 consensus_queue.cc:260] T 16e1e18c706349468d6e57fb40d124b6 P 3a44ac2b1e06481a972060350c270403 [NON_LEADER]: Queue going to NON_LEADER mode. State: All replicated index: 0, Majority replicated index: 0, Committed index: 0, Last appended: 0.0, Last appended by leader: 0, Current term: 0, Majority size: -1, State: 0, Mode: NON_LEADER, active raft config: opid_index: -1 OBSOLETE_local: false peers { permanent_uuid: "e01629a799ce47068e5ab70f289d8172" member_type: VOTER last_known_addr { host: "127.16.194.129" port: 45491 } } peers { permanent_uuid: "3a44ac2b1e06481a972060350c270403" member_type: VOTER last_known_addr { host: "127.16.194.130" port: 34211 } } peers { permanent_uuid: "01bd1ca623f4408299fb96fc8ea06372" member_type: VOTER last_known_addr { host: "127.16.194.131" port: 34267 } }
I20260608 12:54:16.302947 18025 ts_tablet_manager.cc:1434] T 16e1e18c706349468d6e57fb40d124b6 P 3a44ac2b1e06481a972060350c270403: Time spent starting tablet: real 0.007s	user 0.004s	sys 0.000s
I20260608 12:54:16.316387 18034 raft_consensus.cc:493] T 4cf659e6d80948bc928e2195eb2cc60a P e01629a799ce47068e5ab70f289d8172 [term 0 FOLLOWER]: Starting pre-election (no leader contacted us within the election timeout)
I20260608 12:54:16.317008 18034 raft_consensus.cc:515] T 4cf659e6d80948bc928e2195eb2cc60a P e01629a799ce47068e5ab70f289d8172 [term 0 FOLLOWER]: Starting pre-election with config: opid_index: -1 OBSOLETE_local: false peers { permanent_uuid: "e01629a799ce47068e5ab70f289d8172" member_type: VOTER last_known_addr { host: "127.16.194.129" port: 45491 } } peers { permanent_uuid: "3a44ac2b1e06481a972060350c270403" member_type: VOTER last_known_addr { host: "127.16.194.130" port: 34211 } } peers { permanent_uuid: "01bd1ca623f4408299fb96fc8ea06372" member_type: VOTER last_known_addr { host: "127.16.194.131" port: 34267 } }
I20260608 12:54:16.319773 18034 leader_election.cc:290] T 4cf659e6d80948bc928e2195eb2cc60a P e01629a799ce47068e5ab70f289d8172 [CANDIDATE]: Term 1 pre-election: Requested pre-vote from peers 3a44ac2b1e06481a972060350c270403 (127.16.194.130:34211), 01bd1ca623f4408299fb96fc8ea06372 (127.16.194.131:34267)
I20260608 12:54:16.320583 17904 tablet_service.cc:1917] Received RequestConsensusVote() RPC: tablet_id: "4cf659e6d80948bc928e2195eb2cc60a" candidate_uuid: "e01629a799ce47068e5ab70f289d8172" candidate_term: 1 candidate_status { last_received { term: 0 index: 0 } } ignore_live_leader: false dest_uuid: "3a44ac2b1e06481a972060350c270403" is_pre_election: true
I20260608 12:54:16.320822 17979 tablet_service.cc:1917] Received RequestConsensusVote() RPC: tablet_id: "4cf659e6d80948bc928e2195eb2cc60a" candidate_uuid: "e01629a799ce47068e5ab70f289d8172" candidate_term: 1 candidate_status { last_received { term: 0 index: 0 } } ignore_live_leader: false dest_uuid: "01bd1ca623f4408299fb96fc8ea06372" is_pre_election: true
I20260608 12:54:16.321528 17979 raft_consensus.cc:2393] T 4cf659e6d80948bc928e2195eb2cc60a P 01bd1ca623f4408299fb96fc8ea06372 [term 1 FOLLOWER]: Leader pre-election vote request: Denying vote to candidate e01629a799ce47068e5ab70f289d8172 in current term 1: Already voted for candidate 3a44ac2b1e06481a972060350c270403 in this term.
I20260608 12:54:16.322625 17794 leader_election.cc:304] T 4cf659e6d80948bc928e2195eb2cc60a P e01629a799ce47068e5ab70f289d8172 [CANDIDATE]: Term 1 pre-election: Election decided. Result: candidate lost. Election summary: received 3 responses out of 3 voters: 1 yes votes; 2 no votes. yes voters: e01629a799ce47068e5ab70f289d8172; no voters: 01bd1ca623f4408299fb96fc8ea06372, 3a44ac2b1e06481a972060350c270403
I20260608 12:54:16.323338 18034 raft_consensus.cc:3060] T 4cf659e6d80948bc928e2195eb2cc60a P e01629a799ce47068e5ab70f289d8172 [term 0 FOLLOWER]: Advancing to term 1
I20260608 12:54:16.328014 18034 raft_consensus.cc:2749] T 4cf659e6d80948bc928e2195eb2cc60a P e01629a799ce47068e5ab70f289d8172 [term 1 FOLLOWER]: Leader pre-election lost for term 1. Reason: could not achieve majority
I20260608 12:54:16.355612 18034 raft_consensus.cc:493] T 11e2eb9987df4f51870bab2d902e78d6 P e01629a799ce47068e5ab70f289d8172 [term 0 FOLLOWER]: Starting pre-election (no leader contacted us within the election timeout)
I20260608 12:54:16.356161 18034 raft_consensus.cc:515] T 11e2eb9987df4f51870bab2d902e78d6 P e01629a799ce47068e5ab70f289d8172 [term 0 FOLLOWER]: Starting pre-election with config: opid_index: -1 OBSOLETE_local: false peers { permanent_uuid: "01bd1ca623f4408299fb96fc8ea06372" member_type: VOTER last_known_addr { host: "127.16.194.131" port: 34267 } } peers { permanent_uuid: "3a44ac2b1e06481a972060350c270403" member_type: VOTER last_known_addr { host: "127.16.194.130" port: 34211 } } peers { permanent_uuid: "e01629a799ce47068e5ab70f289d8172" member_type: VOTER last_known_addr { host: "127.16.194.129" port: 45491 } }
I20260608 12:54:16.357980 18034 leader_election.cc:290] T 11e2eb9987df4f51870bab2d902e78d6 P e01629a799ce47068e5ab70f289d8172 [CANDIDATE]: Term 1 pre-election: Requested pre-vote from peers 01bd1ca623f4408299fb96fc8ea06372 (127.16.194.131:34267), 3a44ac2b1e06481a972060350c270403 (127.16.194.130:34211)
I20260608 12:54:16.358811 17979 tablet_service.cc:1917] Received RequestConsensusVote() RPC: tablet_id: "11e2eb9987df4f51870bab2d902e78d6" candidate_uuid: "e01629a799ce47068e5ab70f289d8172" candidate_term: 1 candidate_status { last_received { term: 0 index: 0 } } ignore_live_leader: false dest_uuid: "01bd1ca623f4408299fb96fc8ea06372" is_pre_election: true
I20260608 12:54:16.359202 17904 tablet_service.cc:1917] Received RequestConsensusVote() RPC: tablet_id: "11e2eb9987df4f51870bab2d902e78d6" candidate_uuid: "e01629a799ce47068e5ab70f289d8172" candidate_term: 1 candidate_status { last_received { term: 0 index: 0 } } ignore_live_leader: false dest_uuid: "3a44ac2b1e06481a972060350c270403" is_pre_election: true
I20260608 12:54:16.359992 17904 raft_consensus.cc:2393] T 11e2eb9987df4f51870bab2d902e78d6 P 3a44ac2b1e06481a972060350c270403 [term 1 FOLLOWER]: Leader pre-election vote request: Denying vote to candidate e01629a799ce47068e5ab70f289d8172 in current term 1: Already voted for candidate 01bd1ca623f4408299fb96fc8ea06372 in this term.
I20260608 12:54:16.360888 17796 leader_election.cc:304] T 11e2eb9987df4f51870bab2d902e78d6 P e01629a799ce47068e5ab70f289d8172 [CANDIDATE]: Term 1 pre-election: Election decided. Result: candidate lost. Election summary: received 3 responses out of 3 voters: 1 yes votes; 2 no votes. yes voters: e01629a799ce47068e5ab70f289d8172; no voters: 01bd1ca623f4408299fb96fc8ea06372, 3a44ac2b1e06481a972060350c270403
I20260608 12:54:16.361665 18034 raft_consensus.cc:3060] T 11e2eb9987df4f51870bab2d902e78d6 P e01629a799ce47068e5ab70f289d8172 [term 0 FOLLOWER]: Advancing to term 1
I20260608 12:54:16.366312 18034 raft_consensus.cc:2749] T 11e2eb9987df4f51870bab2d902e78d6 P e01629a799ce47068e5ab70f289d8172 [term 1 FOLLOWER]: Leader pre-election lost for term 1. Reason: could not achieve majority
I20260608 12:54:16.389846 18030 raft_consensus.cc:493] T 1e97293089eb4946991f5457d8f92922 P 01bd1ca623f4408299fb96fc8ea06372 [term 0 FOLLOWER]: Starting pre-election (no leader contacted us within the election timeout)
I20260608 12:54:16.390358 18030 raft_consensus.cc:515] T 1e97293089eb4946991f5457d8f92922 P 01bd1ca623f4408299fb96fc8ea06372 [term 0 FOLLOWER]: Starting pre-election with config: opid_index: -1 OBSOLETE_local: false peers { permanent_uuid: "e01629a799ce47068e5ab70f289d8172" member_type: VOTER last_known_addr { host: "127.16.194.129" port: 45491 } } peers { permanent_uuid: "3a44ac2b1e06481a972060350c270403" member_type: VOTER last_known_addr { host: "127.16.194.130" port: 34211 } } peers { permanent_uuid: "01bd1ca623f4408299fb96fc8ea06372" member_type: VOTER last_known_addr { host: "127.16.194.131" port: 34267 } }
I20260608 12:54:16.392236 18030 leader_election.cc:290] T 1e97293089eb4946991f5457d8f92922 P 01bd1ca623f4408299fb96fc8ea06372 [CANDIDATE]: Term 1 pre-election: Requested pre-vote from peers e01629a799ce47068e5ab70f289d8172 (127.16.194.129:45491), 3a44ac2b1e06481a972060350c270403 (127.16.194.130:34211)
I20260608 12:54:16.393049 17829 tablet_service.cc:1917] Received RequestConsensusVote() RPC: tablet_id: "1e97293089eb4946991f5457d8f92922" candidate_uuid: "01bd1ca623f4408299fb96fc8ea06372" candidate_term: 1 candidate_status { last_received { term: 0 index: 0 } } ignore_live_leader: false dest_uuid: "e01629a799ce47068e5ab70f289d8172" is_pre_election: true
I20260608 12:54:16.393374 17904 tablet_service.cc:1917] Received RequestConsensusVote() RPC: tablet_id: "1e97293089eb4946991f5457d8f92922" candidate_uuid: "01bd1ca623f4408299fb96fc8ea06372" candidate_term: 1 candidate_status { last_received { term: 0 index: 0 } } ignore_live_leader: false dest_uuid: "3a44ac2b1e06481a972060350c270403" is_pre_election: true
I20260608 12:54:16.393743 17829 raft_consensus.cc:2468] T 1e97293089eb4946991f5457d8f92922 P e01629a799ce47068e5ab70f289d8172 [term 0 FOLLOWER]: Leader pre-election vote request: Granting yes vote for candidate 01bd1ca623f4408299fb96fc8ea06372 in term 0.
I20260608 12:54:16.393996 17904 raft_consensus.cc:2468] T 1e97293089eb4946991f5457d8f92922 P 3a44ac2b1e06481a972060350c270403 [term 0 FOLLOWER]: Leader pre-election vote request: Granting yes vote for candidate 01bd1ca623f4408299fb96fc8ea06372 in term 0.
I20260608 12:54:16.394896 17944 leader_election.cc:304] T 1e97293089eb4946991f5457d8f92922 P 01bd1ca623f4408299fb96fc8ea06372 [CANDIDATE]: Term 1 pre-election: Election decided. Result: candidate won. Election summary: received 2 responses out of 3 voters: 2 yes votes; 0 no votes. yes voters: 01bd1ca623f4408299fb96fc8ea06372, e01629a799ce47068e5ab70f289d8172; no voters: 
I20260608 12:54:16.395601 18030 raft_consensus.cc:2804] T 1e97293089eb4946991f5457d8f92922 P 01bd1ca623f4408299fb96fc8ea06372 [term 0 FOLLOWER]: Leader pre-election won for term 1
I20260608 12:54:16.395977 18030 raft_consensus.cc:493] T 1e97293089eb4946991f5457d8f92922 P 01bd1ca623f4408299fb96fc8ea06372 [term 0 FOLLOWER]: Starting leader election (no leader contacted us within the election timeout)
I20260608 12:54:16.396230 18030 raft_consensus.cc:3060] T 1e97293089eb4946991f5457d8f92922 P 01bd1ca623f4408299fb96fc8ea06372 [term 0 FOLLOWER]: Advancing to term 1
I20260608 12:54:16.400825 18030 raft_consensus.cc:515] T 1e97293089eb4946991f5457d8f92922 P 01bd1ca623f4408299fb96fc8ea06372 [term 1 FOLLOWER]: Starting leader election with config: opid_index: -1 OBSOLETE_local: false peers { permanent_uuid: "e01629a799ce47068e5ab70f289d8172" member_type: VOTER last_known_addr { host: "127.16.194.129" port: 45491 } } peers { permanent_uuid: "3a44ac2b1e06481a972060350c270403" member_type: VOTER last_known_addr { host: "127.16.194.130" port: 34211 } } peers { permanent_uuid: "01bd1ca623f4408299fb96fc8ea06372" member_type: VOTER last_known_addr { host: "127.16.194.131" port: 34267 } }
I20260608 12:54:16.402427 18030 leader_election.cc:290] T 1e97293089eb4946991f5457d8f92922 P 01bd1ca623f4408299fb96fc8ea06372 [CANDIDATE]: Term 1 election: Requested vote from peers e01629a799ce47068e5ab70f289d8172 (127.16.194.129:45491), 3a44ac2b1e06481a972060350c270403 (127.16.194.130:34211)
I20260608 12:54:16.403215 17829 tablet_service.cc:1917] Received RequestConsensusVote() RPC: tablet_id: "1e97293089eb4946991f5457d8f92922" candidate_uuid: "01bd1ca623f4408299fb96fc8ea06372" candidate_term: 1 candidate_status { last_received { term: 0 index: 0 } } ignore_live_leader: false dest_uuid: "e01629a799ce47068e5ab70f289d8172"
I20260608 12:54:16.403512 17904 tablet_service.cc:1917] Received RequestConsensusVote() RPC: tablet_id: "1e97293089eb4946991f5457d8f92922" candidate_uuid: "01bd1ca623f4408299fb96fc8ea06372" candidate_term: 1 candidate_status { last_received { term: 0 index: 0 } } ignore_live_leader: false dest_uuid: "3a44ac2b1e06481a972060350c270403"
I20260608 12:54:16.403864 17829 raft_consensus.cc:3060] T 1e97293089eb4946991f5457d8f92922 P e01629a799ce47068e5ab70f289d8172 [term 0 FOLLOWER]: Advancing to term 1
I20260608 12:54:16.404109 17904 raft_consensus.cc:3060] T 1e97293089eb4946991f5457d8f92922 P 3a44ac2b1e06481a972060350c270403 [term 0 FOLLOWER]: Advancing to term 1
I20260608 12:54:16.410550 17904 raft_consensus.cc:2468] T 1e97293089eb4946991f5457d8f92922 P 3a44ac2b1e06481a972060350c270403 [term 1 FOLLOWER]: Leader election vote request: Granting yes vote for candidate 01bd1ca623f4408299fb96fc8ea06372 in term 1.
I20260608 12:54:16.410550 17829 raft_consensus.cc:2468] T 1e97293089eb4946991f5457d8f92922 P e01629a799ce47068e5ab70f289d8172 [term 1 FOLLOWER]: Leader election vote request: Granting yes vote for candidate 01bd1ca623f4408299fb96fc8ea06372 in term 1.
I20260608 12:54:16.412124 17945 leader_election.cc:304] T 1e97293089eb4946991f5457d8f92922 P 01bd1ca623f4408299fb96fc8ea06372 [CANDIDATE]: Term 1 election: Election decided. Result: candidate won. Election summary: received 2 responses out of 3 voters: 2 yes votes; 0 no votes. yes voters: 01bd1ca623f4408299fb96fc8ea06372, 3a44ac2b1e06481a972060350c270403; no voters: 
I20260608 12:54:16.412819 18030 raft_consensus.cc:2804] T 1e97293089eb4946991f5457d8f92922 P 01bd1ca623f4408299fb96fc8ea06372 [term 1 FOLLOWER]: Leader election won for term 1
I20260608 12:54:16.413267 18030 raft_consensus.cc:697] T 1e97293089eb4946991f5457d8f92922 P 01bd1ca623f4408299fb96fc8ea06372 [term 1 LEADER]: Becoming Leader. State: Replica: 01bd1ca623f4408299fb96fc8ea06372, State: Running, Role: LEADER
I20260608 12:54:16.413910 18030 consensus_queue.cc:237] T 1e97293089eb4946991f5457d8f92922 P 01bd1ca623f4408299fb96fc8ea06372 [LEADER]: Queue going to LEADER mode. State: All replicated index: 0, Majority replicated index: 0, Committed index: 0, Last appended: 0.0, Last appended by leader: 0, Current term: 1, Majority size: 2, State: 0, Mode: LEADER, active raft config: opid_index: -1 OBSOLETE_local: false peers { permanent_uuid: "e01629a799ce47068e5ab70f289d8172" member_type: VOTER last_known_addr { host: "127.16.194.129" port: 45491 } } peers { permanent_uuid: "3a44ac2b1e06481a972060350c270403" member_type: VOTER last_known_addr { host: "127.16.194.130" port: 34211 } } peers { permanent_uuid: "01bd1ca623f4408299fb96fc8ea06372" member_type: VOTER last_known_addr { host: "127.16.194.131" port: 34267 } }
I20260608 12:54:16.421190 17725 catalog_manager.cc:5696] T 1e97293089eb4946991f5457d8f92922 P 01bd1ca623f4408299fb96fc8ea06372 reported cstate change: term changed from 0 to 1, leader changed from <none> to 01bd1ca623f4408299fb96fc8ea06372 (127.16.194.131). New cstate: current_term: 1 leader_uuid: "01bd1ca623f4408299fb96fc8ea06372" committed_config { opid_index: -1 OBSOLETE_local: false peers { permanent_uuid: "e01629a799ce47068e5ab70f289d8172" member_type: VOTER last_known_addr { host: "127.16.194.129" port: 45491 } health_report { overall_health: UNKNOWN } } peers { permanent_uuid: "3a44ac2b1e06481a972060350c270403" member_type: VOTER last_known_addr { host: "127.16.194.130" port: 34211 } health_report { overall_health: UNKNOWN } } peers { permanent_uuid: "01bd1ca623f4408299fb96fc8ea06372" member_type: VOTER last_known_addr { host: "127.16.194.131" port: 34267 } health_report { overall_health: HEALTHY } } }
I20260608 12:54:16.484810 18062 consensus_queue.cc:1048] T c720bbb7ed8f44af82a37a34175277f5 P 3a44ac2b1e06481a972060350c270403 [LEADER]: Connected to new peer: Peer: permanent_uuid: "01bd1ca623f4408299fb96fc8ea06372" member_type: VOTER last_known_addr { host: "127.16.194.131" port: 34267 }, Status: LMP_MISMATCH, Last received: 0.0, Next index: 1, Last known committed idx: 0, Time since last communication: 0.000s
I20260608 12:54:16.498286 18028 consensus_queue.cc:1048] T c720bbb7ed8f44af82a37a34175277f5 P 3a44ac2b1e06481a972060350c270403 [LEADER]: Connected to new peer: Peer: permanent_uuid: "e01629a799ce47068e5ab70f289d8172" member_type: VOTER last_known_addr { host: "127.16.194.129" port: 45491 }, Status: LMP_MISMATCH, Last received: 0.0, Next index: 1, Last known committed idx: 0, Time since last communication: 0.000s
I20260608 12:54:16.515866 18030 raft_consensus.cc:493] T c50117fb8ef2452798464967d0777647 P 01bd1ca623f4408299fb96fc8ea06372 [term 0 FOLLOWER]: Starting pre-election (no leader contacted us within the election timeout)
I20260608 12:54:16.516397 18030 raft_consensus.cc:515] T c50117fb8ef2452798464967d0777647 P 01bd1ca623f4408299fb96fc8ea06372 [term 0 FOLLOWER]: Starting pre-election with config: opid_index: -1 OBSOLETE_local: false peers { permanent_uuid: "e01629a799ce47068e5ab70f289d8172" member_type: VOTER last_known_addr { host: "127.16.194.129" port: 45491 } } peers { permanent_uuid: "3a44ac2b1e06481a972060350c270403" member_type: VOTER last_known_addr { host: "127.16.194.130" port: 34211 } } peers { permanent_uuid: "01bd1ca623f4408299fb96fc8ea06372" member_type: VOTER last_known_addr { host: "127.16.194.131" port: 34267 } }
I20260608 12:54:16.518069 18030 leader_election.cc:290] T c50117fb8ef2452798464967d0777647 P 01bd1ca623f4408299fb96fc8ea06372 [CANDIDATE]: Term 1 pre-election: Requested pre-vote from peers e01629a799ce47068e5ab70f289d8172 (127.16.194.129:45491), 3a44ac2b1e06481a972060350c270403 (127.16.194.130:34211)
I20260608 12:54:16.518831 17829 tablet_service.cc:1917] Received RequestConsensusVote() RPC: tablet_id: "c50117fb8ef2452798464967d0777647" candidate_uuid: "01bd1ca623f4408299fb96fc8ea06372" candidate_term: 1 candidate_status { last_received { term: 0 index: 0 } } ignore_live_leader: false dest_uuid: "e01629a799ce47068e5ab70f289d8172" is_pre_election: true
I20260608 12:54:16.519163 17904 tablet_service.cc:1917] Received RequestConsensusVote() RPC: tablet_id: "c50117fb8ef2452798464967d0777647" candidate_uuid: "01bd1ca623f4408299fb96fc8ea06372" candidate_term: 1 candidate_status { last_received { term: 0 index: 0 } } ignore_live_leader: false dest_uuid: "3a44ac2b1e06481a972060350c270403" is_pre_election: true
I20260608 12:54:16.519536 17829 raft_consensus.cc:2468] T c50117fb8ef2452798464967d0777647 P e01629a799ce47068e5ab70f289d8172 [term 0 FOLLOWER]: Leader pre-election vote request: Granting yes vote for candidate 01bd1ca623f4408299fb96fc8ea06372 in term 0.
I20260608 12:54:16.519798 17904 raft_consensus.cc:2468] T c50117fb8ef2452798464967d0777647 P 3a44ac2b1e06481a972060350c270403 [term 0 FOLLOWER]: Leader pre-election vote request: Granting yes vote for candidate 01bd1ca623f4408299fb96fc8ea06372 in term 0.
I20260608 12:54:16.520694 17944 leader_election.cc:304] T c50117fb8ef2452798464967d0777647 P 01bd1ca623f4408299fb96fc8ea06372 [CANDIDATE]: Term 1 pre-election: Election decided. Result: candidate won. Election summary: received 2 responses out of 3 voters: 2 yes votes; 0 no votes. yes voters: 01bd1ca623f4408299fb96fc8ea06372, e01629a799ce47068e5ab70f289d8172; no voters: 
I20260608 12:54:16.521423 18030 raft_consensus.cc:2804] T c50117fb8ef2452798464967d0777647 P 01bd1ca623f4408299fb96fc8ea06372 [term 0 FOLLOWER]: Leader pre-election won for term 1
I20260608 12:54:16.521795 18030 raft_consensus.cc:493] T c50117fb8ef2452798464967d0777647 P 01bd1ca623f4408299fb96fc8ea06372 [term 0 FOLLOWER]: Starting leader election (no leader contacted us within the election timeout)
I20260608 12:54:16.522028 18030 raft_consensus.cc:3060] T c50117fb8ef2452798464967d0777647 P 01bd1ca623f4408299fb96fc8ea06372 [term 0 FOLLOWER]: Advancing to term 1
I20260608 12:54:16.526263 18028 raft_consensus.cc:493] T 16e1e18c706349468d6e57fb40d124b6 P 3a44ac2b1e06481a972060350c270403 [term 0 FOLLOWER]: Starting pre-election (no leader contacted us within the election timeout)
I20260608 12:54:16.526728 18030 raft_consensus.cc:515] T c50117fb8ef2452798464967d0777647 P 01bd1ca623f4408299fb96fc8ea06372 [term 1 FOLLOWER]: Starting leader election with config: opid_index: -1 OBSOLETE_local: false peers { permanent_uuid: "e01629a799ce47068e5ab70f289d8172" member_type: VOTER last_known_addr { host: "127.16.194.129" port: 45491 } } peers { permanent_uuid: "3a44ac2b1e06481a972060350c270403" member_type: VOTER last_known_addr { host: "127.16.194.130" port: 34211 } } peers { permanent_uuid: "01bd1ca623f4408299fb96fc8ea06372" member_type: VOTER last_known_addr { host: "127.16.194.131" port: 34267 } }
I20260608 12:54:16.526823 18028 raft_consensus.cc:515] T 16e1e18c706349468d6e57fb40d124b6 P 3a44ac2b1e06481a972060350c270403 [term 0 FOLLOWER]: Starting pre-election with config: opid_index: -1 OBSOLETE_local: false peers { permanent_uuid: "e01629a799ce47068e5ab70f289d8172" member_type: VOTER last_known_addr { host: "127.16.194.129" port: 45491 } } peers { permanent_uuid: "3a44ac2b1e06481a972060350c270403" member_type: VOTER last_known_addr { host: "127.16.194.130" port: 34211 } } peers { permanent_uuid: "01bd1ca623f4408299fb96fc8ea06372" member_type: VOTER last_known_addr { host: "127.16.194.131" port: 34267 } }
I20260608 12:54:16.528980 18030 leader_election.cc:290] T c50117fb8ef2452798464967d0777647 P 01bd1ca623f4408299fb96fc8ea06372 [CANDIDATE]: Term 1 election: Requested vote from peers e01629a799ce47068e5ab70f289d8172 (127.16.194.129:45491), 3a44ac2b1e06481a972060350c270403 (127.16.194.130:34211)
I20260608 12:54:16.529529 18028 leader_election.cc:290] T 16e1e18c706349468d6e57fb40d124b6 P 3a44ac2b1e06481a972060350c270403 [CANDIDATE]: Term 1 pre-election: Requested pre-vote from peers e01629a799ce47068e5ab70f289d8172 (127.16.194.129:45491), 01bd1ca623f4408299fb96fc8ea06372 (127.16.194.131:34267)
I20260608 12:54:16.529912 17829 tablet_service.cc:1917] Received RequestConsensusVote() RPC: tablet_id: "c50117fb8ef2452798464967d0777647" candidate_uuid: "01bd1ca623f4408299fb96fc8ea06372" candidate_term: 1 candidate_status { last_received { term: 0 index: 0 } } ignore_live_leader: false dest_uuid: "e01629a799ce47068e5ab70f289d8172"
I20260608 12:54:16.529923 17830 tablet_service.cc:1917] Received RequestConsensusVote() RPC: tablet_id: "16e1e18c706349468d6e57fb40d124b6" candidate_uuid: "3a44ac2b1e06481a972060350c270403" candidate_term: 1 candidate_status { last_received { term: 0 index: 0 } } ignore_live_leader: false dest_uuid: "e01629a799ce47068e5ab70f289d8172" is_pre_election: true
I20260608 12:54:16.530169 17904 tablet_service.cc:1917] Received RequestConsensusVote() RPC: tablet_id: "c50117fb8ef2452798464967d0777647" candidate_uuid: "01bd1ca623f4408299fb96fc8ea06372" candidate_term: 1 candidate_status { last_received { term: 0 index: 0 } } ignore_live_leader: false dest_uuid: "3a44ac2b1e06481a972060350c270403"
I20260608 12:54:16.530630 17829 raft_consensus.cc:3060] T c50117fb8ef2452798464967d0777647 P e01629a799ce47068e5ab70f289d8172 [term 0 FOLLOWER]: Advancing to term 1
I20260608 12:54:16.530735 17830 raft_consensus.cc:2468] T 16e1e18c706349468d6e57fb40d124b6 P e01629a799ce47068e5ab70f289d8172 [term 0 FOLLOWER]: Leader pre-election vote request: Granting yes vote for candidate 3a44ac2b1e06481a972060350c270403 in term 0.
I20260608 12:54:16.530858 17904 raft_consensus.cc:3060] T c50117fb8ef2452798464967d0777647 P 3a44ac2b1e06481a972060350c270403 [term 0 FOLLOWER]: Advancing to term 1
I20260608 12:54:16.531272 17979 tablet_service.cc:1917] Received RequestConsensusVote() RPC: tablet_id: "16e1e18c706349468d6e57fb40d124b6" candidate_uuid: "3a44ac2b1e06481a972060350c270403" candidate_term: 1 candidate_status { last_received { term: 0 index: 0 } } ignore_live_leader: false dest_uuid: "01bd1ca623f4408299fb96fc8ea06372" is_pre_election: true
I20260608 12:54:16.531919 17979 raft_consensus.cc:2468] T 16e1e18c706349468d6e57fb40d124b6 P 01bd1ca623f4408299fb96fc8ea06372 [term 0 FOLLOWER]: Leader pre-election vote request: Granting yes vote for candidate 3a44ac2b1e06481a972060350c270403 in term 0.
I20260608 12:54:16.532298 17870 leader_election.cc:304] T 16e1e18c706349468d6e57fb40d124b6 P 3a44ac2b1e06481a972060350c270403 [CANDIDATE]: Term 1 pre-election: Election decided. Result: candidate won. Election summary: received 2 responses out of 3 voters: 2 yes votes; 0 no votes. yes voters: 3a44ac2b1e06481a972060350c270403, e01629a799ce47068e5ab70f289d8172; no voters: 
I20260608 12:54:16.533190 18028 raft_consensus.cc:2804] T 16e1e18c706349468d6e57fb40d124b6 P 3a44ac2b1e06481a972060350c270403 [term 0 FOLLOWER]: Leader pre-election won for term 1
I20260608 12:54:16.533569 18028 raft_consensus.cc:493] T 16e1e18c706349468d6e57fb40d124b6 P 3a44ac2b1e06481a972060350c270403 [term 0 FOLLOWER]: Starting leader election (no leader contacted us within the election timeout)
I20260608 12:54:16.533912 18028 raft_consensus.cc:3060] T 16e1e18c706349468d6e57fb40d124b6 P 3a44ac2b1e06481a972060350c270403 [term 0 FOLLOWER]: Advancing to term 1
I20260608 12:54:16.536746 17904 raft_consensus.cc:2468] T c50117fb8ef2452798464967d0777647 P 3a44ac2b1e06481a972060350c270403 [term 1 FOLLOWER]: Leader election vote request: Granting yes vote for candidate 01bd1ca623f4408299fb96fc8ea06372 in term 1.
I20260608 12:54:16.537703 17829 raft_consensus.cc:2468] T c50117fb8ef2452798464967d0777647 P e01629a799ce47068e5ab70f289d8172 [term 1 FOLLOWER]: Leader election vote request: Granting yes vote for candidate 01bd1ca623f4408299fb96fc8ea06372 in term 1.
I20260608 12:54:16.537897 17945 leader_election.cc:304] T c50117fb8ef2452798464967d0777647 P 01bd1ca623f4408299fb96fc8ea06372 [CANDIDATE]: Term 1 election: Election decided. Result: candidate won. Election summary: received 2 responses out of 3 voters: 2 yes votes; 0 no votes. yes voters: 01bd1ca623f4408299fb96fc8ea06372, 3a44ac2b1e06481a972060350c270403; no voters: 
I20260608 12:54:16.538857 18030 raft_consensus.cc:2804] T c50117fb8ef2452798464967d0777647 P 01bd1ca623f4408299fb96fc8ea06372 [term 1 FOLLOWER]: Leader election won for term 1
I20260608 12:54:16.539357 18030 raft_consensus.cc:697] T c50117fb8ef2452798464967d0777647 P 01bd1ca623f4408299fb96fc8ea06372 [term 1 LEADER]: Becoming Leader. State: Replica: 01bd1ca623f4408299fb96fc8ea06372, State: Running, Role: LEADER
I20260608 12:54:16.540117 18030 consensus_queue.cc:237] T c50117fb8ef2452798464967d0777647 P 01bd1ca623f4408299fb96fc8ea06372 [LEADER]: Queue going to LEADER mode. State: All replicated index: 0, Majority replicated index: 0, Committed index: 0, Last appended: 0.0, Last appended by leader: 0, Current term: 1, Majority size: 2, State: 0, Mode: LEADER, active raft config: opid_index: -1 OBSOLETE_local: false peers { permanent_uuid: "e01629a799ce47068e5ab70f289d8172" member_type: VOTER last_known_addr { host: "127.16.194.129" port: 45491 } } peers { permanent_uuid: "3a44ac2b1e06481a972060350c270403" member_type: VOTER last_known_addr { host: "127.16.194.130" port: 34211 } } peers { permanent_uuid: "01bd1ca623f4408299fb96fc8ea06372" member_type: VOTER last_known_addr { host: "127.16.194.131" port: 34267 } }
I20260608 12:54:16.540482 18028 raft_consensus.cc:515] T 16e1e18c706349468d6e57fb40d124b6 P 3a44ac2b1e06481a972060350c270403 [term 1 FOLLOWER]: Starting leader election with config: opid_index: -1 OBSOLETE_local: false peers { permanent_uuid: "e01629a799ce47068e5ab70f289d8172" member_type: VOTER last_known_addr { host: "127.16.194.129" port: 45491 } } peers { permanent_uuid: "3a44ac2b1e06481a972060350c270403" member_type: VOTER last_known_addr { host: "127.16.194.130" port: 34211 } } peers { permanent_uuid: "01bd1ca623f4408299fb96fc8ea06372" member_type: VOTER last_known_addr { host: "127.16.194.131" port: 34267 } }
I20260608 12:54:16.542742 18028 leader_election.cc:290] T 16e1e18c706349468d6e57fb40d124b6 P 3a44ac2b1e06481a972060350c270403 [CANDIDATE]: Term 1 election: Requested vote from peers e01629a799ce47068e5ab70f289d8172 (127.16.194.129:45491), 01bd1ca623f4408299fb96fc8ea06372 (127.16.194.131:34267)
I20260608 12:54:16.543510 17979 tablet_service.cc:1917] Received RequestConsensusVote() RPC: tablet_id: "16e1e18c706349468d6e57fb40d124b6" candidate_uuid: "3a44ac2b1e06481a972060350c270403" candidate_term: 1 candidate_status { last_received { term: 0 index: 0 } } ignore_live_leader: false dest_uuid: "01bd1ca623f4408299fb96fc8ea06372"
I20260608 12:54:16.544193 17979 raft_consensus.cc:3060] T 16e1e18c706349468d6e57fb40d124b6 P 01bd1ca623f4408299fb96fc8ea06372 [term 0 FOLLOWER]: Advancing to term 1
I20260608 12:54:16.543426 17829 tablet_service.cc:1917] Received RequestConsensusVote() RPC: tablet_id: "16e1e18c706349468d6e57fb40d124b6" candidate_uuid: "3a44ac2b1e06481a972060350c270403" candidate_term: 1 candidate_status { last_received { term: 0 index: 0 } } ignore_live_leader: false dest_uuid: "e01629a799ce47068e5ab70f289d8172"
I20260608 12:54:16.544994 17829 raft_consensus.cc:3060] T 16e1e18c706349468d6e57fb40d124b6 P e01629a799ce47068e5ab70f289d8172 [term 0 FOLLOWER]: Advancing to term 1
I20260608 12:54:16.548597 17724 catalog_manager.cc:5696] T c50117fb8ef2452798464967d0777647 P 01bd1ca623f4408299fb96fc8ea06372 reported cstate change: term changed from 0 to 1, leader changed from <none> to 01bd1ca623f4408299fb96fc8ea06372 (127.16.194.131). New cstate: current_term: 1 leader_uuid: "01bd1ca623f4408299fb96fc8ea06372" committed_config { opid_index: -1 OBSOLETE_local: false peers { permanent_uuid: "e01629a799ce47068e5ab70f289d8172" member_type: VOTER last_known_addr { host: "127.16.194.129" port: 45491 } health_report { overall_health: UNKNOWN } } peers { permanent_uuid: "3a44ac2b1e06481a972060350c270403" member_type: VOTER last_known_addr { host: "127.16.194.130" port: 34211 } health_report { overall_health: UNKNOWN } } peers { permanent_uuid: "01bd1ca623f4408299fb96fc8ea06372" member_type: VOTER last_known_addr { host: "127.16.194.131" port: 34267 } health_report { overall_health: HEALTHY } } }
I20260608 12:54:16.550809 17979 raft_consensus.cc:2468] T 16e1e18c706349468d6e57fb40d124b6 P 01bd1ca623f4408299fb96fc8ea06372 [term 1 FOLLOWER]: Leader election vote request: Granting yes vote for candidate 3a44ac2b1e06481a972060350c270403 in term 1.
I20260608 12:54:16.552243 17869 leader_election.cc:304] T 16e1e18c706349468d6e57fb40d124b6 P 3a44ac2b1e06481a972060350c270403 [CANDIDATE]: Term 1 election: Election decided. Result: candidate won. Election summary: received 2 responses out of 3 voters: 2 yes votes; 0 no votes. yes voters: 01bd1ca623f4408299fb96fc8ea06372, 3a44ac2b1e06481a972060350c270403; no voters: 
I20260608 12:54:16.553042 18028 raft_consensus.cc:2804] T 16e1e18c706349468d6e57fb40d124b6 P 3a44ac2b1e06481a972060350c270403 [term 1 FOLLOWER]: Leader election won for term 1
