Metrics: {"child_traces":[["op",{"apply.queue_time_us":754,"num_ops":1,"prepare.queue_time_us":106523,"prepare.run_cpu_time_us":4518,"prepare.run_wall_time_us":172779,"replication_time_us":725281,"spinlock_wait_cycles":14499072}]]}
I20260608 12:56:05.499009 21675 rpcz_store.cc:275] Call kudu.tserver.TabletServerService.Write from 127.0.0.1:40600 (ReqId={client: 9d575b24f606468f82366f60b6f30cf3, seq_no=24, attempt_no=0}) took 1068 ms. Trace:
I20260608 12:56:05.500733 21675 rpcz_store.cc:276] 0608 12:56:04.430312 (+     0us) service_pool.cc:167] Inserting onto call queue
0608 12:56:04.430691 (+   379us) service_pool.cc:224] Handling call
0608 12:56:04.543496 (+112805us) spinlock_profiling.cc:243] Waited 1.8 ms on lock 0x7b34001680b8. stack: 00007f66453db3a1 00007f66453db1c8 00007f6644bb6f11 000000000047f705 000000000047f658 00007f6646a5f4bb 00007f6646adf64f 00007f6646b63c24 00007f6646b68faf 00007f6646b6b7eb 00007f6646b6b740 00007f6646b6b6a0 00007f6646b6b640 00007f6646b6996f 000000000049a986 000000000049a618
0608 12:56:05.498810 (+955314us) inbound_call.cc:177] Queueing success response
Related trace 'op':
0608 12:56:04.636974 (+     0us) write_op.cc:183] PREPARE: starting on tablet 7ac5a4541d4b4901a40e30fe67c39267
0608 12:56:04.676680 (+ 39706us) write_op.cc:432] Acquiring schema lock in shared mode
0608 12:56:04.678204 (+  1524us) write_op.cc:435] Acquired schema lock
0608 12:56:04.680367 (+  2163us) tablet.cc:662] Decoding operations
0608 12:56:04.704856 (+ 24489us) write_op.cc:620] Acquiring the partition lock for write op
0608 12:56:04.707426 (+  2570us) write_op.cc:641] Partition lock acquired for write op
0608 12:56:04.707928 (+   502us) tablet.cc:685] Acquiring locks for 4 operations
0608 12:56:04.732291 (+ 24363us) tablet.cc:701] Row locks acquired
0608 12:56:04.736561 (+  4270us) write_op.cc:260] PREPARE: finished
0608 12:56:04.750688 (+ 14127us) write_op.cc:270] Start()
0608 12:56:04.754509 (+  3821us) write_op.cc:276] Timestamp: P: 1780923364749744 usec, L: 0
0608 12:56:04.756953 (+  2444us) op_driver.cc:348] REPLICATION: starting
0608 12:56:04.790127 (+ 33174us) log.cc:844] Serialized 475 byte log entry
0608 12:56:05.337151 (+547024us) spinlock_profiling.cc:243] Waited 19.6 ms on lock 0x7b54000d2da0. stack: 00007f66453db3a1 00007f66453db1c8 00007f6644bb6f11 000000000047f705 000000000047f658 00007f6648a8fabc 00007f6648aa8498 00007f6648aa7ae6 00007f6648b9a6ff 00007f6648b9b072 00007f664c6f3788 00007f664c6f2660 00007f664c6fc950 00007f664c6fc8b0 00007f664c6fc810 00007f664c6fc7b0
0608 12:56:05.390365 (+ 53214us) spinlock_profiling.cc:243] Waited 14.5 ms on lock 0x7b580003fbd0. stack: 00007f66453db3a1 00007f66453db1c8 00007f6644bb6f11 000000000047f705 000000000047f658 00007f6648a8fabc 00007f6648a6f305 00007f6648a7c490 00007f6648a7c3a0 00007f6648a7c300 00007f6648a7c2a0 00007f6648a7a39f 000000000049a986 000000000049a618 00007f664543a131 00007f664543eb0b
0608 12:56:05.482477 (+ 92112us) op_driver.cc:464] REPLICATION: finished
0608 12:56:05.487404 (+  4927us) write_op.cc:301] APPLY: starting
0608 12:56:05.487476 (+    72us) tablet.cc:1367] starting BulkCheckPresence
0608 12:56:05.487613 (+   137us) tablet.cc:1370] finished BulkCheckPresence
0608 12:56:05.487637 (+    24us) tablet.cc:1372] starting ApplyRowOperation cycle
0608 12:56:05.488385 (+   748us) tablet.cc:1383] finished ApplyRowOperation cycle
0608 12:56:05.488548 (+   163us) tablet_metrics.cc:581] ProbeStats: bloom_lookups=0,key_file_lookups=0,delta_file_lookups=0,mrs_lookups=0
0608 12:56:05.488590 (+    42us) write_op.cc:312] APPLY: finished
0608 12:56:05.488810 (+   220us) log.cc:844] Serialized 40 byte log entry
0608 12:56:05.498370 (+  9560us) write_op.cc:489] Releasing partition, row and schema locks
0608 12:56:05.498449 (+    79us) write_op.cc:454] Released schema lock
0608 12:56:05.498486 (+    37us) write_op.cc:341] FINISH: Updating metrics
Metrics: {"spinlock_wait_cycles":4156160,"child_traces":[["op",{"apply.queue_time_us":4737,"mutex_wait_us":1062,"num_ops":4,"prepare.queue_time_us":77122,"prepare.run_cpu_time_us":15197,"prepare.run_wall_time_us":702301,"raft.queue_time_us":227,"raft.run_cpu_time_us":2094,"raft.run_wall_time_us":52897,"replication_time_us":725403,"spinlock_wait_cycles":78536320}]]}
I20260608 12:56:05.500277 21714 rpcz_store.cc:275] Call kudu.tserver.TabletServerService.Write from 127.0.0.1:40600 (ReqId={client: 9d575b24f606468f82366f60b6f30cf3, seq_no=22, attempt_no=0}) took 1070 ms. Trace:
I20260608 12:56:05.505262 21714 rpcz_store.cc:276] 0608 12:56:04.429909 (+     0us) service_pool.cc:167] Inserting onto call queue
0608 12:56:04.430256 (+   347us) service_pool.cc:224] Handling call
0608 12:56:04.620319 (+190063us) spinlock_profiling.cc:243] Waited 36.6 ms on lock 0x7b34001680b8. stack: 00007f66453db3a1 00007f66453db1c8 00007f6644bb6f11 000000000047f705 000000000047f658 00007f6646a5f4bb 00007f6646adf64f 00007f6646b63c24 00007f6646b68faf 00007f6646b6b7eb 00007f6646b6b740 00007f6646b6b6a0 00007f6646b6b640 00007f6646b6996f 000000000049a986 000000000049a618
0608 12:56:05.500088 (+879769us) inbound_call.cc:177] Queueing success response
Related trace 'op':
0608 12:56:05.021019 (+     0us) write_op.cc:183] PREPARE: starting on tablet 39310ffba94347119833e75bf5b8f38e
0608 12:56:05.021535 (+   516us) write_op.cc:432] Acquiring schema lock in shared mode
0608 12:56:05.021561 (+    26us) write_op.cc:435] Acquired schema lock
0608 12:56:05.021574 (+    13us) tablet.cc:662] Decoding operations
0608 12:56:05.022107 (+   533us) write_op.cc:620] Acquiring the partition lock for write op
0608 12:56:05.022151 (+    44us) write_op.cc:641] Partition lock acquired for write op
0608 12:56:05.022180 (+    29us) tablet.cc:685] Acquiring locks for 5 operations
0608 12:56:05.022582 (+   402us) tablet.cc:701] Row locks acquired
0608 12:56:05.022623 (+    41us) write_op.cc:260] PREPARE: finished
0608 12:56:05.117435 (+ 94812us) spinlock_profiling.cc:243] Waited 1.07 ms on lock 0x7b2c0019b648. stack: 00007f66453db3a1 00007f66453db1c8 00007f6644bb6f11 000000000047f705 000000000047f658 00007f664721299b 00007f664722c1e3 00007f664722bb68 00007f664722bac8 00007f6648c16ca8 00007f6648c16940 00007f664c6f31d2 00007f664c6f2660 00007f664c6fc950 00007f664c6fc8b0 00007f664c6fc810
0608 12:56:05.117499 (+    64us) write_op.cc:270] Start()
0608 12:56:05.127872 (+ 10373us) write_op.cc:276] Timestamp: P: 1780923365023821 usec, L: 0
0608 12:56:05.127933 (+    61us) op_driver.cc:348] REPLICATION: starting
0608 12:56:05.136046 (+  8113us) log.cc:844] Serialized 519 byte log entry
0608 12:56:05.477692 (+341646us) op_driver.cc:464] REPLICATION: finished
0608 12:56:05.485087 (+  7395us) write_op.cc:301] APPLY: starting
0608 12:56:05.485156 (+    69us) tablet.cc:1367] starting BulkCheckPresence
0608 12:56:05.485327 (+   171us) tablet.cc:1370] finished BulkCheckPresence
0608 12:56:05.485350 (+    23us) tablet.cc:1372] starting ApplyRowOperation cycle
0608 12:56:05.486226 (+   876us) tablet.cc:1383] finished ApplyRowOperation cycle
0608 12:56:05.486401 (+   175us) tablet_metrics.cc:581] ProbeStats: bloom_lookups=0,key_file_lookups=0,delta_file_lookups=0,mrs_lookups=0
0608 12:56:05.486446 (+    45us) write_op.cc:312] APPLY: finished
0608 12:56:05.486646 (+   200us) log.cc:844] Serialized 46 byte log entry
0608 12:56:05.499624 (+ 12978us) write_op.cc:489] Releasing partition, row and schema locks
0608 12:56:05.499723 (+    99us) write_op.cc:454] Released schema lock
0608 12:56:05.499774 (+    51us) write_op.cc:341] FINISH: Updating metrics
Metrics: {"spinlock_wait_cycles":84240768,"child_traces":[["op",{"apply.queue_time_us":7190,"num_ops":5,"prepare.queue_time_us":395442,"prepare.run_cpu_time_us":5163,"prepare.run_wall_time_us":115314,"replication_time_us":349638,"spinlock_wait_cycles":2462592}]]}
I20260608 12:56:05.543715 21714 rpcz_store.cc:275] Call kudu.tserver.TabletServerService.Write from 127.0.0.1:40600 (ReqId={client: 9d575b24f606468f82366f60b6f30cf3, seq_no=46, attempt_no=0}) took 1027 ms. Trace:
I20260608 12:56:05.544157 21714 rpcz_store.cc:276] 0608 12:56:04.522464 (+     0us) service_pool.cc:167] Inserting onto call queue
0608 12:56:04.524765 (+  2301us) service_pool.cc:224] Handling call
0608 12:56:04.714106 (+189341us) spinlock_profiling.cc:243] Waited 1.14 ms on lock 0x7b5800093398. stack: 00007f66453db3a1 00007f66453db1c8 00007f6644bb6f11 000000000047f705 000000000047f658 00007f6645110d9b 00007f66453c6835 00007f66453c65cd 00007f664f698848 00007f664e2c8a6c 00007f664e431d90 00007f664e431e7e 00007f664e3bbde6 00007f664e3936e8 00007f664e38ff44 00007f664d05eae6
0608 12:56:05.543649 (+829543us) inbound_call.cc:177] Queueing success response
Related trace 'op':
0608 12:56:05.136498 (+     0us) write_op.cc:183] PREPARE: starting on tablet 39310ffba94347119833e75bf5b8f38e
0608 12:56:05.137022 (+   524us) write_op.cc:432] Acquiring schema lock in shared mode
0608 12:56:05.137059 (+    37us) write_op.cc:435] Acquired schema lock
0608 12:56:05.137077 (+    18us) tablet.cc:662] Decoding operations
0608 12:56:05.137755 (+   678us) write_op.cc:620] Acquiring the partition lock for write op
0608 12:56:05.146154 (+  8399us) write_op.cc:641] Partition lock acquired for write op
0608 12:56:05.148216 (+  2062us) tablet.cc:685] Acquiring locks for 8 operations
0608 12:56:05.192932 (+ 44716us) tablet.cc:701] Row locks acquired
0608 12:56:05.192956 (+    24us) write_op.cc:260] PREPARE: finished
0608 12:56:05.329743 (+136787us) spinlock_profiling.cc:243] Waited 3.07 ms on lock 0x7b2c0019b648. stack: 00007f66453db3a1 00007f66453db1c8 00007f6644bb6f11 000000000047f705 000000000047f658 00007f664721299b 00007f664722c1e3 00007f664722bb68 00007f664722bac8 00007f6648c16ca8 00007f6648c16940 00007f664c6f31d2 00007f664c6f2660 00007f664c6fc950 00007f664c6fc8b0 00007f664c6fc810
0608 12:56:05.329806 (+    63us) write_op.cc:270] Start()
0608 12:56:05.330016 (+   210us) write_op.cc:276] Timestamp: P: 1780923365209177 usec, L: 0
0608 12:56:05.330040 (+    24us) op_driver.cc:348] REPLICATION: starting
0608 12:56:05.344556 (+ 14516us) log.cc:844] Serialized 649 byte log entry
0608 12:56:05.527712 (+183156us) op_driver.cc:464] REPLICATION: finished
0608 12:56:05.541027 (+ 13315us) write_op.cc:301] APPLY: starting
0608 12:56:05.541102 (+    75us) tablet.cc:1367] starting BulkCheckPresence
0608 12:56:05.541340 (+   238us) tablet.cc:1370] finished BulkCheckPresence
0608 12:56:05.541363 (+    23us) tablet.cc:1372] starting ApplyRowOperation cycle
0608 12:56:05.542528 (+  1165us) tablet.cc:1383] finished ApplyRowOperation cycle
0608 12:56:05.542723 (+   195us) tablet_metrics.cc:581] ProbeStats: bloom_lookups=0,key_file_lookups=0,delta_file_lookups=0,mrs_lookups=0
0608 12:56:05.542769 (+    46us) write_op.cc:312] APPLY: finished
0608 12:56:05.543013 (+   244us) log.cc:844] Serialized 64 byte log entry
0608 12:56:05.543202 (+   189us) write_op.cc:489] Releasing partition, row and schema locks
0608 12:56:05.543302 (+   100us) write_op.cc:454] Released schema lock
0608 12:56:05.543347 (+    45us) write_op.cc:341] FINISH: Updating metrics
Metrics: {"spinlock_wait_cycles":2612608,"child_traces":[["op",{"apply.queue_time_us":13088,"num_ops":8,"prepare.queue_time_us":421557,"prepare.run_cpu_time_us":7649,"prepare.run_wall_time_us":208354,"replication_time_us":197562,"spinlock_wait_cycles":7049984}]]}
I20260608 12:56:05.587402 21710 rpcz_store.cc:275] Call kudu.tserver.TabletServerService.Write from 127.0.0.1:35866 (ReqId={client: 9d575b24f606468f82366f60b6f30cf3, seq_no=17, attempt_no=0}) took 1095 ms. Trace:
I20260608 12:56:05.590873 21684 rpcz_store.cc:275] Call kudu.tserver.TabletServerService.Write from 127.0.0.1:35866 (ReqId={client: 9d575b24f606468f82366f60b6f30cf3, seq_no=27, attempt_no=0}) took 1091 ms. Trace:
I20260608 12:56:05.606684 21682 rpcz_store.cc:275] Call kudu.tserver.TabletServerService.Write from 127.0.0.1:35866 (ReqId={client: 9d575b24f606468f82366f60b6f30cf3, seq_no=39, attempt_no=0}) took 1001 ms. Trace:
I20260608 12:56:05.591317 21684 rpcz_store.cc:276] 0608 12:56:04.506071 (+     0us) service_pool.cc:167] Inserting onto call queue
0608 12:56:04.508304 (+  2233us) service_pool.cc:224] Handling call
0608 12:56:04.594038 (+ 85734us) spinlock_profiling.cc:243] Waited 8.05 ms on lock 0x7b340014c038. stack: 00007f66453db3a1 00007f66453db1c8 00007f6644bb6f11 000000000047f705 000000000047f658 00007f6646a5f4bb 00007f6646adf64f 00007f6646b63c24 00007f6646b68faf 00007f6646b6b7eb 00007f6646b6b740 00007f6646b6b6a0 00007f6646b6b640 00007f6646b6996f 000000000049a986 000000000049a618
0608 12:56:05.590808 (+996770us) inbound_call.cc:177] Queueing success response
Related trace 'op':
0608 12:56:05.412753 (+     0us) write_op.cc:183] PREPARE: starting on tablet dc9a1535dcc14bb9a7d12f7d647437d5
0608 12:56:05.413335 (+   582us) write_op.cc:432] Acquiring schema lock in shared mode
0608 12:56:05.413379 (+    44us) write_op.cc:435] Acquired schema lock
0608 12:56:05.413400 (+    21us) tablet.cc:662] Decoding operations
0608 12:56:05.413828 (+   428us) write_op.cc:620] Acquiring the partition lock for write op
0608 12:56:05.413873 (+    45us) write_op.cc:641] Partition lock acquired for write op
0608 12:56:05.413913 (+    40us) tablet.cc:685] Acquiring locks for 2 operations
0608 12:56:05.414140 (+   227us) tablet.cc:701] Row locks acquired
0608 12:56:05.414156 (+    16us) write_op.cc:260] PREPARE: finished
0608 12:56:05.414352 (+   196us) write_op.cc:270] Start()
0608 12:56:05.414483 (+   131us) write_op.cc:276] Timestamp: P: 1780923365414304 usec, L: 0
0608 12:56:05.414509 (+    26us) op_driver.cc:348] REPLICATION: starting
0608 12:56:05.415217 (+   708us) log.cc:844] Serialized 388 byte log entry
0608 12:56:05.584464 (+169247us) op_driver.cc:464] REPLICATION: finished
0608 12:56:05.589004 (+  4540us) write_op.cc:301] APPLY: starting
0608 12:56:05.589072 (+    68us) tablet.cc:1367] starting BulkCheckPresence
0608 12:56:05.589207 (+   135us) tablet.cc:1370] finished BulkCheckPresence
0608 12:56:05.589301 (+    94us) tablet.cc:1372] starting ApplyRowOperation cycle
0608 12:56:05.589732 (+   431us) tablet.cc:1383] finished ApplyRowOperation cycle
0608 12:56:05.589896 (+   164us) tablet_metrics.cc:581] ProbeStats: bloom_lookups=0,key_file_lookups=0,delta_file_lookups=0,mrs_lookups=0
0608 12:56:05.589943 (+    47us) write_op.cc:312] APPLY: finished
0608 12:56:05.590169 (+   226us) log.cc:844] Serialized 28 byte log entry
0608 12:56:05.590351 (+   182us) write_op.cc:489] Releasing partition, row and schema locks
0608 12:56:05.590426 (+    75us) write_op.cc:454] Released schema lock
0608 12:56:05.590462 (+    36us) write_op.cc:341] FINISH: Updating metrics
Metrics: {"spinlock_wait_cycles":18512640,"child_traces":[["op",{"apply.queue_time_us":4363,"mutex_wait_us":8231,"num_ops":2,"prepare.queue_time_us":817860,"prepare.run_cpu_time_us":2723,"prepare.run_wall_time_us":2734,"replication_time_us":169857}]]}
I20260608 12:56:05.587844 21710 rpcz_store.cc:276] 0608 12:56:04.491701 (+     0us) service_pool.cc:167] Inserting onto call queue
0608 12:56:04.493598 (+  1897us) service_pool.cc:224] Handling call
0608 12:56:05.587203 (+1093605us) inbound_call.cc:177] Queueing success response
Related trace 'op':
0608 12:56:04.611201 (+     0us) write_op.cc:183] PREPARE: starting on tablet dc9a1535dcc14bb9a7d12f7d647437d5
0608 12:56:04.640900 (+ 29699us) write_op.cc:432] Acquiring schema lock in shared mode
0608 12:56:04.641362 (+   462us) write_op.cc:435] Acquired schema lock
0608 12:56:04.642077 (+   715us) tablet.cc:662] Decoding operations
0608 12:56:04.642577 (+   500us) write_op.cc:620] Acquiring the partition lock for write op
0608 12:56:04.642626 (+    49us) write_op.cc:641] Partition lock acquired for write op
0608 12:56:04.642654 (+    28us) tablet.cc:685] Acquiring locks for 4 operations
0608 12:56:04.643016 (+   362us) tablet.cc:701] Row locks acquired
0608 12:56:04.643037 (+    21us) write_op.cc:260] PREPARE: finished
0608 12:56:04.883334 (+240297us) spinlock_profiling.cc:243] Waited 4.84 ms on lock 0x7b340014c038. stack: 00007f66453db3a1 00007f66453db1c8 00007f6644bb6f11 000000000047f705 000000000047f658 00007f6646a5f4bb 00007f6646ae0a42 00007f664c6f2ec4 00007f664c6f2660 00007f664c6fc950 00007f664c6fc8b0 00007f664c6fc810 00007f664c6fc7b0 00007f664c6fa92f 000000000049a986 000000000049a618
0608 12:56:05.382906 (+499572us) spinlock_profiling.cc:243] Waited 4.54 ms on lock 0x7b2c000b7a88. stack: 00007f66453db3a1 00007f66453db1c8 00007f6644bb6f11 000000000047f705 000000000047f658 00007f664721299b 00007f664722c1e3 00007f664722bb68 00007f664722bac8 00007f6648c16ca8 00007f6648c16940 00007f664c6f31d2 00007f664c6f2660 00007f664c6fc950 00007f664c6fc8b0 00007f664c6fc810
0608 12:56:05.382974 (+    68us) write_op.cc:270] Start()
0608 12:56:05.383089 (+   115us) write_op.cc:276] Timestamp: P: 1780923364895572 usec, L: 0
0608 12:56:05.383110 (+    21us) op_driver.cc:348] REPLICATION: starting
0608 12:56:05.397411 (+ 14301us) log.cc:844] Serialized 475 byte log entry
0608 12:56:05.412387 (+ 14976us) spinlock_profiling.cc:243] Waited 13.6 ms on lock 0x7b54001dbfd4. stack: 00007f66453db3a1 00007f66453db1c8 00007f6644bb6f11 000000000047f705 000000000047f658 00007f6648a8e5cb 00007f6648b9b115 00007f664c6f3788 00007f664c6f2660 00007f664c6fc950 00007f664c6fc8b0 00007f664c6fc810 00007f664c6fc7b0 00007f664c6fa92f 000000000049a986 000000000049a618
0608 12:56:05.584137 (+171750us) op_driver.cc:464] REPLICATION: finished
0608 12:56:05.585141 (+  1004us) write_op.cc:301] APPLY: starting
0608 12:56:05.585222 (+    81us) tablet.cc:1367] starting BulkCheckPresence
0608 12:56:05.585389 (+   167us) tablet.cc:1370] finished BulkCheckPresence
0608 12:56:05.585411 (+    22us) tablet.cc:1372] starting ApplyRowOperation cycle
0608 12:56:05.586055 (+   644us) tablet.cc:1383] finished ApplyRowOperation cycle
0608 12:56:05.586257 (+   202us) tablet_metrics.cc:581] ProbeStats: bloom_lookups=0,key_file_lookups=0,delta_file_lookups=0,mrs_lookups=0
0608 12:56:05.586301 (+    44us) write_op.cc:312] APPLY: finished
0608 12:56:05.586535 (+   234us) log.cc:844] Serialized 40 byte log entry
0608 12:56:05.586739 (+   204us) write_op.cc:489] Releasing partition, row and schema locks
0608 12:56:05.586823 (+    84us) write_op.cc:454] Released schema lock
0608 12:56:05.586863 (+    40us) write_op.cc:341] FINISH: Updating metrics
Metrics: {"child_traces":[["op",{"apply.queue_time_us":801,"num_ops":4,"prepare.queue_time_us":108745,"prepare.run_cpu_time_us":29484,"prepare.run_wall_time_us":804440,"replication_time_us":200917,"spinlock_wait_cycles":52879232}]]}
I20260608 12:56:05.608031 21682 rpcz_store.cc:276] 0608 12:56:04.604769 (+     0us) service_pool.cc:167] Inserting onto call queue
0608 12:56:04.606160 (+  1391us) service_pool.cc:224] Handling call
0608 12:56:04.898062 (+291902us) spinlock_profiling.cc:243] Waited 2.27 ms on lock 0x7b340014c038. stack: 00007f66453db3a1 00007f66453db1c8 00007f6644bb6f11 000000000047f705 000000000047f658 00007f6646a5f4bb 00007f6646adf64f 00007f6646b63c24 00007f6646b68faf 00007f6646b6b7eb 00007f6646b6b740 00007f6646b6b6a0 00007f6646b6b640 00007f6646b6996f 000000000049a986 000000000049a618
0608 12:56:05.606493 (+708431us) inbound_call.cc:177] Queueing success response
Related trace 'op':
0608 12:56:05.416929 (+     0us) write_op.cc:183] PREPARE: starting on tablet dc9a1535dcc14bb9a7d12f7d647437d5
0608 12:56:05.417505 (+   576us) write_op.cc:432] Acquiring schema lock in shared mode
0608 12:56:05.417541 (+    36us) write_op.cc:435] Acquired schema lock
0608 12:56:05.417557 (+    16us) tablet.cc:662] Decoding operations
0608 12:56:05.418047 (+   490us) write_op.cc:620] Acquiring the partition lock for write op
0608 12:56:05.418108 (+    61us) write_op.cc:641] Partition lock acquired for write op
0608 12:56:05.418138 (+    30us) tablet.cc:685] Acquiring locks for 5 operations
0608 12:56:05.418521 (+   383us) tablet.cc:701] Row locks acquired
0608 12:56:05.418544 (+    23us) write_op.cc:260] PREPARE: finished
0608 12:56:05.418720 (+   176us) write_op.cc:270] Start()
0608 12:56:05.418877 (+   157us) write_op.cc:276] Timestamp: P: 1780923365418677 usec, L: 0
0608 12:56:05.418898 (+    21us) op_driver.cc:348] REPLICATION: starting
0608 12:56:05.419541 (+   643us) log.cc:844] Serialized 519 byte log entry
0608 12:56:05.584740 (+165199us) op_driver.cc:464] REPLICATION: finished
0608 12:56:05.596486 (+ 11746us) write_op.cc:301] APPLY: starting
0608 12:56:05.596551 (+    65us) tablet.cc:1367] starting BulkCheckPresence
0608 12:56:05.596714 (+   163us) tablet.cc:1370] finished BulkCheckPresence
0608 12:56:05.596806 (+    92us) tablet.cc:1372] starting ApplyRowOperation cycle
0608 12:56:05.605351 (+  8545us) tablet.cc:1383] finished ApplyRowOperation cycle
0608 12:56:05.605534 (+   183us) tablet_metrics.cc:581] ProbeStats: bloom_lookups=0,key_file_lookups=0,delta_file_lookups=0,mrs_lookups=0
0608 12:56:05.605582 (+    48us) write_op.cc:312] APPLY: finished
0608 12:56:05.605807 (+   225us) log.cc:844] Serialized 46 byte log entry
0608 12:56:05.606033 (+   226us) write_op.cc:489] Releasing partition, row and schema locks
0608 12:56:05.606132 (+    99us) write_op.cc:454] Released schema lock
0608 12:56:05.606176 (+    44us) write_op.cc:341] FINISH: Updating metrics
Metrics: {"spinlock_wait_cycles":5212544,"child_traces":[["op",{"apply.queue_time_us":11585,"num_ops":5,"prepare.queue_time_us":449910,"prepare.run_cpu_time_us":2915,"prepare.run_wall_time_us":21001,"replication_time_us":165736}]]}
W20260608 12:56:05.981806 21475 outbound_call.cc:321] RPC callback for RPC call kudu.consensus.ConsensusService.UpdateConsensus -> {remote=127.16.131.1:46881, user_credentials={real_user=slave}} blocked reactor thread for 59267.8us
W20260608 12:56:06.080421 21326 outbound_call.cc:321] RPC callback for RPC call kudu.consensus.ConsensusService.UpdateConsensus -> {remote=127.16.131.2:41713, user_credentials={real_user=slave}} blocked reactor thread for 87723.9us
W20260608 12:56:06.383909 21326 outbound_call.cc:321] RPC callback for RPC call kudu.consensus.ConsensusService.UpdateConsensus -> {remote=127.16.131.2:41713, user_credentials={real_user=slave}} blocked reactor thread for 45043.9us
W20260608 12:56:06.766491 21401 outbound_call.cc:321] RPC callback for RPC call kudu.consensus.ConsensusService.UpdateConsensus -> {remote=127.16.131.1:46881, user_credentials={real_user=slave}} blocked reactor thread for 104599us
W20260608 12:56:06.840497 21401 outbound_call.cc:321] RPC callback for RPC call kudu.consensus.ConsensusService.UpdateConsensus -> {remote=127.16.131.3:46871, user_credentials={real_user=slave}} blocked reactor thread for 72777.6us
W20260608 12:56:06.969607 21401 outbound_call.cc:321] RPC callback for RPC call kudu.consensus.ConsensusService.UpdateConsensus -> {remote=127.16.131.3:46871, user_credentials={real_user=slave}} blocked reactor thread for 81498.9us
W20260608 12:56:07.220291 21640 meta_cache.cc:1261] Time spent looking up entry by key: real 0.059s	user 0.000s	sys 0.000s
W20260608 12:56:08.887589 21401 outbound_call.cc:321] RPC callback for RPC call kudu.consensus.ConsensusService.UpdateConsensus -> {remote=127.16.131.3:46871, user_credentials={real_user=slave}} blocked reactor thread for 156077us
I20260608 12:56:09.144032 16908 file_cache.cc:492] Constructed file cache file cache with capacity 419430
W20260608 12:56:09.152434 21773 instance_detector.cc:116] could not retrieve AWS instance metadata: Network error: curl error: HTTP response code said error: The requested URL returned error: 404
W20260608 12:56:09.153198 21774 instance_detector.cc:116] could not retrieve Azure instance metadata: Network error: curl error: HTTP response code said error: The requested URL returned error: 404
I20260608 12:56:09.155560 16908 server_base.cc:1061] running on GCE node
W20260608 12:56:09.156107 21776 instance_detector.cc:116] could not retrieve OpenStack instance metadata: Network error: curl error: HTTP response code said error: The requested URL returned error: 404
I20260608 12:56:09.158254 16908 hybrid_clock.cc:584] initializing the hybrid clock with 'system_unsync' time source
W20260608 12:56:09.158452 16908 system_unsync_time.cc:38] NTP support is disabled. Clock error bounds will not be accurate. This configuration is not suitable for distributed clusters.
I20260608 12:56:09.158593 16908 hybrid_clock.cc:648] HybridClock initialized: now 1780923369158583 us; error 0 us; skew 500 ppm
I20260608 12:56:09.159109 16908 server_base.cc:861] Flag tcmalloc_max_total_thread_cache_bytes is not working since tcmalloc is not enabled.
I20260608 12:56:09.162101 16908 webserver.cc:533] Webserver started at http://127.16.131.4:40103/ using document root <none> and password file <none>
I20260608 12:56:09.162612 16908 fs_manager.cc:362] Metadata directory not provided
I20260608 12:56:09.162794 16908 fs_manager.cc:368] Using write-ahead log directory (fs_wal_dir) as metadata directory
I20260608 12:56:09.163054 16908 server_base.cc:909] This appears to be a new deployment of Kudu; creating new FS layout
I20260608 12:56:09.164438 16908 fs_manager.cc:1068] Generated new instance metadata in path /tmp/dist-test-taskTtTyY8/test-tmp/auto_rebalancer-test.0.AutoRebalancerTest.TestMaxMovesPerServer.1780923245219432-16908-0/minicluster-data/ts-3-root/instance:
uuid: "a3e2903674dc4e6ba04530ad5f2a5527"
format_stamp: "Formatted at 2026-06-08 12:56:09 on dist-test-slave-3g00"
I20260608 12:56:09.169381 16908 fs_manager.cc:696] Time spent creating directory manager: real 0.004s	user 0.003s	sys 0.001s
I20260608 12:56:09.173224 21781 log_block_manager.cc:4031] Time spent loading block containers with low live blocks: real 0.000s	user 0.000s	sys 0.000s
I20260608 12:56:09.174101 16908 fs_manager.cc:730] Time spent opening block manager: real 0.003s	user 0.002s	sys 0.001s
I20260608 12:56:09.174428 16908 fs_manager.cc:647] Opened local filesystem: /tmp/dist-test-taskTtTyY8/test-tmp/auto_rebalancer-test.0.AutoRebalancerTest.TestMaxMovesPerServer.1780923245219432-16908-0/minicluster-data/ts-3-root
uuid: "a3e2903674dc4e6ba04530ad5f2a5527"
format_stamp: "Formatted at 2026-06-08 12:56:09 on dist-test-slave-3g00"
I20260608 12:56:09.174729 16908 fs_report.cc:389] FS layout report
--------------------
wal directory: /tmp/dist-test-taskTtTyY8/test-tmp/auto_rebalancer-test.0.AutoRebalancerTest.TestMaxMovesPerServer.1780923245219432-16908-0/minicluster-data/ts-3-root
metadata directory: /tmp/dist-test-taskTtTyY8/test-tmp/auto_rebalancer-test.0.AutoRebalancerTest.TestMaxMovesPerServer.1780923245219432-16908-0/minicluster-data/ts-3-root
1 data directories: /tmp/dist-test-taskTtTyY8/test-tmp/auto_rebalancer-test.0.AutoRebalancerTest.TestMaxMovesPerServer.1780923245219432-16908-0/minicluster-data/ts-3-root/data
Total live blocks: 0
Total live bytes: 0
Total live bytes (after alignment): 0
Total number of LBM containers: 0 (0 full)
Did not check for missing blocks
Did not check for orphaned blocks
Total full LBM containers with extra space: 0 (0 repaired)
Total full LBM container extra space in bytes: 0 (0 repaired)
Total incomplete LBM containers: 0 (0 repaired)
Total LBM partial records: 0 (0 repaired)
Total corrupted LBM metadata records in RocksDB: 0 (0 repaired)
I20260608 12:56:09.185779 16908 rpc_server.cc:225] running with OpenSSL 1.1.1  11 Sep 2018
I20260608 12:56:09.187136 16908 kserver.cc:163] Server-wide thread pool size limit: 3276
I20260608 12:56:09.188673 16908 txn_system_client.cc:432] TxnSystemClient initialization is disabled...
I20260608 12:56:09.191202 16908 ts_tablet_manager.cc:585] Loaded tablet metadata (0 total tablets, 0 live tablets)
I20260608 12:56:09.191411 16908 ts_tablet_manager.cc:531] Time spent load tablet metadata: real 0.000s	user 0.000s	sys 0.000s
I20260608 12:56:09.191666 16908 ts_tablet_manager.cc:616] Registered 0 tablets
I20260608 12:56:09.191841 16908 ts_tablet_manager.cc:595] Time spent register tablets: real 0.000s	user 0.000s	sys 0.000s
I20260608 12:56:09.237180 16908 rpc_server.cc:307] RPC server started. Bound to: 127.16.131.4:44021
I20260608 12:56:09.237308 21843 acceptor_pool.cc:272] collecting diagnostics on the listening RPC socket 127.16.131.4:44021 every 8 connection(s)
I20260608 12:56:09.243121 16908 file_cache.cc:492] Constructed file cache file cache with capacity 419430
W20260608 12:56:09.250737 21848 instance_detector.cc:116] could not retrieve AWS instance metadata: Network error: curl error: HTTP response code said error: The requested URL returned error: 404
W20260608 12:56:09.252652 21849 instance_detector.cc:116] could not retrieve Azure instance metadata: Network error: curl error: HTTP response code said error: The requested URL returned error: 404
W20260608 12:56:09.255640 21851 instance_detector.cc:116] could not retrieve OpenStack instance metadata: Network error: curl error: HTTP response code said error: The requested URL returned error: 404
I20260608 12:56:09.256531 16908 server_base.cc:1061] running on GCE node
I20260608 12:56:09.257004 21844 heartbeater.cc:344] Connected to a master server at 127.16.131.62:35307
I20260608 12:56:09.257486 21844 heartbeater.cc:461] Registering TS with master...
I20260608 12:56:09.258492 21844 heartbeater.cc:507] Master 127.16.131.62:35307 requested a full tablet report, sending...
I20260608 12:56:09.258741 16908 hybrid_clock.cc:584] initializing the hybrid clock with 'system_unsync' time source
W20260608 12:56:09.259035 16908 system_unsync_time.cc:38] NTP support is disabled. Clock error bounds will not be accurate. This configuration is not suitable for distributed clusters.
I20260608 12:56:09.259266 16908 hybrid_clock.cc:648] HybridClock initialized: now 1780923369259246 us; error 0 us; skew 500 ppm
I20260608 12:56:09.259948 16908 server_base.cc:861] Flag tcmalloc_max_total_thread_cache_bytes is not working since tcmalloc is not enabled.
I20260608 12:56:09.260882 21252 ts_manager.cc:194] Registered new tserver with Master: a3e2903674dc4e6ba04530ad5f2a5527 (127.16.131.4:44021)
I20260608 12:56:09.262647 16908 webserver.cc:533] Webserver started at http://127.16.131.5:46411/ using document root <none> and password file <none>
I20260608 12:56:09.262712 21252 master_service.cc:502] Signed X509 certificate for tserver {username='slave'} at 127.0.0.1:55914
I20260608 12:56:09.263258 16908 fs_manager.cc:362] Metadata directory not provided
I20260608 12:56:09.263484 16908 fs_manager.cc:368] Using write-ahead log directory (fs_wal_dir) as metadata directory
I20260608 12:56:09.263759 16908 server_base.cc:909] This appears to be a new deployment of Kudu; creating new FS layout
I20260608 12:56:09.265245 16908 fs_manager.cc:1068] Generated new instance metadata in path /tmp/dist-test-taskTtTyY8/test-tmp/auto_rebalancer-test.0.AutoRebalancerTest.TestMaxMovesPerServer.1780923245219432-16908-0/minicluster-data/ts-4-root/instance:
uuid: "e95aa6b980f64c3ea17278a585f78893"
format_stamp: "Formatted at 2026-06-08 12:56:09 on dist-test-slave-3g00"
I20260608 12:56:09.269728 16908 fs_manager.cc:696] Time spent creating directory manager: real 0.004s	user 0.000s	sys 0.004s
I20260608 12:56:09.273175 21856 log_block_manager.cc:4031] Time spent loading block containers with low live blocks: real 0.000s	user 0.000s	sys 0.000s
I20260608 12:56:09.273916 16908 fs_manager.cc:730] Time spent opening block manager: real 0.002s	user 0.002s	sys 0.001s
I20260608 12:56:09.274271 16908 fs_manager.cc:647] Opened local filesystem: /tmp/dist-test-taskTtTyY8/test-tmp/auto_rebalancer-test.0.AutoRebalancerTest.TestMaxMovesPerServer.1780923245219432-16908-0/minicluster-data/ts-4-root
uuid: "e95aa6b980f64c3ea17278a585f78893"
format_stamp: "Formatted at 2026-06-08 12:56:09 on dist-test-slave-3g00"
I20260608 12:56:09.274562 16908 fs_report.cc:389] FS layout report
--------------------
wal directory: /tmp/dist-test-taskTtTyY8/test-tmp/auto_rebalancer-test.0.AutoRebalancerTest.TestMaxMovesPerServer.1780923245219432-16908-0/minicluster-data/ts-4-root
metadata directory: /tmp/dist-test-taskTtTyY8/test-tmp/auto_rebalancer-test.0.AutoRebalancerTest.TestMaxMovesPerServer.1780923245219432-16908-0/minicluster-data/ts-4-root
1 data directories: /tmp/dist-test-taskTtTyY8/test-tmp/auto_rebalancer-test.0.AutoRebalancerTest.TestMaxMovesPerServer.1780923245219432-16908-0/minicluster-data/ts-4-root/data
Total live blocks: 0
Total live bytes: 0
Total live bytes (after alignment): 0
Total number of LBM containers: 0 (0 full)
Did not check for missing blocks
Did not check for orphaned blocks
Total full LBM containers with extra space: 0 (0 repaired)
Total full LBM container extra space in bytes: 0 (0 repaired)
Total incomplete LBM containers: 0 (0 repaired)
Total LBM partial records: 0 (0 repaired)
Total corrupted LBM metadata records in RocksDB: 0 (0 repaired)
I20260608 12:56:09.294677 16908 rpc_server.cc:225] running with OpenSSL 1.1.1  11 Sep 2018
I20260608 12:56:09.295867 16908 kserver.cc:163] Server-wide thread pool size limit: 3276
I20260608 12:56:09.297384 16908 txn_system_client.cc:432] TxnSystemClient initialization is disabled...
I20260608 12:56:09.299612 16908 ts_tablet_manager.cc:585] Loaded tablet metadata (0 total tablets, 0 live tablets)
I20260608 12:56:09.299840 16908 ts_tablet_manager.cc:531] Time spent load tablet metadata: real 0.000s	user 0.000s	sys 0.000s
I20260608 12:56:09.300103 16908 ts_tablet_manager.cc:616] Registered 0 tablets
I20260608 12:56:09.300340 16908 ts_tablet_manager.cc:595] Time spent register tablets: real 0.000s	user 0.000s	sys 0.000s
I20260608 12:56:09.362895 16908 rpc_server.cc:307] RPC server started. Bound to: 127.16.131.5:42019
I20260608 12:56:09.363003 21918 acceptor_pool.cc:272] collecting diagnostics on the listening RPC socket 127.16.131.5:42019 every 8 connection(s)
I20260608 12:56:09.369396 16908 file_cache.cc:492] Constructed file cache file cache with capacity 419430
W20260608 12:56:09.378345 21922 instance_detector.cc:116] could not retrieve AWS instance metadata: Network error: curl error: HTTP response code said error: The requested URL returned error: 404
W20260608 12:56:09.379087 21923 instance_detector.cc:116] could not retrieve Azure instance metadata: Network error: curl error: HTTP response code said error: The requested URL returned error: 404
I20260608 12:56:09.382421 21919 heartbeater.cc:344] Connected to a master server at 127.16.131.62:35307
I20260608 12:56:09.382884 21919 heartbeater.cc:461] Registering TS with master...
W20260608 12:56:09.383090 21925 instance_detector.cc:116] could not retrieve OpenStack instance metadata: Network error: curl error: HTTP response code said error: The requested URL returned error: 404
I20260608 12:56:09.384388 21919 heartbeater.cc:507] Master 127.16.131.62:35307 requested a full tablet report, sending...
I20260608 12:56:09.385296 16908 server_base.cc:1061] running on GCE node
I20260608 12:56:09.386595 21252 ts_manager.cc:194] Registered new tserver with Master: e95aa6b980f64c3ea17278a585f78893 (127.16.131.5:42019)
I20260608 12:56:09.386981 16908 hybrid_clock.cc:584] initializing the hybrid clock with 'system_unsync' time source
W20260608 12:56:09.387220 16908 system_unsync_time.cc:38] NTP support is disabled. Clock error bounds will not be accurate. This configuration is not suitable for distributed clusters.
I20260608 12:56:09.387394 16908 hybrid_clock.cc:648] HybridClock initialized: now 1780923369387380 us; error 0 us; skew 500 ppm
I20260608 12:56:09.387974 16908 server_base.cc:861] Flag tcmalloc_max_total_thread_cache_bytes is not working since tcmalloc is not enabled.
I20260608 12:56:09.387981 21252 master_service.cc:502] Signed X509 certificate for tserver {username='slave'} at 127.0.0.1:55918
I20260608 12:56:09.390771 16908 webserver.cc:533] Webserver started at http://127.16.131.6:42367/ using document root <none> and password file <none>
I20260608 12:56:09.391338 16908 fs_manager.cc:362] Metadata directory not provided
I20260608 12:56:09.391527 16908 fs_manager.cc:368] Using write-ahead log directory (fs_wal_dir) as metadata directory
I20260608 12:56:09.391798 16908 server_base.cc:909] This appears to be a new deployment of Kudu; creating new FS layout
I20260608 12:56:09.392951 16908 fs_manager.cc:1068] Generated new instance metadata in path /tmp/dist-test-taskTtTyY8/test-tmp/auto_rebalancer-test.0.AutoRebalancerTest.TestMaxMovesPerServer.1780923245219432-16908-0/minicluster-data/ts-5-root/instance:
uuid: "254ead2457d14099b65b221a51d5624b"
format_stamp: "Formatted at 2026-06-08 12:56:09 on dist-test-slave-3g00"
I20260608 12:56:09.397485 16908 fs_manager.cc:696] Time spent creating directory manager: real 0.004s	user 0.004s	sys 0.000s
I20260608 12:56:09.401446 21930 log_block_manager.cc:4031] Time spent loading block containers with low live blocks: real 0.000s	user 0.000s	sys 0.000s
I20260608 12:56:09.402315 16908 fs_manager.cc:730] Time spent opening block manager: real 0.003s	user 0.003s	sys 0.001s
I20260608 12:56:09.402633 16908 fs_manager.cc:647] Opened local filesystem: /tmp/dist-test-taskTtTyY8/test-tmp/auto_rebalancer-test.0.AutoRebalancerTest.TestMaxMovesPerServer.1780923245219432-16908-0/minicluster-data/ts-5-root
uuid: "254ead2457d14099b65b221a51d5624b"
format_stamp: "Formatted at 2026-06-08 12:56:09 on dist-test-slave-3g00"
I20260608 12:56:09.402913 16908 fs_report.cc:389] FS layout report
--------------------
wal directory: /tmp/dist-test-taskTtTyY8/test-tmp/auto_rebalancer-test.0.AutoRebalancerTest.TestMaxMovesPerServer.1780923245219432-16908-0/minicluster-data/ts-5-root
metadata directory: /tmp/dist-test-taskTtTyY8/test-tmp/auto_rebalancer-test.0.AutoRebalancerTest.TestMaxMovesPerServer.1780923245219432-16908-0/minicluster-data/ts-5-root
1 data directories: /tmp/dist-test-taskTtTyY8/test-tmp/auto_rebalancer-test.0.AutoRebalancerTest.TestMaxMovesPerServer.1780923245219432-16908-0/minicluster-data/ts-5-root/data
Total live blocks: 0
Total live bytes: 0
Total live bytes (after alignment): 0
Total number of LBM containers: 0 (0 full)
Did not check for missing blocks
Did not check for orphaned blocks
Total full LBM containers with extra space: 0 (0 repaired)
Total full LBM container extra space in bytes: 0 (0 repaired)
Total incomplete LBM containers: 0 (0 repaired)
Total LBM partial records: 0 (0 repaired)
Total corrupted LBM metadata records in RocksDB: 0 (0 repaired)
I20260608 12:56:09.442299 16908 rpc_server.cc:225] running with OpenSSL 1.1.1  11 Sep 2018
I20260608 12:56:09.443534 16908 kserver.cc:163] Server-wide thread pool size limit: 3276
I20260608 12:56:09.445493 16908 txn_system_client.cc:432] TxnSystemClient initialization is disabled...
I20260608 12:56:09.448215 16908 ts_tablet_manager.cc:585] Loaded tablet metadata (0 total tablets, 0 live tablets)
I20260608 12:56:09.448406 16908 ts_tablet_manager.cc:531] Time spent load tablet metadata: real 0.000s	user 0.000s	sys 0.000s
I20260608 12:56:09.448639 16908 ts_tablet_manager.cc:616] Registered 0 tablets
I20260608 12:56:09.448793 16908 ts_tablet_manager.cc:595] Time spent register tablets: real 0.000s	user 0.000s	sys 0.000s
I20260608 12:56:09.524601 16908 rpc_server.cc:307] RPC server started. Bound to: 127.16.131.6:36125
I20260608 12:56:09.525024 21992 acceptor_pool.cc:272] collecting diagnostics on the listening RPC socket 127.16.131.6:36125 every 8 connection(s)
I20260608 12:56:09.539908 21993 heartbeater.cc:344] Connected to a master server at 127.16.131.62:35307
I20260608 12:56:09.540324 21993 heartbeater.cc:461] Registering TS with master...
I20260608 12:56:09.541121 21993 heartbeater.cc:507] Master 127.16.131.62:35307 requested a full tablet report, sending...
I20260608 12:56:09.543200 21252 ts_manager.cc:194] Registered new tserver with Master: 254ead2457d14099b65b221a51d5624b (127.16.131.6:36125)
I20260608 12:56:09.544438 21252 master_service.cc:502] Signed X509 certificate for tserver {username='slave'} at 127.0.0.1:55930
I20260608 12:56:09.582551 21356 consensus_queue.cc:237] T 5aa6ac7460d44860a72686dac042e007 P 89044bfe4dc242079e5168899252d2b3 [LEADER]: Queue going to LEADER mode. State: All replicated index: 0, Majority replicated index: 25, Committed index: 25, Last appended: 1.25, Last appended by leader: 0, Current term: 1, Majority size: 2, State: 0, Mode: LEADER, active raft config: opid_index: 26 OBSOLETE_local: false peers { permanent_uuid: "89044bfe4dc242079e5168899252d2b3" member_type: VOTER last_known_addr { host: "127.16.131.1" port: 46881 } } peers { permanent_uuid: "a43ff408ac6345e0a50b818c1b8912dd" member_type: VOTER last_known_addr { host: "127.16.131.2" port: 41713 } } peers { permanent_uuid: "063086ac844d48b6b4d0727a6ae856f7" member_type: VOTER last_known_addr { host: "127.16.131.3" port: 46871 } attrs { replace: true } } peers { permanent_uuid: "254ead2457d14099b65b221a51d5624b" member_type: NON_VOTER last_known_addr { host: "127.16.131.6" port: 36125 } attrs { promote: true } }
I20260608 12:56:09.589109 21508 raft_consensus.cc:1275] T 5aa6ac7460d44860a72686dac042e007 P 063086ac844d48b6b4d0727a6ae856f7 [term 1 FOLLOWER]: Refusing update from remote peer 89044bfe4dc242079e5168899252d2b3: Log matching property violated. Preceding OpId in replica: term: 1 index: 25. Preceding OpId from leader: term: 1 index: 26. (index mismatch)
I20260608 12:56:09.589162 21434 raft_consensus.cc:1275] T 5aa6ac7460d44860a72686dac042e007 P a43ff408ac6345e0a50b818c1b8912dd [term 1 FOLLOWER]: Refusing update from remote peer 89044bfe4dc242079e5168899252d2b3: Log matching property violated. Preceding OpId in replica: term: 1 index: 25. Preceding OpId from leader: term: 1 index: 26. (index mismatch)
I20260608 12:56:09.591492 21623 consensus_queue.cc:1048] T 5aa6ac7460d44860a72686dac042e007 P 89044bfe4dc242079e5168899252d2b3 [LEADER]: Connected to new peer: Peer: permanent_uuid: "063086ac844d48b6b4d0727a6ae856f7" member_type: VOTER last_known_addr { host: "127.16.131.3" port: 46871 } attrs { replace: true }, Status: LMP_MISMATCH, Last received: 0.0, Next index: 26, Last known committed idx: 25, Time since last communication: 0.001s
I20260608 12:56:09.592783 21719 consensus_queue.cc:1048] T 5aa6ac7460d44860a72686dac042e007 P 89044bfe4dc242079e5168899252d2b3 [LEADER]: Connected to new peer: Peer: permanent_uuid: "a43ff408ac6345e0a50b818c1b8912dd" member_type: VOTER last_known_addr { host: "127.16.131.2" port: 41713 }, Status: LMP_MISMATCH, Last received: 0.0, Next index: 26, Last known committed idx: 25, Time since last communication: 0.001s
I20260608 12:56:09.600232 21753 raft_consensus.cc:2955] T 5aa6ac7460d44860a72686dac042e007 P 89044bfe4dc242079e5168899252d2b3 [term 1 LEADER]: Committing config change with OpId 1.26: config changed from index -1 to 26, NON_VOTER 254ead2457d14099b65b221a51d5624b (127.16.131.6) added. New config: { opid_index: 26 OBSOLETE_local: false peers { permanent_uuid: "89044bfe4dc242079e5168899252d2b3" member_type: VOTER last_known_addr { host: "127.16.131.1" port: 46881 } } peers { permanent_uuid: "a43ff408ac6345e0a50b818c1b8912dd" member_type: VOTER last_known_addr { host: "127.16.131.2" port: 41713 } } peers { permanent_uuid: "063086ac844d48b6b4d0727a6ae856f7" member_type: VOTER last_known_addr { host: "127.16.131.3" port: 46871 } attrs { replace: true } } peers { permanent_uuid: "254ead2457d14099b65b221a51d5624b" member_type: NON_VOTER last_known_addr { host: "127.16.131.6" port: 36125 } attrs { promote: true } } }
W20260608 12:56:09.603605 21323 consensus_peers.cc:597] T 5aa6ac7460d44860a72686dac042e007 P 89044bfe4dc242079e5168899252d2b3 -> Peer 254ead2457d14099b65b221a51d5624b (127.16.131.6:36125): Couldn't send request to peer 254ead2457d14099b65b221a51d5624b. Error code: TABLET_NOT_FOUND (6). Status: Not found: Tablet not found: 5aa6ac7460d44860a72686dac042e007. This is attempt 1: this message will repeat every 5th retry.
I20260608 12:56:09.607165 21434 raft_consensus.cc:2955] T 5aa6ac7460d44860a72686dac042e007 P a43ff408ac6345e0a50b818c1b8912dd [term 1 FOLLOWER]: Committing config change with OpId 1.26: config changed from index -1 to 26, NON_VOTER 254ead2457d14099b65b221a51d5624b (127.16.131.6) added. New config: { opid_index: 26 OBSOLETE_local: false peers { permanent_uuid: "89044bfe4dc242079e5168899252d2b3" member_type: VOTER last_known_addr { host: "127.16.131.1" port: 46881 } } peers { permanent_uuid: "a43ff408ac6345e0a50b818c1b8912dd" member_type: VOTER last_known_addr { host: "127.16.131.2" port: 41713 } } peers { permanent_uuid: "063086ac844d48b6b4d0727a6ae856f7" member_type: VOTER last_known_addr { host: "127.16.131.3" port: 46871 } attrs { replace: true } } peers { permanent_uuid: "254ead2457d14099b65b221a51d5624b" member_type: NON_VOTER last_known_addr { host: "127.16.131.6" port: 36125 } attrs { promote: true } } }
I20260608 12:56:09.607409 21508 raft_consensus.cc:2955] T 5aa6ac7460d44860a72686dac042e007 P 063086ac844d48b6b4d0727a6ae856f7 [term 1 FOLLOWER]: Committing config change with OpId 1.26: config changed from index -1 to 26, NON_VOTER 254ead2457d14099b65b221a51d5624b (127.16.131.6) added. New config: { opid_index: 26 OBSOLETE_local: false peers { permanent_uuid: "89044bfe4dc242079e5168899252d2b3" member_type: VOTER last_known_addr { host: "127.16.131.1" port: 46881 } } peers { permanent_uuid: "a43ff408ac6345e0a50b818c1b8912dd" member_type: VOTER last_known_addr { host: "127.16.131.2" port: 41713 } } peers { permanent_uuid: "063086ac844d48b6b4d0727a6ae856f7" member_type: VOTER last_known_addr { host: "127.16.131.3" port: 46871 } attrs { replace: true } } peers { permanent_uuid: "254ead2457d14099b65b221a51d5624b" member_type: NON_VOTER last_known_addr { host: "127.16.131.6" port: 36125 } attrs { promote: true } } }
I20260608 12:56:09.617698 21252 catalog_manager.cc:5696] T 5aa6ac7460d44860a72686dac042e007 P 89044bfe4dc242079e5168899252d2b3 reported cstate change: config changed from index -1 to 26, NON_VOTER 254ead2457d14099b65b221a51d5624b (127.16.131.6) added. New cstate: current_term: 1 leader_uuid: "89044bfe4dc242079e5168899252d2b3" committed_config { opid_index: 26 OBSOLETE_local: false peers { permanent_uuid: "89044bfe4dc242079e5168899252d2b3" member_type: VOTER last_known_addr { host: "127.16.131.1" port: 46881 } health_report { overall_health: HEALTHY } } peers { permanent_uuid: "a43ff408ac6345e0a50b818c1b8912dd" member_type: VOTER last_known_addr { host: "127.16.131.2" port: 41713 } health_report { overall_health: HEALTHY } } peers { permanent_uuid: "063086ac844d48b6b4d0727a6ae856f7" member_type: VOTER last_known_addr { host: "127.16.131.3" port: 46871 } attrs { replace: true } health_report { overall_health: HEALTHY } } peers { permanent_uuid: "254ead2457d14099b65b221a51d5624b" member_type: NON_VOTER last_known_addr { host: "127.16.131.6" port: 36125 } attrs { promote: true } health_report { overall_health: UNKNOWN } } }
I20260608 12:56:09.643973 21508 consensus_queue.cc:237] T c5cf7a5efc7c4330901605068e364527 P 063086ac844d48b6b4d0727a6ae856f7 [LEADER]: Queue going to LEADER mode. State: All replicated index: 0, Majority replicated index: 26, Committed index: 26, Last appended: 1.26, Last appended by leader: 0, Current term: 1, Majority size: 2, State: 0, Mode: LEADER, active raft config: opid_index: 27 OBSOLETE_local: false peers { permanent_uuid: "89044bfe4dc242079e5168899252d2b3" member_type: VOTER last_known_addr { host: "127.16.131.1" port: 46881 } } peers { permanent_uuid: "a43ff408ac6345e0a50b818c1b8912dd" member_type: VOTER last_known_addr { host: "127.16.131.2" port: 41713 } attrs { replace: true } } peers { permanent_uuid: "063086ac844d48b6b4d0727a6ae856f7" member_type: VOTER last_known_addr { host: "127.16.131.3" port: 46871 } } peers { permanent_uuid: "a3e2903674dc4e6ba04530ad5f2a5527" member_type: NON_VOTER last_known_addr { host: "127.16.131.4" port: 44021 } attrs { promote: true } }
I20260608 12:56:09.654949 21434 raft_consensus.cc:1275] T c5cf7a5efc7c4330901605068e364527 P a43ff408ac6345e0a50b818c1b8912dd [term 1 FOLLOWER]: Refusing update from remote peer 063086ac844d48b6b4d0727a6ae856f7: Log matching property violated. Preceding OpId in replica: term: 1 index: 26. Preceding OpId from leader: term: 1 index: 27. (index mismatch)
I20260608 12:56:09.657567 21616 consensus_queue.cc:1048] T c5cf7a5efc7c4330901605068e364527 P 063086ac844d48b6b4d0727a6ae856f7 [LEADER]: Connected to new peer: Peer: permanent_uuid: "a43ff408ac6345e0a50b818c1b8912dd" member_type: VOTER last_known_addr { host: "127.16.131.2" port: 41713 } attrs { replace: true }, Status: LMP_MISMATCH, Last received: 0.0, Next index: 27, Last known committed idx: 26, Time since last communication: 0.000s
I20260608 12:56:09.662551 21356 raft_consensus.cc:1275] T c5cf7a5efc7c4330901605068e364527 P 89044bfe4dc242079e5168899252d2b3 [term 1 FOLLOWER]: Refusing update from remote peer 063086ac844d48b6b4d0727a6ae856f7: Log matching property violated. Preceding OpId in replica: term: 1 index: 26. Preceding OpId from leader: term: 1 index: 27. (index mismatch)
I20260608 12:56:09.665627 22009 consensus_queue.cc:1048] T c5cf7a5efc7c4330901605068e364527 P 063086ac844d48b6b4d0727a6ae856f7 [LEADER]: Connected to new peer: Peer: permanent_uuid: "89044bfe4dc242079e5168899252d2b3" member_type: VOTER last_known_addr { host: "127.16.131.1" port: 46881 }, Status: LMP_MISMATCH, Last received: 0.0, Next index: 27, Last known committed idx: 26, Time since last communication: 0.001s
