I20260608 12:56:04.775395 21457 raft_consensus.cc:3060] T 1a871d30d0d44af08effbdbbce4ddbbb P 74f6d20e5209453e89384b09be7bcc9e [term 0 FOLLOWER]: Advancing to term 1
I20260608 12:56:04.776547 21676 leader_election.cc:290] T 955212cec7284646869ae0407c74b02c P 968b4a95dc1b42a9b0e0f3c8fc013156 [CANDIDATE]: Term 1 pre-election: Requested pre-vote from peers 74f6d20e5209453e89384b09be7bcc9e (127.16.153.129:35015), e1dee839386f4b60b33d89e6515d0c66 (127.16.153.130:42661)
I20260608 12:56:04.779306 21531 tablet_service.cc:1917] Received RequestConsensusVote() RPC: tablet_id: "955212cec7284646869ae0407c74b02c" candidate_uuid: "968b4a95dc1b42a9b0e0f3c8fc013156" candidate_term: 1 candidate_status { last_received { term: 0 index: 0 } } ignore_live_leader: false dest_uuid: "e1dee839386f4b60b33d89e6515d0c66" is_pre_election: true
I20260608 12:56:04.781100 21456 tablet_service.cc:1917] Received RequestConsensusVote() RPC: tablet_id: "955212cec7284646869ae0407c74b02c" candidate_uuid: "968b4a95dc1b42a9b0e0f3c8fc013156" candidate_term: 1 candidate_status { last_received { term: 0 index: 0 } } ignore_live_leader: false dest_uuid: "74f6d20e5209453e89384b09be7bcc9e" is_pre_election: true
I20260608 12:56:04.780545 21654 raft_consensus.cc:359] T 91fd023e983c4981935977f179de68cc P 74f6d20e5209453e89384b09be7bcc9e [term 0 FOLLOWER]: Replica starting. Triggering 0 pending ops. Active config: opid_index: -1 OBSOLETE_local: false peers { permanent_uuid: "74f6d20e5209453e89384b09be7bcc9e" member_type: VOTER last_known_addr { host: "127.16.153.129" port: 35015 } } peers { permanent_uuid: "e1dee839386f4b60b33d89e6515d0c66" member_type: VOTER last_known_addr { host: "127.16.153.130" port: 42661 } } peers { permanent_uuid: "968b4a95dc1b42a9b0e0f3c8fc013156" member_type: VOTER last_known_addr { host: "127.16.153.131" port: 42651 } }
I20260608 12:56:04.781826 21456 raft_consensus.cc:2468] T 955212cec7284646869ae0407c74b02c P 74f6d20e5209453e89384b09be7bcc9e [term 0 FOLLOWER]: Leader pre-election vote request: Granting yes vote for candidate 968b4a95dc1b42a9b0e0f3c8fc013156 in term 0.
I20260608 12:56:04.781948 21654 raft_consensus.cc:385] T 91fd023e983c4981935977f179de68cc P 74f6d20e5209453e89384b09be7bcc9e [term 0 FOLLOWER]: Consensus starting up: Expiring failure detector timer to make a prompt election more likely
W20260608 12:56:04.783699 21569 leader_election.cc:343] T 955212cec7284646869ae0407c74b02c P 968b4a95dc1b42a9b0e0f3c8fc013156 [CANDIDATE]: Term 1 pre-election: Tablet error from VoteRequest() call to peer e1dee839386f4b60b33d89e6515d0c66 (127.16.153.130:42661): Illegal state: must be running to vote when last-logged opid is not known
I20260608 12:56:04.783788 21654 raft_consensus.cc:740] T 91fd023e983c4981935977f179de68cc P 74f6d20e5209453e89384b09be7bcc9e [term 0 FOLLOWER]: Becoming Follower/Learner. State: Replica: 74f6d20e5209453e89384b09be7bcc9e, State: Initialized, Role: FOLLOWER
I20260608 12:56:04.784574 21569 leader_election.cc:304] T 955212cec7284646869ae0407c74b02c P 968b4a95dc1b42a9b0e0f3c8fc013156 [CANDIDATE]: Term 1 pre-election: Election decided. Result: candidate won. Election summary: received 3 responses out of 3 voters: 2 yes votes; 1 no votes. yes voters: 74f6d20e5209453e89384b09be7bcc9e, 968b4a95dc1b42a9b0e0f3c8fc013156; no voters: e1dee839386f4b60b33d89e6515d0c66
I20260608 12:56:04.785231 21651 tablet_bootstrap.cc:492] T a77fbc9b23ba4934975a01a14152e381 P e1dee839386f4b60b33d89e6515d0c66: No bootstrap required, opened a new log
I20260608 12:56:04.784852 21654 consensus_queue.cc:260] T 91fd023e983c4981935977f179de68cc P 74f6d20e5209453e89384b09be7bcc9e [NON_LEADER]: Queue going to NON_LEADER mode. State: All replicated index: 0, Majority replicated index: 0, Committed index: 0, Last appended: 0.0, Last appended by leader: 0, Current term: 0, Majority size: -1, State: 0, Mode: NON_LEADER, active raft config: opid_index: -1 OBSOLETE_local: false peers { permanent_uuid: "74f6d20e5209453e89384b09be7bcc9e" member_type: VOTER last_known_addr { host: "127.16.153.129" port: 35015 } } peers { permanent_uuid: "e1dee839386f4b60b33d89e6515d0c66" member_type: VOTER last_known_addr { host: "127.16.153.130" port: 42661 } } peers { permanent_uuid: "968b4a95dc1b42a9b0e0f3c8fc013156" member_type: VOTER last_known_addr { host: "127.16.153.131" port: 42651 } }
I20260608 12:56:04.785756 21676 raft_consensus.cc:2804] T 955212cec7284646869ae0407c74b02c P 968b4a95dc1b42a9b0e0f3c8fc013156 [term 0 FOLLOWER]: Leader pre-election won for term 1
I20260608 12:56:04.786198 21676 raft_consensus.cc:493] T 955212cec7284646869ae0407c74b02c P 968b4a95dc1b42a9b0e0f3c8fc013156 [term 0 FOLLOWER]: Starting leader election (no leader contacted us within the election timeout)
I20260608 12:56:04.786566 21676 raft_consensus.cc:3060] T 955212cec7284646869ae0407c74b02c P 968b4a95dc1b42a9b0e0f3c8fc013156 [term 0 FOLLOWER]: Advancing to term 1
I20260608 12:56:04.788403 21532 raft_consensus.cc:2468] T 1a871d30d0d44af08effbdbbce4ddbbb P e1dee839386f4b60b33d89e6515d0c66 [term 1 FOLLOWER]: Leader election vote request: Granting yes vote for candidate 968b4a95dc1b42a9b0e0f3c8fc013156 in term 1.
I20260608 12:56:04.790199 21569 leader_election.cc:304] T 1a871d30d0d44af08effbdbbce4ddbbb P 968b4a95dc1b42a9b0e0f3c8fc013156 [CANDIDATE]: Term 1 election: Election decided. Result: candidate won. Election summary: received 2 responses out of 3 voters: 2 yes votes; 0 no votes. yes voters: 968b4a95dc1b42a9b0e0f3c8fc013156, e1dee839386f4b60b33d89e6515d0c66; no voters: 
I20260608 12:56:04.791399 21659 raft_consensus.cc:2804] T 1a871d30d0d44af08effbdbbce4ddbbb P 968b4a95dc1b42a9b0e0f3c8fc013156 [term 1 FOLLOWER]: Leader election won for term 1
I20260608 12:56:04.793776 21676 raft_consensus.cc:515] T 955212cec7284646869ae0407c74b02c P 968b4a95dc1b42a9b0e0f3c8fc013156 [term 1 FOLLOWER]: Starting leader election with config: opid_index: -1 OBSOLETE_local: false peers { permanent_uuid: "74f6d20e5209453e89384b09be7bcc9e" member_type: VOTER last_known_addr { host: "127.16.153.129" port: 35015 } } peers { permanent_uuid: "e1dee839386f4b60b33d89e6515d0c66" member_type: VOTER last_known_addr { host: "127.16.153.130" port: 42661 } } peers { permanent_uuid: "968b4a95dc1b42a9b0e0f3c8fc013156" member_type: VOTER last_known_addr { host: "127.16.153.131" port: 42651 } }
I20260608 12:56:04.796222 21676 leader_election.cc:290] T 955212cec7284646869ae0407c74b02c P 968b4a95dc1b42a9b0e0f3c8fc013156 [CANDIDATE]: Term 1 election: Requested vote from peers 74f6d20e5209453e89384b09be7bcc9e (127.16.153.129:35015), e1dee839386f4b60b33d89e6515d0c66 (127.16.153.130:42661)
I20260608 12:56:04.796314 21654 ts_tablet_manager.cc:1434] T 91fd023e983c4981935977f179de68cc P 74f6d20e5209453e89384b09be7bcc9e: Time spent starting tablet: real 0.029s	user 0.006s	sys 0.002s
I20260608 12:56:04.785741 21651 ts_tablet_manager.cc:1403] T a77fbc9b23ba4934975a01a14152e381 P e1dee839386f4b60b33d89e6515d0c66: Time spent bootstrapping tablet: real 0.036s	user 0.011s	sys 0.022s
I20260608 12:56:04.797505 21456 tablet_service.cc:1917] Received RequestConsensusVote() RPC: tablet_id: "955212cec7284646869ae0407c74b02c" candidate_uuid: "968b4a95dc1b42a9b0e0f3c8fc013156" candidate_term: 1 candidate_status { last_received { term: 0 index: 0 } } ignore_live_leader: false dest_uuid: "74f6d20e5209453e89384b09be7bcc9e"
I20260608 12:56:04.798528 21456 raft_consensus.cc:3060] T 955212cec7284646869ae0407c74b02c P 74f6d20e5209453e89384b09be7bcc9e [term 0 FOLLOWER]: Advancing to term 1
I20260608 12:56:04.800279 21651 raft_consensus.cc:359] T a77fbc9b23ba4934975a01a14152e381 P e1dee839386f4b60b33d89e6515d0c66 [term 0 FOLLOWER]: Replica starting. Triggering 0 pending ops. Active config: opid_index: -1 OBSOLETE_local: false peers { permanent_uuid: "74f6d20e5209453e89384b09be7bcc9e" member_type: VOTER last_known_addr { host: "127.16.153.129" port: 35015 } } peers { permanent_uuid: "e1dee839386f4b60b33d89e6515d0c66" member_type: VOTER last_known_addr { host: "127.16.153.130" port: 42661 } } peers { permanent_uuid: "968b4a95dc1b42a9b0e0f3c8fc013156" member_type: VOTER last_known_addr { host: "127.16.153.131" port: 42651 } }
I20260608 12:56:04.801069 21651 raft_consensus.cc:385] T a77fbc9b23ba4934975a01a14152e381 P e1dee839386f4b60b33d89e6515d0c66 [term 0 FOLLOWER]: Consensus starting up: Expiring failure detector timer to make a prompt election more likely
I20260608 12:56:04.801362 21651 raft_consensus.cc:740] T a77fbc9b23ba4934975a01a14152e381 P e1dee839386f4b60b33d89e6515d0c66 [term 0 FOLLOWER]: Becoming Follower/Learner. State: Replica: e1dee839386f4b60b33d89e6515d0c66, State: Initialized, Role: FOLLOWER
I20260608 12:56:04.802165 21651 consensus_queue.cc:260] T a77fbc9b23ba4934975a01a14152e381 P e1dee839386f4b60b33d89e6515d0c66 [NON_LEADER]: Queue going to NON_LEADER mode. State: All replicated index: 0, Majority replicated index: 0, Committed index: 0, Last appended: 0.0, Last appended by leader: 0, Current term: 0, Majority size: -1, State: 0, Mode: NON_LEADER, active raft config: opid_index: -1 OBSOLETE_local: false peers { permanent_uuid: "74f6d20e5209453e89384b09be7bcc9e" member_type: VOTER last_known_addr { host: "127.16.153.129" port: 35015 } } peers { permanent_uuid: "e1dee839386f4b60b33d89e6515d0c66" member_type: VOTER last_known_addr { host: "127.16.153.130" port: 42661 } } peers { permanent_uuid: "968b4a95dc1b42a9b0e0f3c8fc013156" member_type: VOTER last_known_addr { host: "127.16.153.131" port: 42651 } }
I20260608 12:56:04.804633 21651 ts_tablet_manager.cc:1434] T a77fbc9b23ba4934975a01a14152e381 P e1dee839386f4b60b33d89e6515d0c66: Time spent starting tablet: real 0.007s	user 0.003s	sys 0.003s
I20260608 12:56:04.805629 21651 tablet_bootstrap.cc:492] T ebeca4cf28fa4d34ba1ca723a5d02c36 P e1dee839386f4b60b33d89e6515d0c66: Bootstrap starting.
I20260608 12:56:04.805884 21654 tablet_bootstrap.cc:492] T b53f2db45772458e8ea69be9fd8f7aaf P 74f6d20e5209453e89384b09be7bcc9e: Bootstrap starting.
I20260608 12:56:04.807994 21531 tablet_service.cc:1917] Received RequestConsensusVote() RPC: tablet_id: "955212cec7284646869ae0407c74b02c" candidate_uuid: "968b4a95dc1b42a9b0e0f3c8fc013156" candidate_term: 1 candidate_status { last_received { term: 0 index: 0 } } ignore_live_leader: false dest_uuid: "e1dee839386f4b60b33d89e6515d0c66"
W20260608 12:56:04.810205 21569 leader_election.cc:343] T 955212cec7284646869ae0407c74b02c P 968b4a95dc1b42a9b0e0f3c8fc013156 [CANDIDATE]: Term 1 election: Tablet error from VoteRequest() call to peer e1dee839386f4b60b33d89e6515d0c66 (127.16.153.130:42661): Illegal state: must be running to vote when last-logged opid is not known
I20260608 12:56:04.812724 21654 tablet_bootstrap.cc:654] T b53f2db45772458e8ea69be9fd8f7aaf P 74f6d20e5209453e89384b09be7bcc9e: Neither blocks nor log segments found. Creating new log.
I20260608 12:56:04.812876 21651 tablet_bootstrap.cc:654] T ebeca4cf28fa4d34ba1ca723a5d02c36 P e1dee839386f4b60b33d89e6515d0c66: Neither blocks nor log segments found. Creating new log.
I20260608 12:56:04.825321 21651 tablet_bootstrap.cc:492] T ebeca4cf28fa4d34ba1ca723a5d02c36 P e1dee839386f4b60b33d89e6515d0c66: No bootstrap required, opened a new log
I20260608 12:56:04.825814 21651 ts_tablet_manager.cc:1403] T ebeca4cf28fa4d34ba1ca723a5d02c36 P e1dee839386f4b60b33d89e6515d0c66: Time spent bootstrapping tablet: real 0.020s	user 0.014s	sys 0.002s
I20260608 12:56:04.825815 21654 tablet_bootstrap.cc:492] T b53f2db45772458e8ea69be9fd8f7aaf P 74f6d20e5209453e89384b09be7bcc9e: No bootstrap required, opened a new log
I20260608 12:56:04.826543 21654 ts_tablet_manager.cc:1403] T b53f2db45772458e8ea69be9fd8f7aaf P 74f6d20e5209453e89384b09be7bcc9e: Time spent bootstrapping tablet: real 0.021s	user 0.014s	sys 0.004s
I20260608 12:56:04.828833 21651 raft_consensus.cc:359] T ebeca4cf28fa4d34ba1ca723a5d02c36 P e1dee839386f4b60b33d89e6515d0c66 [term 0 FOLLOWER]: Replica starting. Triggering 0 pending ops. Active config: opid_index: -1 OBSOLETE_local: false peers { permanent_uuid: "74f6d20e5209453e89384b09be7bcc9e" member_type: VOTER last_known_addr { host: "127.16.153.129" port: 35015 } } peers { permanent_uuid: "e1dee839386f4b60b33d89e6515d0c66" member_type: VOTER last_known_addr { host: "127.16.153.130" port: 42661 } } peers { permanent_uuid: "968b4a95dc1b42a9b0e0f3c8fc013156" member_type: VOTER last_known_addr { host: "127.16.153.131" port: 42651 } }
I20260608 12:56:04.829573 21651 raft_consensus.cc:385] T ebeca4cf28fa4d34ba1ca723a5d02c36 P e1dee839386f4b60b33d89e6515d0c66 [term 0 FOLLOWER]: Consensus starting up: Expiring failure detector timer to make a prompt election more likely
I20260608 12:56:04.829252 21654 raft_consensus.cc:359] T b53f2db45772458e8ea69be9fd8f7aaf P 74f6d20e5209453e89384b09be7bcc9e [term 0 FOLLOWER]: Replica starting. Triggering 0 pending ops. Active config: opid_index: -1 OBSOLETE_local: false peers { permanent_uuid: "74f6d20e5209453e89384b09be7bcc9e" member_type: VOTER last_known_addr { host: "127.16.153.129" port: 35015 } } peers { permanent_uuid: "e1dee839386f4b60b33d89e6515d0c66" member_type: VOTER last_known_addr { host: "127.16.153.130" port: 42661 } } peers { permanent_uuid: "968b4a95dc1b42a9b0e0f3c8fc013156" member_type: VOTER last_known_addr { host: "127.16.153.131" port: 42651 } }
I20260608 12:56:04.829862 21651 raft_consensus.cc:740] T ebeca4cf28fa4d34ba1ca723a5d02c36 P e1dee839386f4b60b33d89e6515d0c66 [term 0 FOLLOWER]: Becoming Follower/Learner. State: Replica: e1dee839386f4b60b33d89e6515d0c66, State: Initialized, Role: FOLLOWER
I20260608 12:56:04.830070 21654 raft_consensus.cc:385] T b53f2db45772458e8ea69be9fd8f7aaf P 74f6d20e5209453e89384b09be7bcc9e [term 0 FOLLOWER]: Consensus starting up: Expiring failure detector timer to make a prompt election more likely
I20260608 12:56:04.830529 21654 raft_consensus.cc:740] T b53f2db45772458e8ea69be9fd8f7aaf P 74f6d20e5209453e89384b09be7bcc9e [term 0 FOLLOWER]: Becoming Follower/Learner. State: Replica: 74f6d20e5209453e89384b09be7bcc9e, State: Initialized, Role: FOLLOWER
I20260608 12:56:04.830798 21651 consensus_queue.cc:260] T ebeca4cf28fa4d34ba1ca723a5d02c36 P e1dee839386f4b60b33d89e6515d0c66 [NON_LEADER]: Queue going to NON_LEADER mode. State: All replicated index: 0, Majority replicated index: 0, Committed index: 0, Last appended: 0.0, Last appended by leader: 0, Current term: 0, Majority size: -1, State: 0, Mode: NON_LEADER, active raft config: opid_index: -1 OBSOLETE_local: false peers { permanent_uuid: "74f6d20e5209453e89384b09be7bcc9e" member_type: VOTER last_known_addr { host: "127.16.153.129" port: 35015 } } peers { permanent_uuid: "e1dee839386f4b60b33d89e6515d0c66" member_type: VOTER last_known_addr { host: "127.16.153.130" port: 42661 } } peers { permanent_uuid: "968b4a95dc1b42a9b0e0f3c8fc013156" member_type: VOTER last_known_addr { host: "127.16.153.131" port: 42651 } }
I20260608 12:56:04.831420 21654 consensus_queue.cc:260] T b53f2db45772458e8ea69be9fd8f7aaf P 74f6d20e5209453e89384b09be7bcc9e [NON_LEADER]: Queue going to NON_LEADER mode. State: All replicated index: 0, Majority replicated index: 0, Committed index: 0, Last appended: 0.0, Last appended by leader: 0, Current term: 0, Majority size: -1, State: 0, Mode: NON_LEADER, active raft config: opid_index: -1 OBSOLETE_local: false peers { permanent_uuid: "74f6d20e5209453e89384b09be7bcc9e" member_type: VOTER last_known_addr { host: "127.16.153.129" port: 35015 } } peers { permanent_uuid: "e1dee839386f4b60b33d89e6515d0c66" member_type: VOTER last_known_addr { host: "127.16.153.130" port: 42661 } } peers { permanent_uuid: "968b4a95dc1b42a9b0e0f3c8fc013156" member_type: VOTER last_known_addr { host: "127.16.153.131" port: 42651 } }
I20260608 12:56:04.833364 21651 ts_tablet_manager.cc:1434] T ebeca4cf28fa4d34ba1ca723a5d02c36 P e1dee839386f4b60b33d89e6515d0c66: Time spent starting tablet: real 0.007s	user 0.008s	sys 0.000s
I20260608 12:56:04.834508 21651 tablet_bootstrap.cc:492] T 955212cec7284646869ae0407c74b02c P e1dee839386f4b60b33d89e6515d0c66: Bootstrap starting.
I20260608 12:56:04.835568 21660 raft_consensus.cc:493] T b19b2c711dc444cf84332a4606d2802a P 74f6d20e5209453e89384b09be7bcc9e [term 0 FOLLOWER]: Starting pre-election (no leader contacted us within the election timeout)
I20260608 12:56:04.836036 21660 raft_consensus.cc:515] T b19b2c711dc444cf84332a4606d2802a P 74f6d20e5209453e89384b09be7bcc9e [term 0 FOLLOWER]: Starting pre-election with config: opid_index: -1 OBSOLETE_local: false peers { permanent_uuid: "74f6d20e5209453e89384b09be7bcc9e" member_type: VOTER last_known_addr { host: "127.16.153.129" port: 35015 } } peers { permanent_uuid: "e1dee839386f4b60b33d89e6515d0c66" member_type: VOTER last_known_addr { host: "127.16.153.130" port: 42661 } } peers { permanent_uuid: "968b4a95dc1b42a9b0e0f3c8fc013156" member_type: VOTER last_known_addr { host: "127.16.153.131" port: 42651 } }
I20260608 12:56:04.838536 21660 leader_election.cc:290] T b19b2c711dc444cf84332a4606d2802a P 74f6d20e5209453e89384b09be7bcc9e [CANDIDATE]: Term 1 pre-election: Requested pre-vote from peers e1dee839386f4b60b33d89e6515d0c66 (127.16.153.130:42661), 968b4a95dc1b42a9b0e0f3c8fc013156 (127.16.153.131:42651)
I20260608 12:56:04.839994 21531 tablet_service.cc:1917] Received RequestConsensusVote() RPC: tablet_id: "b19b2c711dc444cf84332a4606d2802a" candidate_uuid: "74f6d20e5209453e89384b09be7bcc9e" candidate_term: 1 candidate_status { last_received { term: 0 index: 0 } } ignore_live_leader: false dest_uuid: "e1dee839386f4b60b33d89e6515d0c66" is_pre_election: true
I20260608 12:56:04.840883 21531 raft_consensus.cc:2468] T b19b2c711dc444cf84332a4606d2802a P e1dee839386f4b60b33d89e6515d0c66 [term 0 FOLLOWER]: Leader pre-election vote request: Granting yes vote for candidate 74f6d20e5209453e89384b09be7bcc9e in term 0.
I20260608 12:56:04.841451 21651 tablet_bootstrap.cc:654] T 955212cec7284646869ae0407c74b02c P e1dee839386f4b60b33d89e6515d0c66: Neither blocks nor log segments found. Creating new log.
I20260608 12:56:04.842907 21654 ts_tablet_manager.cc:1434] T b53f2db45772458e8ea69be9fd8f7aaf P 74f6d20e5209453e89384b09be7bcc9e: Time spent starting tablet: real 0.016s	user 0.006s	sys 0.000s
I20260608 12:56:04.844300 21605 tablet_service.cc:1917] Received RequestConsensusVote() RPC: tablet_id: "b19b2c711dc444cf84332a4606d2802a" candidate_uuid: "74f6d20e5209453e89384b09be7bcc9e" candidate_term: 1 candidate_status { last_received { term: 0 index: 0 } } ignore_live_leader: false dest_uuid: "968b4a95dc1b42a9b0e0f3c8fc013156" is_pre_election: true
I20260608 12:56:04.842644 21420 leader_election.cc:304] T b19b2c711dc444cf84332a4606d2802a P 74f6d20e5209453e89384b09be7bcc9e [CANDIDATE]: Term 1 pre-election: Election decided. Result: candidate won. Election summary: received 2 responses out of 3 voters: 2 yes votes; 0 no votes. yes voters: 74f6d20e5209453e89384b09be7bcc9e, e1dee839386f4b60b33d89e6515d0c66; no voters: 
I20260608 12:56:04.846715 21660 raft_consensus.cc:2804] T b19b2c711dc444cf84332a4606d2802a P 74f6d20e5209453e89384b09be7bcc9e [term 0 FOLLOWER]: Leader pre-election won for term 1
I20260608 12:56:04.847237 21660 raft_consensus.cc:493] T b19b2c711dc444cf84332a4606d2802a P 74f6d20e5209453e89384b09be7bcc9e [term 0 FOLLOWER]: Starting leader election (no leader contacted us within the election timeout)
I20260608 12:56:04.847679 21660 raft_consensus.cc:3060] T b19b2c711dc444cf84332a4606d2802a P 74f6d20e5209453e89384b09be7bcc9e [term 0 FOLLOWER]: Advancing to term 1
W20260608 12:56:04.854965 21420 leader_election.cc:343] T b19b2c711dc444cf84332a4606d2802a P 74f6d20e5209453e89384b09be7bcc9e [CANDIDATE]: Term 1 pre-election: Tablet error from VoteRequest() call to peer 968b4a95dc1b42a9b0e0f3c8fc013156 (127.16.153.131:42651): Illegal state: must be running to vote when last-logged opid is not known
I20260608 12:56:04.855808 21654 tablet_bootstrap.cc:492] T 9d0c35ebf0b14a66ba41dcd81473493e P 74f6d20e5209453e89384b09be7bcc9e: Bootstrap starting.
I20260608 12:56:04.863036 21676 raft_consensus.cc:493] T b53f2db45772458e8ea69be9fd8f7aaf P 968b4a95dc1b42a9b0e0f3c8fc013156 [term 0 FOLLOWER]: Starting pre-election (no leader contacted us within the election timeout)
I20260608 12:56:04.863926 21676 raft_consensus.cc:515] T b53f2db45772458e8ea69be9fd8f7aaf P 968b4a95dc1b42a9b0e0f3c8fc013156 [term 0 FOLLOWER]: Starting pre-election with config: opid_index: -1 OBSOLETE_local: false peers { permanent_uuid: "74f6d20e5209453e89384b09be7bcc9e" member_type: VOTER last_known_addr { host: "127.16.153.129" port: 35015 } } peers { permanent_uuid: "e1dee839386f4b60b33d89e6515d0c66" member_type: VOTER last_known_addr { host: "127.16.153.130" port: 42661 } } peers { permanent_uuid: "968b4a95dc1b42a9b0e0f3c8fc013156" member_type: VOTER last_known_addr { host: "127.16.153.131" port: 42651 } }
I20260608 12:56:04.866479 21654 tablet_bootstrap.cc:654] T 9d0c35ebf0b14a66ba41dcd81473493e P 74f6d20e5209453e89384b09be7bcc9e: Neither blocks nor log segments found. Creating new log.
I20260608 12:56:04.867058 21676 leader_election.cc:290] T b53f2db45772458e8ea69be9fd8f7aaf P 968b4a95dc1b42a9b0e0f3c8fc013156 [CANDIDATE]: Term 1 pre-election: Requested pre-vote from peers 74f6d20e5209453e89384b09be7bcc9e (127.16.153.129:35015), e1dee839386f4b60b33d89e6515d0c66 (127.16.153.130:42661)
I20260608 12:56:04.881184 21659 raft_consensus.cc:697] T 1a871d30d0d44af08effbdbbce4ddbbb P 968b4a95dc1b42a9b0e0f3c8fc013156 [term 1 LEADER]: Becoming Leader. State: Replica: 968b4a95dc1b42a9b0e0f3c8fc013156, State: Running, Role: LEADER
I20260608 12:56:04.883679 21659 consensus_queue.cc:237] T 1a871d30d0d44af08effbdbbce4ddbbb P 968b4a95dc1b42a9b0e0f3c8fc013156 [LEADER]: Queue going to LEADER mode. State: All replicated index: 0, Majority replicated index: 0, Committed index: 0, Last appended: 0.0, Last appended by leader: 0, Current term: 1, Majority size: 2, State: 0, Mode: LEADER, active raft config: opid_index: -1 OBSOLETE_local: false peers { permanent_uuid: "74f6d20e5209453e89384b09be7bcc9e" member_type: VOTER last_known_addr { host: "127.16.153.129" port: 35015 } } peers { permanent_uuid: "e1dee839386f4b60b33d89e6515d0c66" member_type: VOTER last_known_addr { host: "127.16.153.130" port: 42661 } } peers { permanent_uuid: "968b4a95dc1b42a9b0e0f3c8fc013156" member_type: VOTER last_known_addr { host: "127.16.153.131" port: 42651 } }
I20260608 12:56:04.875406 21455 tablet_service.cc:1917] Received RequestConsensusVote() RPC: tablet_id: "b53f2db45772458e8ea69be9fd8f7aaf" candidate_uuid: "968b4a95dc1b42a9b0e0f3c8fc013156" candidate_term: 1 candidate_status { last_received { term: 0 index: 0 } } ignore_live_leader: false dest_uuid: "74f6d20e5209453e89384b09be7bcc9e" is_pre_election: true
I20260608 12:56:04.893110 21698 raft_consensus.cc:493] T 70b5b01026a44a2a86df3f6b273ca7a8 P 74f6d20e5209453e89384b09be7bcc9e [term 0 FOLLOWER]: Starting pre-election (no leader contacted us within the election timeout)
I20260608 12:56:04.893426 21455 raft_consensus.cc:2468] T b53f2db45772458e8ea69be9fd8f7aaf P 74f6d20e5209453e89384b09be7bcc9e [term 0 FOLLOWER]: Leader pre-election vote request: Granting yes vote for candidate 968b4a95dc1b42a9b0e0f3c8fc013156 in term 0.
I20260608 12:56:04.894057 21696 raft_consensus.cc:493] T 91fd023e983c4981935977f179de68cc P 74f6d20e5209453e89384b09be7bcc9e [term 0 FOLLOWER]: Starting pre-election (no leader contacted us within the election timeout)
I20260608 12:56:04.893978 21698 raft_consensus.cc:515] T 70b5b01026a44a2a86df3f6b273ca7a8 P 74f6d20e5209453e89384b09be7bcc9e [term 0 FOLLOWER]: Starting pre-election with config: opid_index: -1 OBSOLETE_local: false peers { permanent_uuid: "74f6d20e5209453e89384b09be7bcc9e" member_type: VOTER last_known_addr { host: "127.16.153.129" port: 35015 } } peers { permanent_uuid: "e1dee839386f4b60b33d89e6515d0c66" member_type: VOTER last_known_addr { host: "127.16.153.130" port: 42661 } } peers { permanent_uuid: "968b4a95dc1b42a9b0e0f3c8fc013156" member_type: VOTER last_known_addr { host: "127.16.153.131" port: 42651 } }
I20260608 12:56:04.894816 21696 raft_consensus.cc:515] T 91fd023e983c4981935977f179de68cc P 74f6d20e5209453e89384b09be7bcc9e [term 0 FOLLOWER]: Starting pre-election with config: opid_index: -1 OBSOLETE_local: false peers { permanent_uuid: "74f6d20e5209453e89384b09be7bcc9e" member_type: VOTER last_known_addr { host: "127.16.153.129" port: 35015 } } peers { permanent_uuid: "e1dee839386f4b60b33d89e6515d0c66" member_type: VOTER last_known_addr { host: "127.16.153.130" port: 42661 } } peers { permanent_uuid: "968b4a95dc1b42a9b0e0f3c8fc013156" member_type: VOTER last_known_addr { host: "127.16.153.131" port: 42651 } }
I20260608 12:56:04.895761 21532 tablet_service.cc:1917] Received RequestConsensusVote() RPC: tablet_id: "b53f2db45772458e8ea69be9fd8f7aaf" candidate_uuid: "968b4a95dc1b42a9b0e0f3c8fc013156" candidate_term: 1 candidate_status { last_received { term: 0 index: 0 } } ignore_live_leader: false dest_uuid: "e1dee839386f4b60b33d89e6515d0c66" is_pre_election: true
I20260608 12:56:04.896492 21532 raft_consensus.cc:2468] T b53f2db45772458e8ea69be9fd8f7aaf P e1dee839386f4b60b33d89e6515d0c66 [term 0 FOLLOWER]: Leader pre-election vote request: Granting yes vote for candidate 968b4a95dc1b42a9b0e0f3c8fc013156 in term 0.
I20260608 12:56:04.897676 21698 leader_election.cc:290] T 70b5b01026a44a2a86df3f6b273ca7a8 P 74f6d20e5209453e89384b09be7bcc9e [CANDIDATE]: Term 1 pre-election: Requested pre-vote from peers e1dee839386f4b60b33d89e6515d0c66 (127.16.153.130:42661), 968b4a95dc1b42a9b0e0f3c8fc013156 (127.16.153.131:42651)
I20260608 12:56:04.897888 21457 raft_consensus.cc:2468] T 1a871d30d0d44af08effbdbbce4ddbbb P 74f6d20e5209453e89384b09be7bcc9e [term 1 FOLLOWER]: Leader election vote request: Granting yes vote for candidate 968b4a95dc1b42a9b0e0f3c8fc013156 in term 1.
I20260608 12:56:04.899802 21652 tablet_bootstrap.cc:492] T 53718f134d514555aeb6224625d7d041 P 968b4a95dc1b42a9b0e0f3c8fc013156: No bootstrap required, opened a new log
I20260608 12:56:04.900467 21652 ts_tablet_manager.cc:1403] T 53718f134d514555aeb6224625d7d041 P 968b4a95dc1b42a9b0e0f3c8fc013156: Time spent bootstrapping tablet: real 0.150s	user 0.032s	sys 0.073s
I20260608 12:56:04.898828 21660 raft_consensus.cc:515] T b19b2c711dc444cf84332a4606d2802a P 74f6d20e5209453e89384b09be7bcc9e [term 1 FOLLOWER]: Starting leader election with config: opid_index: -1 OBSOLETE_local: false peers { permanent_uuid: "74f6d20e5209453e89384b09be7bcc9e" member_type: VOTER last_known_addr { host: "127.16.153.129" port: 35015 } } peers { permanent_uuid: "e1dee839386f4b60b33d89e6515d0c66" member_type: VOTER last_known_addr { host: "127.16.153.130" port: 42661 } } peers { permanent_uuid: "968b4a95dc1b42a9b0e0f3c8fc013156" member_type: VOTER last_known_addr { host: "127.16.153.131" port: 42651 } }
I20260608 12:56:04.903407 21456 raft_consensus.cc:2468] T 955212cec7284646869ae0407c74b02c P 74f6d20e5209453e89384b09be7bcc9e [term 1 FOLLOWER]: Leader election vote request: Granting yes vote for candidate 968b4a95dc1b42a9b0e0f3c8fc013156 in term 1.
I20260608 12:56:04.905663 21688 raft_consensus.cc:515] T a77fbc9b23ba4934975a01a14152e381 P 74f6d20e5209453e89384b09be7bcc9e [term 1 FOLLOWER]: Starting leader election with config: opid_index: -1 OBSOLETE_local: false peers { permanent_uuid: "74f6d20e5209453e89384b09be7bcc9e" member_type: VOTER last_known_addr { host: "127.16.153.129" port: 35015 } } peers { permanent_uuid: "e1dee839386f4b60b33d89e6515d0c66" member_type: VOTER last_known_addr { host: "127.16.153.130" port: 42661 } } peers { permanent_uuid: "968b4a95dc1b42a9b0e0f3c8fc013156" member_type: VOTER last_known_addr { host: "127.16.153.131" port: 42651 } }
I20260608 12:56:04.906980 21668 raft_consensus.cc:515] T 29f2d047b25d479d87dfb222c6667cc0 P e1dee839386f4b60b33d89e6515d0c66 [term 1 FOLLOWER]: Starting leader election with config: opid_index: -1 OBSOLETE_local: false peers { permanent_uuid: "74f6d20e5209453e89384b09be7bcc9e" member_type: VOTER last_known_addr { host: "127.16.153.129" port: 35015 } } peers { permanent_uuid: "e1dee839386f4b60b33d89e6515d0c66" member_type: VOTER last_known_addr { host: "127.16.153.130" port: 42661 } } peers { permanent_uuid: "968b4a95dc1b42a9b0e0f3c8fc013156" member_type: VOTER last_known_addr { host: "127.16.153.131" port: 42651 } }
I20260608 12:56:04.907970 21688 leader_election.cc:290] T a77fbc9b23ba4934975a01a14152e381 P 74f6d20e5209453e89384b09be7bcc9e [CANDIDATE]: Term 1 election: Requested vote from peers e1dee839386f4b60b33d89e6515d0c66 (127.16.153.130:42661), 968b4a95dc1b42a9b0e0f3c8fc013156 (127.16.153.131:42651)
I20260608 12:56:04.908664 21651 tablet_bootstrap.cc:492] T 955212cec7284646869ae0407c74b02c P e1dee839386f4b60b33d89e6515d0c66: No bootstrap required, opened a new log
I20260608 12:56:04.909113 21668 leader_election.cc:290] T 29f2d047b25d479d87dfb222c6667cc0 P e1dee839386f4b60b33d89e6515d0c66 [CANDIDATE]: Term 1 election: Requested vote from peers 74f6d20e5209453e89384b09be7bcc9e (127.16.153.129:35015), 968b4a95dc1b42a9b0e0f3c8fc013156 (127.16.153.131:42651)
I20260608 12:56:04.909315 21651 ts_tablet_manager.cc:1403] T 955212cec7284646869ae0407c74b02c P e1dee839386f4b60b33d89e6515d0c66: Time spent bootstrapping tablet: real 0.075s	user 0.023s	sys 0.035s
I20260608 12:56:04.910878 21605 tablet_service.cc:1917] Received RequestConsensusVote() RPC: tablet_id: "29f2d047b25d479d87dfb222c6667cc0" candidate_uuid: "e1dee839386f4b60b33d89e6515d0c66" candidate_term: 1 candidate_status { last_received { term: 0 index: 0 } } ignore_live_leader: false dest_uuid: "968b4a95dc1b42a9b0e0f3c8fc013156"
I20260608 12:56:04.911510 21605 raft_consensus.cc:3060] T 29f2d047b25d479d87dfb222c6667cc0 P 968b4a95dc1b42a9b0e0f3c8fc013156 [term 0 FOLLOWER]: Advancing to term 1
I20260608 12:56:04.912607 21660 leader_election.cc:290] T b19b2c711dc444cf84332a4606d2802a P 74f6d20e5209453e89384b09be7bcc9e [CANDIDATE]: Term 1 election: Requested vote from peers e1dee839386f4b60b33d89e6515d0c66 (127.16.153.130:42661), 968b4a95dc1b42a9b0e0f3c8fc013156 (127.16.153.131:42651)
I20260608 12:56:04.915478 21651 raft_consensus.cc:359] T 955212cec7284646869ae0407c74b02c P e1dee839386f4b60b33d89e6515d0c66 [term 0 FOLLOWER]: Replica starting. Triggering 0 pending ops. Active config: opid_index: -1 OBSOLETE_local: false peers { permanent_uuid: "74f6d20e5209453e89384b09be7bcc9e" member_type: VOTER last_known_addr { host: "127.16.153.129" port: 35015 } } peers { permanent_uuid: "e1dee839386f4b60b33d89e6515d0c66" member_type: VOTER last_known_addr { host: "127.16.153.130" port: 42661 } } peers { permanent_uuid: "968b4a95dc1b42a9b0e0f3c8fc013156" member_type: VOTER last_known_addr { host: "127.16.153.131" port: 42651 } }
I20260608 12:56:04.916514 21651 raft_consensus.cc:385] T 955212cec7284646869ae0407c74b02c P e1dee839386f4b60b33d89e6515d0c66 [term 0 FOLLOWER]: Consensus starting up: Expiring failure detector timer to make a prompt election more likely
I20260608 12:56:04.916955 21651 raft_consensus.cc:740] T 955212cec7284646869ae0407c74b02c P e1dee839386f4b60b33d89e6515d0c66 [term 0 FOLLOWER]: Becoming Follower/Learner. State: Replica: e1dee839386f4b60b33d89e6515d0c66, State: Initialized, Role: FOLLOWER
I20260608 12:56:04.918131 21456 tablet_service.cc:1917] Received RequestConsensusVote() RPC: tablet_id: "29f2d047b25d479d87dfb222c6667cc0" candidate_uuid: "e1dee839386f4b60b33d89e6515d0c66" candidate_term: 1 candidate_status { last_received { term: 0 index: 0 } } ignore_live_leader: false dest_uuid: "74f6d20e5209453e89384b09be7bcc9e"
W20260608 12:56:04.919668 21495 leader_election.cc:343] T 29f2d047b25d479d87dfb222c6667cc0 P e1dee839386f4b60b33d89e6515d0c66 [CANDIDATE]: Term 1 election: Tablet error from VoteRequest() call to peer 74f6d20e5209453e89384b09be7bcc9e (127.16.153.129:35015): Illegal state: must be running to vote when last-logged opid is not known
I20260608 12:56:04.920606 21652 raft_consensus.cc:359] T 53718f134d514555aeb6224625d7d041 P 968b4a95dc1b42a9b0e0f3c8fc013156 [term 0 FOLLOWER]: Replica starting. Triggering 0 pending ops. Active config: opid_index: -1 OBSOLETE_local: false peers { permanent_uuid: "74f6d20e5209453e89384b09be7bcc9e" member_type: VOTER last_known_addr { host: "127.16.153.129" port: 35015 } } peers { permanent_uuid: "e1dee839386f4b60b33d89e6515d0c66" member_type: VOTER last_known_addr { host: "127.16.153.130" port: 42661 } } peers { permanent_uuid: "968b4a95dc1b42a9b0e0f3c8fc013156" member_type: VOTER last_known_addr { host: "127.16.153.131" port: 42651 } }
I20260608 12:56:04.921264 21652 raft_consensus.cc:385] T 53718f134d514555aeb6224625d7d041 P 968b4a95dc1b42a9b0e0f3c8fc013156 [term 0 FOLLOWER]: Consensus starting up: Expiring failure detector timer to make a prompt election more likely
I20260608 12:56:04.921553 21652 raft_consensus.cc:740] T 53718f134d514555aeb6224625d7d041 P 968b4a95dc1b42a9b0e0f3c8fc013156 [term 0 FOLLOWER]: Becoming Follower/Learner. State: Replica: 968b4a95dc1b42a9b0e0f3c8fc013156, State: Initialized, Role: FOLLOWER
I20260608 12:56:04.921650 21605 raft_consensus.cc:2468] T 29f2d047b25d479d87dfb222c6667cc0 P 968b4a95dc1b42a9b0e0f3c8fc013156 [term 1 FOLLOWER]: Leader election vote request: Granting yes vote for candidate e1dee839386f4b60b33d89e6515d0c66 in term 1.
I20260608 12:56:04.922341 21569 leader_election.cc:304] T b53f2db45772458e8ea69be9fd8f7aaf P 968b4a95dc1b42a9b0e0f3c8fc013156 [CANDIDATE]: Term 1 pre-election: Election decided. Result: candidate won. Election summary: received 2 responses out of 3 voters: 2 yes votes; 0 no votes. yes voters: 74f6d20e5209453e89384b09be7bcc9e, 968b4a95dc1b42a9b0e0f3c8fc013156; no voters: 
I20260608 12:56:04.922904 21495 leader_election.cc:304] T 29f2d047b25d479d87dfb222c6667cc0 P e1dee839386f4b60b33d89e6515d0c66 [CANDIDATE]: Term 1 election: Election decided. Result: candidate won. Election summary: received 3 responses out of 3 voters: 2 yes votes; 1 no votes. yes voters: 968b4a95dc1b42a9b0e0f3c8fc013156, e1dee839386f4b60b33d89e6515d0c66; no voters: 74f6d20e5209453e89384b09be7bcc9e
I20260608 12:56:04.917969 21651 consensus_queue.cc:260] T 955212cec7284646869ae0407c74b02c P e1dee839386f4b60b33d89e6515d0c66 [NON_LEADER]: Queue going to NON_LEADER mode. State: All replicated index: 0, Majority replicated index: 0, Committed index: 0, Last appended: 0.0, Last appended by leader: 0, Current term: 0, Majority size: -1, State: 0, Mode: NON_LEADER, active raft config: opid_index: -1 OBSOLETE_local: false peers { permanent_uuid: "74f6d20e5209453e89384b09be7bcc9e" member_type: VOTER last_known_addr { host: "127.16.153.129" port: 35015 } } peers { permanent_uuid: "e1dee839386f4b60b33d89e6515d0c66" member_type: VOTER last_known_addr { host: "127.16.153.130" port: 42661 } } peers { permanent_uuid: "968b4a95dc1b42a9b0e0f3c8fc013156" member_type: VOTER last_known_addr { host: "127.16.153.131" port: 42651 } }
I20260608 12:56:04.924655 21652 consensus_queue.cc:260] T 53718f134d514555aeb6224625d7d041 P 968b4a95dc1b42a9b0e0f3c8fc013156 [NON_LEADER]: Queue going to NON_LEADER mode. State: All replicated index: 0, Majority replicated index: 0, Committed index: 0, Last appended: 0.0, Last appended by leader: 0, Current term: 0, Majority size: -1, State: 0, Mode: NON_LEADER, active raft config: opid_index: -1 OBSOLETE_local: false peers { permanent_uuid: "74f6d20e5209453e89384b09be7bcc9e" member_type: VOTER last_known_addr { host: "127.16.153.129" port: 35015 } } peers { permanent_uuid: "e1dee839386f4b60b33d89e6515d0c66" member_type: VOTER last_known_addr { host: "127.16.153.130" port: 42661 } } peers { permanent_uuid: "968b4a95dc1b42a9b0e0f3c8fc013156" member_type: VOTER last_known_addr { host: "127.16.153.131" port: 42651 } }
I20260608 12:56:04.924204 21692 raft_consensus.cc:2804] T b53f2db45772458e8ea69be9fd8f7aaf P 968b4a95dc1b42a9b0e0f3c8fc013156 [term 0 FOLLOWER]: Leader pre-election won for term 1
I20260608 12:56:04.926735 21692 raft_consensus.cc:493] T b53f2db45772458e8ea69be9fd8f7aaf P 968b4a95dc1b42a9b0e0f3c8fc013156 [term 0 FOLLOWER]: Starting leader election (no leader contacted us within the election timeout)
I20260608 12:56:04.926968 21668 raft_consensus.cc:2804] T 29f2d047b25d479d87dfb222c6667cc0 P e1dee839386f4b60b33d89e6515d0c66 [term 1 FOLLOWER]: Leader election won for term 1
I20260608 12:56:04.927300 21692 raft_consensus.cc:3060] T b53f2db45772458e8ea69be9fd8f7aaf P 968b4a95dc1b42a9b0e0f3c8fc013156 [term 0 FOLLOWER]: Advancing to term 1
I20260608 12:56:04.927632 21651 ts_tablet_manager.cc:1434] T 955212cec7284646869ae0407c74b02c P e1dee839386f4b60b33d89e6515d0c66: Time spent starting tablet: real 0.018s	user 0.009s	sys 0.001s
I20260608 12:56:04.927713 21668 raft_consensus.cc:697] T 29f2d047b25d479d87dfb222c6667cc0 P e1dee839386f4b60b33d89e6515d0c66 [term 1 LEADER]: Becoming Leader. State: Replica: e1dee839386f4b60b33d89e6515d0c66, State: Running, Role: LEADER
I20260608 12:56:04.928752 21651 tablet_bootstrap.cc:492] T 9d0c35ebf0b14a66ba41dcd81473493e P e1dee839386f4b60b33d89e6515d0c66: Bootstrap starting.
I20260608 12:56:04.928694 21668 consensus_queue.cc:237] T 29f2d047b25d479d87dfb222c6667cc0 P e1dee839386f4b60b33d89e6515d0c66 [LEADER]: Queue going to LEADER mode. State: All replicated index: 0, Majority replicated index: 0, Committed index: 0, Last appended: 0.0, Last appended by leader: 0, Current term: 1, Majority size: 2, State: 0, Mode: LEADER, active raft config: opid_index: -1 OBSOLETE_local: false peers { permanent_uuid: "74f6d20e5209453e89384b09be7bcc9e" member_type: VOTER last_known_addr { host: "127.16.153.129" port: 35015 } } peers { permanent_uuid: "e1dee839386f4b60b33d89e6515d0c66" member_type: VOTER last_known_addr { host: "127.16.153.130" port: 42661 } } peers { permanent_uuid: "968b4a95dc1b42a9b0e0f3c8fc013156" member_type: VOTER last_known_addr { host: "127.16.153.131" port: 42651 } }
I20260608 12:56:04.930389 21569 leader_election.cc:304] T 955212cec7284646869ae0407c74b02c P 968b4a95dc1b42a9b0e0f3c8fc013156 [CANDIDATE]: Term 1 election: Election decided. Result: candidate won. Election summary: received 3 responses out of 3 voters: 2 yes votes; 1 no votes. yes voters: 74f6d20e5209453e89384b09be7bcc9e, 968b4a95dc1b42a9b0e0f3c8fc013156; no voters: e1dee839386f4b60b33d89e6515d0c66
I20260608 12:56:04.931239 21676 raft_consensus.cc:2804] T 955212cec7284646869ae0407c74b02c P 968b4a95dc1b42a9b0e0f3c8fc013156 [term 1 FOLLOWER]: Leader election won for term 1
I20260608 12:56:04.935959 21651 tablet_bootstrap.cc:654] T 9d0c35ebf0b14a66ba41dcd81473493e P e1dee839386f4b60b33d89e6515d0c66: Neither blocks nor log segments found. Creating new log.
I20260608 12:56:04.935928 21696 leader_election.cc:290] T 91fd023e983c4981935977f179de68cc P 74f6d20e5209453e89384b09be7bcc9e [CANDIDATE]: Term 1 pre-election: Requested pre-vote from peers e1dee839386f4b60b33d89e6515d0c66 (127.16.153.130:42661), 968b4a95dc1b42a9b0e0f3c8fc013156 (127.16.153.131:42651)
I20260608 12:56:04.938522 21532 tablet_service.cc:1917] Received RequestConsensusVote() RPC: tablet_id: "91fd023e983c4981935977f179de68cc" candidate_uuid: "74f6d20e5209453e89384b09be7bcc9e" candidate_term: 1 candidate_status { last_received { term: 0 index: 0 } } ignore_live_leader: false dest_uuid: "e1dee839386f4b60b33d89e6515d0c66" is_pre_election: true
I20260608 12:56:04.941831 21532 tablet_service.cc:1917] Received RequestConsensusVote() RPC: tablet_id: "70b5b01026a44a2a86df3f6b273ca7a8" candidate_uuid: "74f6d20e5209453e89384b09be7bcc9e" candidate_term: 1 candidate_status { last_received { term: 0 index: 0 } } ignore_live_leader: false dest_uuid: "e1dee839386f4b60b33d89e6515d0c66" is_pre_election: true
I20260608 12:56:04.941921 21606 tablet_service.cc:1917] Received RequestConsensusVote() RPC: tablet_id: "70b5b01026a44a2a86df3f6b273ca7a8" candidate_uuid: "74f6d20e5209453e89384b09be7bcc9e" candidate_term: 1 candidate_status { last_received { term: 0 index: 0 } } ignore_live_leader: false dest_uuid: "968b4a95dc1b42a9b0e0f3c8fc013156" is_pre_election: true
I20260608 12:56:04.942180 21604 tablet_service.cc:1917] Received RequestConsensusVote() RPC: tablet_id: "a77fbc9b23ba4934975a01a14152e381" candidate_uuid: "74f6d20e5209453e89384b09be7bcc9e" candidate_term: 1 candidate_status { last_received { term: 0 index: 0 } } ignore_live_leader: false dest_uuid: "968b4a95dc1b42a9b0e0f3c8fc013156"
I20260608 12:56:04.948724 21531 tablet_service.cc:1917] Received RequestConsensusVote() RPC: tablet_id: "a77fbc9b23ba4934975a01a14152e381" candidate_uuid: "74f6d20e5209453e89384b09be7bcc9e" candidate_term: 1 candidate_status { last_received { term: 0 index: 0 } } ignore_live_leader: false dest_uuid: "e1dee839386f4b60b33d89e6515d0c66"
I20260608 12:56:04.949416 21531 raft_consensus.cc:3060] T a77fbc9b23ba4934975a01a14152e381 P e1dee839386f4b60b33d89e6515d0c66 [term 0 FOLLOWER]: Advancing to term 1
W20260608 12:56:04.949460 21495 consensus_peers.cc:597] T def766e263df4207829a5b8ad80f3292 P e1dee839386f4b60b33d89e6515d0c66 -> Peer 74f6d20e5209453e89384b09be7bcc9e (127.16.153.129:35015): Couldn't send request to peer 74f6d20e5209453e89384b09be7bcc9e. Error code: TABLET_NOT_RUNNING (12). Status: Illegal state: Tablet not RUNNING: INITIALIZED. This is attempt 1: this message will repeat every 5th retry.
I20260608 12:56:04.951166 21652 ts_tablet_manager.cc:1434] T 53718f134d514555aeb6224625d7d041 P 968b4a95dc1b42a9b0e0f3c8fc013156: Time spent starting tablet: real 0.050s	user 0.008s	sys 0.000s
I20260608 12:56:04.952617 21652 tablet_bootstrap.cc:492] T 9d0c35ebf0b14a66ba41dcd81473493e P 968b4a95dc1b42a9b0e0f3c8fc013156: Bootstrap starting.
I20260608 12:56:04.955084 21532 tablet_service.cc:1917] Received RequestConsensusVote() RPC: tablet_id: "b19b2c711dc444cf84332a4606d2802a" candidate_uuid: "74f6d20e5209453e89384b09be7bcc9e" candidate_term: 1 candidate_status { last_received { term: 0 index: 0 } } ignore_live_leader: false dest_uuid: "e1dee839386f4b60b33d89e6515d0c66"
I20260608 12:56:04.955732 21532 raft_consensus.cc:3060] T b19b2c711dc444cf84332a4606d2802a P e1dee839386f4b60b33d89e6515d0c66 [term 0 FOLLOWER]: Advancing to term 1
W20260608 12:56:04.956477 21420 leader_election.cc:343] T 70b5b01026a44a2a86df3f6b273ca7a8 P 74f6d20e5209453e89384b09be7bcc9e [CANDIDATE]: Term 1 pre-election: Tablet error from VoteRequest() call to peer 968b4a95dc1b42a9b0e0f3c8fc013156 (127.16.153.131:42651): Illegal state: must be running to vote when last-logged opid is not known
W20260608 12:56:04.957564 21420 leader_election.cc:343] T 91fd023e983c4981935977f179de68cc P 74f6d20e5209453e89384b09be7bcc9e [CANDIDATE]: Term 1 pre-election: Tablet error from VoteRequest() call to peer e1dee839386f4b60b33d89e6515d0c66 (127.16.153.130:42661): Illegal state: must be running to vote when last-logged opid is not known
I20260608 12:56:04.955084 21606 tablet_service.cc:1917] Received RequestConsensusVote() RPC: tablet_id: "b19b2c711dc444cf84332a4606d2802a" candidate_uuid: "74f6d20e5209453e89384b09be7bcc9e" candidate_term: 1 candidate_status { last_received { term: 0 index: 0 } } ignore_live_leader: false dest_uuid: "968b4a95dc1b42a9b0e0f3c8fc013156"
W20260608 12:56:04.959862 21420 leader_election.cc:343] T 70b5b01026a44a2a86df3f6b273ca7a8 P 74f6d20e5209453e89384b09be7bcc9e [CANDIDATE]: Term 1 pre-election: Tablet error from VoteRequest() call to peer e1dee839386f4b60b33d89e6515d0c66 (127.16.153.130:42661): Illegal state: must be running to vote when last-logged opid is not known
I20260608 12:56:04.960400 21420 leader_election.cc:304] T 70b5b01026a44a2a86df3f6b273ca7a8 P 74f6d20e5209453e89384b09be7bcc9e [CANDIDATE]: Term 1 pre-election: Election decided. Result: candidate lost. Election summary: received 3 responses out of 3 voters: 1 yes votes; 2 no votes. yes voters: 74f6d20e5209453e89384b09be7bcc9e; no voters: 968b4a95dc1b42a9b0e0f3c8fc013156, e1dee839386f4b60b33d89e6515d0c66
I20260608 12:56:04.961373 21531 raft_consensus.cc:2468] T a77fbc9b23ba4934975a01a14152e381 P e1dee839386f4b60b33d89e6515d0c66 [term 1 FOLLOWER]: Leader election vote request: Granting yes vote for candidate 74f6d20e5209453e89384b09be7bcc9e in term 1.
I20260608 12:56:04.961159 21692 raft_consensus.cc:515] T b53f2db45772458e8ea69be9fd8f7aaf P 968b4a95dc1b42a9b0e0f3c8fc013156 [term 1 FOLLOWER]: Starting leader election with config: opid_index: -1 OBSOLETE_local: false peers { permanent_uuid: "74f6d20e5209453e89384b09be7bcc9e" member_type: VOTER last_known_addr { host: "127.16.153.129" port: 35015 } } peers { permanent_uuid: "e1dee839386f4b60b33d89e6515d0c66" member_type: VOTER last_known_addr { host: "127.16.153.130" port: 42661 } } peers { permanent_uuid: "968b4a95dc1b42a9b0e0f3c8fc013156" member_type: VOTER last_known_addr { host: "127.16.153.131" port: 42651 } }
I20260608 12:56:04.962180 21696 raft_consensus.cc:2749] T 70b5b01026a44a2a86df3f6b273ca7a8 P 74f6d20e5209453e89384b09be7bcc9e [term 0 FOLLOWER]: Leader pre-election lost for term 1. Reason: could not achieve majority
I20260608 12:56:04.950570 21604 raft_consensus.cc:3060] T a77fbc9b23ba4934975a01a14152e381 P 968b4a95dc1b42a9b0e0f3c8fc013156 [term 0 FOLLOWER]: Advancing to term 1
W20260608 12:56:04.963680 21420 leader_election.cc:343] T b19b2c711dc444cf84332a4606d2802a P 74f6d20e5209453e89384b09be7bcc9e [CANDIDATE]: Term 1 election: Tablet error from VoteRequest() call to peer 968b4a95dc1b42a9b0e0f3c8fc013156 (127.16.153.131:42651): Illegal state: must be running to vote when last-logged opid is not known
I20260608 12:56:04.964560 21420 leader_election.cc:304] T a77fbc9b23ba4934975a01a14152e381 P 74f6d20e5209453e89384b09be7bcc9e [CANDIDATE]: Term 1 election: Election decided. Result: candidate won. Election summary: received 2 responses out of 3 voters: 2 yes votes; 0 no votes. yes voters: 74f6d20e5209453e89384b09be7bcc9e, e1dee839386f4b60b33d89e6515d0c66; no voters: 
I20260608 12:56:04.966178 21654 tablet_bootstrap.cc:492] T 9d0c35ebf0b14a66ba41dcd81473493e P 74f6d20e5209453e89384b09be7bcc9e: No bootstrap required, opened a new log
I20260608 12:56:04.966688 21654 ts_tablet_manager.cc:1403] T 9d0c35ebf0b14a66ba41dcd81473493e P 74f6d20e5209453e89384b09be7bcc9e: Time spent bootstrapping tablet: real 0.111s	user 0.044s	sys 0.035s
I20260608 12:56:04.966847 21606 tablet_service.cc:1917] Received RequestConsensusVote() RPC: tablet_id: "91fd023e983c4981935977f179de68cc" candidate_uuid: "74f6d20e5209453e89384b09be7bcc9e" candidate_term: 1 candidate_status { last_received { term: 0 index: 0 } } ignore_live_leader: false dest_uuid: "968b4a95dc1b42a9b0e0f3c8fc013156" is_pre_election: true
I20260608 12:56:04.971477 21699 raft_consensus.cc:493] T ebeca4cf28fa4d34ba1ca723a5d02c36 P 968b4a95dc1b42a9b0e0f3c8fc013156 [term 0 FOLLOWER]: Starting pre-election (no leader contacted us within the election timeout)
I20260608 12:56:04.968098 21676 raft_consensus.cc:697] T 955212cec7284646869ae0407c74b02c P 968b4a95dc1b42a9b0e0f3c8fc013156 [term 1 LEADER]: Becoming Leader. State: Replica: 968b4a95dc1b42a9b0e0f3c8fc013156, State: Running, Role: LEADER
I20260608 12:56:04.968514 21696 raft_consensus.cc:2804] T a77fbc9b23ba4934975a01a14152e381 P 74f6d20e5209453e89384b09be7bcc9e [term 1 FOLLOWER]: Leader election won for term 1
I20260608 12:56:04.973727 21696 raft_consensus.cc:697] T a77fbc9b23ba4934975a01a14152e381 P 74f6d20e5209453e89384b09be7bcc9e [term 1 LEADER]: Becoming Leader. State: Replica: 74f6d20e5209453e89384b09be7bcc9e, State: Running, Role: LEADER
I20260608 12:56:04.974642 21696 consensus_queue.cc:237] T a77fbc9b23ba4934975a01a14152e381 P 74f6d20e5209453e89384b09be7bcc9e [LEADER]: Queue going to LEADER mode. State: All replicated index: 0, Majority replicated index: 0, Committed index: 0, Last appended: 0.0, Last appended by leader: 0, Current term: 1, Majority size: 2, State: 0, Mode: LEADER, active raft config: opid_index: -1 OBSOLETE_local: false peers { permanent_uuid: "74f6d20e5209453e89384b09be7bcc9e" member_type: VOTER last_known_addr { host: "127.16.153.129" port: 35015 } } peers { permanent_uuid: "e1dee839386f4b60b33d89e6515d0c66" member_type: VOTER last_known_addr { host: "127.16.153.130" port: 42661 } } peers { permanent_uuid: "968b4a95dc1b42a9b0e0f3c8fc013156" member_type: VOTER last_known_addr { host: "127.16.153.131" port: 42651 } }
I20260608 12:56:04.977212 21676 consensus_queue.cc:237] T 955212cec7284646869ae0407c74b02c P 968b4a95dc1b42a9b0e0f3c8fc013156 [LEADER]: Queue going to LEADER mode. State: All replicated index: 0, Majority replicated index: 0, Committed index: 0, Last appended: 0.0, Last appended by leader: 0, Current term: 1, Majority size: 2, State: 0, Mode: LEADER, active raft config: opid_index: -1 OBSOLETE_local: false peers { permanent_uuid: "74f6d20e5209453e89384b09be7bcc9e" member_type: VOTER last_known_addr { host: "127.16.153.129" port: 35015 } } peers { permanent_uuid: "e1dee839386f4b60b33d89e6515d0c66" member_type: VOTER last_known_addr { host: "127.16.153.130" port: 42661 } } peers { permanent_uuid: "968b4a95dc1b42a9b0e0f3c8fc013156" member_type: VOTER last_known_addr { host: "127.16.153.131" port: 42651 } }
I20260608 12:56:04.979614 21692 leader_election.cc:290] T b53f2db45772458e8ea69be9fd8f7aaf P 968b4a95dc1b42a9b0e0f3c8fc013156 [CANDIDATE]: Term 1 election: Requested vote from peers 74f6d20e5209453e89384b09be7bcc9e (127.16.153.129:35015), e1dee839386f4b60b33d89e6515d0c66 (127.16.153.130:42661)
