I20260608 12:55:55.020601 17369 hybrid_clock.cc:584] initializing the hybrid clock with 'system_unsync' time source
W20260608 12:55:55.020787 17369 system_unsync_time.cc:38] NTP support is disabled. Clock error bounds will not be accurate. This configuration is not suitable for distributed clusters.
I20260608 12:55:55.020954 17369 hybrid_clock.cc:648] HybridClock initialized: now 1780923355020936 us; error 0 us; skew 500 ppm
I20260608 12:55:55.021559 17369 server_base.cc:861] Flag tcmalloc_max_total_thread_cache_bytes is not working since tcmalloc is not enabled.
I20260608 12:55:55.024164 17369 webserver.cc:533] Webserver started at http://127.16.246.66:33159/ using document root <none> and password file <none>
I20260608 12:55:55.024844 17369 fs_manager.cc:362] Metadata directory not provided
I20260608 12:55:55.025079 17369 fs_manager.cc:368] Using write-ahead log directory (fs_wal_dir) as metadata directory
I20260608 12:55:55.025446 17369 server_base.cc:909] This appears to be a new deployment of Kudu; creating new FS layout
I20260608 12:55:55.026790 21596 heartbeater.cc:344] Connected to a master server at 127.16.246.126:38269
I20260608 12:55:55.026822 17369 fs_manager.cc:1068] Generated new instance metadata in path /tmp/dist-test-taskmeSs1p/test-tmp/auto_rebalancer-test.0.AutoRebalancerTest.NoReplicaMovesIfCannotFixPlacementPolicy.1780923242098697-17369-0/minicluster-data/ts-1-root/instance:
uuid: "3f8aff0a8c3f4d1d947e1a9f59505a7f"
format_stamp: "Formatted at 2026-06-08 12:55:55 on dist-test-slave-5t9v"
I20260608 12:55:55.027423 21596 heartbeater.cc:461] Registering TS with master...
I20260608 12:55:55.028357 21596 heartbeater.cc:507] Master 127.16.246.126:38269 requested a full tablet report, sending...
I20260608 12:55:55.030923 21469 ts_manager.cc:194] Registered new tserver with Master: 287cdadaeb55461da9ab8961895b0760 (127.16.246.65:46005)
I20260608 12:55:55.032953 17369 fs_manager.cc:696] Time spent creating directory manager: real 0.005s	user 0.005s	sys 0.000s
I20260608 12:55:55.033416 21469 master_service.cc:502] Signed X509 certificate for tserver {username='slave'} at 127.0.0.1:49046
I20260608 12:55:55.037462 21608 log_block_manager.cc:4031] Time spent loading block containers with low live blocks: real 0.000s	user 0.000s	sys 0.000s
I20260608 12:55:55.038318 17369 fs_manager.cc:730] Time spent opening block manager: real 0.002s	user 0.003s	sys 0.000s
I20260608 12:55:55.038599 17369 fs_manager.cc:647] Opened local filesystem: /tmp/dist-test-taskmeSs1p/test-tmp/auto_rebalancer-test.0.AutoRebalancerTest.NoReplicaMovesIfCannotFixPlacementPolicy.1780923242098697-17369-0/minicluster-data/ts-1-root
uuid: "3f8aff0a8c3f4d1d947e1a9f59505a7f"
format_stamp: "Formatted at 2026-06-08 12:55:55 on dist-test-slave-5t9v"
I20260608 12:55:55.038877 17369 fs_report.cc:389] FS layout report
--------------------
wal directory: /tmp/dist-test-taskmeSs1p/test-tmp/auto_rebalancer-test.0.AutoRebalancerTest.NoReplicaMovesIfCannotFixPlacementPolicy.1780923242098697-17369-0/minicluster-data/ts-1-root
metadata directory: /tmp/dist-test-taskmeSs1p/test-tmp/auto_rebalancer-test.0.AutoRebalancerTest.NoReplicaMovesIfCannotFixPlacementPolicy.1780923242098697-17369-0/minicluster-data/ts-1-root
1 data directories: /tmp/dist-test-taskmeSs1p/test-tmp/auto_rebalancer-test.0.AutoRebalancerTest.NoReplicaMovesIfCannotFixPlacementPolicy.1780923242098697-17369-0/minicluster-data/ts-1-root/data
Total live blocks: 0
Total live bytes: 0
Total live bytes (after alignment): 0
Total number of LBM containers: 0 (0 full)
Did not check for missing blocks
Did not check for orphaned blocks
Total full LBM containers with extra space: 0 (0 repaired)
Total full LBM container extra space in bytes: 0 (0 repaired)
Total incomplete LBM containers: 0 (0 repaired)
Total LBM partial records: 0 (0 repaired)
Total corrupted LBM metadata records in RocksDB: 0 (0 repaired)
I20260608 12:55:55.053750 17369 rpc_server.cc:225] running with OpenSSL 1.1.1  11 Sep 2018
I20260608 12:55:55.055023 17369 kserver.cc:163] Server-wide thread pool size limit: 3276
I20260608 12:55:55.056509 17369 txn_system_client.cc:432] TxnSystemClient initialization is disabled...
I20260608 12:55:55.058817 17369 ts_tablet_manager.cc:585] Loaded tablet metadata (0 total tablets, 0 live tablets)
I20260608 12:55:55.059013 17369 ts_tablet_manager.cc:531] Time spent load tablet metadata: real 0.000s	user 0.000s	sys 0.000s
I20260608 12:55:55.059235 17369 ts_tablet_manager.cc:616] Registered 0 tablets
I20260608 12:55:55.059386 17369 ts_tablet_manager.cc:595] Time spent register tablets: real 0.000s	user 0.000s	sys 0.000s
I20260608 12:55:55.098985 17369 rpc_server.cc:307] RPC server started. Bound to: 127.16.246.66:37775
I20260608 12:55:55.099164 21670 acceptor_pool.cc:272] collecting diagnostics on the listening RPC socket 127.16.246.66:37775 every 8 connection(s)
I20260608 12:55:55.103956 17369 file_cache.cc:492] Constructed file cache file cache with capacity 419430
W20260608 12:55:55.111373 21674 instance_detector.cc:116] could not retrieve AWS instance metadata: Network error: curl error: HTTP response code said error: The requested URL returned error: 404
W20260608 12:55:55.112918 21675 instance_detector.cc:116] could not retrieve Azure instance metadata: Network error: curl error: HTTP response code said error: The requested URL returned error: 404
I20260608 12:55:55.114336 17369 server_base.cc:1061] running on GCE node
W20260608 12:55:55.115159 21677 instance_detector.cc:116] could not retrieve OpenStack instance metadata: Network error: curl error: HTTP response code said error: The requested URL returned error: 404
I20260608 12:55:55.116387 17369 hybrid_clock.cc:584] initializing the hybrid clock with 'system_unsync' time source
W20260608 12:55:55.116665 17369 system_unsync_time.cc:38] NTP support is disabled. Clock error bounds will not be accurate. This configuration is not suitable for distributed clusters.
I20260608 12:55:55.116875 17369 hybrid_clock.cc:648] HybridClock initialized: now 1780923355116854 us; error 0 us; skew 500 ppm
I20260608 12:55:55.117102 21671 heartbeater.cc:344] Connected to a master server at 127.16.246.126:38269
I20260608 12:55:55.117496 21671 heartbeater.cc:461] Registering TS with master...
I20260608 12:55:55.117537 17369 server_base.cc:861] Flag tcmalloc_max_total_thread_cache_bytes is not working since tcmalloc is not enabled.
I20260608 12:55:55.118427 21671 heartbeater.cc:507] Master 127.16.246.126:38269 requested a full tablet report, sending...
I20260608 12:55:55.120340 17369 webserver.cc:533] Webserver started at http://127.16.246.67:39457/ using document root <none> and password file <none>
I20260608 12:55:55.120805 21469 ts_manager.cc:194] Registered new tserver with Master: 3f8aff0a8c3f4d1d947e1a9f59505a7f (127.16.246.66:37775)
I20260608 12:55:55.121053 17369 fs_manager.cc:362] Metadata directory not provided
I20260608 12:55:55.121340 17369 fs_manager.cc:368] Using write-ahead log directory (fs_wal_dir) as metadata directory
I20260608 12:55:55.121654 17369 server_base.cc:909] This appears to be a new deployment of Kudu; creating new FS layout
I20260608 12:55:55.122779 21469 master_service.cc:502] Signed X509 certificate for tserver {username='slave'} at 127.0.0.1:49060
I20260608 12:55:55.123276 17369 fs_manager.cc:1068] Generated new instance metadata in path /tmp/dist-test-taskmeSs1p/test-tmp/auto_rebalancer-test.0.AutoRebalancerTest.NoReplicaMovesIfCannotFixPlacementPolicy.1780923242098697-17369-0/minicluster-data/ts-2-root/instance:
uuid: "c0b644deb4fd4e3695ab46a24fb3ebc2"
format_stamp: "Formatted at 2026-06-08 12:55:55 on dist-test-slave-5t9v"
I20260608 12:55:55.128283 17369 fs_manager.cc:696] Time spent creating directory manager: real 0.004s	user 0.005s	sys 0.000s
I20260608 12:55:55.132054 21682 log_block_manager.cc:4031] Time spent loading block containers with low live blocks: real 0.000s	user 0.000s	sys 0.000s
I20260608 12:55:55.132835 17369 fs_manager.cc:730] Time spent opening block manager: real 0.003s	user 0.001s	sys 0.000s
I20260608 12:55:55.133162 17369 fs_manager.cc:647] Opened local filesystem: /tmp/dist-test-taskmeSs1p/test-tmp/auto_rebalancer-test.0.AutoRebalancerTest.NoReplicaMovesIfCannotFixPlacementPolicy.1780923242098697-17369-0/minicluster-data/ts-2-root
uuid: "c0b644deb4fd4e3695ab46a24fb3ebc2"
format_stamp: "Formatted at 2026-06-08 12:55:55 on dist-test-slave-5t9v"
I20260608 12:55:55.133425 17369 fs_report.cc:389] FS layout report
--------------------
wal directory: /tmp/dist-test-taskmeSs1p/test-tmp/auto_rebalancer-test.0.AutoRebalancerTest.NoReplicaMovesIfCannotFixPlacementPolicy.1780923242098697-17369-0/minicluster-data/ts-2-root
metadata directory: /tmp/dist-test-taskmeSs1p/test-tmp/auto_rebalancer-test.0.AutoRebalancerTest.NoReplicaMovesIfCannotFixPlacementPolicy.1780923242098697-17369-0/minicluster-data/ts-2-root
1 data directories: /tmp/dist-test-taskmeSs1p/test-tmp/auto_rebalancer-test.0.AutoRebalancerTest.NoReplicaMovesIfCannotFixPlacementPolicy.1780923242098697-17369-0/minicluster-data/ts-2-root/data
Total live blocks: 0
Total live bytes: 0
Total live bytes (after alignment): 0
Total number of LBM containers: 0 (0 full)
Did not check for missing blocks
Did not check for orphaned blocks
Total full LBM containers with extra space: 0 (0 repaired)
Total full LBM container extra space in bytes: 0 (0 repaired)
Total incomplete LBM containers: 0 (0 repaired)
Total LBM partial records: 0 (0 repaired)
Total corrupted LBM metadata records in RocksDB: 0 (0 repaired)
I20260608 12:55:55.169763 17369 rpc_server.cc:225] running with OpenSSL 1.1.1  11 Sep 2018
I20260608 12:55:55.171115 17369 kserver.cc:163] Server-wide thread pool size limit: 3276
I20260608 12:55:55.172619 17369 txn_system_client.cc:432] TxnSystemClient initialization is disabled...
I20260608 12:55:55.174922 17369 ts_tablet_manager.cc:585] Loaded tablet metadata (0 total tablets, 0 live tablets)
I20260608 12:55:55.175103 17369 ts_tablet_manager.cc:531] Time spent load tablet metadata: real 0.000s	user 0.000s	sys 0.000s
I20260608 12:55:55.175343 17369 ts_tablet_manager.cc:616] Registered 0 tablets
I20260608 12:55:55.175490 17369 ts_tablet_manager.cc:595] Time spent register tablets: real 0.000s	user 0.000s	sys 0.000s
I20260608 12:55:55.215545 17369 rpc_server.cc:307] RPC server started. Bound to: 127.16.246.67:44297
I20260608 12:55:55.215672 21744 acceptor_pool.cc:272] collecting diagnostics on the listening RPC socket 127.16.246.67:44297 every 8 connection(s)
I20260608 12:55:55.229409 21745 heartbeater.cc:344] Connected to a master server at 127.16.246.126:38269
I20260608 12:55:55.229799 21745 heartbeater.cc:461] Registering TS with master...
I20260608 12:55:55.230588 21745 heartbeater.cc:507] Master 127.16.246.126:38269 requested a full tablet report, sending...
I20260608 12:55:55.232568 21469 ts_manager.cc:194] Registered new tserver with Master: c0b644deb4fd4e3695ab46a24fb3ebc2 (127.16.246.67:44297)
I20260608 12:55:55.233413 17369 internal_mini_cluster.cc:371] 3 TS(s) registered with all masters after 0.014540143s
I20260608 12:55:55.233968 21469 master_service.cc:502] Signed X509 certificate for tserver {username='slave'} at 127.0.0.1:49074
I20260608 12:55:56.036705 21596 heartbeater.cc:499] Master 127.16.246.126:38269 was elected leader, sending a full tablet report...
I20260608 12:55:56.125609 21671 heartbeater.cc:499] Master 127.16.246.126:38269 was elected leader, sending a full tablet report...
I20260608 12:55:56.236716 21745 heartbeater.cc:499] Master 127.16.246.126:38269 was elected leader, sending a full tablet report...
I20260608 12:55:56.306910 21469 catalog_manager.cc:2282] Servicing CreateTable request from {username='slave'} at 127.0.0.1:49096:
name: "test-workload"
schema {
  columns {
    name: "key"
    type: INT32
    is_key: true
    is_nullable: false
    encoding: AUTO_ENCODING
    compression: DEFAULT_COMPRESSION
    cfile_block_size: 0
    immutable: false
  }
  columns {
    name: "int_val"
    type: INT32
    is_key: false
    is_nullable: false
    encoding: AUTO_ENCODING
    compression: DEFAULT_COMPRESSION
    cfile_block_size: 0
    immutable: false
  }
  columns {
    name: "string_val"
    type: STRING
    is_key: false
    is_nullable: true
    encoding: AUTO_ENCODING
    compression: DEFAULT_COMPRESSION
    cfile_block_size: 0
    immutable: false
  }
}
num_replicas: 3
split_rows_range_bounds {
}
partition_schema {
  range_schema {
    columns {
      name: "key"
    }
  }
}
W20260608 12:55:56.309302 21469 catalog_manager.cc:7076] The number of live tablet servers is not enough to re-replicate a tablet replica of the newly created table test-workload in case of a server failure: 4 tablet servers would be needed, 3 are available. Consider bringing up more tablet servers.
I20260608 12:55:56.360316 21636 tablet_service.cc:1511] Processing CreateTablet for tablet 61b7078ed53d478b95d6051082eeabe2 (DEFAULT_TABLE table=test-workload [id=1b80623bbddd49c59c949cabec00fe9e]), partition=RANGE (key) PARTITION UNBOUNDED
I20260608 12:55:56.365710 21636 data_dirs.cc:400] Could only allocate 1 dirs of requested 3 for tablet 61b7078ed53d478b95d6051082eeabe2. 1 dirs total, 0 dirs full, 0 dirs failed
I20260608 12:55:56.370999 21561 tablet_service.cc:1511] Processing CreateTablet for tablet 61b7078ed53d478b95d6051082eeabe2 (DEFAULT_TABLE table=test-workload [id=1b80623bbddd49c59c949cabec00fe9e]), partition=RANGE (key) PARTITION UNBOUNDED
I20260608 12:55:56.372560 21561 data_dirs.cc:400] Could only allocate 1 dirs of requested 3 for tablet 61b7078ed53d478b95d6051082eeabe2. 1 dirs total, 0 dirs full, 0 dirs failed
I20260608 12:55:56.375458 21710 tablet_service.cc:1511] Processing CreateTablet for tablet 61b7078ed53d478b95d6051082eeabe2 (DEFAULT_TABLE table=test-workload [id=1b80623bbddd49c59c949cabec00fe9e]), partition=RANGE (key) PARTITION UNBOUNDED
I20260608 12:55:56.376857 21710 data_dirs.cc:400] Could only allocate 1 dirs of requested 3 for tablet 61b7078ed53d478b95d6051082eeabe2. 1 dirs total, 0 dirs full, 0 dirs failed
I20260608 12:55:56.386037 21766 tablet_bootstrap.cc:492] T 61b7078ed53d478b95d6051082eeabe2 P 3f8aff0a8c3f4d1d947e1a9f59505a7f: Bootstrap starting.
I20260608 12:55:56.391866 21767 tablet_bootstrap.cc:492] T 61b7078ed53d478b95d6051082eeabe2 P 287cdadaeb55461da9ab8961895b0760: Bootstrap starting.
I20260608 12:55:56.393918 21766 tablet_bootstrap.cc:654] T 61b7078ed53d478b95d6051082eeabe2 P 3f8aff0a8c3f4d1d947e1a9f59505a7f: Neither blocks nor log segments found. Creating new log.
I20260608 12:55:56.397027 21768 tablet_bootstrap.cc:492] T 61b7078ed53d478b95d6051082eeabe2 P c0b644deb4fd4e3695ab46a24fb3ebc2: Bootstrap starting.
I20260608 12:55:56.400790 21767 tablet_bootstrap.cc:654] T 61b7078ed53d478b95d6051082eeabe2 P 287cdadaeb55461da9ab8961895b0760: Neither blocks nor log segments found. Creating new log.
I20260608 12:55:56.404136 21766 tablet_bootstrap.cc:492] T 61b7078ed53d478b95d6051082eeabe2 P 3f8aff0a8c3f4d1d947e1a9f59505a7f: No bootstrap required, opened a new log
I20260608 12:55:56.404853 21766 ts_tablet_manager.cc:1403] T 61b7078ed53d478b95d6051082eeabe2 P 3f8aff0a8c3f4d1d947e1a9f59505a7f: Time spent bootstrapping tablet: real 0.019s	user 0.004s	sys 0.014s
I20260608 12:55:56.405553 21768 tablet_bootstrap.cc:654] T 61b7078ed53d478b95d6051082eeabe2 P c0b644deb4fd4e3695ab46a24fb3ebc2: Neither blocks nor log segments found. Creating new log.
I20260608 12:55:56.407248 21767 tablet_bootstrap.cc:492] T 61b7078ed53d478b95d6051082eeabe2 P 287cdadaeb55461da9ab8961895b0760: No bootstrap required, opened a new log
I20260608 12:55:56.407826 21767 ts_tablet_manager.cc:1403] T 61b7078ed53d478b95d6051082eeabe2 P 287cdadaeb55461da9ab8961895b0760: Time spent bootstrapping tablet: real 0.017s	user 0.009s	sys 0.004s
I20260608 12:55:56.407977 21766 raft_consensus.cc:359] T 61b7078ed53d478b95d6051082eeabe2 P 3f8aff0a8c3f4d1d947e1a9f59505a7f [term 0 FOLLOWER]: Replica starting. Triggering 0 pending ops. Active config: opid_index: -1 OBSOLETE_local: false peers { permanent_uuid: "3f8aff0a8c3f4d1d947e1a9f59505a7f" member_type: VOTER last_known_addr { host: "127.16.246.66" port: 37775 } } peers { permanent_uuid: "287cdadaeb55461da9ab8961895b0760" member_type: VOTER last_known_addr { host: "127.16.246.65" port: 46005 } } peers { permanent_uuid: "c0b644deb4fd4e3695ab46a24fb3ebc2" member_type: VOTER last_known_addr { host: "127.16.246.67" port: 44297 } }
I20260608 12:55:56.408780 21766 raft_consensus.cc:385] T 61b7078ed53d478b95d6051082eeabe2 P 3f8aff0a8c3f4d1d947e1a9f59505a7f [term 0 FOLLOWER]: Consensus starting up: Expiring failure detector timer to make a prompt election more likely
I20260608 12:55:56.409188 21766 raft_consensus.cc:740] T 61b7078ed53d478b95d6051082eeabe2 P 3f8aff0a8c3f4d1d947e1a9f59505a7f [term 0 FOLLOWER]: Becoming Follower/Learner. State: Replica: 3f8aff0a8c3f4d1d947e1a9f59505a7f, State: Initialized, Role: FOLLOWER
I20260608 12:55:56.410156 21766 consensus_queue.cc:260] T 61b7078ed53d478b95d6051082eeabe2 P 3f8aff0a8c3f4d1d947e1a9f59505a7f [NON_LEADER]: Queue going to NON_LEADER mode. State: All replicated index: 0, Majority replicated index: 0, Committed index: 0, Last appended: 0.0, Last appended by leader: 0, Current term: 0, Majority size: -1, State: 0, Mode: NON_LEADER, active raft config: opid_index: -1 OBSOLETE_local: false peers { permanent_uuid: "3f8aff0a8c3f4d1d947e1a9f59505a7f" member_type: VOTER last_known_addr { host: "127.16.246.66" port: 37775 } } peers { permanent_uuid: "287cdadaeb55461da9ab8961895b0760" member_type: VOTER last_known_addr { host: "127.16.246.65" port: 46005 } } peers { permanent_uuid: "c0b644deb4fd4e3695ab46a24fb3ebc2" member_type: VOTER last_known_addr { host: "127.16.246.67" port: 44297 } }
I20260608 12:55:56.411140 21767 raft_consensus.cc:359] T 61b7078ed53d478b95d6051082eeabe2 P 287cdadaeb55461da9ab8961895b0760 [term 0 FOLLOWER]: Replica starting. Triggering 0 pending ops. Active config: opid_index: -1 OBSOLETE_local: false peers { permanent_uuid: "3f8aff0a8c3f4d1d947e1a9f59505a7f" member_type: VOTER last_known_addr { host: "127.16.246.66" port: 37775 } } peers { permanent_uuid: "287cdadaeb55461da9ab8961895b0760" member_type: VOTER last_known_addr { host: "127.16.246.65" port: 46005 } } peers { permanent_uuid: "c0b644deb4fd4e3695ab46a24fb3ebc2" member_type: VOTER last_known_addr { host: "127.16.246.67" port: 44297 } }
I20260608 12:55:56.411952 21767 raft_consensus.cc:385] T 61b7078ed53d478b95d6051082eeabe2 P 287cdadaeb55461da9ab8961895b0760 [term 0 FOLLOWER]: Consensus starting up: Expiring failure detector timer to make a prompt election more likely
I20260608 12:55:56.412360 21768 tablet_bootstrap.cc:492] T 61b7078ed53d478b95d6051082eeabe2 P c0b644deb4fd4e3695ab46a24fb3ebc2: No bootstrap required, opened a new log
I20260608 12:55:56.412331 21767 raft_consensus.cc:740] T 61b7078ed53d478b95d6051082eeabe2 P 287cdadaeb55461da9ab8961895b0760 [term 0 FOLLOWER]: Becoming Follower/Learner. State: Replica: 287cdadaeb55461da9ab8961895b0760, State: Initialized, Role: FOLLOWER
I20260608 12:55:56.413245 21768 ts_tablet_manager.cc:1403] T 61b7078ed53d478b95d6051082eeabe2 P c0b644deb4fd4e3695ab46a24fb3ebc2: Time spent bootstrapping tablet: real 0.017s	user 0.015s	sys 0.000s
I20260608 12:55:56.413901 21767 consensus_queue.cc:260] T 61b7078ed53d478b95d6051082eeabe2 P 287cdadaeb55461da9ab8961895b0760 [NON_LEADER]: Queue going to NON_LEADER mode. State: All replicated index: 0, Majority replicated index: 0, Committed index: 0, Last appended: 0.0, Last appended by leader: 0, Current term: 0, Majority size: -1, State: 0, Mode: NON_LEADER, active raft config: opid_index: -1 OBSOLETE_local: false peers { permanent_uuid: "3f8aff0a8c3f4d1d947e1a9f59505a7f" member_type: VOTER last_known_addr { host: "127.16.246.66" port: 37775 } } peers { permanent_uuid: "287cdadaeb55461da9ab8961895b0760" member_type: VOTER last_known_addr { host: "127.16.246.65" port: 46005 } } peers { permanent_uuid: "c0b644deb4fd4e3695ab46a24fb3ebc2" member_type: VOTER last_known_addr { host: "127.16.246.67" port: 44297 } }
I20260608 12:55:56.415740 21766 ts_tablet_manager.cc:1434] T 61b7078ed53d478b95d6051082eeabe2 P 3f8aff0a8c3f4d1d947e1a9f59505a7f: Time spent starting tablet: real 0.011s	user 0.004s	sys 0.007s
I20260608 12:55:56.417343 21768 raft_consensus.cc:359] T 61b7078ed53d478b95d6051082eeabe2 P c0b644deb4fd4e3695ab46a24fb3ebc2 [term 0 FOLLOWER]: Replica starting. Triggering 0 pending ops. Active config: opid_index: -1 OBSOLETE_local: false peers { permanent_uuid: "3f8aff0a8c3f4d1d947e1a9f59505a7f" member_type: VOTER last_known_addr { host: "127.16.246.66" port: 37775 } } peers { permanent_uuid: "287cdadaeb55461da9ab8961895b0760" member_type: VOTER last_known_addr { host: "127.16.246.65" port: 46005 } } peers { permanent_uuid: "c0b644deb4fd4e3695ab46a24fb3ebc2" member_type: VOTER last_known_addr { host: "127.16.246.67" port: 44297 } }
I20260608 12:55:56.418370 21768 raft_consensus.cc:385] T 61b7078ed53d478b95d6051082eeabe2 P c0b644deb4fd4e3695ab46a24fb3ebc2 [term 0 FOLLOWER]: Consensus starting up: Expiring failure detector timer to make a prompt election more likely
I20260608 12:55:56.418576 21767 ts_tablet_manager.cc:1434] T 61b7078ed53d478b95d6051082eeabe2 P 287cdadaeb55461da9ab8961895b0760: Time spent starting tablet: real 0.010s	user 0.005s	sys 0.005s
I20260608 12:55:56.418776 21768 raft_consensus.cc:740] T 61b7078ed53d478b95d6051082eeabe2 P c0b644deb4fd4e3695ab46a24fb3ebc2 [term 0 FOLLOWER]: Becoming Follower/Learner. State: Replica: c0b644deb4fd4e3695ab46a24fb3ebc2, State: Initialized, Role: FOLLOWER
I20260608 12:55:56.419848 21768 consensus_queue.cc:260] T 61b7078ed53d478b95d6051082eeabe2 P c0b644deb4fd4e3695ab46a24fb3ebc2 [NON_LEADER]: Queue going to NON_LEADER mode. State: All replicated index: 0, Majority replicated index: 0, Committed index: 0, Last appended: 0.0, Last appended by leader: 0, Current term: 0, Majority size: -1, State: 0, Mode: NON_LEADER, active raft config: opid_index: -1 OBSOLETE_local: false peers { permanent_uuid: "3f8aff0a8c3f4d1d947e1a9f59505a7f" member_type: VOTER last_known_addr { host: "127.16.246.66" port: 37775 } } peers { permanent_uuid: "287cdadaeb55461da9ab8961895b0760" member_type: VOTER last_known_addr { host: "127.16.246.65" port: 46005 } } peers { permanent_uuid: "c0b644deb4fd4e3695ab46a24fb3ebc2" member_type: VOTER last_known_addr { host: "127.16.246.67" port: 44297 } }
I20260608 12:55:56.423580 21768 ts_tablet_manager.cc:1434] T 61b7078ed53d478b95d6051082eeabe2 P c0b644deb4fd4e3695ab46a24fb3ebc2: Time spent starting tablet: real 0.010s	user 0.001s	sys 0.007s
W20260608 12:55:56.470963 21746 tablet.cc:2404] T 61b7078ed53d478b95d6051082eeabe2 P c0b644deb4fd4e3695ab46a24fb3ebc2: Can't schedule compaction. Clean time has not been advanced past its initial value.
I20260608 12:55:56.542219 21772 raft_consensus.cc:493] T 61b7078ed53d478b95d6051082eeabe2 P 3f8aff0a8c3f4d1d947e1a9f59505a7f [term 0 FOLLOWER]: Starting pre-election (no leader contacted us within the election timeout)
I20260608 12:55:56.542883 21772 raft_consensus.cc:515] T 61b7078ed53d478b95d6051082eeabe2 P 3f8aff0a8c3f4d1d947e1a9f59505a7f [term 0 FOLLOWER]: Starting pre-election with config: opid_index: -1 OBSOLETE_local: false peers { permanent_uuid: "3f8aff0a8c3f4d1d947e1a9f59505a7f" member_type: VOTER last_known_addr { host: "127.16.246.66" port: 37775 } } peers { permanent_uuid: "287cdadaeb55461da9ab8961895b0760" member_type: VOTER last_known_addr { host: "127.16.246.65" port: 46005 } } peers { permanent_uuid: "c0b644deb4fd4e3695ab46a24fb3ebc2" member_type: VOTER last_known_addr { host: "127.16.246.67" port: 44297 } }
I20260608 12:55:56.545738 21772 leader_election.cc:290] T 61b7078ed53d478b95d6051082eeabe2 P 3f8aff0a8c3f4d1d947e1a9f59505a7f [CANDIDATE]: Term 1 pre-election: Requested pre-vote from peers 287cdadaeb55461da9ab8961895b0760 (127.16.246.65:46005), c0b644deb4fd4e3695ab46a24fb3ebc2 (127.16.246.67:44297)
I20260608 12:55:56.556115 21774 raft_consensus.cc:493] T 61b7078ed53d478b95d6051082eeabe2 P c0b644deb4fd4e3695ab46a24fb3ebc2 [term 0 FOLLOWER]: Starting pre-election (no leader contacted us within the election timeout)
I20260608 12:55:56.556727 21774 raft_consensus.cc:515] T 61b7078ed53d478b95d6051082eeabe2 P c0b644deb4fd4e3695ab46a24fb3ebc2 [term 0 FOLLOWER]: Starting pre-election with config: opid_index: -1 OBSOLETE_local: false peers { permanent_uuid: "3f8aff0a8c3f4d1d947e1a9f59505a7f" member_type: VOTER last_known_addr { host: "127.16.246.66" port: 37775 } } peers { permanent_uuid: "287cdadaeb55461da9ab8961895b0760" member_type: VOTER last_known_addr { host: "127.16.246.65" port: 46005 } } peers { permanent_uuid: "c0b644deb4fd4e3695ab46a24fb3ebc2" member_type: VOTER last_known_addr { host: "127.16.246.67" port: 44297 } }
I20260608 12:55:56.557850 21571 tablet_service.cc:1917] Received RequestConsensusVote() RPC: tablet_id: "61b7078ed53d478b95d6051082eeabe2" candidate_uuid: "3f8aff0a8c3f4d1d947e1a9f59505a7f" candidate_term: 1 candidate_status { last_received { term: 0 index: 0 } } ignore_live_leader: false dest_uuid: "287cdadaeb55461da9ab8961895b0760" is_pre_election: true
I20260608 12:55:56.557930 21720 tablet_service.cc:1917] Received RequestConsensusVote() RPC: tablet_id: "61b7078ed53d478b95d6051082eeabe2" candidate_uuid: "3f8aff0a8c3f4d1d947e1a9f59505a7f" candidate_term: 1 candidate_status { last_received { term: 0 index: 0 } } ignore_live_leader: false dest_uuid: "c0b644deb4fd4e3695ab46a24fb3ebc2" is_pre_election: true
I20260608 12:55:56.558636 21571 raft_consensus.cc:2468] T 61b7078ed53d478b95d6051082eeabe2 P 287cdadaeb55461da9ab8961895b0760 [term 0 FOLLOWER]: Leader pre-election vote request: Granting yes vote for candidate 3f8aff0a8c3f4d1d947e1a9f59505a7f in term 0.
I20260608 12:55:56.558743 21720 raft_consensus.cc:2468] T 61b7078ed53d478b95d6051082eeabe2 P c0b644deb4fd4e3695ab46a24fb3ebc2 [term 0 FOLLOWER]: Leader pre-election vote request: Granting yes vote for candidate 3f8aff0a8c3f4d1d947e1a9f59505a7f in term 0.
I20260608 12:55:56.559860 21774 leader_election.cc:290] T 61b7078ed53d478b95d6051082eeabe2 P c0b644deb4fd4e3695ab46a24fb3ebc2 [CANDIDATE]: Term 1 pre-election: Requested pre-vote from peers 3f8aff0a8c3f4d1d947e1a9f59505a7f (127.16.246.66:37775), 287cdadaeb55461da9ab8961895b0760 (127.16.246.65:46005)
I20260608 12:55:56.560070 21609 leader_election.cc:304] T 61b7078ed53d478b95d6051082eeabe2 P 3f8aff0a8c3f4d1d947e1a9f59505a7f [CANDIDATE]: Term 1 pre-election: Election decided. Result: candidate won. Election summary: received 2 responses out of 3 voters: 2 yes votes; 0 no votes. yes voters: 287cdadaeb55461da9ab8961895b0760, 3f8aff0a8c3f4d1d947e1a9f59505a7f; no voters: 
I20260608 12:55:56.564709 21772 raft_consensus.cc:2804] T 61b7078ed53d478b95d6051082eeabe2 P 3f8aff0a8c3f4d1d947e1a9f59505a7f [term 0 FOLLOWER]: Leader pre-election won for term 1
I20260608 12:55:56.565148 21772 raft_consensus.cc:493] T 61b7078ed53d478b95d6051082eeabe2 P 3f8aff0a8c3f4d1d947e1a9f59505a7f [term 0 FOLLOWER]: Starting leader election (no leader contacted us within the election timeout)
I20260608 12:55:56.565567 21772 raft_consensus.cc:3060] T 61b7078ed53d478b95d6051082eeabe2 P 3f8aff0a8c3f4d1d947e1a9f59505a7f [term 0 FOLLOWER]: Advancing to term 1
I20260608 12:55:56.572220 21646 tablet_service.cc:1917] Received RequestConsensusVote() RPC: tablet_id: "61b7078ed53d478b95d6051082eeabe2" candidate_uuid: "c0b644deb4fd4e3695ab46a24fb3ebc2" candidate_term: 1 candidate_status { last_received { term: 0 index: 0 } } ignore_live_leader: false dest_uuid: "3f8aff0a8c3f4d1d947e1a9f59505a7f" is_pre_election: true
I20260608 12:55:56.572806 21772 raft_consensus.cc:515] T 61b7078ed53d478b95d6051082eeabe2 P 3f8aff0a8c3f4d1d947e1a9f59505a7f [term 1 FOLLOWER]: Starting leader election with config: opid_index: -1 OBSOLETE_local: false peers { permanent_uuid: "3f8aff0a8c3f4d1d947e1a9f59505a7f" member_type: VOTER last_known_addr { host: "127.16.246.66" port: 37775 } } peers { permanent_uuid: "287cdadaeb55461da9ab8961895b0760" member_type: VOTER last_known_addr { host: "127.16.246.65" port: 46005 } } peers { permanent_uuid: "c0b644deb4fd4e3695ab46a24fb3ebc2" member_type: VOTER last_known_addr { host: "127.16.246.67" port: 44297 } }
I20260608 12:55:56.573860 21646 raft_consensus.cc:2393] T 61b7078ed53d478b95d6051082eeabe2 P 3f8aff0a8c3f4d1d947e1a9f59505a7f [term 1 FOLLOWER]: Leader pre-election vote request: Denying vote to candidate c0b644deb4fd4e3695ab46a24fb3ebc2 in current term 1: Already voted for candidate 3f8aff0a8c3f4d1d947e1a9f59505a7f in this term.
I20260608 12:55:56.575054 21772 leader_election.cc:290] T 61b7078ed53d478b95d6051082eeabe2 P 3f8aff0a8c3f4d1d947e1a9f59505a7f [CANDIDATE]: Term 1 election: Requested vote from peers 287cdadaeb55461da9ab8961895b0760 (127.16.246.65:46005), c0b644deb4fd4e3695ab46a24fb3ebc2 (127.16.246.67:44297)
I20260608 12:55:56.575733 21571 tablet_service.cc:1917] Received RequestConsensusVote() RPC: tablet_id: "61b7078ed53d478b95d6051082eeabe2" candidate_uuid: "3f8aff0a8c3f4d1d947e1a9f59505a7f" candidate_term: 1 candidate_status { last_received { term: 0 index: 0 } } ignore_live_leader: false dest_uuid: "287cdadaeb55461da9ab8961895b0760"
I20260608 12:55:56.575949 21720 tablet_service.cc:1917] Received RequestConsensusVote() RPC: tablet_id: "61b7078ed53d478b95d6051082eeabe2" candidate_uuid: "3f8aff0a8c3f4d1d947e1a9f59505a7f" candidate_term: 1 candidate_status { last_received { term: 0 index: 0 } } ignore_live_leader: false dest_uuid: "c0b644deb4fd4e3695ab46a24fb3ebc2"
I20260608 12:55:56.576313 21571 raft_consensus.cc:3060] T 61b7078ed53d478b95d6051082eeabe2 P 287cdadaeb55461da9ab8961895b0760 [term 0 FOLLOWER]: Advancing to term 1
I20260608 12:55:56.576560 21720 raft_consensus.cc:3060] T 61b7078ed53d478b95d6051082eeabe2 P c0b644deb4fd4e3695ab46a24fb3ebc2 [term 0 FOLLOWER]: Advancing to term 1
I20260608 12:55:56.577972 21570 tablet_service.cc:1917] Received RequestConsensusVote() RPC: tablet_id: "61b7078ed53d478b95d6051082eeabe2" candidate_uuid: "c0b644deb4fd4e3695ab46a24fb3ebc2" candidate_term: 1 candidate_status { last_received { term: 0 index: 0 } } ignore_live_leader: false dest_uuid: "287cdadaeb55461da9ab8961895b0760" is_pre_election: true
I20260608 12:55:56.579659 21683 leader_election.cc:304] T 61b7078ed53d478b95d6051082eeabe2 P c0b644deb4fd4e3695ab46a24fb3ebc2 [CANDIDATE]: Term 1 pre-election: Election decided. Result: candidate lost. Election summary: received 3 responses out of 3 voters: 1 yes votes; 2 no votes. yes voters: c0b644deb4fd4e3695ab46a24fb3ebc2; no voters: 287cdadaeb55461da9ab8961895b0760, 3f8aff0a8c3f4d1d947e1a9f59505a7f
I20260608 12:55:56.582170 21571 raft_consensus.cc:2468] T 61b7078ed53d478b95d6051082eeabe2 P 287cdadaeb55461da9ab8961895b0760 [term 1 FOLLOWER]: Leader election vote request: Granting yes vote for candidate 3f8aff0a8c3f4d1d947e1a9f59505a7f in term 1.
I20260608 12:55:56.583091 21720 raft_consensus.cc:2468] T 61b7078ed53d478b95d6051082eeabe2 P c0b644deb4fd4e3695ab46a24fb3ebc2 [term 1 FOLLOWER]: Leader election vote request: Granting yes vote for candidate 3f8aff0a8c3f4d1d947e1a9f59505a7f in term 1.
I20260608 12:55:56.583267 21609 leader_election.cc:304] T 61b7078ed53d478b95d6051082eeabe2 P 3f8aff0a8c3f4d1d947e1a9f59505a7f [CANDIDATE]: Term 1 election: Election decided. Result: candidate won. Election summary: received 2 responses out of 3 voters: 2 yes votes; 0 no votes. yes voters: 287cdadaeb55461da9ab8961895b0760, 3f8aff0a8c3f4d1d947e1a9f59505a7f; no voters: 
I20260608 12:55:56.583550 21774 raft_consensus.cc:2749] T 61b7078ed53d478b95d6051082eeabe2 P c0b644deb4fd4e3695ab46a24fb3ebc2 [term 1 FOLLOWER]: Leader pre-election lost for term 1. Reason: could not achieve majority
I20260608 12:55:56.584126 21772 raft_consensus.cc:2804] T 61b7078ed53d478b95d6051082eeabe2 P 3f8aff0a8c3f4d1d947e1a9f59505a7f [term 1 FOLLOWER]: Leader election won for term 1
I20260608 12:55:56.585377 21772 raft_consensus.cc:697] T 61b7078ed53d478b95d6051082eeabe2 P 3f8aff0a8c3f4d1d947e1a9f59505a7f [term 1 LEADER]: Becoming Leader. State: Replica: 3f8aff0a8c3f4d1d947e1a9f59505a7f, State: Running, Role: LEADER
I20260608 12:55:56.586169 21772 consensus_queue.cc:237] T 61b7078ed53d478b95d6051082eeabe2 P 3f8aff0a8c3f4d1d947e1a9f59505a7f [LEADER]: Queue going to LEADER mode. State: All replicated index: 0, Majority replicated index: 0, Committed index: 0, Last appended: 0.0, Last appended by leader: 0, Current term: 1, Majority size: 2, State: 0, Mode: LEADER, active raft config: opid_index: -1 OBSOLETE_local: false peers { permanent_uuid: "3f8aff0a8c3f4d1d947e1a9f59505a7f" member_type: VOTER last_known_addr { host: "127.16.246.66" port: 37775 } } peers { permanent_uuid: "287cdadaeb55461da9ab8961895b0760" member_type: VOTER last_known_addr { host: "127.16.246.65" port: 46005 } } peers { permanent_uuid: "c0b644deb4fd4e3695ab46a24fb3ebc2" member_type: VOTER last_known_addr { host: "127.16.246.67" port: 44297 } }
I20260608 12:55:56.594570 21468 catalog_manager.cc:5696] T 61b7078ed53d478b95d6051082eeabe2 P 3f8aff0a8c3f4d1d947e1a9f59505a7f reported cstate change: term changed from 0 to 1, leader changed from <none> to 3f8aff0a8c3f4d1d947e1a9f59505a7f (127.16.246.66). New cstate: current_term: 1 leader_uuid: "3f8aff0a8c3f4d1d947e1a9f59505a7f" committed_config { opid_index: -1 OBSOLETE_local: false peers { permanent_uuid: "3f8aff0a8c3f4d1d947e1a9f59505a7f" member_type: VOTER last_known_addr { host: "127.16.246.66" port: 37775 } health_report { overall_health: HEALTHY } } peers { permanent_uuid: "287cdadaeb55461da9ab8961895b0760" member_type: VOTER last_known_addr { host: "127.16.246.65" port: 46005 } health_report { overall_health: UNKNOWN } } peers { permanent_uuid: "c0b644deb4fd4e3695ab46a24fb3ebc2" member_type: VOTER last_known_addr { host: "127.16.246.67" port: 44297 } health_report { overall_health: UNKNOWN } } }
I20260608 12:55:56.835659 21517 placement_policy_util.cc:407] tablet 61b7078ed53d478b95d6051082eeabe2: detected majority of replicas (2 of 3) at location L0
I20260608 12:55:56.836683 21522 auto_leader_rebalancer.cc:140] leader rebalance for table test-workload
I20260608 12:55:56.838111 21522 auto_leader_rebalancer.cc:388] table: test-workload, leader rebalance finish, leader transfer count: 0
I20260608 12:55:56.838430 21522 auto_leader_rebalancer.cc:451] All tables' leader rebalancing finished this round
I20260608 12:55:57.080405 21772 consensus_queue.cc:1048] T 61b7078ed53d478b95d6051082eeabe2 P 3f8aff0a8c3f4d1d947e1a9f59505a7f [LEADER]: Connected to new peer: Peer: permanent_uuid: "287cdadaeb55461da9ab8961895b0760" member_type: VOTER last_known_addr { host: "127.16.246.65" port: 46005 }, Status: LMP_MISMATCH, Last received: 0.0, Next index: 1, Last known committed idx: 0, Time since last communication: 0.000s
I20260608 12:55:57.093556 21783 consensus_queue.cc:1048] T 61b7078ed53d478b95d6051082eeabe2 P 3f8aff0a8c3f4d1d947e1a9f59505a7f [LEADER]: Connected to new peer: Peer: permanent_uuid: "c0b644deb4fd4e3695ab46a24fb3ebc2" member_type: VOTER last_known_addr { host: "127.16.246.67" port: 44297 }, Status: LMP_MISMATCH, Last received: 0.0, Next index: 1, Last known committed idx: 0, Time since last communication: 0.000s
I20260608 12:55:57.844991 21517 placement_policy_util.cc:407] tablet 61b7078ed53d478b95d6051082eeabe2: detected majority of replicas (2 of 3) at location L0
I20260608 12:55:59.176065 21522 auto_leader_rebalancer.cc:140] leader rebalance for table test-workload
I20260608 12:55:59.177855 21522 auto_leader_rebalancer.cc:388] table: test-workload, leader rebalance finish, leader transfer count: 0
I20260608 12:55:59.178304 21522 auto_leader_rebalancer.cc:451] All tables' leader rebalancing finished this round
I20260608 12:55:59.183760 21517 placement_policy_util.cc:407] tablet 61b7078ed53d478b95d6051082eeabe2: detected majority of replicas (2 of 3) at location L0
I20260608 12:56:00.195062 21517 placement_policy_util.cc:407] tablet 61b7078ed53d478b95d6051082eeabe2: detected majority of replicas (2 of 3) at location L0
W20260608 12:56:00.340232 21667 debug-util.cc:398] Leaking SignalData structure 0x7b08001adfc0 after lost signal to thread 17372
W20260608 12:56:00.341125 21667 debug-util.cc:398] Leaking SignalData structure 0x7b0800099280 after lost signal to thread 21503
W20260608 12:56:00.342084 21667 debug-util.cc:398] Leaking SignalData structure 0x7b0800185ee0 after lost signal to thread 21595
W20260608 12:56:00.343019 21667 debug-util.cc:398] Leaking SignalData structure 0x7b0800136f40 after lost signal to thread 21670
W20260608 12:56:00.343786 21667 debug-util.cc:398] Leaking SignalData structure 0x7b0800158760 after lost signal to thread 21744
I20260608 12:56:01.179324 21522 auto_leader_rebalancer.cc:140] leader rebalance for table test-workload
I20260608 12:56:01.180701 21522 auto_leader_rebalancer.cc:388] table: test-workload, leader rebalance finish, leader transfer count: 0
I20260608 12:56:01.181021 21522 auto_leader_rebalancer.cc:451] All tables' leader rebalancing finished this round
I20260608 12:56:01.204244 21517 placement_policy_util.cc:407] tablet 61b7078ed53d478b95d6051082eeabe2: detected majority of replicas (2 of 3) at location L0
I20260608 12:56:02.212905 21517 placement_policy_util.cc:407] tablet 61b7078ed53d478b95d6051082eeabe2: detected majority of replicas (2 of 3) at location L0
I20260608 12:56:03.182263 21522 auto_leader_rebalancer.cc:140] leader rebalance for table test-workload
I20260608 12:56:03.184111 21522 auto_leader_rebalancer.cc:388] table: test-workload, leader rebalance finish, leader transfer count: 0
I20260608 12:56:03.184480 21522 auto_leader_rebalancer.cc:451] All tables' leader rebalancing finished this round
I20260608 12:56:03.222272 21517 placement_policy_util.cc:407] tablet 61b7078ed53d478b95d6051082eeabe2: detected majority of replicas (2 of 3) at location L0
I20260608 12:56:04.232285 21517 placement_policy_util.cc:407] tablet 61b7078ed53d478b95d6051082eeabe2: detected majority of replicas (2 of 3) at location L0
I20260608 12:56:05.185379 21522 auto_leader_rebalancer.cc:140] leader rebalance for table test-workload
I20260608 12:56:05.186764 21522 auto_leader_rebalancer.cc:388] table: test-workload, leader rebalance finish, leader transfer count: 0
I20260608 12:56:05.187052 21522 auto_leader_rebalancer.cc:451] All tables' leader rebalancing finished this round
I20260608 12:56:05.240999 21517 placement_policy_util.cc:407] tablet 61b7078ed53d478b95d6051082eeabe2: detected majority of replicas (2 of 3) at location L0
I20260608 12:56:06.248201 21517 placement_policy_util.cc:407] tablet 61b7078ed53d478b95d6051082eeabe2: detected majority of replicas (2 of 3) at location L0
I20260608 12:56:07.187959 21522 auto_leader_rebalancer.cc:140] leader rebalance for table test-workload
I20260608 12:56:07.189356 21522 auto_leader_rebalancer.cc:388] table: test-workload, leader rebalance finish, leader transfer count: 0
I20260608 12:56:07.189646 21522 auto_leader_rebalancer.cc:451] All tables' leader rebalancing finished this round
I20260608 12:56:07.256108 21517 placement_policy_util.cc:407] tablet 61b7078ed53d478b95d6051082eeabe2: detected majority of replicas (2 of 3) at location L0
I20260608 12:56:07.950874 17369 tablet_server.cc:179] TabletServer@127.16.246.65:0 shutting down...
I20260608 12:56:07.973742 17369 ts_tablet_manager.cc:1507] Shutting down tablet manager...
I20260608 12:56:07.974529 17369 tablet_replica.cc:333] T 61b7078ed53d478b95d6051082eeabe2 P 287cdadaeb55461da9ab8961895b0760: stopping tablet replica
I20260608 12:56:07.975059 17369 raft_consensus.cc:2243] T 61b7078ed53d478b95d6051082eeabe2 P 287cdadaeb55461da9ab8961895b0760 [term 1 FOLLOWER]: Raft consensus shutting down.
I20260608 12:56:07.975685 17369 raft_consensus.cc:2272] T 61b7078ed53d478b95d6051082eeabe2 P 287cdadaeb55461da9ab8961895b0760 [term 1 FOLLOWER]: Raft consensus is shut down!
I20260608 12:56:07.996938 17369 tablet_server.cc:196] TabletServer@127.16.246.65:0 shutdown complete.
I20260608 12:56:08.010810 17369 tablet_server.cc:179] TabletServer@127.16.246.66:0 shutting down...
I20260608 12:56:08.030545 17369 ts_tablet_manager.cc:1507] Shutting down tablet manager...
I20260608 12:56:08.031297 17369 tablet_replica.cc:333] T 61b7078ed53d478b95d6051082eeabe2 P 3f8aff0a8c3f4d1d947e1a9f59505a7f: stopping tablet replica
I20260608 12:56:08.031879 17369 raft_consensus.cc:2243] T 61b7078ed53d478b95d6051082eeabe2 P 3f8aff0a8c3f4d1d947e1a9f59505a7f [term 1 LEADER]: Raft consensus shutting down.
I20260608 12:56:08.032784 17369 raft_consensus.cc:2272] T 61b7078ed53d478b95d6051082eeabe2 P 3f8aff0a8c3f4d1d947e1a9f59505a7f [term 1 FOLLOWER]: Raft consensus is shut down!
I20260608 12:56:08.068960 17369 tablet_server.cc:196] TabletServer@127.16.246.66:0 shutdown complete.
I20260608 12:56:08.081434 17369 tablet_server.cc:179] TabletServer@127.16.246.67:0 shutting down...
I20260608 12:56:08.102757 17369 ts_tablet_manager.cc:1507] Shutting down tablet manager...
I20260608 12:56:08.103507 17369 tablet_replica.cc:333] T 61b7078ed53d478b95d6051082eeabe2 P c0b644deb4fd4e3695ab46a24fb3ebc2: stopping tablet replica
I20260608 12:56:08.104082 17369 raft_consensus.cc:2243] T 61b7078ed53d478b95d6051082eeabe2 P c0b644deb4fd4e3695ab46a24fb3ebc2 [term 1 FOLLOWER]: Raft consensus shutting down.
I20260608 12:56:08.104609 17369 raft_consensus.cc:2272] T 61b7078ed53d478b95d6051082eeabe2 P c0b644deb4fd4e3695ab46a24fb3ebc2 [term 1 FOLLOWER]: Raft consensus is shut down!
I20260608 12:56:08.124642 17369 tablet_server.cc:196] TabletServer@127.16.246.67:0 shutdown complete.
I20260608 12:56:08.136308 17369 master.cc:562] Master@127.16.246.126:38269 shutting down...
I20260608 12:56:08.154096 17369 raft_consensus.cc:2243] T 00000000000000000000000000000000 P 9e5a6abdcea54313b59c279d214accdf [term 1 LEADER]: Raft consensus shutting down.
I20260608 12:56:08.154752 17369 raft_consensus.cc:2272] T 00000000000000000000000000000000 P 9e5a6abdcea54313b59c279d214accdf [term 1 FOLLOWER]: Raft consensus is shut down!
I20260608 12:56:08.155092 17369 tablet_replica.cc:333] T 00000000000000000000000000000000 P 9e5a6abdcea54313b59c279d214accdf: stopping tablet replica
I20260608 12:56:08.174124 17369 master.cc:584] Master@127.16.246.126:38269 shutdown complete.
[       OK ] AutoRebalancerTest.NoReplicaMovesIfCannotFixPlacementPolicy (13501 ms)
[ RUN      ] AutoRebalancerTest.TestMaxMovesPerServer
I20260608 12:56:08.212900 17369 internal_mini_cluster.cc:156] Creating distributed mini masters. Addrs: 127.16.246.126:41127
I20260608 12:56:08.214349 17369 file_cache.cc:492] Constructed file cache file cache with capacity 419430
W20260608 12:56:08.221148 21793 instance_detector.cc:116] could not retrieve Azure instance metadata: Network error: curl error: HTTP response code said error: The requested URL returned error: 404
W20260608 12:56:08.221246 21792 instance_detector.cc:116] could not retrieve AWS instance metadata: Network error: curl error: HTTP response code said error: The requested URL returned error: 404
W20260608 12:56:08.221158 21795 instance_detector.cc:116] could not retrieve OpenStack instance metadata: Network error: curl error: HTTP response code said error: The requested URL returned error: 404
I20260608 12:56:08.222635 17369 server_base.cc:1061] running on GCE node
I20260608 12:56:08.223513 17369 hybrid_clock.cc:584] initializing the hybrid clock with 'system_unsync' time source
W20260608 12:56:08.223698 17369 system_unsync_time.cc:38] NTP support is disabled. Clock error bounds will not be accurate. This configuration is not suitable for distributed clusters.
I20260608 12:56:08.223858 17369 hybrid_clock.cc:648] HybridClock initialized: now 1780923368223841 us; error 0 us; skew 500 ppm
I20260608 12:56:08.224444 17369 server_base.cc:861] Flag tcmalloc_max_total_thread_cache_bytes is not working since tcmalloc is not enabled.
I20260608 12:56:08.227281 17369 webserver.cc:533] Webserver started at http://127.16.246.126:33767/ using document root <none> and password file <none>
I20260608 12:56:08.227835 17369 fs_manager.cc:362] Metadata directory not provided
I20260608 12:56:08.228009 17369 fs_manager.cc:368] Using write-ahead log directory (fs_wal_dir) as metadata directory
I20260608 12:56:08.228276 17369 server_base.cc:909] This appears to be a new deployment of Kudu; creating new FS layout
I20260608 12:56:08.229450 17369 fs_manager.cc:1068] Generated new instance metadata in path /tmp/dist-test-taskmeSs1p/test-tmp/auto_rebalancer-test.0.AutoRebalancerTest.TestMaxMovesPerServer.1780923242098697-17369-0/minicluster-data/master-0-root/instance:
uuid: "bd18a4aa93c54559ae171942feadd729"
format_stamp: "Formatted at 2026-06-08 12:56:08 on dist-test-slave-5t9v"
I20260608 12:56:08.234542 17369 fs_manager.cc:696] Time spent creating directory manager: real 0.004s	user 0.003s	sys 0.001s
I20260608 12:56:08.238494 21800 log_block_manager.cc:4031] Time spent loading block containers with low live blocks: real 0.000s	user 0.000s	sys 0.000s
I20260608 12:56:08.239342 17369 fs_manager.cc:730] Time spent opening block manager: real 0.003s	user 0.002s	sys 0.002s
I20260608 12:56:08.239637 17369 fs_manager.cc:647] Opened local filesystem: /tmp/dist-test-taskmeSs1p/test-tmp/auto_rebalancer-test.0.AutoRebalancerTest.TestMaxMovesPerServer.1780923242098697-17369-0/minicluster-data/master-0-root
uuid: "bd18a4aa93c54559ae171942feadd729"
format_stamp: "Formatted at 2026-06-08 12:56:08 on dist-test-slave-5t9v"
I20260608 12:56:08.240188 17369 fs_report.cc:389] FS layout report
--------------------
wal directory: /tmp/dist-test-taskmeSs1p/test-tmp/auto_rebalancer-test.0.AutoRebalancerTest.TestMaxMovesPerServer.1780923242098697-17369-0/minicluster-data/master-0-root
metadata directory: /tmp/dist-test-taskmeSs1p/test-tmp/auto_rebalancer-test.0.AutoRebalancerTest.TestMaxMovesPerServer.1780923242098697-17369-0/minicluster-data/master-0-root
1 data directories: /tmp/dist-test-taskmeSs1p/test-tmp/auto_rebalancer-test.0.AutoRebalancerTest.TestMaxMovesPerServer.1780923242098697-17369-0/minicluster-data/master-0-root/data
Total live blocks: 0
Total live bytes: 0
Total live bytes (after alignment): 0
Total number of LBM containers: 0 (0 full)
Did not check for missing blocks
Did not check for orphaned blocks
Total full LBM containers with extra space: 0 (0 repaired)
Total full LBM container extra space in bytes: 0 (0 repaired)
Total incomplete LBM containers: 0 (0 repaired)
Total LBM partial records: 0 (0 repaired)
Total corrupted LBM metadata records in RocksDB: 0 (0 repaired)
I20260608 12:56:08.257783 17369 rpc_server.cc:225] running with OpenSSL 1.1.1  11 Sep 2018
I20260608 12:56:08.259078 17369 kserver.cc:163] Server-wide thread pool size limit: 3276
I20260608 12:56:08.299502 17369 rpc_server.cc:307] RPC server started. Bound to: 127.16.246.126:41127
I20260608 12:56:08.299636 21851 acceptor_pool.cc:272] collecting diagnostics on the listening RPC socket 127.16.246.126:41127 every 8 connection(s)
I20260608 12:56:08.303809 21852 data_dirs.cc:400] Could only allocate 1 dirs of requested 3 for tablet 00000000000000000000000000000000. 1 dirs total, 0 dirs full, 0 dirs failed
I20260608 12:56:08.316628 21852 tablet_bootstrap.cc:492] T 00000000000000000000000000000000 P bd18a4aa93c54559ae171942feadd729: Bootstrap starting.
I20260608 12:56:08.321533 21852 tablet_bootstrap.cc:654] T 00000000000000000000000000000000 P bd18a4aa93c54559ae171942feadd729: Neither blocks nor log segments found. Creating new log.
I20260608 12:56:08.325863 21852 tablet_bootstrap.cc:492] T 00000000000000000000000000000000 P bd18a4aa93c54559ae171942feadd729: No bootstrap required, opened a new log
I20260608 12:56:08.328241 21852 raft_consensus.cc:359] T 00000000000000000000000000000000 P bd18a4aa93c54559ae171942feadd729 [term 0 FOLLOWER]: Replica starting. Triggering 0 pending ops. Active config: opid_index: -1 OBSOLETE_local: true peers { permanent_uuid: "bd18a4aa93c54559ae171942feadd729" member_type: VOTER }
I20260608 12:56:08.328655 21852 raft_consensus.cc:385] T 00000000000000000000000000000000 P bd18a4aa93c54559ae171942feadd729 [term 0 FOLLOWER]: Consensus starting up: Expiring failure detector timer to make a prompt election more likely
I20260608 12:56:08.328858 21852 raft_consensus.cc:740] T 00000000000000000000000000000000 P bd18a4aa93c54559ae171942feadd729 [term 0 FOLLOWER]: Becoming Follower/Learner. State: Replica: bd18a4aa93c54559ae171942feadd729, State: Initialized, Role: FOLLOWER
I20260608 12:56:08.329457 21852 consensus_queue.cc:260] T 00000000000000000000000000000000 P bd18a4aa93c54559ae171942feadd729 [NON_LEADER]: Queue going to NON_LEADER mode. State: All replicated index: 0, Majority replicated index: 0, Committed index: 0, Last appended: 0.0, Last appended by leader: 0, Current term: 0, Majority size: -1, State: 0, Mode: NON_LEADER, active raft config: opid_index: -1 OBSOLETE_local: true peers { permanent_uuid: "bd18a4aa93c54559ae171942feadd729" member_type: VOTER }
I20260608 12:56:08.329926 21852 raft_consensus.cc:399] T 00000000000000000000000000000000 P bd18a4aa93c54559ae171942feadd729 [term 0 FOLLOWER]: Only one voter in the Raft config. Triggering election immediately
I20260608 12:56:08.330171 21852 raft_consensus.cc:493] T 00000000000000000000000000000000 P bd18a4aa93c54559ae171942feadd729 [term 0 FOLLOWER]: Starting leader election (initial election of a single-replica configuration)
I20260608 12:56:08.330391 21852 raft_consensus.cc:3060] T 00000000000000000000000000000000 P bd18a4aa93c54559ae171942feadd729 [term 0 FOLLOWER]: Advancing to term 1
I20260608 12:56:08.335135 21852 raft_consensus.cc:515] T 00000000000000000000000000000000 P bd18a4aa93c54559ae171942feadd729 [term 1 FOLLOWER]: Starting leader election with config: opid_index: -1 OBSOLETE_local: true peers { permanent_uuid: "bd18a4aa93c54559ae171942feadd729" member_type: VOTER }
