I20260608 12:55:19.974306 20270 consensus_queue.cc:1048] T 87e1d4f3e7e9404992667d8ccc946fb2 P abd09b8b26d642a28347423062f1bb55 [LEADER]: Connected to new peer: Peer: permanent_uuid: "2bd680e2d4d748bdb307744a3a242d97" member_type: VOTER last_known_addr { host: "127.16.116.195" port: 42019 } attrs { replace: true }, Status: LMP_MISMATCH, Last received: 0.0, Next index: 2, Last known committed idx: 1, Time since last communication: 0.001s
I20260608 12:55:19.975713 20098 consensus_queue.cc:1048] T 87e1d4f3e7e9404992667d8ccc946fb2 P abd09b8b26d642a28347423062f1bb55 [LEADER]: Connected to new peer: Peer: permanent_uuid: "41d8e8309c544e619bef803f442b7777" member_type: VOTER last_known_addr { host: "127.16.116.193" port: 39213 }, Status: LMP_MISMATCH, Last received: 0.0, Next index: 2, Last known committed idx: 1, Time since last communication: 0.000s
I20260608 12:55:19.980515 20242 consensus_queue.cc:1048] T c14db9aed61647b48bf013cc3253f8d9 P 41d8e8309c544e619bef803f442b7777 [LEADER]: Connected to new peer: Peer: permanent_uuid: "2bd680e2d4d748bdb307744a3a242d97" member_type: VOTER last_known_addr { host: "127.16.116.195" port: 42019 }, Status: LMP_MISMATCH, Last received: 0.0, Next index: 1, Last known committed idx: 0, Time since last communication: 0.000s
I20260608 12:55:19.996279 20098 raft_consensus.cc:2955] T 87e1d4f3e7e9404992667d8ccc946fb2 P abd09b8b26d642a28347423062f1bb55 [term 1 LEADER]: Committing config change with OpId 1.2: config changed from index -1 to 2, NON_VOTER 32139b84feb745379d71e085718d8104 (127.16.116.196) added. New config: { opid_index: 2 OBSOLETE_local: false peers { permanent_uuid: "41d8e8309c544e619bef803f442b7777" member_type: VOTER last_known_addr { host: "127.16.116.193" port: 39213 } } peers { permanent_uuid: "abd09b8b26d642a28347423062f1bb55" member_type: VOTER last_known_addr { host: "127.16.116.194" port: 35837 } } peers { permanent_uuid: "2bd680e2d4d748bdb307744a3a242d97" member_type: VOTER last_known_addr { host: "127.16.116.195" port: 42019 } attrs { replace: true } } peers { permanent_uuid: "32139b84feb745379d71e085718d8104" member_type: NON_VOTER last_known_addr { host: "127.16.116.196" port: 45317 } attrs { promote: true } } }
I20260608 12:55:20.004033 19836 raft_consensus.cc:2955] T 87e1d4f3e7e9404992667d8ccc946fb2 P 41d8e8309c544e619bef803f442b7777 [term 1 FOLLOWER]: Committing config change with OpId 1.2: config changed from index -1 to 2, NON_VOTER 32139b84feb745379d71e085718d8104 (127.16.116.196) added. New config: { opid_index: 2 OBSOLETE_local: false peers { permanent_uuid: "41d8e8309c544e619bef803f442b7777" member_type: VOTER last_known_addr { host: "127.16.116.193" port: 39213 } } peers { permanent_uuid: "abd09b8b26d642a28347423062f1bb55" member_type: VOTER last_known_addr { host: "127.16.116.194" port: 35837 } } peers { permanent_uuid: "2bd680e2d4d748bdb307744a3a242d97" member_type: VOTER last_known_addr { host: "127.16.116.195" port: 42019 } attrs { replace: true } } peers { permanent_uuid: "32139b84feb745379d71e085718d8104" member_type: NON_VOTER last_known_addr { host: "127.16.116.196" port: 45317 } attrs { promote: true } } }
I20260608 12:55:20.002925 19986 raft_consensus.cc:2955] T 87e1d4f3e7e9404992667d8ccc946fb2 P 2bd680e2d4d748bdb307744a3a242d97 [term 1 FOLLOWER]: Committing config change with OpId 1.2: config changed from index -1 to 2, NON_VOTER 32139b84feb745379d71e085718d8104 (127.16.116.196) added. New config: { opid_index: 2 OBSOLETE_local: false peers { permanent_uuid: "41d8e8309c544e619bef803f442b7777" member_type: VOTER last_known_addr { host: "127.16.116.193" port: 39213 } } peers { permanent_uuid: "abd09b8b26d642a28347423062f1bb55" member_type: VOTER last_known_addr { host: "127.16.116.194" port: 35837 } } peers { permanent_uuid: "2bd680e2d4d748bdb307744a3a242d97" member_type: VOTER last_known_addr { host: "127.16.116.195" port: 42019 } attrs { replace: true } } peers { permanent_uuid: "32139b84feb745379d71e085718d8104" member_type: NON_VOTER last_known_addr { host: "127.16.116.196" port: 45317 } attrs { promote: true } } }
I20260608 12:55:20.016551 19732 catalog_manager.cc:5696] T 87e1d4f3e7e9404992667d8ccc946fb2 P abd09b8b26d642a28347423062f1bb55 reported cstate change: config changed from index -1 to 2, NON_VOTER 32139b84feb745379d71e085718d8104 (127.16.116.196) added. New cstate: current_term: 1 leader_uuid: "abd09b8b26d642a28347423062f1bb55" committed_config { opid_index: 2 OBSOLETE_local: false peers { permanent_uuid: "41d8e8309c544e619bef803f442b7777" member_type: VOTER last_known_addr { host: "127.16.116.193" port: 39213 } health_report { overall_health: HEALTHY } } peers { permanent_uuid: "abd09b8b26d642a28347423062f1bb55" member_type: VOTER last_known_addr { host: "127.16.116.194" port: 35837 } health_report { overall_health: HEALTHY } } peers { permanent_uuid: "2bd680e2d4d748bdb307744a3a242d97" member_type: VOTER last_known_addr { host: "127.16.116.195" port: 42019 } attrs { replace: true } health_report { overall_health: HEALTHY } } peers { permanent_uuid: "32139b84feb745379d71e085718d8104" member_type: NON_VOTER last_known_addr { host: "127.16.116.196" port: 45317 } attrs { promote: true } health_report { overall_health: UNKNOWN } } }
I20260608 12:55:20.027436 20226 consensus_queue.cc:1048] T c14db9aed61647b48bf013cc3253f8d9 P 41d8e8309c544e619bef803f442b7777 [LEADER]: Connected to new peer: Peer: permanent_uuid: "32139b84feb745379d71e085718d8104" member_type: VOTER last_known_addr { host: "127.16.116.196" port: 45317 }, Status: LMP_MISMATCH, Last received: 0.0, Next index: 1, Last known committed idx: 0, Time since last communication: 0.000s
I20260608 12:55:20.037631 20270 consensus_queue.cc:1048] T c9ca77b2dd194d92ba4f7b00a9a81a65 P abd09b8b26d642a28347423062f1bb55 [LEADER]: Connected to new peer: Peer: permanent_uuid: "32139b84feb745379d71e085718d8104" member_type: VOTER last_known_addr { host: "127.16.116.196" port: 45317 }, Status: LMP_MISMATCH, Last received: 0.0, Next index: 1, Last known committed idx: 0, Time since last communication: 0.000s
I20260608 12:55:20.056366 19986 consensus_queue.cc:237] T 99f31f3fcd2c4171aa3f60b03e072754 P 2bd680e2d4d748bdb307744a3a242d97 [LEADER]: Queue going to LEADER mode. State: All replicated index: 0, Majority replicated index: 1, Committed index: 1, Last appended: 1.1, Last appended by leader: 0, Current term: 1, Majority size: 2, State: 0, Mode: LEADER, active raft config: opid_index: 2 OBSOLETE_local: false peers { permanent_uuid: "41d8e8309c544e619bef803f442b7777" member_type: VOTER last_known_addr { host: "127.16.116.193" port: 39213 } } peers { permanent_uuid: "abd09b8b26d642a28347423062f1bb55" member_type: VOTER last_known_addr { host: "127.16.116.194" port: 35837 } attrs { replace: true } } peers { permanent_uuid: "2bd680e2d4d748bdb307744a3a242d97" member_type: VOTER last_known_addr { host: "127.16.116.195" port: 42019 } } peers { permanent_uuid: "32139b84feb745379d71e085718d8104" member_type: NON_VOTER last_known_addr { host: "127.16.116.196" port: 45317 } attrs { promote: true } }
I20260608 12:55:20.087913 20096 consensus_queue.cc:1048] T c9ca77b2dd194d92ba4f7b00a9a81a65 P abd09b8b26d642a28347423062f1bb55 [LEADER]: Connected to new peer: Peer: permanent_uuid: "2bd680e2d4d748bdb307744a3a242d97" member_type: VOTER last_known_addr { host: "127.16.116.195" port: 42019 }, Status: LMP_MISMATCH, Last received: 0.0, Next index: 1, Last known committed idx: 0, Time since last communication: 0.000s
I20260608 12:55:20.098106 19912 raft_consensus.cc:1275] T 99f31f3fcd2c4171aa3f60b03e072754 P abd09b8b26d642a28347423062f1bb55 [term 1 FOLLOWER]: Refusing update from remote peer 2bd680e2d4d748bdb307744a3a242d97: Log matching property violated. Preceding OpId in replica: term: 1 index: 1. Preceding OpId from leader: term: 1 index: 2. (index mismatch)
I20260608 12:55:20.103410 20243 consensus_queue.cc:1048] T 99f31f3fcd2c4171aa3f60b03e072754 P 2bd680e2d4d748bdb307744a3a242d97 [LEADER]: Connected to new peer: Peer: permanent_uuid: "abd09b8b26d642a28347423062f1bb55" member_type: VOTER last_known_addr { host: "127.16.116.194" port: 35837 } attrs { replace: true }, Status: LMP_MISMATCH, Last received: 0.0, Next index: 2, Last known committed idx: 1, Time since last communication: 0.000s
I20260608 12:55:20.110321 19837 raft_consensus.cc:1275] T 99f31f3fcd2c4171aa3f60b03e072754 P 41d8e8309c544e619bef803f442b7777 [term 1 FOLLOWER]: Refusing update from remote peer 2bd680e2d4d748bdb307744a3a242d97: Log matching property violated. Preceding OpId in replica: term: 1 index: 1. Preceding OpId from leader: term: 1 index: 2. (index mismatch)
I20260608 12:55:20.112076 20278 consensus_queue.cc:1048] T 99f31f3fcd2c4171aa3f60b03e072754 P 2bd680e2d4d748bdb307744a3a242d97 [LEADER]: Connected to new peer: Peer: permanent_uuid: "41d8e8309c544e619bef803f442b7777" member_type: VOTER last_known_addr { host: "127.16.116.193" port: 39213 }, Status: LMP_MISMATCH, Last received: 0.0, Next index: 2, Last known committed idx: 1, Time since last communication: 0.000s
I20260608 12:55:20.116228 20278 raft_consensus.cc:2955] T 99f31f3fcd2c4171aa3f60b03e072754 P 2bd680e2d4d748bdb307744a3a242d97 [term 1 LEADER]: Committing config change with OpId 1.2: config changed from index -1 to 2, NON_VOTER 32139b84feb745379d71e085718d8104 (127.16.116.196) added. New config: { opid_index: 2 OBSOLETE_local: false peers { permanent_uuid: "41d8e8309c544e619bef803f442b7777" member_type: VOTER last_known_addr { host: "127.16.116.193" port: 39213 } } peers { permanent_uuid: "abd09b8b26d642a28347423062f1bb55" member_type: VOTER last_known_addr { host: "127.16.116.194" port: 35837 } attrs { replace: true } } peers { permanent_uuid: "2bd680e2d4d748bdb307744a3a242d97" member_type: VOTER last_known_addr { host: "127.16.116.195" port: 42019 } } peers { permanent_uuid: "32139b84feb745379d71e085718d8104" member_type: NON_VOTER last_known_addr { host: "127.16.116.196" port: 45317 } attrs { promote: true } } }
I20260608 12:55:20.124931 19912 raft_consensus.cc:2955] T 99f31f3fcd2c4171aa3f60b03e072754 P abd09b8b26d642a28347423062f1bb55 [term 1 FOLLOWER]: Committing config change with OpId 1.2: config changed from index -1 to 2, NON_VOTER 32139b84feb745379d71e085718d8104 (127.16.116.196) added. New config: { opid_index: 2 OBSOLETE_local: false peers { permanent_uuid: "41d8e8309c544e619bef803f442b7777" member_type: VOTER last_known_addr { host: "127.16.116.193" port: 39213 } } peers { permanent_uuid: "abd09b8b26d642a28347423062f1bb55" member_type: VOTER last_known_addr { host: "127.16.116.194" port: 35837 } attrs { replace: true } } peers { permanent_uuid: "2bd680e2d4d748bdb307744a3a242d97" member_type: VOTER last_known_addr { host: "127.16.116.195" port: 42019 } } peers { permanent_uuid: "32139b84feb745379d71e085718d8104" member_type: NON_VOTER last_known_addr { host: "127.16.116.196" port: 45317 } attrs { promote: true } } }
I20260608 12:55:20.126281 20203 consensus_queue.cc:1048] T e1a85f477e2945b0937954547b5dd182 P 32139b84feb745379d71e085718d8104 [LEADER]: Connected to new peer: Peer: permanent_uuid: "abd09b8b26d642a28347423062f1bb55" member_type: VOTER last_known_addr { host: "127.16.116.194" port: 35837 }, Status: LMP_MISMATCH, Last received: 0.0, Next index: 1, Last known committed idx: 0, Time since last communication: 0.000s
W20260608 12:55:20.133015 19949 consensus_peers.cc:597] T 99f31f3fcd2c4171aa3f60b03e072754 P 2bd680e2d4d748bdb307744a3a242d97 -> Peer 32139b84feb745379d71e085718d8104 (127.16.116.196:45317): Couldn't send request to peer 32139b84feb745379d71e085718d8104. Error code: TABLET_NOT_FOUND (6). Status: Not found: Tablet not found: 99f31f3fcd2c4171aa3f60b03e072754. This is attempt 1: this message will repeat every 5th retry.
I20260608 12:55:20.135322 19732 catalog_manager.cc:5696] T 99f31f3fcd2c4171aa3f60b03e072754 P 2bd680e2d4d748bdb307744a3a242d97 reported cstate change: config changed from index -1 to 2, NON_VOTER 32139b84feb745379d71e085718d8104 (127.16.116.196) added. New cstate: current_term: 1 leader_uuid: "2bd680e2d4d748bdb307744a3a242d97" committed_config { opid_index: 2 OBSOLETE_local: false peers { permanent_uuid: "41d8e8309c544e619bef803f442b7777" member_type: VOTER last_known_addr { host: "127.16.116.193" port: 39213 } health_report { overall_health: UNKNOWN } } peers { permanent_uuid: "abd09b8b26d642a28347423062f1bb55" member_type: VOTER last_known_addr { host: "127.16.116.194" port: 35837 } attrs { replace: true } health_report { overall_health: HEALTHY } } peers { permanent_uuid: "2bd680e2d4d748bdb307744a3a242d97" member_type: VOTER last_known_addr { host: "127.16.116.195" port: 42019 } health_report { overall_health: HEALTHY } } peers { permanent_uuid: "32139b84feb745379d71e085718d8104" member_type: NON_VOTER last_known_addr { host: "127.16.116.196" port: 45317 } attrs { promote: true } health_report { overall_health: UNKNOWN } } }
I20260608 12:55:20.143224 19837 raft_consensus.cc:2955] T 99f31f3fcd2c4171aa3f60b03e072754 P 41d8e8309c544e619bef803f442b7777 [term 1 FOLLOWER]: Committing config change with OpId 1.2: config changed from index -1 to 2, NON_VOTER 32139b84feb745379d71e085718d8104 (127.16.116.196) added. New config: { opid_index: 2 OBSOLETE_local: false peers { permanent_uuid: "41d8e8309c544e619bef803f442b7777" member_type: VOTER last_known_addr { host: "127.16.116.193" port: 39213 } } peers { permanent_uuid: "abd09b8b26d642a28347423062f1bb55" member_type: VOTER last_known_addr { host: "127.16.116.194" port: 35837 } attrs { replace: true } } peers { permanent_uuid: "2bd680e2d4d748bdb307744a3a242d97" member_type: VOTER last_known_addr { host: "127.16.116.195" port: 42019 } } peers { permanent_uuid: "32139b84feb745379d71e085718d8104" member_type: NON_VOTER last_known_addr { host: "127.16.116.196" port: 45317 } attrs { promote: true } } }
I20260608 12:55:20.139047 19910 consensus_queue.cc:237] T e5fb183a37004c33af76e0a7cde8c446 P abd09b8b26d642a28347423062f1bb55 [LEADER]: Queue going to LEADER mode. State: All replicated index: 0, Majority replicated index: 1, Committed index: 1, Last appended: 1.1, Last appended by leader: 0, Current term: 1, Majority size: 2, State: 0, Mode: LEADER, active raft config: opid_index: 2 OBSOLETE_local: false peers { permanent_uuid: "41d8e8309c544e619bef803f442b7777" member_type: VOTER last_known_addr { host: "127.16.116.193" port: 39213 } attrs { replace: true } } peers { permanent_uuid: "abd09b8b26d642a28347423062f1bb55" member_type: VOTER last_known_addr { host: "127.16.116.194" port: 35837 } } peers { permanent_uuid: "2bd680e2d4d748bdb307744a3a242d97" member_type: VOTER last_known_addr { host: "127.16.116.195" port: 42019 } } peers { permanent_uuid: "32139b84feb745379d71e085718d8104" member_type: NON_VOTER last_known_addr { host: "127.16.116.196" port: 45317 } attrs { promote: true } }
I20260608 12:55:20.158654 20203 consensus_queue.cc:1048] T e1a85f477e2945b0937954547b5dd182 P 32139b84feb745379d71e085718d8104 [LEADER]: Connected to new peer: Peer: permanent_uuid: "2bd680e2d4d748bdb307744a3a242d97" member_type: VOTER last_known_addr { host: "127.16.116.195" port: 42019 }, Status: LMP_MISMATCH, Last received: 0.0, Next index: 1, Last known committed idx: 0, Time since last communication: 0.000s
I20260608 12:55:20.166514 19837 raft_consensus.cc:1275] T e5fb183a37004c33af76e0a7cde8c446 P 41d8e8309c544e619bef803f442b7777 [term 1 FOLLOWER]: Refusing update from remote peer abd09b8b26d642a28347423062f1bb55: Log matching property violated. Preceding OpId in replica: term: 1 index: 1. Preceding OpId from leader: term: 1 index: 2. (index mismatch)
I20260608 12:55:20.167544 19984 raft_consensus.cc:1275] T e5fb183a37004c33af76e0a7cde8c446 P 2bd680e2d4d748bdb307744a3a242d97 [term 1 FOLLOWER]: Refusing update from remote peer abd09b8b26d642a28347423062f1bb55: Log matching property violated. Preceding OpId in replica: term: 1 index: 1. Preceding OpId from leader: term: 1 index: 2. (index mismatch)
I20260608 12:55:20.168426 20268 consensus_queue.cc:1048] T e5fb183a37004c33af76e0a7cde8c446 P abd09b8b26d642a28347423062f1bb55 [LEADER]: Connected to new peer: Peer: permanent_uuid: "41d8e8309c544e619bef803f442b7777" member_type: VOTER last_known_addr { host: "127.16.116.193" port: 39213 } attrs { replace: true }, Status: LMP_MISMATCH, Last received: 0.0, Next index: 2, Last known committed idx: 1, Time since last communication: 0.001s
W20260608 12:55:20.171886 19875 consensus_peers.cc:597] T e5fb183a37004c33af76e0a7cde8c446 P abd09b8b26d642a28347423062f1bb55 -> Peer 32139b84feb745379d71e085718d8104 (127.16.116.196:45317): Couldn't send request to peer 32139b84feb745379d71e085718d8104. Error code: TABLET_NOT_FOUND (6). Status: Not found: Tablet not found: e5fb183a37004c33af76e0a7cde8c446. This is attempt 1: this message will repeat every 5th retry.
I20260608 12:55:20.172963 20268 consensus_queue.cc:1048] T e5fb183a37004c33af76e0a7cde8c446 P abd09b8b26d642a28347423062f1bb55 [LEADER]: Connected to new peer: Peer: permanent_uuid: "2bd680e2d4d748bdb307744a3a242d97" member_type: VOTER last_known_addr { host: "127.16.116.195" port: 42019 }, Status: LMP_MISMATCH, Last received: 0.0, Next index: 2, Last known committed idx: 1, Time since last communication: 0.000s
I20260608 12:55:20.178671 20203 consensus_queue.cc:1048] T 4075180a49864fb88cfd52caba72e631 P 32139b84feb745379d71e085718d8104 [LEADER]: Connected to new peer: Peer: permanent_uuid: "2bd680e2d4d748bdb307744a3a242d97" member_type: VOTER last_known_addr { host: "127.16.116.195" port: 42019 }, Status: LMP_MISMATCH, Last received: 0.0, Next index: 1, Last known committed idx: 0, Time since last communication: 0.000s
I20260608 12:55:20.196286 20096 raft_consensus.cc:2955] T e5fb183a37004c33af76e0a7cde8c446 P abd09b8b26d642a28347423062f1bb55 [term 1 LEADER]: Committing config change with OpId 1.2: config changed from index -1 to 2, NON_VOTER 32139b84feb745379d71e085718d8104 (127.16.116.196) added. New config: { opid_index: 2 OBSOLETE_local: false peers { permanent_uuid: "41d8e8309c544e619bef803f442b7777" member_type: VOTER last_known_addr { host: "127.16.116.193" port: 39213 } attrs { replace: true } } peers { permanent_uuid: "abd09b8b26d642a28347423062f1bb55" member_type: VOTER last_known_addr { host: "127.16.116.194" port: 35837 } } peers { permanent_uuid: "2bd680e2d4d748bdb307744a3a242d97" member_type: VOTER last_known_addr { host: "127.16.116.195" port: 42019 } } peers { permanent_uuid: "32139b84feb745379d71e085718d8104" member_type: NON_VOTER last_known_addr { host: "127.16.116.196" port: 45317 } attrs { promote: true } } }
I20260608 12:55:20.207476 19837 raft_consensus.cc:2955] T e5fb183a37004c33af76e0a7cde8c446 P 41d8e8309c544e619bef803f442b7777 [term 1 FOLLOWER]: Committing config change with OpId 1.2: config changed from index -1 to 2, NON_VOTER 32139b84feb745379d71e085718d8104 (127.16.116.196) added. New config: { opid_index: 2 OBSOLETE_local: false peers { permanent_uuid: "41d8e8309c544e619bef803f442b7777" member_type: VOTER last_known_addr { host: "127.16.116.193" port: 39213 } attrs { replace: true } } peers { permanent_uuid: "abd09b8b26d642a28347423062f1bb55" member_type: VOTER last_known_addr { host: "127.16.116.194" port: 35837 } } peers { permanent_uuid: "2bd680e2d4d748bdb307744a3a242d97" member_type: VOTER last_known_addr { host: "127.16.116.195" port: 42019 } } peers { permanent_uuid: "32139b84feb745379d71e085718d8104" member_type: NON_VOTER last_known_addr { host: "127.16.116.196" port: 45317 } attrs { promote: true } } }
I20260608 12:55:20.222602 19733 catalog_manager.cc:5696] T e5fb183a37004c33af76e0a7cde8c446 P abd09b8b26d642a28347423062f1bb55 reported cstate change: config changed from index -1 to 2, NON_VOTER 32139b84feb745379d71e085718d8104 (127.16.116.196) added. New cstate: current_term: 1 leader_uuid: "abd09b8b26d642a28347423062f1bb55" committed_config { opid_index: 2 OBSOLETE_local: false peers { permanent_uuid: "41d8e8309c544e619bef803f442b7777" member_type: VOTER last_known_addr { host: "127.16.116.193" port: 39213 } attrs { replace: true } health_report { overall_health: HEALTHY } } peers { permanent_uuid: "abd09b8b26d642a28347423062f1bb55" member_type: VOTER last_known_addr { host: "127.16.116.194" port: 35837 } health_report { overall_health: HEALTHY } } peers { permanent_uuid: "2bd680e2d4d748bdb307744a3a242d97" member_type: VOTER last_known_addr { host: "127.16.116.195" port: 42019 } health_report { overall_health: UNKNOWN } } peers { permanent_uuid: "32139b84feb745379d71e085718d8104" member_type: NON_VOTER last_known_addr { host: "127.16.116.196" port: 45317 } attrs { promote: true } health_report { overall_health: UNKNOWN } } }
I20260608 12:55:20.223562 20203 consensus_queue.cc:1048] T 4075180a49864fb88cfd52caba72e631 P 32139b84feb745379d71e085718d8104 [LEADER]: Connected to new peer: Peer: permanent_uuid: "41d8e8309c544e619bef803f442b7777" member_type: VOTER last_known_addr { host: "127.16.116.193" port: 39213 }, Status: LMP_MISMATCH, Last received: 0.0, Next index: 1, Last known committed idx: 0, Time since last communication: 0.000s
I20260608 12:55:20.237248 19986 raft_consensus.cc:2955] T e5fb183a37004c33af76e0a7cde8c446 P 2bd680e2d4d748bdb307744a3a242d97 [term 1 FOLLOWER]: Committing config change with OpId 1.2: config changed from index -1 to 2, NON_VOTER 32139b84feb745379d71e085718d8104 (127.16.116.196) added. New config: { opid_index: 2 OBSOLETE_local: false peers { permanent_uuid: "41d8e8309c544e619bef803f442b7777" member_type: VOTER last_known_addr { host: "127.16.116.193" port: 39213 } attrs { replace: true } } peers { permanent_uuid: "abd09b8b26d642a28347423062f1bb55" member_type: VOTER last_known_addr { host: "127.16.116.194" port: 35837 } } peers { permanent_uuid: "2bd680e2d4d748bdb307744a3a242d97" member_type: VOTER last_known_addr { host: "127.16.116.195" port: 42019 } } peers { permanent_uuid: "32139b84feb745379d71e085718d8104" member_type: NON_VOTER last_known_addr { host: "127.16.116.196" port: 45317 } attrs { promote: true } } }
I20260608 12:55:20.266957 20236 consensus_queue.cc:1048] T a6e9e92f6775485d9aa561e33862317e P 32139b84feb745379d71e085718d8104 [LEADER]: Connected to new peer: Peer: permanent_uuid: "41d8e8309c544e619bef803f442b7777" member_type: VOTER last_known_addr { host: "127.16.116.193" port: 39213 }, Status: LMP_MISMATCH, Last received: 0.0, Next index: 1, Last known committed idx: 0, Time since last communication: 0.001s
I20260608 12:55:20.287873 20203 consensus_queue.cc:1048] T a6e9e92f6775485d9aa561e33862317e P 32139b84feb745379d71e085718d8104 [LEADER]: Connected to new peer: Peer: permanent_uuid: "abd09b8b26d642a28347423062f1bb55" member_type: VOTER last_known_addr { host: "127.16.116.194" port: 35837 }, Status: LMP_MISMATCH, Last received: 0.0, Next index: 1, Last known committed idx: 0, Time since last communication: 0.000s
I20260608 12:55:20.426846 20294 ts_tablet_manager.cc:933] T 87e1d4f3e7e9404992667d8ccc946fb2 P 32139b84feb745379d71e085718d8104: Initiating tablet copy from peer abd09b8b26d642a28347423062f1bb55 (127.16.116.194:35837)
I20260608 12:55:20.428833 20294 tablet_copy_client.cc:323] T 87e1d4f3e7e9404992667d8ccc946fb2 P 32139b84feb745379d71e085718d8104: tablet copy: Beginning tablet copy session from remote peer at address 127.16.116.194:35837
I20260608 12:55:20.430644 19922 tablet_copy_service.cc:140] P abd09b8b26d642a28347423062f1bb55: Received BeginTabletCopySession request for tablet 87e1d4f3e7e9404992667d8ccc946fb2 from peer 32139b84feb745379d71e085718d8104 ({username='slave'} at 127.0.0.1:37420)
I20260608 12:55:20.431239 19922 tablet_copy_service.cc:161] P abd09b8b26d642a28347423062f1bb55: Beginning new tablet copy session on tablet 87e1d4f3e7e9404992667d8ccc946fb2 from peer 32139b84feb745379d71e085718d8104 at {username='slave'} at 127.0.0.1:37420: session id = 32139b84feb745379d71e085718d8104-87e1d4f3e7e9404992667d8ccc946fb2
I20260608 12:55:20.438931 19922 tablet_copy_source_session.cc:215] T 87e1d4f3e7e9404992667d8ccc946fb2 P abd09b8b26d642a28347423062f1bb55: Tablet Copy: opened 0 blocks and 1 log segments
I20260608 12:55:20.442471 20294 data_dirs.cc:400] Could only allocate 1 dirs of requested 3 for tablet 87e1d4f3e7e9404992667d8ccc946fb2. 1 dirs total, 0 dirs full, 0 dirs failed
I20260608 12:55:20.453295 20294 tablet_copy_client.cc:806] T 87e1d4f3e7e9404992667d8ccc946fb2 P 32139b84feb745379d71e085718d8104: tablet copy: Starting download of 0 data blocks...
I20260608 12:55:20.453853 20294 tablet_copy_client.cc:670] T 87e1d4f3e7e9404992667d8ccc946fb2 P 32139b84feb745379d71e085718d8104: tablet copy: Starting download of 1 WAL segments...
I20260608 12:55:20.457751 20294 tablet_copy_client.cc:538] T 87e1d4f3e7e9404992667d8ccc946fb2 P 32139b84feb745379d71e085718d8104: tablet copy: Tablet Copy complete. Replacing tablet superblock.
I20260608 12:55:20.463779 20294 tablet_bootstrap.cc:492] T 87e1d4f3e7e9404992667d8ccc946fb2 P 32139b84feb745379d71e085718d8104: Bootstrap starting.
I20260608 12:55:20.481079 20294 tablet_bootstrap.cc:492] T 87e1d4f3e7e9404992667d8ccc946fb2 P 32139b84feb745379d71e085718d8104: Bootstrap replayed 1/1 log segments. Stats: ops{read=2 overwritten=0 applied=2 ignored=0} inserts{seen=0 ignored=0} mutations{seen=0 ignored=0} orphaned_commits=0. Pending: 0 replicates
I20260608 12:55:20.481909 20294 tablet_bootstrap.cc:492] T 87e1d4f3e7e9404992667d8ccc946fb2 P 32139b84feb745379d71e085718d8104: Bootstrap complete.
I20260608 12:55:20.482594 20294 ts_tablet_manager.cc:1403] T 87e1d4f3e7e9404992667d8ccc946fb2 P 32139b84feb745379d71e085718d8104: Time spent bootstrapping tablet: real 0.019s	user 0.019s	sys 0.000s
I20260608 12:55:20.485085 20294 raft_consensus.cc:359] T 87e1d4f3e7e9404992667d8ccc946fb2 P 32139b84feb745379d71e085718d8104 [term 1 LEARNER]: Replica starting. Triggering 0 pending ops. Active config: opid_index: 2 OBSOLETE_local: false peers { permanent_uuid: "41d8e8309c544e619bef803f442b7777" member_type: VOTER last_known_addr { host: "127.16.116.193" port: 39213 } } peers { permanent_uuid: "abd09b8b26d642a28347423062f1bb55" member_type: VOTER last_known_addr { host: "127.16.116.194" port: 35837 } } peers { permanent_uuid: "2bd680e2d4d748bdb307744a3a242d97" member_type: VOTER last_known_addr { host: "127.16.116.195" port: 42019 } attrs { replace: true } } peers { permanent_uuid: "32139b84feb745379d71e085718d8104" member_type: NON_VOTER last_known_addr { host: "127.16.116.196" port: 45317 } attrs { promote: true } }
I20260608 12:55:20.485898 20294 raft_consensus.cc:740] T 87e1d4f3e7e9404992667d8ccc946fb2 P 32139b84feb745379d71e085718d8104 [term 1 LEARNER]: Becoming Follower/Learner. State: Replica: 32139b84feb745379d71e085718d8104, State: Initialized, Role: LEARNER
I20260608 12:55:20.486515 20294 consensus_queue.cc:260] T 87e1d4f3e7e9404992667d8ccc946fb2 P 32139b84feb745379d71e085718d8104 [NON_LEADER]: Queue going to NON_LEADER mode. State: All replicated index: 0, Majority replicated index: 0, Committed index: 2, Last appended: 1.2, Last appended by leader: 2, Current term: 0, Majority size: -1, State: 0, Mode: NON_LEADER, active raft config: opid_index: 2 OBSOLETE_local: false peers { permanent_uuid: "41d8e8309c544e619bef803f442b7777" member_type: VOTER last_known_addr { host: "127.16.116.193" port: 39213 } } peers { permanent_uuid: "abd09b8b26d642a28347423062f1bb55" member_type: VOTER last_known_addr { host: "127.16.116.194" port: 35837 } } peers { permanent_uuid: "2bd680e2d4d748bdb307744a3a242d97" member_type: VOTER last_known_addr { host: "127.16.116.195" port: 42019 } attrs { replace: true } } peers { permanent_uuid: "32139b84feb745379d71e085718d8104" member_type: NON_VOTER last_known_addr { host: "127.16.116.196" port: 45317 } attrs { promote: true } }
I20260608 12:55:20.488904 20294 ts_tablet_manager.cc:1434] T 87e1d4f3e7e9404992667d8ccc946fb2 P 32139b84feb745379d71e085718d8104: Time spent starting tablet: real 0.006s	user 0.008s	sys 0.000s
I20260608 12:55:20.490818 19922 tablet_copy_service.cc:342] P abd09b8b26d642a28347423062f1bb55: Request end of tablet copy session 32139b84feb745379d71e085718d8104-87e1d4f3e7e9404992667d8ccc946fb2 received from {username='slave'} at 127.0.0.1:37420
I20260608 12:55:20.491190 19922 tablet_copy_service.cc:434] P abd09b8b26d642a28347423062f1bb55: ending tablet copy session 32139b84feb745379d71e085718d8104-87e1d4f3e7e9404992667d8ccc946fb2 on tablet 87e1d4f3e7e9404992667d8ccc946fb2 with peer 32139b84feb745379d71e085718d8104
I20260608 12:55:20.495517 20294 ts_tablet_manager.cc:933] T 443091f9c807470ba53628889bf25dae P 32139b84feb745379d71e085718d8104: Initiating tablet copy from peer abd09b8b26d642a28347423062f1bb55 (127.16.116.194:35837)
I20260608 12:55:20.502081 20294 tablet_copy_client.cc:323] T 443091f9c807470ba53628889bf25dae P 32139b84feb745379d71e085718d8104: tablet copy: Beginning tablet copy session from remote peer at address 127.16.116.194:35837
I20260608 12:55:20.508245 19922 tablet_copy_service.cc:140] P abd09b8b26d642a28347423062f1bb55: Received BeginTabletCopySession request for tablet 443091f9c807470ba53628889bf25dae from peer 32139b84feb745379d71e085718d8104 ({username='slave'} at 127.0.0.1:37420)
I20260608 12:55:20.509454 19922 tablet_copy_service.cc:161] P abd09b8b26d642a28347423062f1bb55: Beginning new tablet copy session on tablet 443091f9c807470ba53628889bf25dae from peer 32139b84feb745379d71e085718d8104 at {username='slave'} at 127.0.0.1:37420: session id = 32139b84feb745379d71e085718d8104-443091f9c807470ba53628889bf25dae
I20260608 12:55:20.514068 19922 tablet_copy_source_session.cc:215] T 443091f9c807470ba53628889bf25dae P abd09b8b26d642a28347423062f1bb55: Tablet Copy: opened 0 blocks and 1 log segments
I20260608 12:55:20.516773 20294 data_dirs.cc:400] Could only allocate 1 dirs of requested 3 for tablet 443091f9c807470ba53628889bf25dae. 1 dirs total, 0 dirs full, 0 dirs failed
I20260608 12:55:20.527956 20294 tablet_copy_client.cc:806] T 443091f9c807470ba53628889bf25dae P 32139b84feb745379d71e085718d8104: tablet copy: Starting download of 0 data blocks...
I20260608 12:55:20.528554 20294 tablet_copy_client.cc:670] T 443091f9c807470ba53628889bf25dae P 32139b84feb745379d71e085718d8104: tablet copy: Starting download of 1 WAL segments...
I20260608 12:55:20.531885 20294 tablet_copy_client.cc:538] T 443091f9c807470ba53628889bf25dae P 32139b84feb745379d71e085718d8104: tablet copy: Tablet Copy complete. Replacing tablet superblock.
I20260608 12:55:20.537681 20294 tablet_bootstrap.cc:492] T 443091f9c807470ba53628889bf25dae P 32139b84feb745379d71e085718d8104: Bootstrap starting.
I20260608 12:55:20.553576 20294 tablet_bootstrap.cc:492] T 443091f9c807470ba53628889bf25dae P 32139b84feb745379d71e085718d8104: Bootstrap replayed 1/1 log segments. Stats: ops{read=2 overwritten=0 applied=2 ignored=0} inserts{seen=0 ignored=0} mutations{seen=0 ignored=0} orphaned_commits=0. Pending: 0 replicates
I20260608 12:55:20.554311 20294 tablet_bootstrap.cc:492] T 443091f9c807470ba53628889bf25dae P 32139b84feb745379d71e085718d8104: Bootstrap complete.
I20260608 12:55:20.554850 20294 ts_tablet_manager.cc:1403] T 443091f9c807470ba53628889bf25dae P 32139b84feb745379d71e085718d8104: Time spent bootstrapping tablet: real 0.017s	user 0.011s	sys 0.004s
I20260608 12:55:20.557024 20294 raft_consensus.cc:359] T 443091f9c807470ba53628889bf25dae P 32139b84feb745379d71e085718d8104 [term 1 LEARNER]: Replica starting. Triggering 0 pending ops. Active config: opid_index: 2 OBSOLETE_local: false peers { permanent_uuid: "abd09b8b26d642a28347423062f1bb55" member_type: VOTER last_known_addr { host: "127.16.116.194" port: 35837 } } peers { permanent_uuid: "41d8e8309c544e619bef803f442b7777" member_type: VOTER last_known_addr { host: "127.16.116.193" port: 39213 } attrs { replace: true } } peers { permanent_uuid: "2bd680e2d4d748bdb307744a3a242d97" member_type: VOTER last_known_addr { host: "127.16.116.195" port: 42019 } } peers { permanent_uuid: "32139b84feb745379d71e085718d8104" member_type: NON_VOTER last_known_addr { host: "127.16.116.196" port: 45317 } attrs { promote: true } }
I20260608 12:55:20.557623 20294 raft_consensus.cc:740] T 443091f9c807470ba53628889bf25dae P 32139b84feb745379d71e085718d8104 [term 1 LEARNER]: Becoming Follower/Learner. State: Replica: 32139b84feb745379d71e085718d8104, State: Initialized, Role: LEARNER
I20260608 12:55:20.558135 20294 consensus_queue.cc:260] T 443091f9c807470ba53628889bf25dae P 32139b84feb745379d71e085718d8104 [NON_LEADER]: Queue going to NON_LEADER mode. State: All replicated index: 0, Majority replicated index: 0, Committed index: 2, Last appended: 1.2, Last appended by leader: 2, Current term: 0, Majority size: -1, State: 0, Mode: NON_LEADER, active raft config: opid_index: 2 OBSOLETE_local: false peers { permanent_uuid: "abd09b8b26d642a28347423062f1bb55" member_type: VOTER last_known_addr { host: "127.16.116.194" port: 35837 } } peers { permanent_uuid: "41d8e8309c544e619bef803f442b7777" member_type: VOTER last_known_addr { host: "127.16.116.193" port: 39213 } attrs { replace: true } } peers { permanent_uuid: "2bd680e2d4d748bdb307744a3a242d97" member_type: VOTER last_known_addr { host: "127.16.116.195" port: 42019 } } peers { permanent_uuid: "32139b84feb745379d71e085718d8104" member_type: NON_VOTER last_known_addr { host: "127.16.116.196" port: 45317 } attrs { promote: true } }
I20260608 12:55:20.559960 20294 ts_tablet_manager.cc:1434] T 443091f9c807470ba53628889bf25dae P 32139b84feb745379d71e085718d8104: Time spent starting tablet: real 0.005s	user 0.004s	sys 0.000s
I20260608 12:55:20.562263 19922 tablet_copy_service.cc:342] P abd09b8b26d642a28347423062f1bb55: Request end of tablet copy session 32139b84feb745379d71e085718d8104-443091f9c807470ba53628889bf25dae received from {username='slave'} at 127.0.0.1:37420
I20260608 12:55:20.562790 19922 tablet_copy_service.cc:434] P abd09b8b26d642a28347423062f1bb55: ending tablet copy session 32139b84feb745379d71e085718d8104-443091f9c807470ba53628889bf25dae on tablet 443091f9c807470ba53628889bf25dae with peer 32139b84feb745379d71e085718d8104
I20260608 12:55:20.638723 20294 ts_tablet_manager.cc:933] T 99f31f3fcd2c4171aa3f60b03e072754 P 32139b84feb745379d71e085718d8104: Initiating tablet copy from peer 2bd680e2d4d748bdb307744a3a242d97 (127.16.116.195:42019)
I20260608 12:55:20.641467 20294 tablet_copy_client.cc:323] T 99f31f3fcd2c4171aa3f60b03e072754 P 32139b84feb745379d71e085718d8104: tablet copy: Beginning tablet copy session from remote peer at address 127.16.116.195:42019
I20260608 12:55:20.643098 19996 tablet_copy_service.cc:140] P 2bd680e2d4d748bdb307744a3a242d97: Received BeginTabletCopySession request for tablet 99f31f3fcd2c4171aa3f60b03e072754 from peer 32139b84feb745379d71e085718d8104 ({username='slave'} at 127.0.0.1:45848)
I20260608 12:55:20.643752 19996 tablet_copy_service.cc:161] P 2bd680e2d4d748bdb307744a3a242d97: Beginning new tablet copy session on tablet 99f31f3fcd2c4171aa3f60b03e072754 from peer 32139b84feb745379d71e085718d8104 at {username='slave'} at 127.0.0.1:45848: session id = 32139b84feb745379d71e085718d8104-99f31f3fcd2c4171aa3f60b03e072754
I20260608 12:55:20.648510 19996 tablet_copy_source_session.cc:215] T 99f31f3fcd2c4171aa3f60b03e072754 P 2bd680e2d4d748bdb307744a3a242d97: Tablet Copy: opened 0 blocks and 1 log segments
I20260608 12:55:20.651084 20294 data_dirs.cc:400] Could only allocate 1 dirs of requested 3 for tablet 99f31f3fcd2c4171aa3f60b03e072754. 1 dirs total, 0 dirs full, 0 dirs failed
I20260608 12:55:20.662026 20294 tablet_copy_client.cc:806] T 99f31f3fcd2c4171aa3f60b03e072754 P 32139b84feb745379d71e085718d8104: tablet copy: Starting download of 0 data blocks...
I20260608 12:55:20.662614 20294 tablet_copy_client.cc:670] T 99f31f3fcd2c4171aa3f60b03e072754 P 32139b84feb745379d71e085718d8104: tablet copy: Starting download of 1 WAL segments...
I20260608 12:55:20.666503 20294 tablet_copy_client.cc:538] T 99f31f3fcd2c4171aa3f60b03e072754 P 32139b84feb745379d71e085718d8104: tablet copy: Tablet Copy complete. Replacing tablet superblock.
I20260608 12:55:20.672693 20294 tablet_bootstrap.cc:492] T 99f31f3fcd2c4171aa3f60b03e072754 P 32139b84feb745379d71e085718d8104: Bootstrap starting.
I20260608 12:55:20.693714 20294 tablet_bootstrap.cc:492] T 99f31f3fcd2c4171aa3f60b03e072754 P 32139b84feb745379d71e085718d8104: Bootstrap replayed 1/1 log segments. Stats: ops{read=2 overwritten=0 applied=2 ignored=0} inserts{seen=0 ignored=0} mutations{seen=0 ignored=0} orphaned_commits=0. Pending: 0 replicates
I20260608 12:55:20.694679 20294 tablet_bootstrap.cc:492] T 99f31f3fcd2c4171aa3f60b03e072754 P 32139b84feb745379d71e085718d8104: Bootstrap complete.
I20260608 12:55:20.695411 20294 ts_tablet_manager.cc:1403] T 99f31f3fcd2c4171aa3f60b03e072754 P 32139b84feb745379d71e085718d8104: Time spent bootstrapping tablet: real 0.023s	user 0.022s	sys 0.000s
I20260608 12:55:20.698256 20294 raft_consensus.cc:359] T 99f31f3fcd2c4171aa3f60b03e072754 P 32139b84feb745379d71e085718d8104 [term 1 LEARNER]: Replica starting. Triggering 0 pending ops. Active config: opid_index: 2 OBSOLETE_local: false peers { permanent_uuid: "41d8e8309c544e619bef803f442b7777" member_type: VOTER last_known_addr { host: "127.16.116.193" port: 39213 } } peers { permanent_uuid: "abd09b8b26d642a28347423062f1bb55" member_type: VOTER last_known_addr { host: "127.16.116.194" port: 35837 } attrs { replace: true } } peers { permanent_uuid: "2bd680e2d4d748bdb307744a3a242d97" member_type: VOTER last_known_addr { host: "127.16.116.195" port: 42019 } } peers { permanent_uuid: "32139b84feb745379d71e085718d8104" member_type: NON_VOTER last_known_addr { host: "127.16.116.196" port: 45317 } attrs { promote: true } }
I20260608 12:55:20.699074 20294 raft_consensus.cc:740] T 99f31f3fcd2c4171aa3f60b03e072754 P 32139b84feb745379d71e085718d8104 [term 1 LEARNER]: Becoming Follower/Learner. State: Replica: 32139b84feb745379d71e085718d8104, State: Initialized, Role: LEARNER
I20260608 12:55:20.699738 20294 consensus_queue.cc:260] T 99f31f3fcd2c4171aa3f60b03e072754 P 32139b84feb745379d71e085718d8104 [NON_LEADER]: Queue going to NON_LEADER mode. State: All replicated index: 0, Majority replicated index: 0, Committed index: 2, Last appended: 1.2, Last appended by leader: 2, Current term: 0, Majority size: -1, State: 0, Mode: NON_LEADER, active raft config: opid_index: 2 OBSOLETE_local: false peers { permanent_uuid: "41d8e8309c544e619bef803f442b7777" member_type: VOTER last_known_addr { host: "127.16.116.193" port: 39213 } } peers { permanent_uuid: "abd09b8b26d642a28347423062f1bb55" member_type: VOTER last_known_addr { host: "127.16.116.194" port: 35837 } attrs { replace: true } } peers { permanent_uuid: "2bd680e2d4d748bdb307744a3a242d97" member_type: VOTER last_known_addr { host: "127.16.116.195" port: 42019 } } peers { permanent_uuid: "32139b84feb745379d71e085718d8104" member_type: NON_VOTER last_known_addr { host: "127.16.116.196" port: 45317 } attrs { promote: true } }
I20260608 12:55:20.701993 20294 ts_tablet_manager.cc:1434] T 99f31f3fcd2c4171aa3f60b03e072754 P 32139b84feb745379d71e085718d8104: Time spent starting tablet: real 0.006s	user 0.005s	sys 0.000s
I20260608 12:55:20.703852 19996 tablet_copy_service.cc:342] P 2bd680e2d4d748bdb307744a3a242d97: Request end of tablet copy session 32139b84feb745379d71e085718d8104-99f31f3fcd2c4171aa3f60b03e072754 received from {username='slave'} at 127.0.0.1:45848
I20260608 12:55:20.704319 19996 tablet_copy_service.cc:434] P 2bd680e2d4d748bdb307744a3a242d97: ending tablet copy session 32139b84feb745379d71e085718d8104-99f31f3fcd2c4171aa3f60b03e072754 on tablet 99f31f3fcd2c4171aa3f60b03e072754 with peer 32139b84feb745379d71e085718d8104
I20260608 12:55:20.707469 20294 ts_tablet_manager.cc:933] T e5fb183a37004c33af76e0a7cde8c446 P 32139b84feb745379d71e085718d8104: Initiating tablet copy from peer abd09b8b26d642a28347423062f1bb55 (127.16.116.194:35837)
I20260608 12:55:20.717595 20294 tablet_copy_client.cc:323] T e5fb183a37004c33af76e0a7cde8c446 P 32139b84feb745379d71e085718d8104: tablet copy: Beginning tablet copy session from remote peer at address 127.16.116.194:35837
I20260608 12:55:20.719300 19922 tablet_copy_service.cc:140] P abd09b8b26d642a28347423062f1bb55: Received BeginTabletCopySession request for tablet e5fb183a37004c33af76e0a7cde8c446 from peer 32139b84feb745379d71e085718d8104 ({username='slave'} at 127.0.0.1:37420)
I20260608 12:55:20.719883 19922 tablet_copy_service.cc:161] P abd09b8b26d642a28347423062f1bb55: Beginning new tablet copy session on tablet e5fb183a37004c33af76e0a7cde8c446 from peer 32139b84feb745379d71e085718d8104 at {username='slave'} at 127.0.0.1:37420: session id = 32139b84feb745379d71e085718d8104-e5fb183a37004c33af76e0a7cde8c446
I20260608 12:55:20.726043 19922 tablet_copy_source_session.cc:215] T e5fb183a37004c33af76e0a7cde8c446 P abd09b8b26d642a28347423062f1bb55: Tablet Copy: opened 0 blocks and 1 log segments
I20260608 12:55:20.728890 20294 data_dirs.cc:400] Could only allocate 1 dirs of requested 3 for tablet e5fb183a37004c33af76e0a7cde8c446. 1 dirs total, 0 dirs full, 0 dirs failed
I20260608 12:55:20.740486 20294 tablet_copy_client.cc:806] T e5fb183a37004c33af76e0a7cde8c446 P 32139b84feb745379d71e085718d8104: tablet copy: Starting download of 0 data blocks...
I20260608 12:55:20.741066 20294 tablet_copy_client.cc:670] T e5fb183a37004c33af76e0a7cde8c446 P 32139b84feb745379d71e085718d8104: tablet copy: Starting download of 1 WAL segments...
I20260608 12:55:20.744417 20294 tablet_copy_client.cc:538] T e5fb183a37004c33af76e0a7cde8c446 P 32139b84feb745379d71e085718d8104: tablet copy: Tablet Copy complete. Replacing tablet superblock.
I20260608 12:55:20.749315 20294 tablet_bootstrap.cc:492] T e5fb183a37004c33af76e0a7cde8c446 P 32139b84feb745379d71e085718d8104: Bootstrap starting.
I20260608 12:55:20.763739 20294 tablet_bootstrap.cc:492] T e5fb183a37004c33af76e0a7cde8c446 P 32139b84feb745379d71e085718d8104: Bootstrap replayed 1/1 log segments. Stats: ops{read=2 overwritten=0 applied=2 ignored=0} inserts{seen=0 ignored=0} mutations{seen=0 ignored=0} orphaned_commits=0. Pending: 0 replicates
I20260608 12:55:20.764460 20294 tablet_bootstrap.cc:492] T e5fb183a37004c33af76e0a7cde8c446 P 32139b84feb745379d71e085718d8104: Bootstrap complete.
I20260608 12:55:20.764968 20294 ts_tablet_manager.cc:1403] T e5fb183a37004c33af76e0a7cde8c446 P 32139b84feb745379d71e085718d8104: Time spent bootstrapping tablet: real 0.016s	user 0.015s	sys 0.000s
I20260608 12:55:20.766911 20294 raft_consensus.cc:359] T e5fb183a37004c33af76e0a7cde8c446 P 32139b84feb745379d71e085718d8104 [term 1 LEARNER]: Replica starting. Triggering 0 pending ops. Active config: opid_index: 2 OBSOLETE_local: false peers { permanent_uuid: "41d8e8309c544e619bef803f442b7777" member_type: VOTER last_known_addr { host: "127.16.116.193" port: 39213 } attrs { replace: true } } peers { permanent_uuid: "abd09b8b26d642a28347423062f1bb55" member_type: VOTER last_known_addr { host: "127.16.116.194" port: 35837 } } peers { permanent_uuid: "2bd680e2d4d748bdb307744a3a242d97" member_type: VOTER last_known_addr { host: "127.16.116.195" port: 42019 } } peers { permanent_uuid: "32139b84feb745379d71e085718d8104" member_type: NON_VOTER last_known_addr { host: "127.16.116.196" port: 45317 } attrs { promote: true } }
I20260608 12:55:20.767441 20294 raft_consensus.cc:740] T e5fb183a37004c33af76e0a7cde8c446 P 32139b84feb745379d71e085718d8104 [term 1 LEARNER]: Becoming Follower/Learner. State: Replica: 32139b84feb745379d71e085718d8104, State: Initialized, Role: LEARNER
I20260608 12:55:20.767901 20294 consensus_queue.cc:260] T e5fb183a37004c33af76e0a7cde8c446 P 32139b84feb745379d71e085718d8104 [NON_LEADER]: Queue going to NON_LEADER mode. State: All replicated index: 0, Majority replicated index: 0, Committed index: 2, Last appended: 1.2, Last appended by leader: 2, Current term: 0, Majority size: -1, State: 0, Mode: NON_LEADER, active raft config: opid_index: 2 OBSOLETE_local: false peers { permanent_uuid: "41d8e8309c544e619bef803f442b7777" member_type: VOTER last_known_addr { host: "127.16.116.193" port: 39213 } attrs { replace: true } } peers { permanent_uuid: "abd09b8b26d642a28347423062f1bb55" member_type: VOTER last_known_addr { host: "127.16.116.194" port: 35837 } } peers { permanent_uuid: "2bd680e2d4d748bdb307744a3a242d97" member_type: VOTER last_known_addr { host: "127.16.116.195" port: 42019 } } peers { permanent_uuid: "32139b84feb745379d71e085718d8104" member_type: NON_VOTER last_known_addr { host: "127.16.116.196" port: 45317 } attrs { promote: true } }
I20260608 12:55:20.769492 20294 ts_tablet_manager.cc:1434] T e5fb183a37004c33af76e0a7cde8c446 P 32139b84feb745379d71e085718d8104: Time spent starting tablet: real 0.004s	user 0.004s	sys 0.000s
I20260608 12:55:20.771270 19922 tablet_copy_service.cc:342] P abd09b8b26d642a28347423062f1bb55: Request end of tablet copy session 32139b84feb745379d71e085718d8104-e5fb183a37004c33af76e0a7cde8c446 received from {username='slave'} at 127.0.0.1:37420
I20260608 12:55:20.771706 19922 tablet_copy_service.cc:434] P abd09b8b26d642a28347423062f1bb55: ending tablet copy session 32139b84feb745379d71e085718d8104-e5fb183a37004c33af76e0a7cde8c446 on tablet e5fb183a37004c33af76e0a7cde8c446 with peer 32139b84feb745379d71e085718d8104
I20260608 12:55:20.839108 19788 auto_leader_rebalancer.cc:140] leader rebalance for table range_aware_rebalance_new_range
I20260608 12:55:20.870173 19910 tablet_service.cc:2072] Received LeaderStepDown RPC: tablet_id: "443091f9c807470ba53628889bf25dae"
dest_uuid: "abd09b8b26d642a28347423062f1bb55"
mode: GRACEFUL
new_leader_uuid: "41d8e8309c544e619bef803f442b7777"
 from {username='slave'} at 127.0.0.1:37436
I20260608 12:55:20.870785 19910 raft_consensus.cc:606] T 443091f9c807470ba53628889bf25dae P abd09b8b26d642a28347423062f1bb55 [term 1 LEADER]: Received request to transfer leadership to TS 41d8e8309c544e619bef803f442b7777
I20260608 12:55:20.882812 20163 tablet_service.cc:2072] Received LeaderStepDown RPC: tablet_id: "e1a85f477e2945b0937954547b5dd182"
dest_uuid: "32139b84feb745379d71e085718d8104"
mode: GRACEFUL
new_leader_uuid: "2bd680e2d4d748bdb307744a3a242d97"
 from {username='slave'} at 127.0.0.1:39550
I20260608 12:55:20.883338 20163 raft_consensus.cc:606] T e1a85f477e2945b0937954547b5dd182 P 32139b84feb745379d71e085718d8104 [term 1 LEADER]: Received request to transfer leadership to TS 2bd680e2d4d748bdb307744a3a242d97
I20260608 12:55:20.884680 19788 auto_leader_rebalancer.cc:388] table: range_aware_rebalance_new_range, leader rebalance finish, leader transfer count: 2
I20260608 12:55:20.885314 19788 auto_leader_rebalancer.cc:451] All tables' leader rebalancing finished this round
I20260608 12:55:20.920989 20268 raft_consensus.cc:993] T 443091f9c807470ba53628889bf25dae P abd09b8b26d642a28347423062f1bb55: : Instructing follower 41d8e8309c544e619bef803f442b7777 to start an election
I20260608 12:55:20.921518 20096 raft_consensus.cc:1081] T 443091f9c807470ba53628889bf25dae P abd09b8b26d642a28347423062f1bb55 [term 1 LEADER]: Signalling peer 41d8e8309c544e619bef803f442b7777 to start an election
I20260608 12:55:20.923233 19836 tablet_service.cc:2044] Received Run Leader Election RPC: tablet_id: "443091f9c807470ba53628889bf25dae"
dest_uuid: "41d8e8309c544e619bef803f442b7777"
 from {username='slave'} at 127.0.0.1:54334
I20260608 12:55:20.923760 19836 raft_consensus.cc:493] T 443091f9c807470ba53628889bf25dae P 41d8e8309c544e619bef803f442b7777 [term 1 FOLLOWER]: Starting forced leader election (received explicit request)
I20260608 12:55:20.924124 19836 raft_consensus.cc:3060] T 443091f9c807470ba53628889bf25dae P 41d8e8309c544e619bef803f442b7777 [term 1 FOLLOWER]: Advancing to term 2
I20260608 12:55:20.928850 19836 raft_consensus.cc:515] T 443091f9c807470ba53628889bf25dae P 41d8e8309c544e619bef803f442b7777 [term 2 FOLLOWER]: Starting forced leader election with config: opid_index: 2 OBSOLETE_local: false peers { permanent_uuid: "abd09b8b26d642a28347423062f1bb55" member_type: VOTER last_known_addr { host: "127.16.116.194" port: 35837 } } peers { permanent_uuid: "41d8e8309c544e619bef803f442b7777" member_type: VOTER last_known_addr { host: "127.16.116.193" port: 39213 } attrs { replace: true } } peers { permanent_uuid: "2bd680e2d4d748bdb307744a3a242d97" member_type: VOTER last_known_addr { host: "127.16.116.195" port: 42019 } } peers { permanent_uuid: "32139b84feb745379d71e085718d8104" member_type: NON_VOTER last_known_addr { host: "127.16.116.196" port: 45317 } attrs { promote: true } }
I20260608 12:55:20.930883 19836 leader_election.cc:290] T 443091f9c807470ba53628889bf25dae P 41d8e8309c544e619bef803f442b7777 [CANDIDATE]: Term 2 election: Requested vote from peers abd09b8b26d642a28347423062f1bb55 (127.16.116.194:35837), 2bd680e2d4d748bdb307744a3a242d97 (127.16.116.195:42019)
I20260608 12:55:20.932174 19910 tablet_service.cc:1917] Received RequestConsensusVote() RPC: tablet_id: "443091f9c807470ba53628889bf25dae" candidate_uuid: "41d8e8309c544e619bef803f442b7777" candidate_term: 2 candidate_status { last_received { term: 1 index: 2 } } ignore_live_leader: true dest_uuid: "abd09b8b26d642a28347423062f1bb55"
I20260608 12:55:20.932927 19910 raft_consensus.cc:3055] T 443091f9c807470ba53628889bf25dae P abd09b8b26d642a28347423062f1bb55 [term 1 LEADER]: Stepping down as leader of term 1
I20260608 12:55:20.932869 19986 tablet_service.cc:1917] Received RequestConsensusVote() RPC: tablet_id: "443091f9c807470ba53628889bf25dae" candidate_uuid: "41d8e8309c544e619bef803f442b7777" candidate_term: 2 candidate_status { last_received { term: 1 index: 2 } } ignore_live_leader: true dest_uuid: "2bd680e2d4d748bdb307744a3a242d97"
I20260608 12:55:20.933497 19910 raft_consensus.cc:740] T 443091f9c807470ba53628889bf25dae P abd09b8b26d642a28347423062f1bb55 [term 1 LEADER]: Becoming Follower/Learner. State: Replica: abd09b8b26d642a28347423062f1bb55, State: Running, Role: LEADER
I20260608 12:55:20.933915 19986 raft_consensus.cc:3060] T 443091f9c807470ba53628889bf25dae P 2bd680e2d4d748bdb307744a3a242d97 [term 1 FOLLOWER]: Advancing to term 2
