I20260608 12:55:17.062321 17369 pending_rounds.cc:77] T dab3d07b011c47a49cfe3c1c8f51149d P 180030a4c8724fdc80576be0a806de16: Aborting op as it isn't in flight: id { term: 1 index: 1 } timestamp: 7294661905993445376 op_type: NO_OP noop_request { }
I20260608 12:55:17.062698 17369 raft_consensus.cc:2889] T dab3d07b011c47a49cfe3c1c8f51149d P 180030a4c8724fdc80576be0a806de16 [term 1 LEADER]: NO_OP replication failed: Aborted: Op aborted
I20260608 12:55:17.063004 17369 raft_consensus.cc:2272] T dab3d07b011c47a49cfe3c1c8f51149d P 180030a4c8724fdc80576be0a806de16 [term 1 FOLLOWER]: Raft consensus is shut down!
I20260608 12:55:17.065534 17369 tablet_replica.cc:333] T 35a62dd2d25e4e4b88f8d96b38c1d95d P 180030a4c8724fdc80576be0a806de16: stopping tablet replica
I20260608 12:55:17.066102 17369 raft_consensus.cc:2243] T 35a62dd2d25e4e4b88f8d96b38c1d95d P 180030a4c8724fdc80576be0a806de16 [term 1 LEADER]: Raft consensus shutting down.
I20260608 12:55:17.066947 17369 pending_rounds.cc:70] T 35a62dd2d25e4e4b88f8d96b38c1d95d P 180030a4c8724fdc80576be0a806de16: Trying to abort 1 pending ops.
I20260608 12:55:17.067214 17369 pending_rounds.cc:77] T 35a62dd2d25e4e4b88f8d96b38c1d95d P 180030a4c8724fdc80576be0a806de16: Aborting op as it isn't in flight: id { term: 1 index: 1 } timestamp: 7294661906064408576 op_type: NO_OP noop_request { }
I20260608 12:55:17.067625 17369 raft_consensus.cc:2889] T 35a62dd2d25e4e4b88f8d96b38c1d95d P 180030a4c8724fdc80576be0a806de16 [term 1 LEADER]: NO_OP replication failed: Aborted: Op aborted
I20260608 12:55:17.068044 17369 raft_consensus.cc:2272] T 35a62dd2d25e4e4b88f8d96b38c1d95d P 180030a4c8724fdc80576be0a806de16 [term 1 FOLLOWER]: Raft consensus is shut down!
I20260608 12:55:17.070950 17369 tablet_replica.cc:333] T b58ede0921e34647b1651937cde71ef1 P 180030a4c8724fdc80576be0a806de16: stopping tablet replica
I20260608 12:55:17.071559 17369 raft_consensus.cc:2243] T b58ede0921e34647b1651937cde71ef1 P 180030a4c8724fdc80576be0a806de16 [term 1 LEADER]: Raft consensus shutting down.
I20260608 12:55:17.072315 17369 pending_rounds.cc:70] T b58ede0921e34647b1651937cde71ef1 P 180030a4c8724fdc80576be0a806de16: Trying to abort 1 pending ops.
I20260608 12:55:17.072492 17369 pending_rounds.cc:77] T b58ede0921e34647b1651937cde71ef1 P 180030a4c8724fdc80576be0a806de16: Aborting op as it isn't in flight: id { term: 1 index: 1 } timestamp: 7294661906006769664 op_type: NO_OP noop_request { }
I20260608 12:55:17.072769 17369 raft_consensus.cc:2889] T b58ede0921e34647b1651937cde71ef1 P 180030a4c8724fdc80576be0a806de16 [term 1 LEADER]: NO_OP replication failed: Aborted: Op aborted
I20260608 12:55:17.073035 17369 raft_consensus.cc:2272] T b58ede0921e34647b1651937cde71ef1 P 180030a4c8724fdc80576be0a806de16 [term 1 FOLLOWER]: Raft consensus is shut down!
I20260608 12:55:17.075501 17369 tablet_replica.cc:333] T e7a277f00b384ddcb4fa0f754908583a P 180030a4c8724fdc80576be0a806de16: stopping tablet replica
I20260608 12:55:17.076074 17369 raft_consensus.cc:2243] T e7a277f00b384ddcb4fa0f754908583a P 180030a4c8724fdc80576be0a806de16 [term 1 FOLLOWER]: Raft consensus shutting down.
I20260608 12:55:17.076472 17369 raft_consensus.cc:2272] T e7a277f00b384ddcb4fa0f754908583a P 180030a4c8724fdc80576be0a806de16 [term 1 FOLLOWER]: Raft consensus is shut down!
I20260608 12:55:17.104393 17369 tablet_server.cc:196] TabletServer@127.16.246.65:0 shutdown complete.
I20260608 12:55:17.122169 17369 tablet_server.cc:179] TabletServer@127.16.246.66:0 shutting down...
I20260608 12:55:17.146965 17369 ts_tablet_manager.cc:1507] Shutting down tablet manager...
I20260608 12:55:17.148059 17369 tablet_replica.cc:333] T dab3d07b011c47a49cfe3c1c8f51149d P a01ef58d1a744efeabb41dc9bf32a04f: stopping tablet replica
I20260608 12:55:17.148763 17369 raft_consensus.cc:2243] T dab3d07b011c47a49cfe3c1c8f51149d P a01ef58d1a744efeabb41dc9bf32a04f [term 1 FOLLOWER]: Raft consensus shutting down.
I20260608 12:55:17.149199 17369 raft_consensus.cc:2272] T dab3d07b011c47a49cfe3c1c8f51149d P a01ef58d1a744efeabb41dc9bf32a04f [term 1 FOLLOWER]: Raft consensus is shut down!
I20260608 12:55:17.151221 17369 tablet_replica.cc:333] T e7a277f00b384ddcb4fa0f754908583a P a01ef58d1a744efeabb41dc9bf32a04f: stopping tablet replica
I20260608 12:55:17.151835 17369 raft_consensus.cc:2243] T e7a277f00b384ddcb4fa0f754908583a P a01ef58d1a744efeabb41dc9bf32a04f [term 1 FOLLOWER]: Raft consensus shutting down.
I20260608 12:55:17.152235 17369 raft_consensus.cc:2272] T e7a277f00b384ddcb4fa0f754908583a P a01ef58d1a744efeabb41dc9bf32a04f [term 1 FOLLOWER]: Raft consensus is shut down!
I20260608 12:55:17.154551 17369 tablet_replica.cc:333] T b58ede0921e34647b1651937cde71ef1 P a01ef58d1a744efeabb41dc9bf32a04f: stopping tablet replica
I20260608 12:55:17.155483 17369 raft_consensus.cc:2243] T b58ede0921e34647b1651937cde71ef1 P a01ef58d1a744efeabb41dc9bf32a04f [term 1 FOLLOWER]: Raft consensus shutting down.
I20260608 12:55:17.156147 17369 raft_consensus.cc:2272] T b58ede0921e34647b1651937cde71ef1 P a01ef58d1a744efeabb41dc9bf32a04f [term 1 FOLLOWER]: Raft consensus is shut down!
I20260608 12:55:17.158896 17369 tablet_replica.cc:333] T 35a62dd2d25e4e4b88f8d96b38c1d95d P a01ef58d1a744efeabb41dc9bf32a04f: stopping tablet replica
I20260608 12:55:17.159431 17369 raft_consensus.cc:2243] T 35a62dd2d25e4e4b88f8d96b38c1d95d P a01ef58d1a744efeabb41dc9bf32a04f [term 1 FOLLOWER]: Raft consensus shutting down.
I20260608 12:55:17.159875 17369 raft_consensus.cc:2272] T 35a62dd2d25e4e4b88f8d96b38c1d95d P a01ef58d1a744efeabb41dc9bf32a04f [term 1 FOLLOWER]: Raft consensus is shut down!
I20260608 12:55:17.186061 17369 tablet_server.cc:196] TabletServer@127.16.246.66:0 shutdown complete.
I20260608 12:55:17.200598 17369 tablet_server.cc:179] TabletServer@127.16.246.67:0 shutting down...
I20260608 12:55:17.222751 17369 ts_tablet_manager.cc:1507] Shutting down tablet manager...
I20260608 12:55:17.223938 17369 tablet_replica.cc:333] T b58ede0921e34647b1651937cde71ef1 P 2395233969ca430a9f81a239b32d709e: stopping tablet replica
I20260608 12:55:17.224644 17369 raft_consensus.cc:2243] T b58ede0921e34647b1651937cde71ef1 P 2395233969ca430a9f81a239b32d709e [term 1 FOLLOWER]: Raft consensus shutting down.
I20260608 12:55:17.225062 17369 raft_consensus.cc:2272] T b58ede0921e34647b1651937cde71ef1 P 2395233969ca430a9f81a239b32d709e [term 1 FOLLOWER]: Raft consensus is shut down!
I20260608 12:55:17.227166 17369 tablet_replica.cc:333] T e7a277f00b384ddcb4fa0f754908583a P 2395233969ca430a9f81a239b32d709e: stopping tablet replica
I20260608 12:55:17.227798 17369 raft_consensus.cc:2243] T e7a277f00b384ddcb4fa0f754908583a P 2395233969ca430a9f81a239b32d709e [term 1 LEADER]: Raft consensus shutting down.
I20260608 12:55:17.228415 17369 pending_rounds.cc:70] T e7a277f00b384ddcb4fa0f754908583a P 2395233969ca430a9f81a239b32d709e: Trying to abort 1 pending ops.
I20260608 12:55:17.228689 17369 pending_rounds.cc:77] T e7a277f00b384ddcb4fa0f754908583a P 2395233969ca430a9f81a239b32d709e: Aborting op as it isn't in flight: id { term: 1 index: 1 } timestamp: 7294661906362425344 op_type: NO_OP noop_request { }
I20260608 12:55:17.229312 17369 raft_consensus.cc:2889] T e7a277f00b384ddcb4fa0f754908583a P 2395233969ca430a9f81a239b32d709e [term 1 LEADER]: NO_OP replication failed: Aborted: Op aborted
I20260608 12:55:17.229619 17369 raft_consensus.cc:2272] T e7a277f00b384ddcb4fa0f754908583a P 2395233969ca430a9f81a239b32d709e [term 1 FOLLOWER]: Raft consensus is shut down!
I20260608 12:55:17.232751 17369 tablet_replica.cc:333] T dab3d07b011c47a49cfe3c1c8f51149d P 2395233969ca430a9f81a239b32d709e: stopping tablet replica
I20260608 12:55:17.233614 17369 raft_consensus.cc:2243] T dab3d07b011c47a49cfe3c1c8f51149d P 2395233969ca430a9f81a239b32d709e [term 1 FOLLOWER]: Raft consensus shutting down.
I20260608 12:55:17.234184 17369 raft_consensus.cc:2272] T dab3d07b011c47a49cfe3c1c8f51149d P 2395233969ca430a9f81a239b32d709e [term 1 FOLLOWER]: Raft consensus is shut down!
I20260608 12:55:17.236373 17369 tablet_replica.cc:333] T 35a62dd2d25e4e4b88f8d96b38c1d95d P 2395233969ca430a9f81a239b32d709e: stopping tablet replica
I20260608 12:55:17.236917 17369 raft_consensus.cc:2243] T 35a62dd2d25e4e4b88f8d96b38c1d95d P 2395233969ca430a9f81a239b32d709e [term 1 FOLLOWER]: Raft consensus shutting down.
I20260608 12:55:17.237329 17369 raft_consensus.cc:2272] T 35a62dd2d25e4e4b88f8d96b38c1d95d P 2395233969ca430a9f81a239b32d709e [term 1 FOLLOWER]: Raft consensus is shut down!
I20260608 12:55:17.262166 17369 tablet_server.cc:196] TabletServer@127.16.246.67:0 shutdown complete.
I20260608 12:55:17.280357 17369 master.cc:562] Master@127.16.246.126:34617 shutting down...
I20260608 12:55:17.302785 17369 raft_consensus.cc:2243] T 00000000000000000000000000000000 P da503a29ee384f5cacf2e693168c588f [term 1 LEADER]: Raft consensus shutting down.
I20260608 12:55:17.303362 17369 raft_consensus.cc:2272] T 00000000000000000000000000000000 P da503a29ee384f5cacf2e693168c588f [term 1 FOLLOWER]: Raft consensus is shut down!
I20260608 12:55:17.303834 17369 tablet_replica.cc:333] T 00000000000000000000000000000000 P da503a29ee384f5cacf2e693168c588f: stopping tablet replica
I20260608 12:55:17.324787 17369 master.cc:584] Master@127.16.246.126:34617 shutdown complete.
[       OK ] AutoRebalancerTest.RangeAwareBuildClusterInfoGroupsByRange (2605 ms)
[ RUN      ] AutoRebalancerTest.RangeAwareRebalancesNewRangeReplicas
I20260608 12:55:17.369247 17369 internal_mini_cluster.cc:156] Creating distributed mini masters. Addrs: 127.16.246.126:39173
I20260608 12:55:17.370811 17369 file_cache.cc:492] Constructed file cache file cache with capacity 419430
W20260608 12:55:17.377012 20204 instance_detector.cc:116] could not retrieve AWS instance metadata: Network error: curl error: HTTP response code said error: The requested URL returned error: 404
W20260608 12:55:17.377988 20205 instance_detector.cc:116] could not retrieve Azure instance metadata: Network error: curl error: HTTP response code said error: The requested URL returned error: 404
W20260608 12:55:17.378504 20207 instance_detector.cc:116] could not retrieve OpenStack instance metadata: Network error: curl error: HTTP response code said error: The requested URL returned error: 404
I20260608 12:55:17.379318 17369 server_base.cc:1061] running on GCE node
I20260608 12:55:17.380290 17369 hybrid_clock.cc:584] initializing the hybrid clock with 'system_unsync' time source
W20260608 12:55:17.380479 17369 system_unsync_time.cc:38] NTP support is disabled. Clock error bounds will not be accurate. This configuration is not suitable for distributed clusters.
I20260608 12:55:17.380631 17369 hybrid_clock.cc:648] HybridClock initialized: now 1780923317380614 us; error 0 us; skew 500 ppm
I20260608 12:55:17.381210 17369 server_base.cc:861] Flag tcmalloc_max_total_thread_cache_bytes is not working since tcmalloc is not enabled.
I20260608 12:55:17.383991 17369 webserver.cc:533] Webserver started at http://127.16.246.126:40663/ using document root <none> and password file <none>
I20260608 12:55:17.384500 17369 fs_manager.cc:362] Metadata directory not provided
I20260608 12:55:17.384681 17369 fs_manager.cc:368] Using write-ahead log directory (fs_wal_dir) as metadata directory
I20260608 12:55:17.384943 17369 server_base.cc:909] This appears to be a new deployment of Kudu; creating new FS layout
I20260608 12:55:17.386039 17369 fs_manager.cc:1068] Generated new instance metadata in path /tmp/dist-test-taskFMyPfC/test-tmp/auto_rebalancer-test.0.AutoRebalancerTest.RangeAwareRebalancesNewRangeReplicas.1780923235947029-17369-0/minicluster-data/master-0-root/instance:
uuid: "b254a0cb1afe4cb897d95c2dbe018698"
format_stamp: "Formatted at 2026-06-08 12:55:17 on dist-test-slave-8gl3"
I20260608 12:55:17.391841 17369 fs_manager.cc:696] Time spent creating directory manager: real 0.005s	user 0.005s	sys 0.003s
I20260608 12:55:17.396788 20212 log_block_manager.cc:4031] Time spent loading block containers with low live blocks: real 0.000s	user 0.000s	sys 0.000s
I20260608 12:55:17.397740 17369 fs_manager.cc:730] Time spent opening block manager: real 0.003s	user 0.005s	sys 0.000s
I20260608 12:55:17.398059 17369 fs_manager.cc:647] Opened local filesystem: /tmp/dist-test-taskFMyPfC/test-tmp/auto_rebalancer-test.0.AutoRebalancerTest.RangeAwareRebalancesNewRangeReplicas.1780923235947029-17369-0/minicluster-data/master-0-root
uuid: "b254a0cb1afe4cb897d95c2dbe018698"
format_stamp: "Formatted at 2026-06-08 12:55:17 on dist-test-slave-8gl3"
I20260608 12:55:17.398334 17369 fs_report.cc:389] FS layout report
--------------------
wal directory: /tmp/dist-test-taskFMyPfC/test-tmp/auto_rebalancer-test.0.AutoRebalancerTest.RangeAwareRebalancesNewRangeReplicas.1780923235947029-17369-0/minicluster-data/master-0-root
metadata directory: /tmp/dist-test-taskFMyPfC/test-tmp/auto_rebalancer-test.0.AutoRebalancerTest.RangeAwareRebalancesNewRangeReplicas.1780923235947029-17369-0/minicluster-data/master-0-root
1 data directories: /tmp/dist-test-taskFMyPfC/test-tmp/auto_rebalancer-test.0.AutoRebalancerTest.RangeAwareRebalancesNewRangeReplicas.1780923235947029-17369-0/minicluster-data/master-0-root/data
Total live blocks: 0
Total live bytes: 0
Total live bytes (after alignment): 0
Total number of LBM containers: 0 (0 full)
Did not check for missing blocks
Did not check for orphaned blocks
Total full LBM containers with extra space: 0 (0 repaired)
Total full LBM container extra space in bytes: 0 (0 repaired)
Total incomplete LBM containers: 0 (0 repaired)
Total LBM partial records: 0 (0 repaired)
Total corrupted LBM metadata records in RocksDB: 0 (0 repaired)
I20260608 12:55:17.421746 17369 rpc_server.cc:225] running with OpenSSL 1.1.1  11 Sep 2018
I20260608 12:55:17.423041 17369 kserver.cc:163] Server-wide thread pool size limit: 3276
I20260608 12:55:17.465919 17369 rpc_server.cc:307] RPC server started. Bound to: 127.16.246.126:39173
I20260608 12:55:17.466042 20263 acceptor_pool.cc:272] collecting diagnostics on the listening RPC socket 127.16.246.126:39173 every 8 connection(s)
I20260608 12:55:17.470424 20264 data_dirs.cc:400] Could only allocate 1 dirs of requested 3 for tablet 00000000000000000000000000000000. 1 dirs total, 0 dirs full, 0 dirs failed
I20260608 12:55:17.482372 20264 tablet_bootstrap.cc:492] T 00000000000000000000000000000000 P b254a0cb1afe4cb897d95c2dbe018698: Bootstrap starting.
I20260608 12:55:17.487272 20264 tablet_bootstrap.cc:654] T 00000000000000000000000000000000 P b254a0cb1afe4cb897d95c2dbe018698: Neither blocks nor log segments found. Creating new log.
I20260608 12:55:17.491847 20264 tablet_bootstrap.cc:492] T 00000000000000000000000000000000 P b254a0cb1afe4cb897d95c2dbe018698: No bootstrap required, opened a new log
I20260608 12:55:17.494076 20264 raft_consensus.cc:359] T 00000000000000000000000000000000 P b254a0cb1afe4cb897d95c2dbe018698 [term 0 FOLLOWER]: Replica starting. Triggering 0 pending ops. Active config: opid_index: -1 OBSOLETE_local: true peers { permanent_uuid: "b254a0cb1afe4cb897d95c2dbe018698" member_type: VOTER }
I20260608 12:55:17.494467 20264 raft_consensus.cc:385] T 00000000000000000000000000000000 P b254a0cb1afe4cb897d95c2dbe018698 [term 0 FOLLOWER]: Consensus starting up: Expiring failure detector timer to make a prompt election more likely
I20260608 12:55:17.494709 20264 raft_consensus.cc:740] T 00000000000000000000000000000000 P b254a0cb1afe4cb897d95c2dbe018698 [term 0 FOLLOWER]: Becoming Follower/Learner. State: Replica: b254a0cb1afe4cb897d95c2dbe018698, State: Initialized, Role: FOLLOWER
I20260608 12:55:17.495296 20264 consensus_queue.cc:260] T 00000000000000000000000000000000 P b254a0cb1afe4cb897d95c2dbe018698 [NON_LEADER]: Queue going to NON_LEADER mode. State: All replicated index: 0, Majority replicated index: 0, Committed index: 0, Last appended: 0.0, Last appended by leader: 0, Current term: 0, Majority size: -1, State: 0, Mode: NON_LEADER, active raft config: opid_index: -1 OBSOLETE_local: true peers { permanent_uuid: "b254a0cb1afe4cb897d95c2dbe018698" member_type: VOTER }
I20260608 12:55:17.495800 20264 raft_consensus.cc:399] T 00000000000000000000000000000000 P b254a0cb1afe4cb897d95c2dbe018698 [term 0 FOLLOWER]: Only one voter in the Raft config. Triggering election immediately
I20260608 12:55:17.496011 20264 raft_consensus.cc:493] T 00000000000000000000000000000000 P b254a0cb1afe4cb897d95c2dbe018698 [term 0 FOLLOWER]: Starting leader election (initial election of a single-replica configuration)
I20260608 12:55:17.496259 20264 raft_consensus.cc:3060] T 00000000000000000000000000000000 P b254a0cb1afe4cb897d95c2dbe018698 [term 0 FOLLOWER]: Advancing to term 1
I20260608 12:55:17.502214 20264 raft_consensus.cc:515] T 00000000000000000000000000000000 P b254a0cb1afe4cb897d95c2dbe018698 [term 1 FOLLOWER]: Starting leader election with config: opid_index: -1 OBSOLETE_local: true peers { permanent_uuid: "b254a0cb1afe4cb897d95c2dbe018698" member_type: VOTER }
I20260608 12:55:17.502806 20264 leader_election.cc:304] T 00000000000000000000000000000000 P b254a0cb1afe4cb897d95c2dbe018698 [CANDIDATE]: Term 1 election: Election decided. Result: candidate won. Election summary: received 1 responses out of 1 voters: 1 yes votes; 0 no votes. yes voters: b254a0cb1afe4cb897d95c2dbe018698; no voters: 
I20260608 12:55:17.503995 20264 leader_election.cc:290] T 00000000000000000000000000000000 P b254a0cb1afe4cb897d95c2dbe018698 [CANDIDATE]: Term 1 election: Requested vote from peers 
I20260608 12:55:17.504427 20267 raft_consensus.cc:2804] T 00000000000000000000000000000000 P b254a0cb1afe4cb897d95c2dbe018698 [term 1 FOLLOWER]: Leader election won for term 1
I20260608 12:55:17.505771 20267 raft_consensus.cc:697] T 00000000000000000000000000000000 P b254a0cb1afe4cb897d95c2dbe018698 [term 1 LEADER]: Becoming Leader. State: Replica: b254a0cb1afe4cb897d95c2dbe018698, State: Running, Role: LEADER
I20260608 12:55:17.506524 20267 consensus_queue.cc:237] T 00000000000000000000000000000000 P b254a0cb1afe4cb897d95c2dbe018698 [LEADER]: Queue going to LEADER mode. State: All replicated index: 0, Majority replicated index: 0, Committed index: 0, Last appended: 0.0, Last appended by leader: 0, Current term: 1, Majority size: 1, State: 0, Mode: LEADER, active raft config: opid_index: -1 OBSOLETE_local: true peers { permanent_uuid: "b254a0cb1afe4cb897d95c2dbe018698" member_type: VOTER }
I20260608 12:55:17.506937 20264 sys_catalog.cc:565] T 00000000000000000000000000000000 P b254a0cb1afe4cb897d95c2dbe018698 [sys.catalog]: configured and running, proceeding with master startup.
I20260608 12:55:17.509508 20269 sys_catalog.cc:455] T 00000000000000000000000000000000 P b254a0cb1afe4cb897d95c2dbe018698 [sys.catalog]: SysCatalogTable state changed. Reason: New leader b254a0cb1afe4cb897d95c2dbe018698. Latest consensus state: current_term: 1 leader_uuid: "b254a0cb1afe4cb897d95c2dbe018698" committed_config { opid_index: -1 OBSOLETE_local: true peers { permanent_uuid: "b254a0cb1afe4cb897d95c2dbe018698" member_type: VOTER } }
I20260608 12:55:17.510275 20269 sys_catalog.cc:458] T 00000000000000000000000000000000 P b254a0cb1afe4cb897d95c2dbe018698 [sys.catalog]: This master's current role is: LEADER
I20260608 12:55:17.509449 20268 sys_catalog.cc:455] T 00000000000000000000000000000000 P b254a0cb1afe4cb897d95c2dbe018698 [sys.catalog]: SysCatalogTable state changed. Reason: RaftConsensus started. Latest consensus state: current_term: 1 leader_uuid: "b254a0cb1afe4cb897d95c2dbe018698" committed_config { opid_index: -1 OBSOLETE_local: true peers { permanent_uuid: "b254a0cb1afe4cb897d95c2dbe018698" member_type: VOTER } }
I20260608 12:55:17.511209 20268 sys_catalog.cc:458] T 00000000000000000000000000000000 P b254a0cb1afe4cb897d95c2dbe018698 [sys.catalog]: This master's current role is: LEADER
I20260608 12:55:17.515544 20272 catalog_manager.cc:1510] Loading table and tablet metadata into memory...
I20260608 12:55:17.522015 20272 catalog_manager.cc:1519] Initializing Kudu cluster ID...
I20260608 12:55:17.523711 17369 internal_mini_cluster.cc:184] Waiting to initialize catalog manager on master 0
I20260608 12:55:17.532037 20272 catalog_manager.cc:1382] Generated new cluster ID: 57e84f89f687473dbec360bf65bfceb4
I20260608 12:55:17.532333 20272 catalog_manager.cc:1530] Initializing Kudu internal certificate authority...
I20260608 12:55:17.556383 20272 catalog_manager.cc:1405] Generated new certificate authority record
I20260608 12:55:17.557765 20272 catalog_manager.cc:1539] Loading token signing keys...
I20260608 12:55:17.571894 20272 catalog_manager.cc:6069] T 00000000000000000000000000000000 P b254a0cb1afe4cb897d95c2dbe018698: Generated new TSK 0
I20260608 12:55:17.572536 20272 catalog_manager.cc:1549] Initializing in-progress tserver states...
I20260608 12:55:17.590971 17369 file_cache.cc:492] Constructed file cache file cache with capacity 419430
W20260608 12:55:17.597385 20285 instance_detector.cc:116] could not retrieve AWS instance metadata: Network error: curl error: HTTP response code said error: The requested URL returned error: 404
W20260608 12:55:17.598263 20286 instance_detector.cc:116] could not retrieve Azure instance metadata: Network error: curl error: HTTP response code said error: The requested URL returned error: 404
W20260608 12:55:17.600975 20288 instance_detector.cc:116] could not retrieve OpenStack instance metadata: Network error: curl error: HTTP response code said error: The requested URL returned error: 404
I20260608 12:55:17.601073 17369 server_base.cc:1061] running on GCE node
I20260608 12:55:17.602306 17369 hybrid_clock.cc:584] initializing the hybrid clock with 'system_unsync' time source
W20260608 12:55:17.602510 17369 system_unsync_time.cc:38] NTP support is disabled. Clock error bounds will not be accurate. This configuration is not suitable for distributed clusters.
I20260608 12:55:17.602681 17369 hybrid_clock.cc:648] HybridClock initialized: now 1780923317602667 us; error 0 us; skew 500 ppm
I20260608 12:55:17.603281 17369 server_base.cc:861] Flag tcmalloc_max_total_thread_cache_bytes is not working since tcmalloc is not enabled.
I20260608 12:55:17.605785 17369 webserver.cc:533] Webserver started at http://127.16.246.65:33675/ using document root <none> and password file <none>
I20260608 12:55:17.606343 17369 fs_manager.cc:362] Metadata directory not provided
I20260608 12:55:17.606514 17369 fs_manager.cc:368] Using write-ahead log directory (fs_wal_dir) as metadata directory
I20260608 12:55:17.606782 17369 server_base.cc:909] This appears to be a new deployment of Kudu; creating new FS layout
I20260608 12:55:17.608004 17369 fs_manager.cc:1068] Generated new instance metadata in path /tmp/dist-test-taskFMyPfC/test-tmp/auto_rebalancer-test.0.AutoRebalancerTest.RangeAwareRebalancesNewRangeReplicas.1780923235947029-17369-0/minicluster-data/ts-0-root/instance:
uuid: "9f57b50a1f8240cf98f75a7b50502055"
format_stamp: "Formatted at 2026-06-08 12:55:17 on dist-test-slave-8gl3"
I20260608 12:55:17.613513 17369 fs_manager.cc:696] Time spent creating directory manager: real 0.005s	user 0.005s	sys 0.000s
I20260608 12:55:17.617441 20293 log_block_manager.cc:4031] Time spent loading block containers with low live blocks: real 0.000s	user 0.000s	sys 0.000s
I20260608 12:55:17.618404 17369 fs_manager.cc:730] Time spent opening block manager: real 0.003s	user 0.001s	sys 0.000s
I20260608 12:55:17.618713 17369 fs_manager.cc:647] Opened local filesystem: /tmp/dist-test-taskFMyPfC/test-tmp/auto_rebalancer-test.0.AutoRebalancerTest.RangeAwareRebalancesNewRangeReplicas.1780923235947029-17369-0/minicluster-data/ts-0-root
uuid: "9f57b50a1f8240cf98f75a7b50502055"
format_stamp: "Formatted at 2026-06-08 12:55:17 on dist-test-slave-8gl3"
I20260608 12:55:17.619020 17369 fs_report.cc:389] FS layout report
--------------------
wal directory: /tmp/dist-test-taskFMyPfC/test-tmp/auto_rebalancer-test.0.AutoRebalancerTest.RangeAwareRebalancesNewRangeReplicas.1780923235947029-17369-0/minicluster-data/ts-0-root
metadata directory: /tmp/dist-test-taskFMyPfC/test-tmp/auto_rebalancer-test.0.AutoRebalancerTest.RangeAwareRebalancesNewRangeReplicas.1780923235947029-17369-0/minicluster-data/ts-0-root
1 data directories: /tmp/dist-test-taskFMyPfC/test-tmp/auto_rebalancer-test.0.AutoRebalancerTest.RangeAwareRebalancesNewRangeReplicas.1780923235947029-17369-0/minicluster-data/ts-0-root/data
Total live blocks: 0
Total live bytes: 0
Total live bytes (after alignment): 0
Total number of LBM containers: 0 (0 full)
Did not check for missing blocks
Did not check for orphaned blocks
Total full LBM containers with extra space: 0 (0 repaired)
Total full LBM container extra space in bytes: 0 (0 repaired)
Total incomplete LBM containers: 0 (0 repaired)
Total LBM partial records: 0 (0 repaired)
Total corrupted LBM metadata records in RocksDB: 0 (0 repaired)
I20260608 12:55:17.644178 17369 rpc_server.cc:225] running with OpenSSL 1.1.1  11 Sep 2018
I20260608 12:55:17.645423 17369 kserver.cc:163] Server-wide thread pool size limit: 3276
I20260608 12:55:17.646975 17369 txn_system_client.cc:432] TxnSystemClient initialization is disabled...
I20260608 12:55:17.649580 17369 ts_tablet_manager.cc:585] Loaded tablet metadata (0 total tablets, 0 live tablets)
I20260608 12:55:17.649775 17369 ts_tablet_manager.cc:531] Time spent load tablet metadata: real 0.000s	user 0.000s	sys 0.000s
I20260608 12:55:17.649995 17369 ts_tablet_manager.cc:616] Registered 0 tablets
I20260608 12:55:17.650158 17369 ts_tablet_manager.cc:595] Time spent register tablets: real 0.000s	user 0.000s	sys 0.000s
I20260608 12:55:17.695581 17369 rpc_server.cc:307] RPC server started. Bound to: 127.16.246.65:41857
I20260608 12:55:17.695791 20355 acceptor_pool.cc:272] collecting diagnostics on the listening RPC socket 127.16.246.65:41857 every 8 connection(s)
I20260608 12:55:17.700992 17369 file_cache.cc:492] Constructed file cache file cache with capacity 419430
W20260608 12:55:17.708279 20360 instance_detector.cc:116] could not retrieve AWS instance metadata: Network error: curl error: HTTP response code said error: The requested URL returned error: 404
W20260608 12:55:17.709555 20361 instance_detector.cc:116] could not retrieve Azure instance metadata: Network error: curl error: HTTP response code said error: The requested URL returned error: 404
W20260608 12:55:17.711951 20363 instance_detector.cc:116] could not retrieve OpenStack instance metadata: Network error: curl error: HTTP response code said error: The requested URL returned error: 404
I20260608 12:55:17.712522 17369 server_base.cc:1061] running on GCE node
I20260608 12:55:17.713598 17369 hybrid_clock.cc:584] initializing the hybrid clock with 'system_unsync' time source
W20260608 12:55:17.713825 17369 system_unsync_time.cc:38] NTP support is disabled. Clock error bounds will not be accurate. This configuration is not suitable for distributed clusters.
I20260608 12:55:17.714027 17369 hybrid_clock.cc:648] HybridClock initialized: now 1780923317714009 us; error 0 us; skew 500 ppm
I20260608 12:55:17.714884 17369 server_base.cc:861] Flag tcmalloc_max_total_thread_cache_bytes is not working since tcmalloc is not enabled.
I20260608 12:55:17.714864 20356 heartbeater.cc:344] Connected to a master server at 127.16.246.126:39173
I20260608 12:55:17.715803 20356 heartbeater.cc:461] Registering TS with master...
I20260608 12:55:17.716917 20356 heartbeater.cc:507] Master 127.16.246.126:39173 requested a full tablet report, sending...
I20260608 12:55:17.718999 17369 webserver.cc:533] Webserver started at http://127.16.246.66:34421/ using document root <none> and password file <none>
I20260608 12:55:17.719856 17369 fs_manager.cc:362] Metadata directory not provided
I20260608 12:55:17.719877 20229 ts_manager.cc:194] Registered new tserver with Master: 9f57b50a1f8240cf98f75a7b50502055 (127.16.246.65:41857)
I20260608 12:55:17.720269 17369 fs_manager.cc:368] Using write-ahead log directory (fs_wal_dir) as metadata directory
I20260608 12:55:17.720687 17369 server_base.cc:909] This appears to be a new deployment of Kudu; creating new FS layout
I20260608 12:55:17.722234 17369 fs_manager.cc:1068] Generated new instance metadata in path /tmp/dist-test-taskFMyPfC/test-tmp/auto_rebalancer-test.0.AutoRebalancerTest.RangeAwareRebalancesNewRangeReplicas.1780923235947029-17369-0/minicluster-data/ts-1-root/instance:
uuid: "05c9fcd8c0c94ac3a689a19732f9255b"
format_stamp: "Formatted at 2026-06-08 12:55:17 on dist-test-slave-8gl3"
I20260608 12:55:17.722648 20229 master_service.cc:502] Signed X509 certificate for tserver {username='slave'} at 127.0.0.1:49512
I20260608 12:55:17.728094 17369 fs_manager.cc:696] Time spent creating directory manager: real 0.005s	user 0.002s	sys 0.005s
I20260608 12:55:17.732581 20368 log_block_manager.cc:4031] Time spent loading block containers with low live blocks: real 0.000s	user 0.000s	sys 0.000s
I20260608 12:55:17.733440 17369 fs_manager.cc:730] Time spent opening block manager: real 0.003s	user 0.004s	sys 0.000s
I20260608 12:55:17.733757 17369 fs_manager.cc:647] Opened local filesystem: /tmp/dist-test-taskFMyPfC/test-tmp/auto_rebalancer-test.0.AutoRebalancerTest.RangeAwareRebalancesNewRangeReplicas.1780923235947029-17369-0/minicluster-data/ts-1-root
uuid: "05c9fcd8c0c94ac3a689a19732f9255b"
format_stamp: "Formatted at 2026-06-08 12:55:17 on dist-test-slave-8gl3"
I20260608 12:55:17.734020 17369 fs_report.cc:389] FS layout report
--------------------
wal directory: /tmp/dist-test-taskFMyPfC/test-tmp/auto_rebalancer-test.0.AutoRebalancerTest.RangeAwareRebalancesNewRangeReplicas.1780923235947029-17369-0/minicluster-data/ts-1-root
metadata directory: /tmp/dist-test-taskFMyPfC/test-tmp/auto_rebalancer-test.0.AutoRebalancerTest.RangeAwareRebalancesNewRangeReplicas.1780923235947029-17369-0/minicluster-data/ts-1-root
1 data directories: /tmp/dist-test-taskFMyPfC/test-tmp/auto_rebalancer-test.0.AutoRebalancerTest.RangeAwareRebalancesNewRangeReplicas.1780923235947029-17369-0/minicluster-data/ts-1-root/data
Total live blocks: 0
Total live bytes: 0
Total live bytes (after alignment): 0
Total number of LBM containers: 0 (0 full)
Did not check for missing blocks
Did not check for orphaned blocks
Total full LBM containers with extra space: 0 (0 repaired)
Total full LBM container extra space in bytes: 0 (0 repaired)
Total incomplete LBM containers: 0 (0 repaired)
Total LBM partial records: 0 (0 repaired)
Total corrupted LBM metadata records in RocksDB: 0 (0 repaired)
I20260608 12:55:17.745517 17369 rpc_server.cc:225] running with OpenSSL 1.1.1  11 Sep 2018
I20260608 12:55:17.746671 17369 kserver.cc:163] Server-wide thread pool size limit: 3276
I20260608 12:55:17.748158 17369 txn_system_client.cc:432] TxnSystemClient initialization is disabled...
I20260608 12:55:17.750535 17369 ts_tablet_manager.cc:585] Loaded tablet metadata (0 total tablets, 0 live tablets)
I20260608 12:55:17.750748 17369 ts_tablet_manager.cc:531] Time spent load tablet metadata: real 0.000s	user 0.000s	sys 0.000s
I20260608 12:55:17.750976 17369 ts_tablet_manager.cc:616] Registered 0 tablets
I20260608 12:55:17.751134 17369 ts_tablet_manager.cc:595] Time spent register tablets: real 0.000s	user 0.000s	sys 0.000s
I20260608 12:55:17.793707 17369 rpc_server.cc:307] RPC server started. Bound to: 127.16.246.66:46783
I20260608 12:55:17.793814 20430 acceptor_pool.cc:272] collecting diagnostics on the listening RPC socket 127.16.246.66:46783 every 8 connection(s)
I20260608 12:55:17.798899 17369 file_cache.cc:492] Constructed file cache file cache with capacity 419430
W20260608 12:55:17.806118 20434 instance_detector.cc:116] could not retrieve AWS instance metadata: Network error: curl error: HTTP response code said error: The requested URL returned error: 404
W20260608 12:55:17.806231 20435 instance_detector.cc:116] could not retrieve Azure instance metadata: Network error: curl error: HTTP response code said error: The requested URL returned error: 404
W20260608 12:55:17.809726 20438 instance_detector.cc:116] could not retrieve OpenStack instance metadata: Network error: curl error: HTTP response code said error: The requested URL returned error: 404
I20260608 12:55:17.810387 17369 server_base.cc:1061] running on GCE node
I20260608 12:55:17.811673 17369 hybrid_clock.cc:584] initializing the hybrid clock with 'system_unsync' time source
W20260608 12:55:17.811887 17369 system_unsync_time.cc:38] NTP support is disabled. Clock error bounds will not be accurate. This configuration is not suitable for distributed clusters.
I20260608 12:55:17.811949 20431 heartbeater.cc:344] Connected to a master server at 127.16.246.126:39173
I20260608 12:55:17.812140 17369 hybrid_clock.cc:648] HybridClock initialized: now 1780923317812119 us; error 0 us; skew 500 ppm
I20260608 12:55:17.812424 20431 heartbeater.cc:461] Registering TS with master...
I20260608 12:55:17.813007 17369 server_base.cc:861] Flag tcmalloc_max_total_thread_cache_bytes is not working since tcmalloc is not enabled.
I20260608 12:55:17.813362 20431 heartbeater.cc:507] Master 127.16.246.126:39173 requested a full tablet report, sending...
I20260608 12:55:17.815958 20229 ts_manager.cc:194] Registered new tserver with Master: 05c9fcd8c0c94ac3a689a19732f9255b (127.16.246.66:46783)
I20260608 12:55:17.816045 17369 webserver.cc:533] Webserver started at http://127.16.246.67:36543/ using document root <none> and password file <none>
I20260608 12:55:17.816848 17369 fs_manager.cc:362] Metadata directory not provided
I20260608 12:55:17.817071 17369 fs_manager.cc:368] Using write-ahead log directory (fs_wal_dir) as metadata directory
I20260608 12:55:17.817354 17369 server_base.cc:909] This appears to be a new deployment of Kudu; creating new FS layout
I20260608 12:55:17.817677 20229 master_service.cc:502] Signed X509 certificate for tserver {username='slave'} at 127.0.0.1:49518
I20260608 12:55:17.818692 17369 fs_manager.cc:1068] Generated new instance metadata in path /tmp/dist-test-taskFMyPfC/test-tmp/auto_rebalancer-test.0.AutoRebalancerTest.RangeAwareRebalancesNewRangeReplicas.1780923235947029-17369-0/minicluster-data/ts-2-root/instance:
uuid: "189cc5bc9163441da2d5c6e94c58fea8"
format_stamp: "Formatted at 2026-06-08 12:55:17 on dist-test-slave-8gl3"
I20260608 12:55:17.823989 17369 fs_manager.cc:696] Time spent creating directory manager: real 0.005s	user 0.002s	sys 0.004s
I20260608 12:55:17.827888 20442 log_block_manager.cc:4031] Time spent loading block containers with low live blocks: real 0.000s	user 0.000s	sys 0.000s
I20260608 12:55:17.828773 17369 fs_manager.cc:730] Time spent opening block manager: real 0.003s	user 0.004s	sys 0.000s
I20260608 12:55:17.829057 17369 fs_manager.cc:647] Opened local filesystem: /tmp/dist-test-taskFMyPfC/test-tmp/auto_rebalancer-test.0.AutoRebalancerTest.RangeAwareRebalancesNewRangeReplicas.1780923235947029-17369-0/minicluster-data/ts-2-root
uuid: "189cc5bc9163441da2d5c6e94c58fea8"
format_stamp: "Formatted at 2026-06-08 12:55:17 on dist-test-slave-8gl3"
I20260608 12:55:17.829308 17369 fs_report.cc:389] FS layout report
--------------------
wal directory: /tmp/dist-test-taskFMyPfC/test-tmp/auto_rebalancer-test.0.AutoRebalancerTest.RangeAwareRebalancesNewRangeReplicas.1780923235947029-17369-0/minicluster-data/ts-2-root
metadata directory: /tmp/dist-test-taskFMyPfC/test-tmp/auto_rebalancer-test.0.AutoRebalancerTest.RangeAwareRebalancesNewRangeReplicas.1780923235947029-17369-0/minicluster-data/ts-2-root
1 data directories: /tmp/dist-test-taskFMyPfC/test-tmp/auto_rebalancer-test.0.AutoRebalancerTest.RangeAwareRebalancesNewRangeReplicas.1780923235947029-17369-0/minicluster-data/ts-2-root/data
Total live blocks: 0
Total live bytes: 0
Total live bytes (after alignment): 0
Total number of LBM containers: 0 (0 full)
Did not check for missing blocks
Did not check for orphaned blocks
Total full LBM containers with extra space: 0 (0 repaired)
Total full LBM container extra space in bytes: 0 (0 repaired)
Total incomplete LBM containers: 0 (0 repaired)
Total LBM partial records: 0 (0 repaired)
Total corrupted LBM metadata records in RocksDB: 0 (0 repaired)
I20260608 12:55:17.856292 17369 rpc_server.cc:225] running with OpenSSL 1.1.1  11 Sep 2018
I20260608 12:55:17.857457 17369 kserver.cc:163] Server-wide thread pool size limit: 3276
I20260608 12:55:17.858914 17369 txn_system_client.cc:432] TxnSystemClient initialization is disabled...
I20260608 12:55:17.861675 17369 ts_tablet_manager.cc:585] Loaded tablet metadata (0 total tablets, 0 live tablets)
I20260608 12:55:17.861989 17369 ts_tablet_manager.cc:531] Time spent load tablet metadata: real 0.000s	user 0.000s	sys 0.000s
I20260608 12:55:17.862284 17369 ts_tablet_manager.cc:616] Registered 0 tablets
I20260608 12:55:17.862437 17369 ts_tablet_manager.cc:595] Time spent register tablets: real 0.000s	user 0.000s	sys 0.000s
I20260608 12:55:17.907793 17369 rpc_server.cc:307] RPC server started. Bound to: 127.16.246.67:38571
I20260608 12:55:17.907961 20504 acceptor_pool.cc:272] collecting diagnostics on the listening RPC socket 127.16.246.67:38571 every 8 connection(s)
I20260608 12:55:17.924243 20505 heartbeater.cc:344] Connected to a master server at 127.16.246.126:39173
I20260608 12:55:17.924652 20505 heartbeater.cc:461] Registering TS with master...
I20260608 12:55:17.925387 20505 heartbeater.cc:507] Master 127.16.246.126:39173 requested a full tablet report, sending...
I20260608 12:55:17.927608 20229 ts_manager.cc:194] Registered new tserver with Master: 189cc5bc9163441da2d5c6e94c58fea8 (127.16.246.67:38571)
I20260608 12:55:17.928435 17369 internal_mini_cluster.cc:371] 3 TS(s) registered with all masters after 0.0166897s
I20260608 12:55:17.929183 20229 master_service.cc:502] Signed X509 certificate for tserver {username='slave'} at 127.0.0.1:49528
I20260608 12:55:18.726318 20356 heartbeater.cc:499] Master 127.16.246.126:39173 was elected leader, sending a full tablet report...
I20260608 12:55:18.820318 20431 heartbeater.cc:499] Master 127.16.246.126:39173 was elected leader, sending a full tablet report...
I20260608 12:55:18.932615 20505 heartbeater.cc:499] Master 127.16.246.126:39173 was elected leader, sending a full tablet report...
I20260608 12:55:18.986054 20229 catalog_manager.cc:2282] Servicing CreateTable request from {username='slave'} at 127.0.0.1:57002:
name: "range_aware_rebalance_new_range"
schema {
  columns {
    name: "key"
    type: INT32
    is_key: true
    is_nullable: false
    encoding: AUTO_ENCODING
    compression: DEFAULT_COMPRESSION
    cfile_block_size: 0
    immutable: false
  }
}
num_replicas: 3
split_rows_range_bounds {
  rows: "\006\001\000\000\000\000\007\001\n\000\000\000""\006\001\000\000\000\000\007\001\n\000\000\000"
  indirect_data: """"
}
partition_schema {
  hash_schema {
    columns {
      name: "key"
    }
    num_buckets: 8
    seed: 0
  }
  range_schema {
    columns {
      name: "key"
    }
  }
}
W20260608 12:55:18.988567 20229 catalog_manager.cc:7076] The number of live tablet servers is not enough to re-replicate a tablet replica of the newly created table range_aware_rebalance_new_range in case of a server failure: 4 tablet servers would be needed, 3 are available. Consider bringing up more tablet servers.
I20260608 12:55:19.062655 20321 tablet_service.cc:1511] Processing CreateTablet for tablet 93283d61975f457fbaa20464af39d977 (DEFAULT_TABLE table=range_aware_rebalance_new_range [id=d15d4639bb214e3bab388e73d75839e1]), partition=HASH (key) PARTITION 0, RANGE (key) PARTITION 0 <= VALUES < 10
I20260608 12:55:19.064670 20321 data_dirs.cc:400] Could only allocate 1 dirs of requested 3 for tablet 93283d61975f457fbaa20464af39d977. 1 dirs total, 0 dirs full, 0 dirs failed
I20260608 12:55:19.063985 20320 tablet_service.cc:1511] Processing CreateTablet for tablet 42f3a937894c490a88a9b87e00ea3c52 (DEFAULT_TABLE table=range_aware_rebalance_new_range [id=d15d4639bb214e3bab388e73d75839e1]), partition=HASH (key) PARTITION 1, RANGE (key) PARTITION 0 <= VALUES < 10
I20260608 12:55:19.065280 20470 tablet_service.cc:1511] Processing CreateTablet for tablet 93283d61975f457fbaa20464af39d977 (DEFAULT_TABLE table=range_aware_rebalance_new_range [id=d15d4639bb214e3bab388e73d75839e1]), partition=HASH (key) PARTITION 0, RANGE (key) PARTITION 0 <= VALUES < 10
I20260608 12:55:19.065819 20320 data_dirs.cc:400] Could only allocate 1 dirs of requested 3 for tablet 42f3a937894c490a88a9b87e00ea3c52. 1 dirs total, 0 dirs full, 0 dirs failed
I20260608 12:55:19.066648 20468 tablet_service.cc:1511] Processing CreateTablet for tablet 7a3698d7872045fe9682ec0d51190b51 (DEFAULT_TABLE table=range_aware_rebalance_new_range [id=d15d4639bb214e3bab388e73d75839e1]), partition=HASH (key) PARTITION 2, RANGE (key) PARTITION 0 <= VALUES < 10
I20260608 12:55:19.067510 20319 tablet_service.cc:1511] Processing CreateTablet for tablet 7a3698d7872045fe9682ec0d51190b51 (DEFAULT_TABLE table=range_aware_rebalance_new_range [id=d15d4639bb214e3bab388e73d75839e1]), partition=HASH (key) PARTITION 2, RANGE (key) PARTITION 0 <= VALUES < 10
I20260608 12:55:19.063985 20469 tablet_service.cc:1511] Processing CreateTablet for tablet 42f3a937894c490a88a9b87e00ea3c52 (DEFAULT_TABLE table=range_aware_rebalance_new_range [id=d15d4639bb214e3bab388e73d75839e1]), partition=HASH (key) PARTITION 1, RANGE (key) PARTITION 0 <= VALUES < 10
I20260608 12:55:19.068974 20319 data_dirs.cc:400] Could only allocate 1 dirs of requested 3 for tablet 7a3698d7872045fe9682ec0d51190b51. 1 dirs total, 0 dirs full, 0 dirs failed
I20260608 12:55:19.069386 20318 tablet_service.cc:1511] Processing CreateTablet for tablet 8ae36246eaaf47a28cf7c20e032ddb53 (DEFAULT_TABLE table=range_aware_rebalance_new_range [id=d15d4639bb214e3bab388e73d75839e1]), partition=HASH (key) PARTITION 3, RANGE (key) PARTITION 0 <= VALUES < 10
I20260608 12:55:19.070742 20318 data_dirs.cc:400] Could only allocate 1 dirs of requested 3 for tablet 8ae36246eaaf47a28cf7c20e032ddb53. 1 dirs total, 0 dirs full, 0 dirs failed
I20260608 12:55:19.068218 20468 data_dirs.cc:400] Could only allocate 1 dirs of requested 3 for tablet 7a3698d7872045fe9682ec0d51190b51. 1 dirs total, 0 dirs full, 0 dirs failed
I20260608 12:55:19.073383 20469 data_dirs.cc:400] Could only allocate 1 dirs of requested 3 for tablet 42f3a937894c490a88a9b87e00ea3c52. 1 dirs total, 0 dirs full, 0 dirs failed
I20260608 12:55:19.076040 20470 data_dirs.cc:400] Could only allocate 1 dirs of requested 3 for tablet 93283d61975f457fbaa20464af39d977. 1 dirs total, 0 dirs full, 0 dirs failed
I20260608 12:55:19.076092 20467 tablet_service.cc:1511] Processing CreateTablet for tablet 8ae36246eaaf47a28cf7c20e032ddb53 (DEFAULT_TABLE table=range_aware_rebalance_new_range [id=d15d4639bb214e3bab388e73d75839e1]), partition=HASH (key) PARTITION 3, RANGE (key) PARTITION 0 <= VALUES < 10
I20260608 12:55:19.079242 20317 tablet_service.cc:1511] Processing CreateTablet for tablet 3136bd3e665e482185800a8d2134a3f0 (DEFAULT_TABLE table=range_aware_rebalance_new_range [id=d15d4639bb214e3bab388e73d75839e1]), partition=HASH (key) PARTITION 4, RANGE (key) PARTITION 0 <= VALUES < 10
I20260608 12:55:19.081061 20317 data_dirs.cc:400] Could only allocate 1 dirs of requested 3 for tablet 3136bd3e665e482185800a8d2134a3f0. 1 dirs total, 0 dirs full, 0 dirs failed
I20260608 12:55:19.084419 20467 data_dirs.cc:400] Could only allocate 1 dirs of requested 3 for tablet 8ae36246eaaf47a28cf7c20e032ddb53. 1 dirs total, 0 dirs full, 0 dirs failed
I20260608 12:55:19.087291 20466 tablet_service.cc:1511] Processing CreateTablet for tablet 3136bd3e665e482185800a8d2134a3f0 (DEFAULT_TABLE table=range_aware_rebalance_new_range [id=d15d4639bb214e3bab388e73d75839e1]), partition=HASH (key) PARTITION 4, RANGE (key) PARTITION 0 <= VALUES < 10
I20260608 12:55:19.088891 20466 data_dirs.cc:400] Could only allocate 1 dirs of requested 3 for tablet 3136bd3e665e482185800a8d2134a3f0. 1 dirs total, 0 dirs full, 0 dirs failed
I20260608 12:55:19.096930 20395 tablet_service.cc:1511] Processing CreateTablet for tablet 42f3a937894c490a88a9b87e00ea3c52 (DEFAULT_TABLE table=range_aware_rebalance_new_range [id=d15d4639bb214e3bab388e73d75839e1]), partition=HASH (key) PARTITION 1, RANGE (key) PARTITION 0 <= VALUES < 10
I20260608 12:55:19.105733 20392 tablet_service.cc:1511] Processing CreateTablet for tablet 3136bd3e665e482185800a8d2134a3f0 (DEFAULT_TABLE table=range_aware_rebalance_new_range [id=d15d4639bb214e3bab388e73d75839e1]), partition=HASH (key) PARTITION 4, RANGE (key) PARTITION 0 <= VALUES < 10
I20260608 12:55:19.110009 20393 tablet_service.cc:1511] Processing CreateTablet for tablet 8ae36246eaaf47a28cf7c20e032ddb53 (DEFAULT_TABLE table=range_aware_rebalance_new_range [id=d15d4639bb214e3bab388e73d75839e1]), partition=HASH (key) PARTITION 3, RANGE (key) PARTITION 0 <= VALUES < 10
I20260608 12:55:19.112756 20391 tablet_service.cc:1511] Processing CreateTablet for tablet 2fcca1afc23842fa90fe3e85b762c674 (DEFAULT_TABLE table=range_aware_rebalance_new_range [id=d15d4639bb214e3bab388e73d75839e1]), partition=HASH (key) PARTITION 5, RANGE (key) PARTITION 0 <= VALUES < 10
I20260608 12:55:19.113938 20392 data_dirs.cc:400] Could only allocate 1 dirs of requested 3 for tablet 3136bd3e665e482185800a8d2134a3f0. 1 dirs total, 0 dirs full, 0 dirs failed
I20260608 12:55:19.114974 20396 tablet_service.cc:1511] Processing CreateTablet for tablet 93283d61975f457fbaa20464af39d977 (DEFAULT_TABLE table=range_aware_rebalance_new_range [id=d15d4639bb214e3bab388e73d75839e1]), partition=HASH (key) PARTITION 0, RANGE (key) PARTITION 0 <= VALUES < 10
I20260608 12:55:19.116508 20396 data_dirs.cc:400] Could only allocate 1 dirs of requested 3 for tablet 93283d61975f457fbaa20464af39d977. 1 dirs total, 0 dirs full, 0 dirs failed
I20260608 12:55:19.102658 20394 tablet_service.cc:1511] Processing CreateTablet for tablet 7a3698d7872045fe9682ec0d51190b51 (DEFAULT_TABLE table=range_aware_rebalance_new_range [id=d15d4639bb214e3bab388e73d75839e1]), partition=HASH (key) PARTITION 2, RANGE (key) PARTITION 0 <= VALUES < 10
I20260608 12:55:19.117911 20394 data_dirs.cc:400] Could only allocate 1 dirs of requested 3 for tablet 7a3698d7872045fe9682ec0d51190b51. 1 dirs total, 0 dirs full, 0 dirs failed
I20260608 12:55:19.121941 20391 data_dirs.cc:400] Could only allocate 1 dirs of requested 3 for tablet 2fcca1afc23842fa90fe3e85b762c674. 1 dirs total, 0 dirs full, 0 dirs failed
I20260608 12:55:19.128531 20393 data_dirs.cc:400] Could only allocate 1 dirs of requested 3 for tablet 8ae36246eaaf47a28cf7c20e032ddb53. 1 dirs total, 0 dirs full, 0 dirs failed
I20260608 12:55:19.132963 20395 data_dirs.cc:400] Could only allocate 1 dirs of requested 3 for tablet 42f3a937894c490a88a9b87e00ea3c52. 1 dirs total, 0 dirs full, 0 dirs failed
I20260608 12:55:19.132593 20316 tablet_service.cc:1511] Processing CreateTablet for tablet 2fcca1afc23842fa90fe3e85b762c674 (DEFAULT_TABLE table=range_aware_rebalance_new_range [id=d15d4639bb214e3bab388e73d75839e1]), partition=HASH (key) PARTITION 5, RANGE (key) PARTITION 0 <= VALUES < 10
I20260608 12:55:19.137125 20316 data_dirs.cc:400] Could only allocate 1 dirs of requested 3 for tablet 2fcca1afc23842fa90fe3e85b762c674. 1 dirs total, 0 dirs full, 0 dirs failed
I20260608 12:55:19.142273 20315 tablet_service.cc:1511] Processing CreateTablet for tablet 1769fc2e7557403a9219f9f36c983442 (DEFAULT_TABLE table=range_aware_rebalance_new_range [id=d15d4639bb214e3bab388e73d75839e1]), partition=HASH (key) PARTITION 6, RANGE (key) PARTITION 0 <= VALUES < 10
I20260608 12:55:19.144430 20315 data_dirs.cc:400] Could only allocate 1 dirs of requested 3 for tablet 1769fc2e7557403a9219f9f36c983442. 1 dirs total, 0 dirs full, 0 dirs failed
I20260608 12:55:19.155522 20390 tablet_service.cc:1511] Processing CreateTablet for tablet 1769fc2e7557403a9219f9f36c983442 (DEFAULT_TABLE table=range_aware_rebalance_new_range [id=d15d4639bb214e3bab388e73d75839e1]), partition=HASH (key) PARTITION 6, RANGE (key) PARTITION 0 <= VALUES < 10
I20260608 12:55:19.157291 20390 data_dirs.cc:400] Could only allocate 1 dirs of requested 3 for tablet 1769fc2e7557403a9219f9f36c983442. 1 dirs total, 0 dirs full, 0 dirs failed
I20260608 12:55:19.156848 20465 tablet_service.cc:1511] Processing CreateTablet for tablet 1769fc2e7557403a9219f9f36c983442 (DEFAULT_TABLE table=range_aware_rebalance_new_range [id=d15d4639bb214e3bab388e73d75839e1]), partition=HASH (key) PARTITION 6, RANGE (key) PARTITION 0 <= VALUES < 10
I20260608 12:55:19.158484 20465 data_dirs.cc:400] Could only allocate 1 dirs of requested 3 for tablet 1769fc2e7557403a9219f9f36c983442. 1 dirs total, 0 dirs full, 0 dirs failed
I20260608 12:55:19.176743 20470 tablet_service.cc:1511] Processing CreateTablet for tablet 2fcca1afc23842fa90fe3e85b762c674 (DEFAULT_TABLE table=range_aware_rebalance_new_range [id=d15d4639bb214e3bab388e73d75839e1]), partition=HASH (key) PARTITION 5, RANGE (key) PARTITION 0 <= VALUES < 10
I20260608 12:55:19.185361 20389 tablet_service.cc:1511] Processing CreateTablet for tablet cb6b75877ca4417ab91186f390c08379 (DEFAULT_TABLE table=range_aware_rebalance_new_range [id=d15d4639bb214e3bab388e73d75839e1]), partition=HASH (key) PARTITION 7, RANGE (key) PARTITION 0 <= VALUES < 10
I20260608 12:55:19.187016 20389 data_dirs.cc:400] Could only allocate 1 dirs of requested 3 for tablet cb6b75877ca4417ab91186f390c08379. 1 dirs total, 0 dirs full, 0 dirs failed
I20260608 12:55:19.193084 20468 tablet_service.cc:1511] Processing CreateTablet for tablet cb6b75877ca4417ab91186f390c08379 (DEFAULT_TABLE table=range_aware_rebalance_new_range [id=d15d4639bb214e3bab388e73d75839e1]), partition=HASH (key) PARTITION 7, RANGE (key) PARTITION 0 <= VALUES < 10
I20260608 12:55:19.194877 20468 data_dirs.cc:400] Could only allocate 1 dirs of requested 3 for tablet cb6b75877ca4417ab91186f390c08379. 1 dirs total, 0 dirs full, 0 dirs failed
I20260608 12:55:19.202500 20320 tablet_service.cc:1511] Processing CreateTablet for tablet cb6b75877ca4417ab91186f390c08379 (DEFAULT_TABLE table=range_aware_rebalance_new_range [id=d15d4639bb214e3bab388e73d75839e1]), partition=HASH (key) PARTITION 7, RANGE (key) PARTITION 0 <= VALUES < 10
