I20260608 12:55:09.322749 20080 raft_consensus.cc:359] T e5cdfcd8ffe84481af56d2ff33a45517 P bd941d3d1d234bd28cea7ae1ef00cdb7 [term 0 FOLLOWER]: Replica starting. Triggering 0 pending ops. Active config: opid_index: -1 OBSOLETE_local: false peers { permanent_uuid: "bd941d3d1d234bd28cea7ae1ef00cdb7" member_type: VOTER last_known_addr { host: "127.16.129.65" port: 41113 } } peers { permanent_uuid: "b896d104a5aa4883977d1201b33bc51a" member_type: VOTER last_known_addr { host: "127.16.129.66" port: 33601 } } peers { permanent_uuid: "f12730f666084ccaad50abe3878b79d6" member_type: VOTER last_known_addr { host: "127.16.129.67" port: 35841 } }
I20260608 12:55:09.328318 20080 raft_consensus.cc:385] T e5cdfcd8ffe84481af56d2ff33a45517 P bd941d3d1d234bd28cea7ae1ef00cdb7 [term 0 FOLLOWER]: Consensus starting up: Expiring failure detector timer to make a prompt election more likely
I20260608 12:55:09.324254 20076 tablet_bootstrap.cc:492] T bd60b8bfdb1241e28efe70e95061599d P b896d104a5aa4883977d1201b33bc51a: Bootstrap starting.
I20260608 12:55:09.328720 20080 raft_consensus.cc:740] T e5cdfcd8ffe84481af56d2ff33a45517 P bd941d3d1d234bd28cea7ae1ef00cdb7 [term 0 FOLLOWER]: Becoming Follower/Learner. State: Replica: bd941d3d1d234bd28cea7ae1ef00cdb7, State: Initialized, Role: FOLLOWER
I20260608 12:55:09.328997 19957 tablet_service.cc:1917] Received RequestConsensusVote() RPC: tablet_id: "c3d5247da76545ab84d290512817f7b1" candidate_uuid: "f12730f666084ccaad50abe3878b79d6" candidate_term: 1 candidate_status { last_received { term: 0 index: 0 } } ignore_live_leader: false dest_uuid: "b896d104a5aa4883977d1201b33bc51a"
I20260608 12:55:09.329738 19957 raft_consensus.cc:3060] T c3d5247da76545ab84d290512817f7b1 P b896d104a5aa4883977d1201b33bc51a [term 0 FOLLOWER]: Advancing to term 1
I20260608 12:55:09.329896 20080 consensus_queue.cc:260] T e5cdfcd8ffe84481af56d2ff33a45517 P bd941d3d1d234bd28cea7ae1ef00cdb7 [NON_LEADER]: Queue going to NON_LEADER mode. State: All replicated index: 0, Majority replicated index: 0, Committed index: 0, Last appended: 0.0, Last appended by leader: 0, Current term: 0, Majority size: -1, State: 0, Mode: NON_LEADER, active raft config: opid_index: -1 OBSOLETE_local: false peers { permanent_uuid: "bd941d3d1d234bd28cea7ae1ef00cdb7" member_type: VOTER last_known_addr { host: "127.16.129.65" port: 41113 } } peers { permanent_uuid: "b896d104a5aa4883977d1201b33bc51a" member_type: VOTER last_known_addr { host: "127.16.129.66" port: 33601 } } peers { permanent_uuid: "f12730f666084ccaad50abe3878b79d6" member_type: VOTER last_known_addr { host: "127.16.129.67" port: 35841 } }
I20260608 12:55:09.332615 20080 ts_tablet_manager.cc:1434] T e5cdfcd8ffe84481af56d2ff33a45517 P bd941d3d1d234bd28cea7ae1ef00cdb7: Time spent starting tablet: real 0.023s	user 0.007s	sys 0.000s
I20260608 12:55:09.333901 20080 tablet_bootstrap.cc:492] T 94e03aaf16e94af69d9eabab0274d1c1 P bd941d3d1d234bd28cea7ae1ef00cdb7: Bootstrap starting.
I20260608 12:55:09.336491 20076 tablet_bootstrap.cc:654] T bd60b8bfdb1241e28efe70e95061599d P b896d104a5aa4883977d1201b33bc51a: Neither blocks nor log segments found. Creating new log.
I20260608 12:55:09.341930 20080 tablet_bootstrap.cc:654] T 94e03aaf16e94af69d9eabab0274d1c1 P bd941d3d1d234bd28cea7ae1ef00cdb7: Neither blocks nor log segments found. Creating new log.
I20260608 12:55:09.343343 19957 raft_consensus.cc:2468] T c3d5247da76545ab84d290512817f7b1 P b896d104a5aa4883977d1201b33bc51a [term 1 FOLLOWER]: Leader election vote request: Granting yes vote for candidate f12730f666084ccaad50abe3878b79d6 in term 1.
I20260608 12:55:09.344875 19995 leader_election.cc:304] T c3d5247da76545ab84d290512817f7b1 P f12730f666084ccaad50abe3878b79d6 [CANDIDATE]: Term 1 election: Election decided. Result: candidate won. Election summary: received 2 responses out of 3 voters: 2 yes votes; 0 no votes. yes voters: b896d104a5aa4883977d1201b33bc51a, f12730f666084ccaad50abe3878b79d6; no voters: 
I20260608 12:55:09.345958 20107 raft_consensus.cc:2804] T c3d5247da76545ab84d290512817f7b1 P f12730f666084ccaad50abe3878b79d6 [term 1 FOLLOWER]: Leader election won for term 1
I20260608 12:55:09.347656 19882 tablet_service.cc:1917] Received RequestConsensusVote() RPC: tablet_id: "c3d5247da76545ab84d290512817f7b1" candidate_uuid: "f12730f666084ccaad50abe3878b79d6" candidate_term: 1 candidate_status { last_received { term: 0 index: 0 } } ignore_live_leader: false dest_uuid: "bd941d3d1d234bd28cea7ae1ef00cdb7" is_pre_election: true
I20260608 12:55:09.348412 19882 raft_consensus.cc:2468] T c3d5247da76545ab84d290512817f7b1 P bd941d3d1d234bd28cea7ae1ef00cdb7 [term 0 FOLLOWER]: Leader pre-election vote request: Granting yes vote for candidate f12730f666084ccaad50abe3878b79d6 in term 0.
I20260608 12:55:09.348598 20077 tablet_bootstrap.cc:492] T 94e03aaf16e94af69d9eabab0274d1c1 P f12730f666084ccaad50abe3878b79d6: No bootstrap required, opened a new log
I20260608 12:55:09.349218 20077 ts_tablet_manager.cc:1403] T 94e03aaf16e94af69d9eabab0274d1c1 P f12730f666084ccaad50abe3878b79d6: Time spent bootstrapping tablet: real 0.082s	user 0.011s	sys 0.034s
I20260608 12:55:09.350649 19882 tablet_service.cc:1917] Received RequestConsensusVote() RPC: tablet_id: "c3d5247da76545ab84d290512817f7b1" candidate_uuid: "f12730f666084ccaad50abe3878b79d6" candidate_term: 1 candidate_status { last_received { term: 0 index: 0 } } ignore_live_leader: false dest_uuid: "bd941d3d1d234bd28cea7ae1ef00cdb7"
I20260608 12:55:09.351277 19882 raft_consensus.cc:3060] T c3d5247da76545ab84d290512817f7b1 P bd941d3d1d234bd28cea7ae1ef00cdb7 [term 0 FOLLOWER]: Advancing to term 1
I20260608 12:55:09.352859 20077 raft_consensus.cc:359] T 94e03aaf16e94af69d9eabab0274d1c1 P f12730f666084ccaad50abe3878b79d6 [term 0 FOLLOWER]: Replica starting. Triggering 0 pending ops. Active config: opid_index: -1 OBSOLETE_local: false peers { permanent_uuid: "b896d104a5aa4883977d1201b33bc51a" member_type: VOTER last_known_addr { host: "127.16.129.66" port: 33601 } } peers { permanent_uuid: "bd941d3d1d234bd28cea7ae1ef00cdb7" member_type: VOTER last_known_addr { host: "127.16.129.65" port: 41113 } } peers { permanent_uuid: "f12730f666084ccaad50abe3878b79d6" member_type: VOTER last_known_addr { host: "127.16.129.67" port: 35841 } }
I20260608 12:55:09.353668 20077 raft_consensus.cc:385] T 94e03aaf16e94af69d9eabab0274d1c1 P f12730f666084ccaad50abe3878b79d6 [term 0 FOLLOWER]: Consensus starting up: Expiring failure detector timer to make a prompt election more likely
I20260608 12:55:09.354133 20077 raft_consensus.cc:740] T 94e03aaf16e94af69d9eabab0274d1c1 P f12730f666084ccaad50abe3878b79d6 [term 0 FOLLOWER]: Becoming Follower/Learner. State: Replica: f12730f666084ccaad50abe3878b79d6, State: Initialized, Role: FOLLOWER
I20260608 12:55:09.355067 20077 consensus_queue.cc:260] T 94e03aaf16e94af69d9eabab0274d1c1 P f12730f666084ccaad50abe3878b79d6 [NON_LEADER]: Queue going to NON_LEADER mode. State: All replicated index: 0, Majority replicated index: 0, Committed index: 0, Last appended: 0.0, Last appended by leader: 0, Current term: 0, Majority size: -1, State: 0, Mode: NON_LEADER, active raft config: opid_index: -1 OBSOLETE_local: false peers { permanent_uuid: "b896d104a5aa4883977d1201b33bc51a" member_type: VOTER last_known_addr { host: "127.16.129.66" port: 33601 } } peers { permanent_uuid: "bd941d3d1d234bd28cea7ae1ef00cdb7" member_type: VOTER last_known_addr { host: "127.16.129.65" port: 41113 } } peers { permanent_uuid: "f12730f666084ccaad50abe3878b79d6" member_type: VOTER last_known_addr { host: "127.16.129.67" port: 35841 } }
I20260608 12:55:09.356624 20080 tablet_bootstrap.cc:492] T 94e03aaf16e94af69d9eabab0274d1c1 P bd941d3d1d234bd28cea7ae1ef00cdb7: No bootstrap required, opened a new log
I20260608 12:55:09.357519 20080 ts_tablet_manager.cc:1403] T 94e03aaf16e94af69d9eabab0274d1c1 P bd941d3d1d234bd28cea7ae1ef00cdb7: Time spent bootstrapping tablet: real 0.024s	user 0.009s	sys 0.012s
I20260608 12:55:09.359778 20077 ts_tablet_manager.cc:1434] T 94e03aaf16e94af69d9eabab0274d1c1 P f12730f666084ccaad50abe3878b79d6: Time spent starting tablet: real 0.010s	user 0.007s	sys 0.000s
I20260608 12:55:09.361198 20077 tablet_bootstrap.cc:492] T 0e388d34c37f4fe8ba5825536f0e25fd P f12730f666084ccaad50abe3878b79d6: Bootstrap starting.
I20260608 12:55:09.362665 20080 raft_consensus.cc:359] T 94e03aaf16e94af69d9eabab0274d1c1 P bd941d3d1d234bd28cea7ae1ef00cdb7 [term 0 FOLLOWER]: Replica starting. Triggering 0 pending ops. Active config: opid_index: -1 OBSOLETE_local: false peers { permanent_uuid: "b896d104a5aa4883977d1201b33bc51a" member_type: VOTER last_known_addr { host: "127.16.129.66" port: 33601 } } peers { permanent_uuid: "bd941d3d1d234bd28cea7ae1ef00cdb7" member_type: VOTER last_known_addr { host: "127.16.129.65" port: 41113 } } peers { permanent_uuid: "f12730f666084ccaad50abe3878b79d6" member_type: VOTER last_known_addr { host: "127.16.129.67" port: 35841 } }
I20260608 12:55:09.363809 20080 raft_consensus.cc:385] T 94e03aaf16e94af69d9eabab0274d1c1 P bd941d3d1d234bd28cea7ae1ef00cdb7 [term 0 FOLLOWER]: Consensus starting up: Expiring failure detector timer to make a prompt election more likely
I20260608 12:55:09.364120 20107 raft_consensus.cc:697] T c3d5247da76545ab84d290512817f7b1 P f12730f666084ccaad50abe3878b79d6 [term 1 LEADER]: Becoming Leader. State: Replica: f12730f666084ccaad50abe3878b79d6, State: Running, Role: LEADER
I20260608 12:55:09.366906 20107 consensus_queue.cc:237] T c3d5247da76545ab84d290512817f7b1 P f12730f666084ccaad50abe3878b79d6 [LEADER]: Queue going to LEADER mode. State: All replicated index: 0, Majority replicated index: 0, Committed index: 0, Last appended: 0.0, Last appended by leader: 0, Current term: 1, Majority size: 2, State: 0, Mode: LEADER, active raft config: opid_index: -1 OBSOLETE_local: false peers { permanent_uuid: "bd941d3d1d234bd28cea7ae1ef00cdb7" member_type: VOTER last_known_addr { host: "127.16.129.65" port: 41113 } } peers { permanent_uuid: "b896d104a5aa4883977d1201b33bc51a" member_type: VOTER last_known_addr { host: "127.16.129.66" port: 33601 } } peers { permanent_uuid: "f12730f666084ccaad50abe3878b79d6" member_type: VOTER last_known_addr { host: "127.16.129.67" port: 35841 } }
I20260608 12:55:09.369277 20077 tablet_bootstrap.cc:654] T 0e388d34c37f4fe8ba5825536f0e25fd P f12730f666084ccaad50abe3878b79d6: Neither blocks nor log segments found. Creating new log.
I20260608 12:55:09.369011 19882 raft_consensus.cc:2468] T c3d5247da76545ab84d290512817f7b1 P bd941d3d1d234bd28cea7ae1ef00cdb7 [term 1 FOLLOWER]: Leader election vote request: Granting yes vote for candidate f12730f666084ccaad50abe3878b79d6 in term 1.
I20260608 12:55:09.364266 20080 raft_consensus.cc:740] T 94e03aaf16e94af69d9eabab0274d1c1 P bd941d3d1d234bd28cea7ae1ef00cdb7 [term 0 FOLLOWER]: Becoming Follower/Learner. State: Replica: bd941d3d1d234bd28cea7ae1ef00cdb7, State: Initialized, Role: FOLLOWER
I20260608 12:55:09.372819 20076 tablet_bootstrap.cc:492] T bd60b8bfdb1241e28efe70e95061599d P b896d104a5aa4883977d1201b33bc51a: No bootstrap required, opened a new log
I20260608 12:55:09.373366 20076 ts_tablet_manager.cc:1403] T bd60b8bfdb1241e28efe70e95061599d P b896d104a5aa4883977d1201b33bc51a: Time spent bootstrapping tablet: real 0.049s	user 0.018s	sys 0.022s
I20260608 12:55:09.371137 20080 consensus_queue.cc:260] T 94e03aaf16e94af69d9eabab0274d1c1 P bd941d3d1d234bd28cea7ae1ef00cdb7 [NON_LEADER]: Queue going to NON_LEADER mode. State: All replicated index: 0, Majority replicated index: 0, Committed index: 0, Last appended: 0.0, Last appended by leader: 0, Current term: 0, Majority size: -1, State: 0, Mode: NON_LEADER, active raft config: opid_index: -1 OBSOLETE_local: false peers { permanent_uuid: "b896d104a5aa4883977d1201b33bc51a" member_type: VOTER last_known_addr { host: "127.16.129.66" port: 33601 } } peers { permanent_uuid: "bd941d3d1d234bd28cea7ae1ef00cdb7" member_type: VOTER last_known_addr { host: "127.16.129.65" port: 41113 } } peers { permanent_uuid: "f12730f666084ccaad50abe3878b79d6" member_type: VOTER last_known_addr { host: "127.16.129.67" port: 35841 } }
I20260608 12:55:09.375460 20080 ts_tablet_manager.cc:1434] T 94e03aaf16e94af69d9eabab0274d1c1 P bd941d3d1d234bd28cea7ae1ef00cdb7: Time spent starting tablet: real 0.018s	user 0.006s	sys 0.003s
I20260608 12:55:09.376302 20076 raft_consensus.cc:359] T bd60b8bfdb1241e28efe70e95061599d P b896d104a5aa4883977d1201b33bc51a [term 0 FOLLOWER]: Replica starting. Triggering 0 pending ops. Active config: opid_index: -1 OBSOLETE_local: false peers { permanent_uuid: "bd941d3d1d234bd28cea7ae1ef00cdb7" member_type: VOTER last_known_addr { host: "127.16.129.65" port: 41113 } } peers { permanent_uuid: "b896d104a5aa4883977d1201b33bc51a" member_type: VOTER last_known_addr { host: "127.16.129.66" port: 33601 } } peers { permanent_uuid: "f12730f666084ccaad50abe3878b79d6" member_type: VOTER last_known_addr { host: "127.16.129.67" port: 35841 } }
I20260608 12:55:09.377022 20076 raft_consensus.cc:385] T bd60b8bfdb1241e28efe70e95061599d P b896d104a5aa4883977d1201b33bc51a [term 0 FOLLOWER]: Consensus starting up: Expiring failure detector timer to make a prompt election more likely
I20260608 12:55:09.377302 20076 raft_consensus.cc:740] T bd60b8bfdb1241e28efe70e95061599d P b896d104a5aa4883977d1201b33bc51a [term 0 FOLLOWER]: Becoming Follower/Learner. State: Replica: b896d104a5aa4883977d1201b33bc51a, State: Initialized, Role: FOLLOWER
I20260608 12:55:09.378144 20076 consensus_queue.cc:260] T bd60b8bfdb1241e28efe70e95061599d P b896d104a5aa4883977d1201b33bc51a [NON_LEADER]: Queue going to NON_LEADER mode. State: All replicated index: 0, Majority replicated index: 0, Committed index: 0, Last appended: 0.0, Last appended by leader: 0, Current term: 0, Majority size: -1, State: 0, Mode: NON_LEADER, active raft config: opid_index: -1 OBSOLETE_local: false peers { permanent_uuid: "bd941d3d1d234bd28cea7ae1ef00cdb7" member_type: VOTER last_known_addr { host: "127.16.129.65" port: 41113 } } peers { permanent_uuid: "b896d104a5aa4883977d1201b33bc51a" member_type: VOTER last_known_addr { host: "127.16.129.66" port: 33601 } } peers { permanent_uuid: "f12730f666084ccaad50abe3878b79d6" member_type: VOTER last_known_addr { host: "127.16.129.67" port: 35841 } }
I20260608 12:55:09.378737 20080 tablet_bootstrap.cc:492] T 0e388d34c37f4fe8ba5825536f0e25fd P bd941d3d1d234bd28cea7ae1ef00cdb7: Bootstrap starting.
I20260608 12:55:09.380375 20076 ts_tablet_manager.cc:1434] T bd60b8bfdb1241e28efe70e95061599d P b896d104a5aa4883977d1201b33bc51a: Time spent starting tablet: real 0.007s	user 0.007s	sys 0.000s
I20260608 12:55:09.387040 20080 tablet_bootstrap.cc:654] T 0e388d34c37f4fe8ba5825536f0e25fd P bd941d3d1d234bd28cea7ae1ef00cdb7: Neither blocks nor log segments found. Creating new log.
I20260608 12:55:09.394975 20077 tablet_bootstrap.cc:492] T 0e388d34c37f4fe8ba5825536f0e25fd P f12730f666084ccaad50abe3878b79d6: No bootstrap required, opened a new log
I20260608 12:55:09.395642 20077 ts_tablet_manager.cc:1403] T 0e388d34c37f4fe8ba5825536f0e25fd P f12730f666084ccaad50abe3878b79d6: Time spent bootstrapping tablet: real 0.035s	user 0.011s	sys 0.020s
I20260608 12:55:09.396479 20080 tablet_bootstrap.cc:492] T 0e388d34c37f4fe8ba5825536f0e25fd P bd941d3d1d234bd28cea7ae1ef00cdb7: No bootstrap required, opened a new log
I20260608 12:55:09.395963 19779 catalog_manager.cc:5696] T c3d5247da76545ab84d290512817f7b1 P f12730f666084ccaad50abe3878b79d6 reported cstate change: term changed from 0 to 1, leader changed from <none> to f12730f666084ccaad50abe3878b79d6 (127.16.129.67). New cstate: current_term: 1 leader_uuid: "f12730f666084ccaad50abe3878b79d6" committed_config { opid_index: -1 OBSOLETE_local: false peers { permanent_uuid: "bd941d3d1d234bd28cea7ae1ef00cdb7" member_type: VOTER last_known_addr { host: "127.16.129.65" port: 41113 } health_report { overall_health: UNKNOWN } } peers { permanent_uuid: "b896d104a5aa4883977d1201b33bc51a" member_type: VOTER last_known_addr { host: "127.16.129.66" port: 33601 } health_report { overall_health: UNKNOWN } } peers { permanent_uuid: "f12730f666084ccaad50abe3878b79d6" member_type: VOTER last_known_addr { host: "127.16.129.67" port: 35841 } health_report { overall_health: HEALTHY } } }
I20260608 12:55:09.397085 20080 ts_tablet_manager.cc:1403] T 0e388d34c37f4fe8ba5825536f0e25fd P bd941d3d1d234bd28cea7ae1ef00cdb7: Time spent bootstrapping tablet: real 0.019s	user 0.016s	sys 0.001s
I20260608 12:55:09.399199 20077 raft_consensus.cc:359] T 0e388d34c37f4fe8ba5825536f0e25fd P f12730f666084ccaad50abe3878b79d6 [term 0 FOLLOWER]: Replica starting. Triggering 0 pending ops. Active config: opid_index: -1 OBSOLETE_local: false peers { permanent_uuid: "bd941d3d1d234bd28cea7ae1ef00cdb7" member_type: VOTER last_known_addr { host: "127.16.129.65" port: 41113 } } peers { permanent_uuid: "b896d104a5aa4883977d1201b33bc51a" member_type: VOTER last_known_addr { host: "127.16.129.66" port: 33601 } } peers { permanent_uuid: "f12730f666084ccaad50abe3878b79d6" member_type: VOTER last_known_addr { host: "127.16.129.67" port: 35841 } }
I20260608 12:55:09.400146 20077 raft_consensus.cc:385] T 0e388d34c37f4fe8ba5825536f0e25fd P f12730f666084ccaad50abe3878b79d6 [term 0 FOLLOWER]: Consensus starting up: Expiring failure detector timer to make a prompt election more likely
I20260608 12:55:09.400570 20077 raft_consensus.cc:740] T 0e388d34c37f4fe8ba5825536f0e25fd P f12730f666084ccaad50abe3878b79d6 [term 0 FOLLOWER]: Becoming Follower/Learner. State: Replica: f12730f666084ccaad50abe3878b79d6, State: Initialized, Role: FOLLOWER
I20260608 12:55:09.401602 20077 consensus_queue.cc:260] T 0e388d34c37f4fe8ba5825536f0e25fd P f12730f666084ccaad50abe3878b79d6 [NON_LEADER]: Queue going to NON_LEADER mode. State: All replicated index: 0, Majority replicated index: 0, Committed index: 0, Last appended: 0.0, Last appended by leader: 0, Current term: 0, Majority size: -1, State: 0, Mode: NON_LEADER, active raft config: opid_index: -1 OBSOLETE_local: false peers { permanent_uuid: "bd941d3d1d234bd28cea7ae1ef00cdb7" member_type: VOTER last_known_addr { host: "127.16.129.65" port: 41113 } } peers { permanent_uuid: "b896d104a5aa4883977d1201b33bc51a" member_type: VOTER last_known_addr { host: "127.16.129.66" port: 33601 } } peers { permanent_uuid: "f12730f666084ccaad50abe3878b79d6" member_type: VOTER last_known_addr { host: "127.16.129.67" port: 35841 } }
I20260608 12:55:09.403365 20080 raft_consensus.cc:359] T 0e388d34c37f4fe8ba5825536f0e25fd P bd941d3d1d234bd28cea7ae1ef00cdb7 [term 0 FOLLOWER]: Replica starting. Triggering 0 pending ops. Active config: opid_index: -1 OBSOLETE_local: false peers { permanent_uuid: "bd941d3d1d234bd28cea7ae1ef00cdb7" member_type: VOTER last_known_addr { host: "127.16.129.65" port: 41113 } } peers { permanent_uuid: "b896d104a5aa4883977d1201b33bc51a" member_type: VOTER last_known_addr { host: "127.16.129.66" port: 33601 } } peers { permanent_uuid: "f12730f666084ccaad50abe3878b79d6" member_type: VOTER last_known_addr { host: "127.16.129.67" port: 35841 } }
I20260608 12:55:09.404273 20080 raft_consensus.cc:385] T 0e388d34c37f4fe8ba5825536f0e25fd P bd941d3d1d234bd28cea7ae1ef00cdb7 [term 0 FOLLOWER]: Consensus starting up: Expiring failure detector timer to make a prompt election more likely
I20260608 12:55:09.404629 20080 raft_consensus.cc:740] T 0e388d34c37f4fe8ba5825536f0e25fd P bd941d3d1d234bd28cea7ae1ef00cdb7 [term 0 FOLLOWER]: Becoming Follower/Learner. State: Replica: bd941d3d1d234bd28cea7ae1ef00cdb7, State: Initialized, Role: FOLLOWER
I20260608 12:55:09.404744 20077 ts_tablet_manager.cc:1434] T 0e388d34c37f4fe8ba5825536f0e25fd P f12730f666084ccaad50abe3878b79d6: Time spent starting tablet: real 0.009s	user 0.008s	sys 0.000s
I20260608 12:55:09.405669 20080 consensus_queue.cc:260] T 0e388d34c37f4fe8ba5825536f0e25fd P bd941d3d1d234bd28cea7ae1ef00cdb7 [NON_LEADER]: Queue going to NON_LEADER mode. State: All replicated index: 0, Majority replicated index: 0, Committed index: 0, Last appended: 0.0, Last appended by leader: 0, Current term: 0, Majority size: -1, State: 0, Mode: NON_LEADER, active raft config: opid_index: -1 OBSOLETE_local: false peers { permanent_uuid: "bd941d3d1d234bd28cea7ae1ef00cdb7" member_type: VOTER last_known_addr { host: "127.16.129.65" port: 41113 } } peers { permanent_uuid: "b896d104a5aa4883977d1201b33bc51a" member_type: VOTER last_known_addr { host: "127.16.129.66" port: 33601 } } peers { permanent_uuid: "f12730f666084ccaad50abe3878b79d6" member_type: VOTER last_known_addr { host: "127.16.129.67" port: 35841 } }
I20260608 12:55:09.406685 20077 tablet_bootstrap.cc:492] T 243b95cece0647148ad97bd701df42c0 P f12730f666084ccaad50abe3878b79d6: Bootstrap starting.
I20260608 12:55:09.408110 20080 ts_tablet_manager.cc:1434] T 0e388d34c37f4fe8ba5825536f0e25fd P bd941d3d1d234bd28cea7ae1ef00cdb7: Time spent starting tablet: real 0.008s	user 0.006s	sys 0.000s
I20260608 12:55:09.408507 20107 raft_consensus.cc:493] T e5cdfcd8ffe84481af56d2ff33a45517 P f12730f666084ccaad50abe3878b79d6 [term 0 FOLLOWER]: Starting pre-election (no leader contacted us within the election timeout)
I20260608 12:55:09.409338 20080 tablet_bootstrap.cc:492] T 83475fc9becd41d38daf465ae2610db9 P bd941d3d1d234bd28cea7ae1ef00cdb7: Bootstrap starting.
I20260608 12:55:09.409076 20107 raft_consensus.cc:515] T e5cdfcd8ffe84481af56d2ff33a45517 P f12730f666084ccaad50abe3878b79d6 [term 0 FOLLOWER]: Starting pre-election with config: opid_index: -1 OBSOLETE_local: false peers { permanent_uuid: "bd941d3d1d234bd28cea7ae1ef00cdb7" member_type: VOTER last_known_addr { host: "127.16.129.65" port: 41113 } } peers { permanent_uuid: "b896d104a5aa4883977d1201b33bc51a" member_type: VOTER last_known_addr { host: "127.16.129.66" port: 33601 } } peers { permanent_uuid: "f12730f666084ccaad50abe3878b79d6" member_type: VOTER last_known_addr { host: "127.16.129.67" port: 35841 } }
I20260608 12:55:09.413025 19882 tablet_service.cc:1917] Received RequestConsensusVote() RPC: tablet_id: "e5cdfcd8ffe84481af56d2ff33a45517" candidate_uuid: "f12730f666084ccaad50abe3878b79d6" candidate_term: 1 candidate_status { last_received { term: 0 index: 0 } } ignore_live_leader: false dest_uuid: "bd941d3d1d234bd28cea7ae1ef00cdb7" is_pre_election: true
I20260608 12:55:09.413235 19957 tablet_service.cc:1917] Received RequestConsensusVote() RPC: tablet_id: "e5cdfcd8ffe84481af56d2ff33a45517" candidate_uuid: "f12730f666084ccaad50abe3878b79d6" candidate_term: 1 candidate_status { last_received { term: 0 index: 0 } } ignore_live_leader: false dest_uuid: "b896d104a5aa4883977d1201b33bc51a" is_pre_election: true
I20260608 12:55:09.414013 19882 raft_consensus.cc:2468] T e5cdfcd8ffe84481af56d2ff33a45517 P bd941d3d1d234bd28cea7ae1ef00cdb7 [term 0 FOLLOWER]: Leader pre-election vote request: Granting yes vote for candidate f12730f666084ccaad50abe3878b79d6 in term 0.
I20260608 12:55:09.414089 19957 raft_consensus.cc:2468] T e5cdfcd8ffe84481af56d2ff33a45517 P b896d104a5aa4883977d1201b33bc51a [term 0 FOLLOWER]: Leader pre-election vote request: Granting yes vote for candidate f12730f666084ccaad50abe3878b79d6 in term 0.
I20260608 12:55:09.414703 20077 tablet_bootstrap.cc:654] T 243b95cece0647148ad97bd701df42c0 P f12730f666084ccaad50abe3878b79d6: Neither blocks nor log segments found. Creating new log.
I20260608 12:55:09.415884 19994 leader_election.cc:304] T e5cdfcd8ffe84481af56d2ff33a45517 P f12730f666084ccaad50abe3878b79d6 [CANDIDATE]: Term 1 pre-election: Election decided. Result: candidate won. Election summary: received 2 responses out of 3 voters: 2 yes votes; 0 no votes. yes voters: bd941d3d1d234bd28cea7ae1ef00cdb7, f12730f666084ccaad50abe3878b79d6; no voters: 
I20260608 12:55:09.417033 20080 tablet_bootstrap.cc:654] T 83475fc9becd41d38daf465ae2610db9 P bd941d3d1d234bd28cea7ae1ef00cdb7: Neither blocks nor log segments found. Creating new log.
I20260608 12:55:09.418641 20107 leader_election.cc:290] T e5cdfcd8ffe84481af56d2ff33a45517 P f12730f666084ccaad50abe3878b79d6 [CANDIDATE]: Term 1 pre-election: Requested pre-vote from peers bd941d3d1d234bd28cea7ae1ef00cdb7 (127.16.129.65:41113), b896d104a5aa4883977d1201b33bc51a (127.16.129.66:33601)
I20260608 12:55:09.416983 20089 raft_consensus.cc:2804] T e5cdfcd8ffe84481af56d2ff33a45517 P f12730f666084ccaad50abe3878b79d6 [term 0 FOLLOWER]: Leader pre-election won for term 1
I20260608 12:55:09.419863 20089 raft_consensus.cc:493] T e5cdfcd8ffe84481af56d2ff33a45517 P f12730f666084ccaad50abe3878b79d6 [term 0 FOLLOWER]: Starting leader election (no leader contacted us within the election timeout)
I20260608 12:55:09.420373 20089 raft_consensus.cc:3060] T e5cdfcd8ffe84481af56d2ff33a45517 P f12730f666084ccaad50abe3878b79d6 [term 0 FOLLOWER]: Advancing to term 1
I20260608 12:55:09.427532 20080 tablet_bootstrap.cc:492] T 83475fc9becd41d38daf465ae2610db9 P bd941d3d1d234bd28cea7ae1ef00cdb7: No bootstrap required, opened a new log
I20260608 12:55:09.428175 20080 ts_tablet_manager.cc:1403] T 83475fc9becd41d38daf465ae2610db9 P bd941d3d1d234bd28cea7ae1ef00cdb7: Time spent bootstrapping tablet: real 0.019s	user 0.016s	sys 0.000s
I20260608 12:55:09.430277 20107 raft_consensus.cc:493] T 0e388d34c37f4fe8ba5825536f0e25fd P f12730f666084ccaad50abe3878b79d6 [term 0 FOLLOWER]: Starting pre-election (no leader contacted us within the election timeout)
I20260608 12:55:09.430960 20107 raft_consensus.cc:515] T 0e388d34c37f4fe8ba5825536f0e25fd P f12730f666084ccaad50abe3878b79d6 [term 0 FOLLOWER]: Starting pre-election with config: opid_index: -1 OBSOLETE_local: false peers { permanent_uuid: "bd941d3d1d234bd28cea7ae1ef00cdb7" member_type: VOTER last_known_addr { host: "127.16.129.65" port: 41113 } } peers { permanent_uuid: "b896d104a5aa4883977d1201b33bc51a" member_type: VOTER last_known_addr { host: "127.16.129.66" port: 33601 } } peers { permanent_uuid: "f12730f666084ccaad50abe3878b79d6" member_type: VOTER last_known_addr { host: "127.16.129.67" port: 35841 } }
I20260608 12:55:09.431702 20080 raft_consensus.cc:359] T 83475fc9becd41d38daf465ae2610db9 P bd941d3d1d234bd28cea7ae1ef00cdb7 [term 0 FOLLOWER]: Replica starting. Triggering 0 pending ops. Active config: opid_index: -1 OBSOLETE_local: false peers { permanent_uuid: "bd941d3d1d234bd28cea7ae1ef00cdb7" member_type: VOTER last_known_addr { host: "127.16.129.65" port: 41113 } } peers { permanent_uuid: "b896d104a5aa4883977d1201b33bc51a" member_type: VOTER last_known_addr { host: "127.16.129.66" port: 33601 } } peers { permanent_uuid: "f12730f666084ccaad50abe3878b79d6" member_type: VOTER last_known_addr { host: "127.16.129.67" port: 35841 } }
I20260608 12:55:09.432615 20080 raft_consensus.cc:385] T 83475fc9becd41d38daf465ae2610db9 P bd941d3d1d234bd28cea7ae1ef00cdb7 [term 0 FOLLOWER]: Consensus starting up: Expiring failure detector timer to make a prompt election more likely
I20260608 12:55:09.432978 20080 raft_consensus.cc:740] T 83475fc9becd41d38daf465ae2610db9 P bd941d3d1d234bd28cea7ae1ef00cdb7 [term 0 FOLLOWER]: Becoming Follower/Learner. State: Replica: bd941d3d1d234bd28cea7ae1ef00cdb7, State: Initialized, Role: FOLLOWER
I20260608 12:55:09.433902 20080 consensus_queue.cc:260] T 83475fc9becd41d38daf465ae2610db9 P bd941d3d1d234bd28cea7ae1ef00cdb7 [NON_LEADER]: Queue going to NON_LEADER mode. State: All replicated index: 0, Majority replicated index: 0, Committed index: 0, Last appended: 0.0, Last appended by leader: 0, Current term: 0, Majority size: -1, State: 0, Mode: NON_LEADER, active raft config: opid_index: -1 OBSOLETE_local: false peers { permanent_uuid: "bd941d3d1d234bd28cea7ae1ef00cdb7" member_type: VOTER last_known_addr { host: "127.16.129.65" port: 41113 } } peers { permanent_uuid: "b896d104a5aa4883977d1201b33bc51a" member_type: VOTER last_known_addr { host: "127.16.129.66" port: 33601 } } peers { permanent_uuid: "f12730f666084ccaad50abe3878b79d6" member_type: VOTER last_known_addr { host: "127.16.129.67" port: 35841 } }
I20260608 12:55:09.434367 20091 raft_consensus.cc:493] T bd60b8bfdb1241e28efe70e95061599d P b896d104a5aa4883977d1201b33bc51a [term 0 FOLLOWER]: Starting pre-election (no leader contacted us within the election timeout)
I20260608 12:55:09.434741 20089 raft_consensus.cc:515] T e5cdfcd8ffe84481af56d2ff33a45517 P f12730f666084ccaad50abe3878b79d6 [term 1 FOLLOWER]: Starting leader election with config: opid_index: -1 OBSOLETE_local: false peers { permanent_uuid: "bd941d3d1d234bd28cea7ae1ef00cdb7" member_type: VOTER last_known_addr { host: "127.16.129.65" port: 41113 } } peers { permanent_uuid: "b896d104a5aa4883977d1201b33bc51a" member_type: VOTER last_known_addr { host: "127.16.129.66" port: 33601 } } peers { permanent_uuid: "f12730f666084ccaad50abe3878b79d6" member_type: VOTER last_known_addr { host: "127.16.129.67" port: 35841 } }
I20260608 12:55:09.435577 19957 tablet_service.cc:1917] Received RequestConsensusVote() RPC: tablet_id: "0e388d34c37f4fe8ba5825536f0e25fd" candidate_uuid: "f12730f666084ccaad50abe3878b79d6" candidate_term: 1 candidate_status { last_received { term: 0 index: 0 } } ignore_live_leader: false dest_uuid: "b896d104a5aa4883977d1201b33bc51a" is_pre_election: true
I20260608 12:55:09.435034 20091 raft_consensus.cc:515] T bd60b8bfdb1241e28efe70e95061599d P b896d104a5aa4883977d1201b33bc51a [term 0 FOLLOWER]: Starting pre-election with config: opid_index: -1 OBSOLETE_local: false peers { permanent_uuid: "bd941d3d1d234bd28cea7ae1ef00cdb7" member_type: VOTER last_known_addr { host: "127.16.129.65" port: 41113 } } peers { permanent_uuid: "b896d104a5aa4883977d1201b33bc51a" member_type: VOTER last_known_addr { host: "127.16.129.66" port: 33601 } } peers { permanent_uuid: "f12730f666084ccaad50abe3878b79d6" member_type: VOTER last_known_addr { host: "127.16.129.67" port: 35841 } }
I20260608 12:55:09.436261 19957 raft_consensus.cc:2468] T 0e388d34c37f4fe8ba5825536f0e25fd P b896d104a5aa4883977d1201b33bc51a [term 0 FOLLOWER]: Leader pre-election vote request: Granting yes vote for candidate f12730f666084ccaad50abe3878b79d6 in term 0.
I20260608 12:55:09.437244 20089 leader_election.cc:290] T e5cdfcd8ffe84481af56d2ff33a45517 P f12730f666084ccaad50abe3878b79d6 [CANDIDATE]: Term 1 election: Requested vote from peers bd941d3d1d234bd28cea7ae1ef00cdb7 (127.16.129.65:41113), b896d104a5aa4883977d1201b33bc51a (127.16.129.66:33601)
I20260608 12:55:09.437757 20077 tablet_bootstrap.cc:492] T 243b95cece0647148ad97bd701df42c0 P f12730f666084ccaad50abe3878b79d6: No bootstrap required, opened a new log
I20260608 12:55:09.438393 20077 ts_tablet_manager.cc:1403] T 243b95cece0647148ad97bd701df42c0 P f12730f666084ccaad50abe3878b79d6: Time spent bootstrapping tablet: real 0.032s	user 0.013s	sys 0.008s
I20260608 12:55:09.438457 19881 tablet_service.cc:1917] Received RequestConsensusVote() RPC: tablet_id: "e5cdfcd8ffe84481af56d2ff33a45517" candidate_uuid: "f12730f666084ccaad50abe3878b79d6" candidate_term: 1 candidate_status { last_received { term: 0 index: 0 } } ignore_live_leader: false dest_uuid: "bd941d3d1d234bd28cea7ae1ef00cdb7"
I20260608 12:55:09.439320 19881 raft_consensus.cc:3060] T e5cdfcd8ffe84481af56d2ff33a45517 P bd941d3d1d234bd28cea7ae1ef00cdb7 [term 0 FOLLOWER]: Advancing to term 1
I20260608 12:55:09.440414 20091 leader_election.cc:290] T bd60b8bfdb1241e28efe70e95061599d P b896d104a5aa4883977d1201b33bc51a [CANDIDATE]: Term 1 pre-election: Requested pre-vote from peers bd941d3d1d234bd28cea7ae1ef00cdb7 (127.16.129.65:41113), f12730f666084ccaad50abe3878b79d6 (127.16.129.67:35841)
I20260608 12:55:09.440232 19995 leader_election.cc:304] T 0e388d34c37f4fe8ba5825536f0e25fd P f12730f666084ccaad50abe3878b79d6 [CANDIDATE]: Term 1 pre-election: Election decided. Result: candidate won. Election summary: received 2 responses out of 3 voters: 2 yes votes; 0 no votes. yes voters: b896d104a5aa4883977d1201b33bc51a, f12730f666084ccaad50abe3878b79d6; no voters: 
I20260608 12:55:09.441329 20107 leader_election.cc:290] T 0e388d34c37f4fe8ba5825536f0e25fd P f12730f666084ccaad50abe3878b79d6 [CANDIDATE]: Term 1 pre-election: Requested pre-vote from peers bd941d3d1d234bd28cea7ae1ef00cdb7 (127.16.129.65:41113), b896d104a5aa4883977d1201b33bc51a (127.16.129.66:33601)
I20260608 12:55:09.440119 20031 tablet_service.cc:1917] Received RequestConsensusVote() RPC: tablet_id: "bd60b8bfdb1241e28efe70e95061599d" candidate_uuid: "b896d104a5aa4883977d1201b33bc51a" candidate_term: 1 candidate_status { last_received { term: 0 index: 0 } } ignore_live_leader: false dest_uuid: "f12730f666084ccaad50abe3878b79d6" is_pre_election: true
I20260608 12:55:09.441937 20107 raft_consensus.cc:493] T 94e03aaf16e94af69d9eabab0274d1c1 P f12730f666084ccaad50abe3878b79d6 [term 0 FOLLOWER]: Starting pre-election (no leader contacted us within the election timeout)
I20260608 12:55:09.442291 20077 raft_consensus.cc:359] T 243b95cece0647148ad97bd701df42c0 P f12730f666084ccaad50abe3878b79d6 [term 0 FOLLOWER]: Replica starting. Triggering 0 pending ops. Active config: opid_index: -1 OBSOLETE_local: false peers { permanent_uuid: "bd941d3d1d234bd28cea7ae1ef00cdb7" member_type: VOTER last_known_addr { host: "127.16.129.65" port: 41113 } } peers { permanent_uuid: "b896d104a5aa4883977d1201b33bc51a" member_type: VOTER last_known_addr { host: "127.16.129.66" port: 33601 } } peers { permanent_uuid: "f12730f666084ccaad50abe3878b79d6" member_type: VOTER last_known_addr { host: "127.16.129.67" port: 35841 } }
I20260608 12:55:09.442476 19956 tablet_service.cc:1917] Received RequestConsensusVote() RPC: tablet_id: "e5cdfcd8ffe84481af56d2ff33a45517" candidate_uuid: "f12730f666084ccaad50abe3878b79d6" candidate_term: 1 candidate_status { last_received { term: 0 index: 0 } } ignore_live_leader: false dest_uuid: "b896d104a5aa4883977d1201b33bc51a"
I20260608 12:55:09.442546 20107 raft_consensus.cc:515] T 94e03aaf16e94af69d9eabab0274d1c1 P f12730f666084ccaad50abe3878b79d6 [term 0 FOLLOWER]: Starting pre-election with config: opid_index: -1 OBSOLETE_local: false peers { permanent_uuid: "b896d104a5aa4883977d1201b33bc51a" member_type: VOTER last_known_addr { host: "127.16.129.66" port: 33601 } } peers { permanent_uuid: "bd941d3d1d234bd28cea7ae1ef00cdb7" member_type: VOTER last_known_addr { host: "127.16.129.65" port: 41113 } } peers { permanent_uuid: "f12730f666084ccaad50abe3878b79d6" member_type: VOTER last_known_addr { host: "127.16.129.67" port: 35841 } }
I20260608 12:55:09.443100 20077 raft_consensus.cc:385] T 243b95cece0647148ad97bd701df42c0 P f12730f666084ccaad50abe3878b79d6 [term 0 FOLLOWER]: Consensus starting up: Expiring failure detector timer to make a prompt election more likely
W20260608 12:55:09.443235 19920 leader_election.cc:343] T bd60b8bfdb1241e28efe70e95061599d P b896d104a5aa4883977d1201b33bc51a [CANDIDATE]: Term 1 pre-election: Tablet error from VoteRequest() call to peer f12730f666084ccaad50abe3878b79d6 (127.16.129.67:35841): Illegal state: must be running to vote when last-logged opid is not known
I20260608 12:55:09.444357 19880 tablet_service.cc:1917] Received RequestConsensusVote() RPC: tablet_id: "bd60b8bfdb1241e28efe70e95061599d" candidate_uuid: "b896d104a5aa4883977d1201b33bc51a" candidate_term: 1 candidate_status { last_received { term: 0 index: 0 } } ignore_live_leader: false dest_uuid: "bd941d3d1d234bd28cea7ae1ef00cdb7" is_pre_election: true
I20260608 12:55:09.445111 20080 ts_tablet_manager.cc:1434] T 83475fc9becd41d38daf465ae2610db9 P bd941d3d1d234bd28cea7ae1ef00cdb7: Time spent starting tablet: real 0.017s	user 0.009s	sys 0.000s
W20260608 12:55:09.446283 19920 leader_election.cc:343] T bd60b8bfdb1241e28efe70e95061599d P b896d104a5aa4883977d1201b33bc51a [CANDIDATE]: Term 1 pre-election: Tablet error from VoteRequest() call to peer bd941d3d1d234bd28cea7ae1ef00cdb7 (127.16.129.65:41113): Illegal state: must be running to vote when last-logged opid is not known
I20260608 12:55:09.446388 20080 tablet_bootstrap.cc:492] T bd60b8bfdb1241e28efe70e95061599d P bd941d3d1d234bd28cea7ae1ef00cdb7: Bootstrap starting.
I20260608 12:55:09.446457 19880 tablet_service.cc:1917] Received RequestConsensusVote() RPC: tablet_id: "94e03aaf16e94af69d9eabab0274d1c1" candidate_uuid: "f12730f666084ccaad50abe3878b79d6" candidate_term: 1 candidate_status { last_received { term: 0 index: 0 } } ignore_live_leader: false dest_uuid: "bd941d3d1d234bd28cea7ae1ef00cdb7" is_pre_election: true
I20260608 12:55:09.446979 19920 leader_election.cc:304] T bd60b8bfdb1241e28efe70e95061599d P b896d104a5aa4883977d1201b33bc51a [CANDIDATE]: Term 1 pre-election: Election decided. Result: candidate lost. Election summary: received 3 responses out of 3 voters: 1 yes votes; 2 no votes. yes voters: b896d104a5aa4883977d1201b33bc51a; no voters: bd941d3d1d234bd28cea7ae1ef00cdb7, f12730f666084ccaad50abe3878b79d6
I20260608 12:55:09.447480 19880 raft_consensus.cc:2468] T 94e03aaf16e94af69d9eabab0274d1c1 P bd941d3d1d234bd28cea7ae1ef00cdb7 [term 0 FOLLOWER]: Leader pre-election vote request: Granting yes vote for candidate f12730f666084ccaad50abe3878b79d6 in term 0.
I20260608 12:55:09.450223 19994 leader_election.cc:304] T 94e03aaf16e94af69d9eabab0274d1c1 P f12730f666084ccaad50abe3878b79d6 [CANDIDATE]: Term 1 pre-election: Election decided. Result: candidate won. Election summary: received 2 responses out of 3 voters: 2 yes votes; 0 no votes. yes voters: bd941d3d1d234bd28cea7ae1ef00cdb7, f12730f666084ccaad50abe3878b79d6; no voters: 
I20260608 12:55:09.448400 20091 raft_consensus.cc:2749] T bd60b8bfdb1241e28efe70e95061599d P b896d104a5aa4883977d1201b33bc51a [term 0 FOLLOWER]: Leader pre-election lost for term 1. Reason: could not achieve majority
I20260608 12:55:09.451850 20107 leader_election.cc:290] T 94e03aaf16e94af69d9eabab0274d1c1 P f12730f666084ccaad50abe3878b79d6 [CANDIDATE]: Term 1 pre-election: Requested pre-vote from peers b896d104a5aa4883977d1201b33bc51a (127.16.129.66:33601), bd941d3d1d234bd28cea7ae1ef00cdb7 (127.16.129.65:41113)
I20260608 12:55:09.452514 20107 raft_consensus.cc:2804] T 0e388d34c37f4fe8ba5825536f0e25fd P f12730f666084ccaad50abe3878b79d6 [term 0 FOLLOWER]: Leader pre-election won for term 1
I20260608 12:55:09.452927 20107 raft_consensus.cc:493] T 0e388d34c37f4fe8ba5825536f0e25fd P f12730f666084ccaad50abe3878b79d6 [term 0 FOLLOWER]: Starting leader election (no leader contacted us within the election timeout)
I20260608 12:55:09.453347 20107 raft_consensus.cc:3060] T 0e388d34c37f4fe8ba5825536f0e25fd P f12730f666084ccaad50abe3878b79d6 [term 0 FOLLOWER]: Advancing to term 1
I20260608 12:55:09.443374 19956 raft_consensus.cc:3060] T e5cdfcd8ffe84481af56d2ff33a45517 P b896d104a5aa4883977d1201b33bc51a [term 0 FOLLOWER]: Advancing to term 1
I20260608 12:55:09.454700 20080 tablet_bootstrap.cc:654] T bd60b8bfdb1241e28efe70e95061599d P bd941d3d1d234bd28cea7ae1ef00cdb7: Neither blocks nor log segments found. Creating new log.
I20260608 12:55:09.457942 20077 raft_consensus.cc:740] T 243b95cece0647148ad97bd701df42c0 P f12730f666084ccaad50abe3878b79d6 [term 0 FOLLOWER]: Becoming Follower/Learner. State: Replica: f12730f666084ccaad50abe3878b79d6, State: Initialized, Role: FOLLOWER
I20260608 12:55:09.458994 20077 consensus_queue.cc:260] T 243b95cece0647148ad97bd701df42c0 P f12730f666084ccaad50abe3878b79d6 [NON_LEADER]: Queue going to NON_LEADER mode. State: All replicated index: 0, Majority replicated index: 0, Committed index: 0, Last appended: 0.0, Last appended by leader: 0, Current term: 0, Majority size: -1, State: 0, Mode: NON_LEADER, active raft config: opid_index: -1 OBSOLETE_local: false peers { permanent_uuid: "bd941d3d1d234bd28cea7ae1ef00cdb7" member_type: VOTER last_known_addr { host: "127.16.129.65" port: 41113 } } peers { permanent_uuid: "b896d104a5aa4883977d1201b33bc51a" member_type: VOTER last_known_addr { host: "127.16.129.66" port: 33601 } } peers { permanent_uuid: "f12730f666084ccaad50abe3878b79d6" member_type: VOTER last_known_addr { host: "127.16.129.67" port: 35841 } }
I20260608 12:55:09.461107 20107 raft_consensus.cc:515] T 0e388d34c37f4fe8ba5825536f0e25fd P f12730f666084ccaad50abe3878b79d6 [term 1 FOLLOWER]: Starting leader election with config: opid_index: -1 OBSOLETE_local: false peers { permanent_uuid: "bd941d3d1d234bd28cea7ae1ef00cdb7" member_type: VOTER last_known_addr { host: "127.16.129.65" port: 41113 } } peers { permanent_uuid: "b896d104a5aa4883977d1201b33bc51a" member_type: VOTER last_known_addr { host: "127.16.129.66" port: 33601 } } peers { permanent_uuid: "f12730f666084ccaad50abe3878b79d6" member_type: VOTER last_known_addr { host: "127.16.129.67" port: 35841 } }
I20260608 12:55:09.463203 20077 ts_tablet_manager.cc:1434] T 243b95cece0647148ad97bd701df42c0 P f12730f666084ccaad50abe3878b79d6: Time spent starting tablet: real 0.024s	user 0.008s	sys 0.000s
I20260608 12:55:09.463596 19956 raft_consensus.cc:2468] T e5cdfcd8ffe84481af56d2ff33a45517 P b896d104a5aa4883977d1201b33bc51a [term 1 FOLLOWER]: Leader election vote request: Granting yes vote for candidate f12730f666084ccaad50abe3878b79d6 in term 1.
I20260608 12:55:09.464334 20089 raft_consensus.cc:2804] T 94e03aaf16e94af69d9eabab0274d1c1 P f12730f666084ccaad50abe3878b79d6 [term 0 FOLLOWER]: Leader pre-election won for term 1
I20260608 12:55:09.464594 20077 tablet_bootstrap.cc:492] T ffef630e3eb34dada691a0898980cbb3 P f12730f666084ccaad50abe3878b79d6: Bootstrap starting.
I20260608 12:55:09.464511 19880 tablet_service.cc:1917] Received RequestConsensusVote() RPC: tablet_id: "0e388d34c37f4fe8ba5825536f0e25fd" candidate_uuid: "f12730f666084ccaad50abe3878b79d6" candidate_term: 1 candidate_status { last_received { term: 0 index: 0 } } ignore_live_leader: false dest_uuid: "bd941d3d1d234bd28cea7ae1ef00cdb7"
I20260608 12:55:09.466256 20089 raft_consensus.cc:493] T 94e03aaf16e94af69d9eabab0274d1c1 P f12730f666084ccaad50abe3878b79d6 [term 0 FOLLOWER]: Starting leader election (no leader contacted us within the election timeout)
I20260608 12:55:09.465118 19881 raft_consensus.cc:2468] T e5cdfcd8ffe84481af56d2ff33a45517 P bd941d3d1d234bd28cea7ae1ef00cdb7 [term 1 FOLLOWER]: Leader election vote request: Granting yes vote for candidate f12730f666084ccaad50abe3878b79d6 in term 1.
I20260608 12:55:09.466503 19882 tablet_service.cc:1917] Received RequestConsensusVote() RPC: tablet_id: "0e388d34c37f4fe8ba5825536f0e25fd" candidate_uuid: "f12730f666084ccaad50abe3878b79d6" candidate_term: 1 candidate_status { last_received { term: 0 index: 0 } } ignore_live_leader: false dest_uuid: "bd941d3d1d234bd28cea7ae1ef00cdb7" is_pre_election: true
I20260608 12:55:09.466529 19880 raft_consensus.cc:3060] T 0e388d34c37f4fe8ba5825536f0e25fd P bd941d3d1d234bd28cea7ae1ef00cdb7 [term 0 FOLLOWER]: Advancing to term 1
I20260608 12:55:09.467969 19994 leader_election.cc:304] T e5cdfcd8ffe84481af56d2ff33a45517 P f12730f666084ccaad50abe3878b79d6 [CANDIDATE]: Term 1 election: Election decided. Result: candidate won. Election summary: received 2 responses out of 3 voters: 2 yes votes; 0 no votes. yes voters: bd941d3d1d234bd28cea7ae1ef00cdb7, f12730f666084ccaad50abe3878b79d6; no voters: 
I20260608 12:55:09.468473 20089 raft_consensus.cc:3060] T 94e03aaf16e94af69d9eabab0274d1c1 P f12730f666084ccaad50abe3878b79d6 [term 0 FOLLOWER]: Advancing to term 1
I20260608 12:55:09.471319 20119 raft_consensus.cc:2804] T e5cdfcd8ffe84481af56d2ff33a45517 P f12730f666084ccaad50abe3878b79d6 [term 1 FOLLOWER]: Leader election won for term 1
I20260608 12:55:09.465665 20107 leader_election.cc:290] T 0e388d34c37f4fe8ba5825536f0e25fd P f12730f666084ccaad50abe3878b79d6 [CANDIDATE]: Term 1 election: Requested vote from peers bd941d3d1d234bd28cea7ae1ef00cdb7 (127.16.129.65:41113), b896d104a5aa4883977d1201b33bc51a (127.16.129.66:33601)
I20260608 12:55:09.474624 20077 tablet_bootstrap.cc:654] T ffef630e3eb34dada691a0898980cbb3 P f12730f666084ccaad50abe3878b79d6: Neither blocks nor log segments found. Creating new log.
I20260608 12:55:09.476261 20080 tablet_bootstrap.cc:492] T bd60b8bfdb1241e28efe70e95061599d P bd941d3d1d234bd28cea7ae1ef00cdb7: No bootstrap required, opened a new log
I20260608 12:55:09.476787 20080 ts_tablet_manager.cc:1403] T bd60b8bfdb1241e28efe70e95061599d P bd941d3d1d234bd28cea7ae1ef00cdb7: Time spent bootstrapping tablet: real 0.031s	user 0.009s	sys 0.008s
I20260608 12:55:09.477507 19880 raft_consensus.cc:2468] T 0e388d34c37f4fe8ba5825536f0e25fd P bd941d3d1d234bd28cea7ae1ef00cdb7 [term 1 FOLLOWER]: Leader election vote request: Granting yes vote for candidate f12730f666084ccaad50abe3878b79d6 in term 1.
I20260608 12:55:09.479187 19994 leader_election.cc:304] T 0e388d34c37f4fe8ba5825536f0e25fd P f12730f666084ccaad50abe3878b79d6 [CANDIDATE]: Term 1 election: Election decided. Result: candidate won. Election summary: received 2 responses out of 3 voters: 2 yes votes; 0 no votes. yes voters: bd941d3d1d234bd28cea7ae1ef00cdb7, f12730f666084ccaad50abe3878b79d6; no voters: 
I20260608 12:55:09.479699 19956 tablet_service.cc:1917] Received RequestConsensusVote() RPC: tablet_id: "94e03aaf16e94af69d9eabab0274d1c1" candidate_uuid: "f12730f666084ccaad50abe3878b79d6" candidate_term: 1 candidate_status { last_received { term: 0 index: 0 } } ignore_live_leader: false dest_uuid: "b896d104a5aa4883977d1201b33bc51a" is_pre_election: true
I20260608 12:55:09.480285 20121 raft_consensus.cc:2804] T 0e388d34c37f4fe8ba5825536f0e25fd P f12730f666084ccaad50abe3878b79d6 [term 1 FOLLOWER]: Leader election won for term 1
I20260608 12:55:09.480419 20119 raft_consensus.cc:697] T e5cdfcd8ffe84481af56d2ff33a45517 P f12730f666084ccaad50abe3878b79d6 [term 1 LEADER]: Becoming Leader. State: Replica: f12730f666084ccaad50abe3878b79d6, State: Running, Role: LEADER
I20260608 12:55:09.480468 19956 raft_consensus.cc:2468] T 94e03aaf16e94af69d9eabab0274d1c1 P b896d104a5aa4883977d1201b33bc51a [term 0 FOLLOWER]: Leader pre-election vote request: Granting yes vote for candidate f12730f666084ccaad50abe3878b79d6 in term 0.
I20260608 12:55:09.481267 20121 raft_consensus.cc:697] T 0e388d34c37f4fe8ba5825536f0e25fd P f12730f666084ccaad50abe3878b79d6 [term 1 LEADER]: Becoming Leader. State: Replica: f12730f666084ccaad50abe3878b79d6, State: Running, Role: LEADER
I20260608 12:55:09.481966 20119 consensus_queue.cc:237] T e5cdfcd8ffe84481af56d2ff33a45517 P f12730f666084ccaad50abe3878b79d6 [LEADER]: Queue going to LEADER mode. State: All replicated index: 0, Majority replicated index: 0, Committed index: 0, Last appended: 0.0, Last appended by leader: 0, Current term: 1, Majority size: 2, State: 0, Mode: LEADER, active raft config: opid_index: -1 OBSOLETE_local: false peers { permanent_uuid: "bd941d3d1d234bd28cea7ae1ef00cdb7" member_type: VOTER last_known_addr { host: "127.16.129.65" port: 41113 } } peers { permanent_uuid: "b896d104a5aa4883977d1201b33bc51a" member_type: VOTER last_known_addr { host: "127.16.129.66" port: 33601 } } peers { permanent_uuid: "f12730f666084ccaad50abe3878b79d6" member_type: VOTER last_known_addr { host: "127.16.129.67" port: 35841 } }
I20260608 12:55:09.482402 20121 consensus_queue.cc:237] T 0e388d34c37f4fe8ba5825536f0e25fd P f12730f666084ccaad50abe3878b79d6 [LEADER]: Queue going to LEADER mode. State: All replicated index: 0, Majority replicated index: 0, Committed index: 0, Last appended: 0.0, Last appended by leader: 0, Current term: 1, Majority size: 2, State: 0, Mode: LEADER, active raft config: opid_index: -1 OBSOLETE_local: false peers { permanent_uuid: "bd941d3d1d234bd28cea7ae1ef00cdb7" member_type: VOTER last_known_addr { host: "127.16.129.65" port: 41113 } } peers { permanent_uuid: "b896d104a5aa4883977d1201b33bc51a" member_type: VOTER last_known_addr { host: "127.16.129.66" port: 33601 } } peers { permanent_uuid: "f12730f666084ccaad50abe3878b79d6" member_type: VOTER last_known_addr { host: "127.16.129.67" port: 35841 } }
I20260608 12:55:09.483464 19956 tablet_service.cc:1917] Received RequestConsensusVote() RPC: tablet_id: "0e388d34c37f4fe8ba5825536f0e25fd" candidate_uuid: "f12730f666084ccaad50abe3878b79d6" candidate_term: 1 candidate_status { last_received { term: 0 index: 0 } } ignore_live_leader: false dest_uuid: "b896d104a5aa4883977d1201b33bc51a"
I20260608 12:55:09.484282 19956 raft_consensus.cc:3060] T 0e388d34c37f4fe8ba5825536f0e25fd P b896d104a5aa4883977d1201b33bc51a [term 0 FOLLOWER]: Advancing to term 1
I20260608 12:55:09.480321 20080 raft_consensus.cc:359] T bd60b8bfdb1241e28efe70e95061599d P bd941d3d1d234bd28cea7ae1ef00cdb7 [term 0 FOLLOWER]: Replica starting. Triggering 0 pending ops. Active config: opid_index: -1 OBSOLETE_local: false peers { permanent_uuid: "bd941d3d1d234bd28cea7ae1ef00cdb7" member_type: VOTER last_known_addr { host: "127.16.129.65" port: 41113 } } peers { permanent_uuid: "b896d104a5aa4883977d1201b33bc51a" member_type: VOTER last_known_addr { host: "127.16.129.66" port: 33601 } } peers { permanent_uuid: "f12730f666084ccaad50abe3878b79d6" member_type: VOTER last_known_addr { host: "127.16.129.67" port: 35841 } }
I20260608 12:55:09.487068 20080 raft_consensus.cc:385] T bd60b8bfdb1241e28efe70e95061599d P bd941d3d1d234bd28cea7ae1ef00cdb7 [term 0 FOLLOWER]: Consensus starting up: Expiring failure detector timer to make a prompt election more likely
I20260608 12:55:09.487367 20080 raft_consensus.cc:740] T bd60b8bfdb1241e28efe70e95061599d P bd941d3d1d234bd28cea7ae1ef00cdb7 [term 0 FOLLOWER]: Becoming Follower/Learner. State: Replica: bd941d3d1d234bd28cea7ae1ef00cdb7, State: Initialized, Role: FOLLOWER
I20260608 12:55:09.484220 20089 raft_consensus.cc:515] T 94e03aaf16e94af69d9eabab0274d1c1 P f12730f666084ccaad50abe3878b79d6 [term 1 FOLLOWER]: Starting leader election with config: opid_index: -1 OBSOLETE_local: false peers { permanent_uuid: "b896d104a5aa4883977d1201b33bc51a" member_type: VOTER last_known_addr { host: "127.16.129.66" port: 33601 } } peers { permanent_uuid: "bd941d3d1d234bd28cea7ae1ef00cdb7" member_type: VOTER last_known_addr { host: "127.16.129.65" port: 41113 } } peers { permanent_uuid: "f12730f666084ccaad50abe3878b79d6" member_type: VOTER last_known_addr { host: "127.16.129.67" port: 35841 } }
