I20260608 12:54:48.723136 19158 sys_catalog.cc:455] T 00000000000000000000000000000000 P b917a51625d442c28f4578a5cfcc3999 [sys.catalog]: SysCatalogTable state changed. Reason: New leader b917a51625d442c28f4578a5cfcc3999. Latest consensus state: current_term: 1 leader_uuid: "b917a51625d442c28f4578a5cfcc3999" committed_config { opid_index: -1 OBSOLETE_local: true peers { permanent_uuid: "b917a51625d442c28f4578a5cfcc3999" member_type: VOTER } }
I20260608 12:54:48.723940 19157 sys_catalog.cc:458] T 00000000000000000000000000000000 P b917a51625d442c28f4578a5cfcc3999 [sys.catalog]: This master's current role is: LEADER
I20260608 12:54:48.724030 19158 sys_catalog.cc:458] T 00000000000000000000000000000000 P b917a51625d442c28f4578a5cfcc3999 [sys.catalog]: This master's current role is: LEADER
I20260608 12:54:48.728772 19161 catalog_manager.cc:1510] Loading table and tablet metadata into memory...
I20260608 12:54:48.734294 19161 catalog_manager.cc:1519] Initializing Kudu cluster ID...
I20260608 12:54:48.739705 16901 internal_mini_cluster.cc:184] Waiting to initialize catalog manager on master 0
I20260608 12:54:48.745908 19161 catalog_manager.cc:1382] Generated new cluster ID: 1246a6d9b3df46faa23ca4abef6ed250
I20260608 12:54:48.746295 19161 catalog_manager.cc:1530] Initializing Kudu internal certificate authority...
I20260608 12:54:48.774612 19161 catalog_manager.cc:1405] Generated new certificate authority record
I20260608 12:54:48.776021 19161 catalog_manager.cc:1539] Loading token signing keys...
I20260608 12:54:48.791429 19161 catalog_manager.cc:6069] T 00000000000000000000000000000000 P b917a51625d442c28f4578a5cfcc3999: Generated new TSK 0
I20260608 12:54:48.792074 19161 catalog_manager.cc:1549] Initializing in-progress tserver states...
I20260608 12:54:48.813385 16901 file_cache.cc:492] Constructed file cache file cache with capacity 419430
W20260608 12:54:48.821077 19174 instance_detector.cc:116] could not retrieve AWS instance metadata: Network error: curl error: HTTP response code said error: The requested URL returned error: 404
W20260608 12:54:48.822736 19175 instance_detector.cc:116] could not retrieve Azure instance metadata: Network error: curl error: HTTP response code said error: The requested URL returned error: 404
I20260608 12:54:48.825147 16901 server_base.cc:1061] running on GCE node
W20260608 12:54:48.825333 19177 instance_detector.cc:116] could not retrieve OpenStack instance metadata: Network error: curl error: HTTP response code said error: The requested URL returned error: 404
I20260608 12:54:48.826452 16901 hybrid_clock.cc:584] initializing the hybrid clock with 'system_unsync' time source
W20260608 12:54:48.826664 16901 system_unsync_time.cc:38] NTP support is disabled. Clock error bounds will not be accurate. This configuration is not suitable for distributed clusters.
I20260608 12:54:48.826905 16901 hybrid_clock.cc:648] HybridClock initialized: now 1780923288826864 us; error 0 us; skew 500 ppm
I20260608 12:54:48.827618 16901 server_base.cc:861] Flag tcmalloc_max_total_thread_cache_bytes is not working since tcmalloc is not enabled.
I20260608 12:54:48.830506 16901 webserver.cc:533] Webserver started at http://127.16.129.65:39949/ using document root <none> and password file <none>
I20260608 12:54:48.831135 16901 fs_manager.cc:362] Metadata directory not provided
I20260608 12:54:48.831336 16901 fs_manager.cc:368] Using write-ahead log directory (fs_wal_dir) as metadata directory
I20260608 12:54:48.831660 16901 server_base.cc:909] This appears to be a new deployment of Kudu; creating new FS layout
I20260608 12:54:48.833269 16901 fs_manager.cc:1068] Generated new instance metadata in path /tmp/dist-test-taskSAKkFo/test-tmp/auto_rebalancer-test.0.AutoRebalancerTest.NoReplicaMovesIfNoTablets.1780923221165520-16901-0/minicluster-data/ts-0-root/instance:
uuid: "b5e622823f51484291fda834fc4bd782"
format_stamp: "Formatted at 2026-06-08 12:54:48 on dist-test-slave-z4jm"
I20260608 12:54:48.838649 16901 fs_manager.cc:696] Time spent creating directory manager: real 0.005s	user 0.004s	sys 0.000s
I20260608 12:54:48.842825 19182 log_block_manager.cc:4031] Time spent loading block containers with low live blocks: real 0.000s	user 0.000s	sys 0.000s
I20260608 12:54:48.843679 16901 fs_manager.cc:730] Time spent opening block manager: real 0.003s	user 0.004s	sys 0.000s
I20260608 12:54:48.844065 16901 fs_manager.cc:647] Opened local filesystem: /tmp/dist-test-taskSAKkFo/test-tmp/auto_rebalancer-test.0.AutoRebalancerTest.NoReplicaMovesIfNoTablets.1780923221165520-16901-0/minicluster-data/ts-0-root
uuid: "b5e622823f51484291fda834fc4bd782"
format_stamp: "Formatted at 2026-06-08 12:54:48 on dist-test-slave-z4jm"
I20260608 12:54:48.844362 16901 fs_report.cc:389] FS layout report
--------------------
wal directory: /tmp/dist-test-taskSAKkFo/test-tmp/auto_rebalancer-test.0.AutoRebalancerTest.NoReplicaMovesIfNoTablets.1780923221165520-16901-0/minicluster-data/ts-0-root
metadata directory: /tmp/dist-test-taskSAKkFo/test-tmp/auto_rebalancer-test.0.AutoRebalancerTest.NoReplicaMovesIfNoTablets.1780923221165520-16901-0/minicluster-data/ts-0-root
1 data directories: /tmp/dist-test-taskSAKkFo/test-tmp/auto_rebalancer-test.0.AutoRebalancerTest.NoReplicaMovesIfNoTablets.1780923221165520-16901-0/minicluster-data/ts-0-root/data
Total live blocks: 0
Total live bytes: 0
Total live bytes (after alignment): 0
Total number of LBM containers: 0 (0 full)
Did not check for missing blocks
Did not check for orphaned blocks
Total full LBM containers with extra space: 0 (0 repaired)
Total full LBM container extra space in bytes: 0 (0 repaired)
Total incomplete LBM containers: 0 (0 repaired)
Total LBM partial records: 0 (0 repaired)
Total corrupted LBM metadata records in RocksDB: 0 (0 repaired)
I20260608 12:54:48.860590 16901 rpc_server.cc:225] running with OpenSSL 1.1.1  11 Sep 2018
I20260608 12:54:48.862229 16901 kserver.cc:163] Server-wide thread pool size limit: 3276
I20260608 12:54:48.864100 16901 txn_system_client.cc:432] TxnSystemClient initialization is disabled...
I20260608 12:54:48.866995 16901 ts_tablet_manager.cc:585] Loaded tablet metadata (0 total tablets, 0 live tablets)
I20260608 12:54:48.867255 16901 ts_tablet_manager.cc:531] Time spent load tablet metadata: real 0.000s	user 0.000s	sys 0.000s
I20260608 12:54:48.867520 16901 ts_tablet_manager.cc:616] Registered 0 tablets
I20260608 12:54:48.867699 16901 ts_tablet_manager.cc:595] Time spent register tablets: real 0.000s	user 0.000s	sys 0.000s
I20260608 12:54:48.918891 16901 rpc_server.cc:307] RPC server started. Bound to: 127.16.129.65:33755
I20260608 12:54:48.919029 19244 acceptor_pool.cc:272] collecting diagnostics on the listening RPC socket 127.16.129.65:33755 every 8 connection(s)
I20260608 12:54:48.925523 16901 file_cache.cc:492] Constructed file cache file cache with capacity 419430
W20260608 12:54:48.934957 19249 instance_detector.cc:116] could not retrieve AWS instance metadata: Network error: curl error: HTTP response code said error: The requested URL returned error: 404
W20260608 12:54:48.935365 19250 instance_detector.cc:116] could not retrieve Azure instance metadata: Network error: curl error: HTTP response code said error: The requested URL returned error: 404
I20260608 12:54:48.938401 16901 server_base.cc:1061] running on GCE node
W20260608 12:54:48.939145 19252 instance_detector.cc:116] could not retrieve OpenStack instance metadata: Network error: curl error: HTTP response code said error: The requested URL returned error: 404
I20260608 12:54:48.940394 16901 hybrid_clock.cc:584] initializing the hybrid clock with 'system_unsync' time source
W20260608 12:54:48.940626 16901 system_unsync_time.cc:38] NTP support is disabled. Clock error bounds will not be accurate. This configuration is not suitable for distributed clusters.
I20260608 12:54:48.940878 16901 hybrid_clock.cc:648] HybridClock initialized: now 1780923288940858 us; error 0 us; skew 500 ppm
I20260608 12:54:48.941740 16901 server_base.cc:861] Flag tcmalloc_max_total_thread_cache_bytes is not working since tcmalloc is not enabled.
I20260608 12:54:48.944567 19245 heartbeater.cc:344] Connected to a master server at 127.16.129.126:35941
I20260608 12:54:48.945060 19245 heartbeater.cc:461] Registering TS with master...
I20260608 12:54:48.945084 16901 webserver.cc:533] Webserver started at http://127.16.129.66:44183/ using document root <none> and password file <none>
I20260608 12:54:48.946017 16901 fs_manager.cc:362] Metadata directory not provided
I20260608 12:54:48.946285 16901 fs_manager.cc:368] Using write-ahead log directory (fs_wal_dir) as metadata directory
I20260608 12:54:48.946251 19245 heartbeater.cc:507] Master 127.16.129.126:35941 requested a full tablet report, sending...
I20260608 12:54:48.946812 16901 server_base.cc:909] This appears to be a new deployment of Kudu; creating new FS layout
I20260608 12:54:48.948486 16901 fs_manager.cc:1068] Generated new instance metadata in path /tmp/dist-test-taskSAKkFo/test-tmp/auto_rebalancer-test.0.AutoRebalancerTest.NoReplicaMovesIfNoTablets.1780923221165520-16901-0/minicluster-data/ts-1-root/instance:
uuid: "3e96434fc2e040969c3744b7e2b03a37"
format_stamp: "Formatted at 2026-06-08 12:54:48 on dist-test-slave-z4jm"
I20260608 12:54:48.949278 19118 ts_manager.cc:194] Registered new tserver with Master: b5e622823f51484291fda834fc4bd782 (127.16.129.65:33755)
I20260608 12:54:48.951537 19118 master_service.cc:502] Signed X509 certificate for tserver {username='slave'} at 127.0.0.1:48422
I20260608 12:54:48.953960 16901 fs_manager.cc:696] Time spent creating directory manager: real 0.005s	user 0.002s	sys 0.005s
I20260608 12:54:48.958024 19257 log_block_manager.cc:4031] Time spent loading block containers with low live blocks: real 0.000s	user 0.000s	sys 0.000s
I20260608 12:54:48.958971 16901 fs_manager.cc:730] Time spent opening block manager: real 0.003s	user 0.000s	sys 0.003s
I20260608 12:54:48.959296 16901 fs_manager.cc:647] Opened local filesystem: /tmp/dist-test-taskSAKkFo/test-tmp/auto_rebalancer-test.0.AutoRebalancerTest.NoReplicaMovesIfNoTablets.1780923221165520-16901-0/minicluster-data/ts-1-root
uuid: "3e96434fc2e040969c3744b7e2b03a37"
format_stamp: "Formatted at 2026-06-08 12:54:48 on dist-test-slave-z4jm"
I20260608 12:54:48.959600 16901 fs_report.cc:389] FS layout report
--------------------
wal directory: /tmp/dist-test-taskSAKkFo/test-tmp/auto_rebalancer-test.0.AutoRebalancerTest.NoReplicaMovesIfNoTablets.1780923221165520-16901-0/minicluster-data/ts-1-root
metadata directory: /tmp/dist-test-taskSAKkFo/test-tmp/auto_rebalancer-test.0.AutoRebalancerTest.NoReplicaMovesIfNoTablets.1780923221165520-16901-0/minicluster-data/ts-1-root
1 data directories: /tmp/dist-test-taskSAKkFo/test-tmp/auto_rebalancer-test.0.AutoRebalancerTest.NoReplicaMovesIfNoTablets.1780923221165520-16901-0/minicluster-data/ts-1-root/data
Total live blocks: 0
Total live bytes: 0
Total live bytes (after alignment): 0
Total number of LBM containers: 0 (0 full)
Did not check for missing blocks
Did not check for orphaned blocks
Total full LBM containers with extra space: 0 (0 repaired)
Total full LBM container extra space in bytes: 0 (0 repaired)
Total incomplete LBM containers: 0 (0 repaired)
Total LBM partial records: 0 (0 repaired)
Total corrupted LBM metadata records in RocksDB: 0 (0 repaired)
I20260608 12:54:48.981716 16901 rpc_server.cc:225] running with OpenSSL 1.1.1  11 Sep 2018
I20260608 12:54:48.983187 16901 kserver.cc:163] Server-wide thread pool size limit: 3276
I20260608 12:54:48.984787 16901 txn_system_client.cc:432] TxnSystemClient initialization is disabled...
I20260608 12:54:48.987293 16901 ts_tablet_manager.cc:585] Loaded tablet metadata (0 total tablets, 0 live tablets)
I20260608 12:54:48.987527 16901 ts_tablet_manager.cc:531] Time spent load tablet metadata: real 0.000s	user 0.000s	sys 0.000s
I20260608 12:54:48.987782 16901 ts_tablet_manager.cc:616] Registered 0 tablets
I20260608 12:54:48.987979 16901 ts_tablet_manager.cc:595] Time spent register tablets: real 0.000s	user 0.000s	sys 0.000s
I20260608 12:54:49.035101 16901 rpc_server.cc:307] RPC server started. Bound to: 127.16.129.66:35789
I20260608 12:54:49.035393 19319 acceptor_pool.cc:272] collecting diagnostics on the listening RPC socket 127.16.129.66:35789 every 8 connection(s)
I20260608 12:54:49.040577 16901 file_cache.cc:492] Constructed file cache file cache with capacity 419430
W20260608 12:54:49.048949 19323 instance_detector.cc:116] could not retrieve AWS instance metadata: Network error: curl error: HTTP response code said error: The requested URL returned error: 404
W20260608 12:54:49.050159 19324 instance_detector.cc:116] could not retrieve Azure instance metadata: Network error: curl error: HTTP response code said error: The requested URL returned error: 404
I20260608 12:54:49.053061 16901 server_base.cc:1061] running on GCE node
W20260608 12:54:49.053632 19326 instance_detector.cc:116] could not retrieve OpenStack instance metadata: Network error: curl error: HTTP response code said error: The requested URL returned error: 404
I20260608 12:54:49.054782 16901 hybrid_clock.cc:584] initializing the hybrid clock with 'system_unsync' time source
W20260608 12:54:49.055092 16901 system_unsync_time.cc:38] NTP support is disabled. Clock error bounds will not be accurate. This configuration is not suitable for distributed clusters.
I20260608 12:54:49.055302 16901 hybrid_clock.cc:648] HybridClock initialized: now 1780923289055285 us; error 0 us; skew 500 ppm
I20260608 12:54:49.056032 16901 server_base.cc:861] Flag tcmalloc_max_total_thread_cache_bytes is not working since tcmalloc is not enabled.
I20260608 12:54:49.056247 19320 heartbeater.cc:344] Connected to a master server at 127.16.129.126:35941
I20260608 12:54:49.056725 19320 heartbeater.cc:461] Registering TS with master...
I20260608 12:54:49.057710 19320 heartbeater.cc:507] Master 127.16.129.126:35941 requested a full tablet report, sending...
I20260608 12:54:49.058807 16901 webserver.cc:533] Webserver started at http://127.16.129.67:39319/ using document root <none> and password file <none>
I20260608 12:54:49.059412 16901 fs_manager.cc:362] Metadata directory not provided
I20260608 12:54:49.059644 16901 fs_manager.cc:368] Using write-ahead log directory (fs_wal_dir) as metadata directory
I20260608 12:54:49.059978 16901 server_base.cc:909] This appears to be a new deployment of Kudu; creating new FS layout
I20260608 12:54:49.060052 19118 ts_manager.cc:194] Registered new tserver with Master: 3e96434fc2e040969c3744b7e2b03a37 (127.16.129.66:35789)
I20260608 12:54:49.061607 16901 fs_manager.cc:1068] Generated new instance metadata in path /tmp/dist-test-taskSAKkFo/test-tmp/auto_rebalancer-test.0.AutoRebalancerTest.NoReplicaMovesIfNoTablets.1780923221165520-16901-0/minicluster-data/ts-2-root/instance:
uuid: "f8d97525e37b4e38be1f35f047876246"
format_stamp: "Formatted at 2026-06-08 12:54:49 on dist-test-slave-z4jm"
I20260608 12:54:49.062107 19118 master_service.cc:502] Signed X509 certificate for tserver {username='slave'} at 127.0.0.1:48434
I20260608 12:54:49.066831 16901 fs_manager.cc:696] Time spent creating directory manager: real 0.004s	user 0.004s	sys 0.000s
I20260608 12:54:49.070443 19331 log_block_manager.cc:4031] Time spent loading block containers with low live blocks: real 0.000s	user 0.000s	sys 0.000s
I20260608 12:54:49.071310 16901 fs_manager.cc:730] Time spent opening block manager: real 0.002s	user 0.002s	sys 0.001s
I20260608 12:54:49.071632 16901 fs_manager.cc:647] Opened local filesystem: /tmp/dist-test-taskSAKkFo/test-tmp/auto_rebalancer-test.0.AutoRebalancerTest.NoReplicaMovesIfNoTablets.1780923221165520-16901-0/minicluster-data/ts-2-root
uuid: "f8d97525e37b4e38be1f35f047876246"
format_stamp: "Formatted at 2026-06-08 12:54:49 on dist-test-slave-z4jm"
I20260608 12:54:49.071928 16901 fs_report.cc:389] FS layout report
--------------------
wal directory: /tmp/dist-test-taskSAKkFo/test-tmp/auto_rebalancer-test.0.AutoRebalancerTest.NoReplicaMovesIfNoTablets.1780923221165520-16901-0/minicluster-data/ts-2-root
metadata directory: /tmp/dist-test-taskSAKkFo/test-tmp/auto_rebalancer-test.0.AutoRebalancerTest.NoReplicaMovesIfNoTablets.1780923221165520-16901-0/minicluster-data/ts-2-root
1 data directories: /tmp/dist-test-taskSAKkFo/test-tmp/auto_rebalancer-test.0.AutoRebalancerTest.NoReplicaMovesIfNoTablets.1780923221165520-16901-0/minicluster-data/ts-2-root/data
Total live blocks: 0
Total live bytes: 0
Total live bytes (after alignment): 0
Total number of LBM containers: 0 (0 full)
Did not check for missing blocks
Did not check for orphaned blocks
Total full LBM containers with extra space: 0 (0 repaired)
Total full LBM container extra space in bytes: 0 (0 repaired)
Total incomplete LBM containers: 0 (0 repaired)
Total LBM partial records: 0 (0 repaired)
Total corrupted LBM metadata records in RocksDB: 0 (0 repaired)
I20260608 12:54:49.097167 16901 rpc_server.cc:225] running with OpenSSL 1.1.1  11 Sep 2018
I20260608 12:54:49.098521 16901 kserver.cc:163] Server-wide thread pool size limit: 3276
I20260608 12:54:49.100032 16901 txn_system_client.cc:432] TxnSystemClient initialization is disabled...
I20260608 12:54:49.102669 16901 ts_tablet_manager.cc:585] Loaded tablet metadata (0 total tablets, 0 live tablets)
I20260608 12:54:49.102924 16901 ts_tablet_manager.cc:531] Time spent load tablet metadata: real 0.000s	user 0.000s	sys 0.000s
I20260608 12:54:49.103173 16901 ts_tablet_manager.cc:616] Registered 0 tablets
I20260608 12:54:49.103394 16901 ts_tablet_manager.cc:595] Time spent register tablets: real 0.000s	user 0.000s	sys 0.000s
I20260608 12:54:49.144838 16901 rpc_server.cc:307] RPC server started. Bound to: 127.16.129.67:38991
I20260608 12:54:49.144991 19393 acceptor_pool.cc:272] collecting diagnostics on the listening RPC socket 127.16.129.67:38991 every 8 connection(s)
I20260608 12:54:49.159255 19394 heartbeater.cc:344] Connected to a master server at 127.16.129.126:35941
I20260608 12:54:49.159679 19394 heartbeater.cc:461] Registering TS with master...
I20260608 12:54:49.160461 19394 heartbeater.cc:507] Master 127.16.129.126:35941 requested a full tablet report, sending...
I20260608 12:54:49.162719 19118 ts_manager.cc:194] Registered new tserver with Master: f8d97525e37b4e38be1f35f047876246 (127.16.129.67:38991)
I20260608 12:54:49.163206 16901 internal_mini_cluster.cc:371] 3 TS(s) registered with all masters after 0.014804064s
I20260608 12:54:49.164093 19118 master_service.cc:502] Signed X509 certificate for tserver {username='slave'} at 127.0.0.1:48436
I20260608 12:54:49.954959 19245 heartbeater.cc:499] Master 127.16.129.126:35941 was elected leader, sending a full tablet report...
I20260608 12:54:50.064953 19320 heartbeater.cc:499] Master 127.16.129.126:35941 was elected leader, sending a full tablet report...
I20260608 12:54:50.167114 19394 heartbeater.cc:499] Master 127.16.129.126:35941 was elected leader, sending a full tablet report...
I20260608 12:54:50.739423 19171 auto_leader_rebalancer.cc:451] All tables' leader rebalancing finished this round
I20260608 12:54:52.861565 19171 auto_leader_rebalancer.cc:451] All tables' leader rebalancing finished this round
W20260608 12:54:53.794016 19390 debug-util.cc:398] Leaking SignalData structure 0x7b0800184840 after lost signal to thread 16904
W20260608 12:54:53.795046 19390 debug-util.cc:398] Leaking SignalData structure 0x7b08001aa060 after lost signal to thread 19152
W20260608 12:54:53.796195 19390 debug-util.cc:398] Leaking SignalData structure 0x7b080013cbe0 after lost signal to thread 19244
W20260608 12:54:53.797290 19390 debug-util.cc:398] Leaking SignalData structure 0x7b080013e6c0 after lost signal to thread 19319
W20260608 12:54:53.798187 19390 debug-util.cc:398] Leaking SignalData structure 0x7b080016cd20 after lost signal to thread 19393
I20260608 12:54:54.862937 19171 auto_leader_rebalancer.cc:451] All tables' leader rebalancing finished this round
I20260608 12:54:56.863904 19171 auto_leader_rebalancer.cc:451] All tables' leader rebalancing finished this round
I20260608 12:54:58.865151 19171 auto_leader_rebalancer.cc:451] All tables' leader rebalancing finished this round
I20260608 12:55:00.866418 19171 auto_leader_rebalancer.cc:451] All tables' leader rebalancing finished this round
I20260608 12:55:01.401268 16901 tablet_server.cc:179] TabletServer@127.16.129.65:0 shutting down...
I20260608 12:55:01.432940 16901 ts_tablet_manager.cc:1507] Shutting down tablet manager...
I20260608 12:55:01.451671 16901 tablet_server.cc:196] TabletServer@127.16.129.65:0 shutdown complete.
I20260608 12:55:01.463428 16901 tablet_server.cc:179] TabletServer@127.16.129.66:0 shutting down...
I20260608 12:55:01.488945 16901 ts_tablet_manager.cc:1507] Shutting down tablet manager...
I20260608 12:55:01.506218 16901 tablet_server.cc:196] TabletServer@127.16.129.66:0 shutdown complete.
I20260608 12:55:01.516872 16901 tablet_server.cc:179] TabletServer@127.16.129.67:0 shutting down...
I20260608 12:55:01.542079 16901 ts_tablet_manager.cc:1507] Shutting down tablet manager...
I20260608 12:55:01.575333 16901 tablet_server.cc:196] TabletServer@127.16.129.67:0 shutdown complete.
I20260608 12:55:01.585070 16901 master.cc:562] Master@127.16.129.126:35941 shutting down...
I20260608 12:55:01.606724 16901 raft_consensus.cc:2243] T 00000000000000000000000000000000 P b917a51625d442c28f4578a5cfcc3999 [term 1 LEADER]: Raft consensus shutting down.
I20260608 12:55:01.607520 16901 raft_consensus.cc:2272] T 00000000000000000000000000000000 P b917a51625d442c28f4578a5cfcc3999 [term 1 FOLLOWER]: Raft consensus is shut down!
I20260608 12:55:01.607914 16901 tablet_replica.cc:333] T 00000000000000000000000000000000 P b917a51625d442c28f4578a5cfcc3999: stopping tablet replica
I20260608 12:55:01.627008 16901 master.cc:584] Master@127.16.129.126:35941 shutdown complete.
[       OK ] AutoRebalancerTest.NoReplicaMovesIfNoTablets (13084 ms)
[ RUN      ] AutoRebalancerTest.RangeAwareBuildClusterInfoGroupsByRange
I20260608 12:55:01.661693 16901 internal_mini_cluster.cc:156] Creating distributed mini masters. Addrs: 127.16.129.126:43739
I20260608 12:55:01.662981 16901 file_cache.cc:492] Constructed file cache file cache with capacity 419430
W20260608 12:55:01.669198 19399 instance_detector.cc:116] could not retrieve AWS instance metadata: Network error: curl error: HTTP response code said error: The requested URL returned error: 404
W20260608 12:55:01.670486 19400 instance_detector.cc:116] could not retrieve Azure instance metadata: Network error: curl error: HTTP response code said error: The requested URL returned error: 404
W20260608 12:55:01.671554 19402 instance_detector.cc:116] could not retrieve OpenStack instance metadata: Network error: curl error: HTTP response code said error: The requested URL returned error: 404
I20260608 12:55:01.672223 16901 server_base.cc:1061] running on GCE node
I20260608 12:55:01.673208 16901 hybrid_clock.cc:584] initializing the hybrid clock with 'system_unsync' time source
W20260608 12:55:01.673416 16901 system_unsync_time.cc:38] NTP support is disabled. Clock error bounds will not be accurate. This configuration is not suitable for distributed clusters.
I20260608 12:55:01.673579 16901 hybrid_clock.cc:648] HybridClock initialized: now 1780923301673562 us; error 0 us; skew 500 ppm
I20260608 12:55:01.674239 16901 server_base.cc:861] Flag tcmalloc_max_total_thread_cache_bytes is not working since tcmalloc is not enabled.
I20260608 12:55:01.676867 16901 webserver.cc:533] Webserver started at http://127.16.129.126:34737/ using document root <none> and password file <none>
I20260608 12:55:01.677443 16901 fs_manager.cc:362] Metadata directory not provided
I20260608 12:55:01.677659 16901 fs_manager.cc:368] Using write-ahead log directory (fs_wal_dir) as metadata directory
I20260608 12:55:01.678018 16901 server_base.cc:909] This appears to be a new deployment of Kudu; creating new FS layout
I20260608 12:55:01.679248 16901 fs_manager.cc:1068] Generated new instance metadata in path /tmp/dist-test-taskSAKkFo/test-tmp/auto_rebalancer-test.0.AutoRebalancerTest.RangeAwareBuildClusterInfoGroupsByRange.1780923221165520-16901-0/minicluster-data/master-0-root/instance:
uuid: "5eb062c6ec1b414a90df1667ad91d0c0"
format_stamp: "Formatted at 2026-06-08 12:55:01 on dist-test-slave-z4jm"
I20260608 12:55:01.684296 16901 fs_manager.cc:696] Time spent creating directory manager: real 0.004s	user 0.002s	sys 0.004s
I20260608 12:55:01.688305 19407 log_block_manager.cc:4031] Time spent loading block containers with low live blocks: real 0.000s	user 0.000s	sys 0.000s
I20260608 12:55:01.689164 16901 fs_manager.cc:730] Time spent opening block manager: real 0.003s	user 0.002s	sys 0.000s
I20260608 12:55:01.689503 16901 fs_manager.cc:647] Opened local filesystem: /tmp/dist-test-taskSAKkFo/test-tmp/auto_rebalancer-test.0.AutoRebalancerTest.RangeAwareBuildClusterInfoGroupsByRange.1780923221165520-16901-0/minicluster-data/master-0-root
uuid: "5eb062c6ec1b414a90df1667ad91d0c0"
format_stamp: "Formatted at 2026-06-08 12:55:01 on dist-test-slave-z4jm"
I20260608 12:55:01.689772 16901 fs_report.cc:389] FS layout report
--------------------
wal directory: /tmp/dist-test-taskSAKkFo/test-tmp/auto_rebalancer-test.0.AutoRebalancerTest.RangeAwareBuildClusterInfoGroupsByRange.1780923221165520-16901-0/minicluster-data/master-0-root
metadata directory: /tmp/dist-test-taskSAKkFo/test-tmp/auto_rebalancer-test.0.AutoRebalancerTest.RangeAwareBuildClusterInfoGroupsByRange.1780923221165520-16901-0/minicluster-data/master-0-root
1 data directories: /tmp/dist-test-taskSAKkFo/test-tmp/auto_rebalancer-test.0.AutoRebalancerTest.RangeAwareBuildClusterInfoGroupsByRange.1780923221165520-16901-0/minicluster-data/master-0-root/data
Total live blocks: 0
Total live bytes: 0
Total live bytes (after alignment): 0
Total number of LBM containers: 0 (0 full)
Did not check for missing blocks
Did not check for orphaned blocks
Total full LBM containers with extra space: 0 (0 repaired)
Total full LBM container extra space in bytes: 0 (0 repaired)
Total incomplete LBM containers: 0 (0 repaired)
Total LBM partial records: 0 (0 repaired)
Total corrupted LBM metadata records in RocksDB: 0 (0 repaired)
I20260608 12:55:01.707340 16901 rpc_server.cc:225] running with OpenSSL 1.1.1  11 Sep 2018
I20260608 12:55:01.708680 16901 kserver.cc:163] Server-wide thread pool size limit: 3276
I20260608 12:55:01.751649 16901 rpc_server.cc:307] RPC server started. Bound to: 127.16.129.126:43739
I20260608 12:55:01.751865 19458 acceptor_pool.cc:272] collecting diagnostics on the listening RPC socket 127.16.129.126:43739 every 8 connection(s)
I20260608 12:55:01.756744 19459 data_dirs.cc:400] Could only allocate 1 dirs of requested 3 for tablet 00000000000000000000000000000000. 1 dirs total, 0 dirs full, 0 dirs failed
I20260608 12:55:01.788051 19459 tablet_bootstrap.cc:492] T 00000000000000000000000000000000 P 5eb062c6ec1b414a90df1667ad91d0c0: Bootstrap starting.
I20260608 12:55:01.795104 19459 tablet_bootstrap.cc:654] T 00000000000000000000000000000000 P 5eb062c6ec1b414a90df1667ad91d0c0: Neither blocks nor log segments found. Creating new log.
I20260608 12:55:01.800735 19459 tablet_bootstrap.cc:492] T 00000000000000000000000000000000 P 5eb062c6ec1b414a90df1667ad91d0c0: No bootstrap required, opened a new log
I20260608 12:55:01.803722 19459 raft_consensus.cc:359] T 00000000000000000000000000000000 P 5eb062c6ec1b414a90df1667ad91d0c0 [term 0 FOLLOWER]: Replica starting. Triggering 0 pending ops. Active config: opid_index: -1 OBSOLETE_local: true peers { permanent_uuid: "5eb062c6ec1b414a90df1667ad91d0c0" member_type: VOTER }
I20260608 12:55:01.804354 19459 raft_consensus.cc:385] T 00000000000000000000000000000000 P 5eb062c6ec1b414a90df1667ad91d0c0 [term 0 FOLLOWER]: Consensus starting up: Expiring failure detector timer to make a prompt election more likely
I20260608 12:55:01.804556 19459 raft_consensus.cc:740] T 00000000000000000000000000000000 P 5eb062c6ec1b414a90df1667ad91d0c0 [term 0 FOLLOWER]: Becoming Follower/Learner. State: Replica: 5eb062c6ec1b414a90df1667ad91d0c0, State: Initialized, Role: FOLLOWER
I20260608 12:55:01.805208 19459 consensus_queue.cc:260] T 00000000000000000000000000000000 P 5eb062c6ec1b414a90df1667ad91d0c0 [NON_LEADER]: Queue going to NON_LEADER mode. State: All replicated index: 0, Majority replicated index: 0, Committed index: 0, Last appended: 0.0, Last appended by leader: 0, Current term: 0, Majority size: -1, State: 0, Mode: NON_LEADER, active raft config: opid_index: -1 OBSOLETE_local: true peers { permanent_uuid: "5eb062c6ec1b414a90df1667ad91d0c0" member_type: VOTER }
I20260608 12:55:01.805706 19459 raft_consensus.cc:399] T 00000000000000000000000000000000 P 5eb062c6ec1b414a90df1667ad91d0c0 [term 0 FOLLOWER]: Only one voter in the Raft config. Triggering election immediately
I20260608 12:55:01.805948 19459 raft_consensus.cc:493] T 00000000000000000000000000000000 P 5eb062c6ec1b414a90df1667ad91d0c0 [term 0 FOLLOWER]: Starting leader election (initial election of a single-replica configuration)
I20260608 12:55:01.806200 19459 raft_consensus.cc:3060] T 00000000000000000000000000000000 P 5eb062c6ec1b414a90df1667ad91d0c0 [term 0 FOLLOWER]: Advancing to term 1
I20260608 12:55:01.811561 19459 raft_consensus.cc:515] T 00000000000000000000000000000000 P 5eb062c6ec1b414a90df1667ad91d0c0 [term 1 FOLLOWER]: Starting leader election with config: opid_index: -1 OBSOLETE_local: true peers { permanent_uuid: "5eb062c6ec1b414a90df1667ad91d0c0" member_type: VOTER }
I20260608 12:55:01.812166 19459 leader_election.cc:304] T 00000000000000000000000000000000 P 5eb062c6ec1b414a90df1667ad91d0c0 [CANDIDATE]: Term 1 election: Election decided. Result: candidate won. Election summary: received 1 responses out of 1 voters: 1 yes votes; 0 no votes. yes voters: 5eb062c6ec1b414a90df1667ad91d0c0; no voters: 
I20260608 12:55:01.813537 19459 leader_election.cc:290] T 00000000000000000000000000000000 P 5eb062c6ec1b414a90df1667ad91d0c0 [CANDIDATE]: Term 1 election: Requested vote from peers 
I20260608 12:55:01.814188 19463 raft_consensus.cc:2804] T 00000000000000000000000000000000 P 5eb062c6ec1b414a90df1667ad91d0c0 [term 1 FOLLOWER]: Leader election won for term 1
I20260608 12:55:01.815949 19463 raft_consensus.cc:697] T 00000000000000000000000000000000 P 5eb062c6ec1b414a90df1667ad91d0c0 [term 1 LEADER]: Becoming Leader. State: Replica: 5eb062c6ec1b414a90df1667ad91d0c0, State: Running, Role: LEADER
I20260608 12:55:01.816707 19463 consensus_queue.cc:237] T 00000000000000000000000000000000 P 5eb062c6ec1b414a90df1667ad91d0c0 [LEADER]: Queue going to LEADER mode. State: All replicated index: 0, Majority replicated index: 0, Committed index: 0, Last appended: 0.0, Last appended by leader: 0, Current term: 1, Majority size: 1, State: 0, Mode: LEADER, active raft config: opid_index: -1 OBSOLETE_local: true peers { permanent_uuid: "5eb062c6ec1b414a90df1667ad91d0c0" member_type: VOTER }
I20260608 12:55:01.817672 19459 sys_catalog.cc:565] T 00000000000000000000000000000000 P 5eb062c6ec1b414a90df1667ad91d0c0 [sys.catalog]: configured and running, proceeding with master startup.
I20260608 12:55:01.824898 19465 sys_catalog.cc:455] T 00000000000000000000000000000000 P 5eb062c6ec1b414a90df1667ad91d0c0 [sys.catalog]: SysCatalogTable state changed. Reason: New leader 5eb062c6ec1b414a90df1667ad91d0c0. Latest consensus state: current_term: 1 leader_uuid: "5eb062c6ec1b414a90df1667ad91d0c0" committed_config { opid_index: -1 OBSOLETE_local: true peers { permanent_uuid: "5eb062c6ec1b414a90df1667ad91d0c0" member_type: VOTER } }
I20260608 12:55:01.825474 19464 sys_catalog.cc:455] T 00000000000000000000000000000000 P 5eb062c6ec1b414a90df1667ad91d0c0 [sys.catalog]: SysCatalogTable state changed. Reason: RaftConsensus started. Latest consensus state: current_term: 1 leader_uuid: "5eb062c6ec1b414a90df1667ad91d0c0" committed_config { opid_index: -1 OBSOLETE_local: true peers { permanent_uuid: "5eb062c6ec1b414a90df1667ad91d0c0" member_type: VOTER } }
I20260608 12:55:01.826315 19464 sys_catalog.cc:458] T 00000000000000000000000000000000 P 5eb062c6ec1b414a90df1667ad91d0c0 [sys.catalog]: This master's current role is: LEADER
I20260608 12:55:01.826247 19465 sys_catalog.cc:458] T 00000000000000000000000000000000 P 5eb062c6ec1b414a90df1667ad91d0c0 [sys.catalog]: This master's current role is: LEADER
I20260608 12:55:01.828884 19470 catalog_manager.cc:1510] Loading table and tablet metadata into memory...
I20260608 12:55:01.834889 19470 catalog_manager.cc:1519] Initializing Kudu cluster ID...
I20260608 12:55:01.838861 16901 internal_mini_cluster.cc:184] Waiting to initialize catalog manager on master 0
I20260608 12:55:01.847226 19470 catalog_manager.cc:1382] Generated new cluster ID: bc4cee1eee6141b998cbe7a6c1c833d5
I20260608 12:55:01.847563 19470 catalog_manager.cc:1530] Initializing Kudu internal certificate authority...
I20260608 12:55:01.880992 19470 catalog_manager.cc:1405] Generated new certificate authority record
I20260608 12:55:01.882426 19470 catalog_manager.cc:1539] Loading token signing keys...
I20260608 12:55:01.895861 19470 catalog_manager.cc:6069] T 00000000000000000000000000000000 P 5eb062c6ec1b414a90df1667ad91d0c0: Generated new TSK 0
I20260608 12:55:01.896518 19470 catalog_manager.cc:1549] Initializing in-progress tserver states...
I20260608 12:55:01.911892 16901 file_cache.cc:492] Constructed file cache file cache with capacity 419430
W20260608 12:55:01.921094 19481 instance_detector.cc:116] could not retrieve AWS instance metadata: Network error: curl error: HTTP response code said error: The requested URL returned error: 404
W20260608 12:55:01.922644 19482 instance_detector.cc:116] could not retrieve Azure instance metadata: Network error: curl error: HTTP response code said error: The requested URL returned error: 404
W20260608 12:55:01.924391 19484 instance_detector.cc:116] could not retrieve OpenStack instance metadata: Network error: curl error: HTTP response code said error: The requested URL returned error: 404
I20260608 12:55:01.925390 16901 server_base.cc:1061] running on GCE node
I20260608 12:55:01.926554 16901 hybrid_clock.cc:584] initializing the hybrid clock with 'system_unsync' time source
W20260608 12:55:01.926805 16901 system_unsync_time.cc:38] NTP support is disabled. Clock error bounds will not be accurate. This configuration is not suitable for distributed clusters.
I20260608 12:55:01.926987 16901 hybrid_clock.cc:648] HybridClock initialized: now 1780923301926969 us; error 0 us; skew 500 ppm
I20260608 12:55:01.927738 16901 server_base.cc:861] Flag tcmalloc_max_total_thread_cache_bytes is not working since tcmalloc is not enabled.
I20260608 12:55:01.934300 16901 webserver.cc:533] Webserver started at http://127.16.129.65:33007/ using document root <none> and password file <none>
I20260608 12:55:01.934871 16901 fs_manager.cc:362] Metadata directory not provided
I20260608 12:55:01.935096 16901 fs_manager.cc:368] Using write-ahead log directory (fs_wal_dir) as metadata directory
I20260608 12:55:01.935433 16901 server_base.cc:909] This appears to be a new deployment of Kudu; creating new FS layout
I20260608 12:55:01.936812 16901 fs_manager.cc:1068] Generated new instance metadata in path /tmp/dist-test-taskSAKkFo/test-tmp/auto_rebalancer-test.0.AutoRebalancerTest.RangeAwareBuildClusterInfoGroupsByRange.1780923221165520-16901-0/minicluster-data/ts-0-root/instance:
uuid: "1fac50742cd840a284413824af2a927d"
format_stamp: "Formatted at 2026-06-08 12:55:01 on dist-test-slave-z4jm"
I20260608 12:55:01.942572 16901 fs_manager.cc:696] Time spent creating directory manager: real 0.005s	user 0.001s	sys 0.007s
I20260608 12:55:01.946753 19489 log_block_manager.cc:4031] Time spent loading block containers with low live blocks: real 0.000s	user 0.000s	sys 0.000s
I20260608 12:55:01.947865 16901 fs_manager.cc:730] Time spent opening block manager: real 0.003s	user 0.002s	sys 0.002s
I20260608 12:55:01.948158 16901 fs_manager.cc:647] Opened local filesystem: /tmp/dist-test-taskSAKkFo/test-tmp/auto_rebalancer-test.0.AutoRebalancerTest.RangeAwareBuildClusterInfoGroupsByRange.1780923221165520-16901-0/minicluster-data/ts-0-root
uuid: "1fac50742cd840a284413824af2a927d"
format_stamp: "Formatted at 2026-06-08 12:55:01 on dist-test-slave-z4jm"
I20260608 12:55:01.948457 16901 fs_report.cc:389] FS layout report
--------------------
wal directory: /tmp/dist-test-taskSAKkFo/test-tmp/auto_rebalancer-test.0.AutoRebalancerTest.RangeAwareBuildClusterInfoGroupsByRange.1780923221165520-16901-0/minicluster-data/ts-0-root
metadata directory: /tmp/dist-test-taskSAKkFo/test-tmp/auto_rebalancer-test.0.AutoRebalancerTest.RangeAwareBuildClusterInfoGroupsByRange.1780923221165520-16901-0/minicluster-data/ts-0-root
1 data directories: /tmp/dist-test-taskSAKkFo/test-tmp/auto_rebalancer-test.0.AutoRebalancerTest.RangeAwareBuildClusterInfoGroupsByRange.1780923221165520-16901-0/minicluster-data/ts-0-root/data
Total live blocks: 0
Total live bytes: 0
Total live bytes (after alignment): 0
Total number of LBM containers: 0 (0 full)
Did not check for missing blocks
Did not check for orphaned blocks
Total full LBM containers with extra space: 0 (0 repaired)
Total full LBM container extra space in bytes: 0 (0 repaired)
Total incomplete LBM containers: 0 (0 repaired)
Total LBM partial records: 0 (0 repaired)
Total corrupted LBM metadata records in RocksDB: 0 (0 repaired)
I20260608 12:55:01.973532 16901 rpc_server.cc:225] running with OpenSSL 1.1.1  11 Sep 2018
I20260608 12:55:01.975569 16901 kserver.cc:163] Server-wide thread pool size limit: 3276
I20260608 12:55:01.977602 16901 txn_system_client.cc:432] TxnSystemClient initialization is disabled...
I20260608 12:55:01.980943 16901 ts_tablet_manager.cc:585] Loaded tablet metadata (0 total tablets, 0 live tablets)
I20260608 12:55:01.981248 16901 ts_tablet_manager.cc:531] Time spent load tablet metadata: real 0.000s	user 0.000s	sys 0.000s
I20260608 12:55:01.981571 16901 ts_tablet_manager.cc:616] Registered 0 tablets
I20260608 12:55:01.981799 16901 ts_tablet_manager.cc:595] Time spent register tablets: real 0.000s	user 0.000s	sys 0.000s
I20260608 12:55:02.045588 16901 rpc_server.cc:307] RPC server started. Bound to: 127.16.129.65:45203
I20260608 12:55:02.045732 19551 acceptor_pool.cc:272] collecting diagnostics on the listening RPC socket 127.16.129.65:45203 every 8 connection(s)
I20260608 12:55:02.052276 16901 file_cache.cc:492] Constructed file cache file cache with capacity 419430
W20260608 12:55:02.061522 19556 instance_detector.cc:116] could not retrieve AWS instance metadata: Network error: curl error: HTTP response code said error: The requested URL returned error: 404
W20260608 12:55:02.064294 19557 instance_detector.cc:116] could not retrieve Azure instance metadata: Network error: curl error: HTTP response code said error: The requested URL returned error: 404
I20260608 12:55:02.065408 16901 server_base.cc:1061] running on GCE node
W20260608 12:55:02.065905 19559 instance_detector.cc:116] could not retrieve OpenStack instance metadata: Network error: curl error: HTTP response code said error: The requested URL returned error: 404
I20260608 12:55:02.067083 16901 hybrid_clock.cc:584] initializing the hybrid clock with 'system_unsync' time source
W20260608 12:55:02.067417 16901 system_unsync_time.cc:38] NTP support is disabled. Clock error bounds will not be accurate. This configuration is not suitable for distributed clusters.
I20260608 12:55:02.067615 16901 hybrid_clock.cc:648] HybridClock initialized: now 1780923302067600 us; error 0 us; skew 500 ppm
I20260608 12:55:02.068214 16901 server_base.cc:861] Flag tcmalloc_max_total_thread_cache_bytes is not working since tcmalloc is not enabled.
I20260608 12:55:02.068733 19552 heartbeater.cc:344] Connected to a master server at 127.16.129.126:43739
I20260608 12:55:02.069142 19552 heartbeater.cc:461] Registering TS with master...
I20260608 12:55:02.070266 19552 heartbeater.cc:507] Master 127.16.129.126:43739 requested a full tablet report, sending...
I20260608 12:55:02.071520 16901 webserver.cc:533] Webserver started at http://127.16.129.66:46851/ using document root <none> and password file <none>
I20260608 12:55:02.072163 16901 fs_manager.cc:362] Metadata directory not provided
I20260608 12:55:02.072435 16901 fs_manager.cc:368] Using write-ahead log directory (fs_wal_dir) as metadata directory
I20260608 12:55:02.072751 16901 server_base.cc:909] This appears to be a new deployment of Kudu; creating new FS layout
I20260608 12:55:02.073386 19424 ts_manager.cc:194] Registered new tserver with Master: 1fac50742cd840a284413824af2a927d (127.16.129.65:45203)
I20260608 12:55:02.074150 16901 fs_manager.cc:1068] Generated new instance metadata in path /tmp/dist-test-taskSAKkFo/test-tmp/auto_rebalancer-test.0.AutoRebalancerTest.RangeAwareBuildClusterInfoGroupsByRange.1780923221165520-16901-0/minicluster-data/ts-1-root/instance:
uuid: "5f25c2f5ebc24e959774552f34672c09"
format_stamp: "Formatted at 2026-06-08 12:55:02 on dist-test-slave-z4jm"
I20260608 12:55:02.076081 19424 master_service.cc:502] Signed X509 certificate for tserver {username='slave'} at 127.0.0.1:56546
I20260608 12:55:02.080771 16901 fs_manager.cc:696] Time spent creating directory manager: real 0.006s	user 0.001s	sys 0.005s
I20260608 12:55:02.084700 19564 log_block_manager.cc:4031] Time spent loading block containers with low live blocks: real 0.000s	user 0.000s	sys 0.000s
I20260608 12:55:02.085603 16901 fs_manager.cc:730] Time spent opening block manager: real 0.003s	user 0.002s	sys 0.000s
I20260608 12:55:02.085974 16901 fs_manager.cc:647] Opened local filesystem: /tmp/dist-test-taskSAKkFo/test-tmp/auto_rebalancer-test.0.AutoRebalancerTest.RangeAwareBuildClusterInfoGroupsByRange.1780923221165520-16901-0/minicluster-data/ts-1-root
uuid: "5f25c2f5ebc24e959774552f34672c09"
format_stamp: "Formatted at 2026-06-08 12:55:02 on dist-test-slave-z4jm"
I20260608 12:55:02.086266 16901 fs_report.cc:389] FS layout report
--------------------
wal directory: /tmp/dist-test-taskSAKkFo/test-tmp/auto_rebalancer-test.0.AutoRebalancerTest.RangeAwareBuildClusterInfoGroupsByRange.1780923221165520-16901-0/minicluster-data/ts-1-root
metadata directory: /tmp/dist-test-taskSAKkFo/test-tmp/auto_rebalancer-test.0.AutoRebalancerTest.RangeAwareBuildClusterInfoGroupsByRange.1780923221165520-16901-0/minicluster-data/ts-1-root
1 data directories: /tmp/dist-test-taskSAKkFo/test-tmp/auto_rebalancer-test.0.AutoRebalancerTest.RangeAwareBuildClusterInfoGroupsByRange.1780923221165520-16901-0/minicluster-data/ts-1-root/data
Total live blocks: 0
Total live bytes: 0
Total live bytes (after alignment): 0
Total number of LBM containers: 0 (0 full)
Did not check for missing blocks
Did not check for orphaned blocks
Total full LBM containers with extra space: 0 (0 repaired)
Total full LBM container extra space in bytes: 0 (0 repaired)
Total incomplete LBM containers: 0 (0 repaired)
Total LBM partial records: 0 (0 repaired)
Total corrupted LBM metadata records in RocksDB: 0 (0 repaired)
I20260608 12:55:02.101972 16901 rpc_server.cc:225] running with OpenSSL 1.1.1  11 Sep 2018
I20260608 12:55:02.103200 16901 kserver.cc:163] Server-wide thread pool size limit: 3276
I20260608 12:55:02.104799 16901 txn_system_client.cc:432] TxnSystemClient initialization is disabled...
I20260608 12:55:02.107342 16901 ts_tablet_manager.cc:585] Loaded tablet metadata (0 total tablets, 0 live tablets)
I20260608 12:55:02.107584 16901 ts_tablet_manager.cc:531] Time spent load tablet metadata: real 0.000s	user 0.000s	sys 0.000s
I20260608 12:55:02.107838 16901 ts_tablet_manager.cc:616] Registered 0 tablets
I20260608 12:55:02.108014 16901 ts_tablet_manager.cc:595] Time spent register tablets: real 0.000s	user 0.000s	sys 0.000s
I20260608 12:55:02.155714 16901 rpc_server.cc:307] RPC server started. Bound to: 127.16.129.66:40205
I20260608 12:55:02.156008 19626 acceptor_pool.cc:272] collecting diagnostics on the listening RPC socket 127.16.129.66:40205 every 8 connection(s)
I20260608 12:55:02.160985 16901 file_cache.cc:492] Constructed file cache file cache with capacity 419430
W20260608 12:55:02.169634 19630 instance_detector.cc:116] could not retrieve AWS instance metadata: Network error: curl error: HTTP response code said error: The requested URL returned error: 404
W20260608 12:55:02.170251 19631 instance_detector.cc:116] could not retrieve Azure instance metadata: Network error: curl error: HTTP response code said error: The requested URL returned error: 404
W20260608 12:55:02.172865 19633 instance_detector.cc:116] could not retrieve OpenStack instance metadata: Network error: curl error: HTTP response code said error: The requested URL returned error: 404
I20260608 12:55:02.174952 16901 server_base.cc:1061] running on GCE node
I20260608 12:55:02.175877 19627 heartbeater.cc:344] Connected to a master server at 127.16.129.126:43739
I20260608 12:55:02.176278 16901 hybrid_clock.cc:584] initializing the hybrid clock with 'system_unsync' time source
I20260608 12:55:02.176384 19627 heartbeater.cc:461] Registering TS with master...
W20260608 12:55:02.176608 16901 system_unsync_time.cc:38] NTP support is disabled. Clock error bounds will not be accurate. This configuration is not suitable for distributed clusters.
I20260608 12:55:02.176853 16901 hybrid_clock.cc:648] HybridClock initialized: now 1780923302176828 us; error 0 us; skew 500 ppm
I20260608 12:55:02.177493 19627 heartbeater.cc:507] Master 127.16.129.126:43739 requested a full tablet report, sending...
I20260608 12:55:02.177887 16901 server_base.cc:861] Flag tcmalloc_max_total_thread_cache_bytes is not working since tcmalloc is not enabled.
I20260608 12:55:02.180159 19424 ts_manager.cc:194] Registered new tserver with Master: 5f25c2f5ebc24e959774552f34672c09 (127.16.129.66:40205)
I20260608 12:55:02.181012 16901 webserver.cc:533] Webserver started at http://127.16.129.67:46119/ using document root <none> and password file <none>
I20260608 12:55:02.181605 16901 fs_manager.cc:362] Metadata directory not provided
I20260608 12:55:02.181820 16901 fs_manager.cc:368] Using write-ahead log directory (fs_wal_dir) as metadata directory
I20260608 12:55:02.182174 16901 server_base.cc:909] This appears to be a new deployment of Kudu; creating new FS layout
I20260608 12:55:02.182022 19424 master_service.cc:502] Signed X509 certificate for tserver {username='slave'} at 127.0.0.1:56552
I20260608 12:55:02.183465 16901 fs_manager.cc:1068] Generated new instance metadata in path /tmp/dist-test-taskSAKkFo/test-tmp/auto_rebalancer-test.0.AutoRebalancerTest.RangeAwareBuildClusterInfoGroupsByRange.1780923221165520-16901-0/minicluster-data/ts-2-root/instance:
uuid: "e67882cac0b54b55bfa2fb958714e97e"
format_stamp: "Formatted at 2026-06-08 12:55:02 on dist-test-slave-z4jm"
I20260608 12:55:02.189035 16901 fs_manager.cc:696] Time spent creating directory manager: real 0.005s	user 0.006s	sys 0.000s
I20260608 12:55:02.193029 19638 log_block_manager.cc:4031] Time spent loading block containers with low live blocks: real 0.000s	user 0.000s	sys 0.000s
I20260608 12:55:02.194197 16901 fs_manager.cc:730] Time spent opening block manager: real 0.003s	user 0.003s	sys 0.000s
I20260608 12:55:02.194499 16901 fs_manager.cc:647] Opened local filesystem: /tmp/dist-test-taskSAKkFo/test-tmp/auto_rebalancer-test.0.AutoRebalancerTest.RangeAwareBuildClusterInfoGroupsByRange.1780923221165520-16901-0/minicluster-data/ts-2-root
uuid: "e67882cac0b54b55bfa2fb958714e97e"
format_stamp: "Formatted at 2026-06-08 12:55:02 on dist-test-slave-z4jm"
I20260608 12:55:02.194770 16901 fs_report.cc:389] FS layout report
--------------------
wal directory: /tmp/dist-test-taskSAKkFo/test-tmp/auto_rebalancer-test.0.AutoRebalancerTest.RangeAwareBuildClusterInfoGroupsByRange.1780923221165520-16901-0/minicluster-data/ts-2-root
metadata directory: /tmp/dist-test-taskSAKkFo/test-tmp/auto_rebalancer-test.0.AutoRebalancerTest.RangeAwareBuildClusterInfoGroupsByRange.1780923221165520-16901-0/minicluster-data/ts-2-root
1 data directories: /tmp/dist-test-taskSAKkFo/test-tmp/auto_rebalancer-test.0.AutoRebalancerTest.RangeAwareBuildClusterInfoGroupsByRange.1780923221165520-16901-0/minicluster-data/ts-2-root/data
Total live blocks: 0
Total live bytes: 0
Total live bytes (after alignment): 0
Total number of LBM containers: 0 (0 full)
Did not check for missing blocks
Did not check for orphaned blocks
Total full LBM containers with extra space: 0 (0 repaired)
Total full LBM container extra space in bytes: 0 (0 repaired)
Total incomplete LBM containers: 0 (0 repaired)
Total LBM partial records: 0 (0 repaired)
Total corrupted LBM metadata records in RocksDB: 0 (0 repaired)
I20260608 12:55:02.220021 16901 rpc_server.cc:225] running with OpenSSL 1.1.1  11 Sep 2018
I20260608 12:55:02.221549 16901 kserver.cc:163] Server-wide thread pool size limit: 3276
I20260608 12:55:02.223403 16901 txn_system_client.cc:432] TxnSystemClient initialization is disabled...
I20260608 12:55:02.226341 16901 ts_tablet_manager.cc:585] Loaded tablet metadata (0 total tablets, 0 live tablets)
I20260608 12:55:02.226588 16901 ts_tablet_manager.cc:531] Time spent load tablet metadata: real 0.000s	user 0.000s	sys 0.000s
I20260608 12:55:02.226902 16901 ts_tablet_manager.cc:616] Registered 0 tablets
I20260608 12:55:02.227073 16901 ts_tablet_manager.cc:595] Time spent register tablets: real 0.000s	user 0.000s	sys 0.000s
I20260608 12:55:02.276592 16901 rpc_server.cc:307] RPC server started. Bound to: 127.16.129.67:45141
I20260608 12:55:02.276715 19700 acceptor_pool.cc:272] collecting diagnostics on the listening RPC socket 127.16.129.67:45141 every 8 connection(s)
I20260608 12:55:02.295913 19701 heartbeater.cc:344] Connected to a master server at 127.16.129.126:43739
I20260608 12:55:02.296458 19701 heartbeater.cc:461] Registering TS with master...
I20260608 12:55:02.297526 19701 heartbeater.cc:507] Master 127.16.129.126:43739 requested a full tablet report, sending...
