I20260608 12:55:02.478407 20019 catalog_manager.cc:5209] ChangeConfig:REMOVE_PEER RPC for tablet 3efd22c53a0e4582bf02e41d30bc24e0 with cas_config_opid_index 3: ChangeConfig:REMOVE_PEER succeeded (attempt 1)
I20260608 12:55:02.480556 20554 consensus_queue.cc:1048] T 81dc00be9454434cbfad05046aceb9dc P 1410ca0a495548928c0495a7e6a68ab8 [LEADER]: Connected to new peer: Peer: permanent_uuid: "e1f055231b9940279daf222797111795" member_type: VOTER last_known_addr { host: "127.16.189.68" port: 38307 } attrs { promote: false }, Status: LMP_MISMATCH, Last received: 0.0, Next index: 3, Last known committed idx: 2, Time since last communication: 0.000s
I20260608 12:55:02.488703 20283 raft_consensus.cc:1275] T 81dc00be9454434cbfad05046aceb9dc P 21a19867d2da483cbab76e14e589c291 [term 1 FOLLOWER]: Refusing update from remote peer 1410ca0a495548928c0495a7e6a68ab8: Log matching property violated. Preceding OpId in replica: term: 1 index: 2. Preceding OpId from leader: term: 1 index: 3. (index mismatch)
I20260608 12:55:02.491376 20336 consensus_queue.cc:1048] T 81dc00be9454434cbfad05046aceb9dc P 1410ca0a495548928c0495a7e6a68ab8 [LEADER]: Connected to new peer: Peer: permanent_uuid: "21a19867d2da483cbab76e14e589c291" member_type: VOTER last_known_addr { host: "127.16.189.67" port: 44937 } attrs { replace: true }, Status: LMP_MISMATCH, Last received: 0.0, Next index: 3, Last known committed idx: 2, Time since last communication: 0.000s
I20260608 12:55:02.491617 20120 tablet_service.cc:1558] Processing DeleteTablet for tablet 3efd22c53a0e4582bf02e41d30bc24e0 with delete_type TABLET_DATA_TOMBSTONED (TS 1410ca0a495548928c0495a7e6a68ab8 not found in new config with opid_index 4) from {username='slave'} at 127.0.0.1:52580
I20260608 12:55:02.502580 20208 raft_consensus.cc:1275] T 81dc00be9454434cbfad05046aceb9dc P 541bff3b5e3148ff96c598113c90eeb7 [term 1 FOLLOWER]: Refusing update from remote peer 1410ca0a495548928c0495a7e6a68ab8: Log matching property violated. Preceding OpId in replica: term: 1 index: 2. Preceding OpId from leader: term: 1 index: 3. (index mismatch)
I20260608 12:55:02.504560 20336 consensus_queue.cc:1048] T 81dc00be9454434cbfad05046aceb9dc P 1410ca0a495548928c0495a7e6a68ab8 [LEADER]: Connected to new peer: Peer: permanent_uuid: "541bff3b5e3148ff96c598113c90eeb7" member_type: VOTER last_known_addr { host: "127.16.189.66" port: 42883 }, Status: LMP_MISMATCH, Last received: 0.0, Next index: 3, Last known committed idx: 2, Time since last communication: 0.000s
I20260608 12:55:02.516501 20336 raft_consensus.cc:2955] T 81dc00be9454434cbfad05046aceb9dc P 1410ca0a495548928c0495a7e6a68ab8 [term 1 LEADER]: Committing config change with OpId 1.3: config changed from index 2 to 3, e1f055231b9940279daf222797111795 (127.16.189.68) changed from NON_VOTER to VOTER. New config: { opid_index: 3 OBSOLETE_local: false peers { permanent_uuid: "1410ca0a495548928c0495a7e6a68ab8" member_type: VOTER last_known_addr { host: "127.16.189.65" port: 43655 } } peers { permanent_uuid: "541bff3b5e3148ff96c598113c90eeb7" member_type: VOTER last_known_addr { host: "127.16.189.66" port: 42883 } } peers { permanent_uuid: "21a19867d2da483cbab76e14e589c291" member_type: VOTER last_known_addr { host: "127.16.189.67" port: 44937 } attrs { replace: true } } peers { permanent_uuid: "e1f055231b9940279daf222797111795" member_type: VOTER last_known_addr { host: "127.16.189.68" port: 38307 } attrs { promote: false } } }
I20260608 12:55:02.522042 20615 tablet_replica.cc:333] T 3efd22c53a0e4582bf02e41d30bc24e0 P 1410ca0a495548928c0495a7e6a68ab8: stopping tablet replica
I20260608 12:55:02.522457 20208 raft_consensus.cc:2955] T 81dc00be9454434cbfad05046aceb9dc P 541bff3b5e3148ff96c598113c90eeb7 [term 1 FOLLOWER]: Committing config change with OpId 1.3: config changed from index 2 to 3, e1f055231b9940279daf222797111795 (127.16.189.68) changed from NON_VOTER to VOTER. New config: { opid_index: 3 OBSOLETE_local: false peers { permanent_uuid: "1410ca0a495548928c0495a7e6a68ab8" member_type: VOTER last_known_addr { host: "127.16.189.65" port: 43655 } } peers { permanent_uuid: "541bff3b5e3148ff96c598113c90eeb7" member_type: VOTER last_known_addr { host: "127.16.189.66" port: 42883 } } peers { permanent_uuid: "21a19867d2da483cbab76e14e589c291" member_type: VOTER last_known_addr { host: "127.16.189.67" port: 44937 } attrs { replace: true } } peers { permanent_uuid: "e1f055231b9940279daf222797111795" member_type: VOTER last_known_addr { host: "127.16.189.68" port: 38307 } attrs { promote: false } } }
I20260608 12:55:02.528324 20615 raft_consensus.cc:2243] T 3efd22c53a0e4582bf02e41d30bc24e0 P 1410ca0a495548928c0495a7e6a68ab8 [term 1 FOLLOWER]: Raft consensus shutting down.
I20260608 12:55:02.529286 20615 raft_consensus.cc:2272] T 3efd22c53a0e4582bf02e41d30bc24e0 P 1410ca0a495548928c0495a7e6a68ab8 [term 1 FOLLOWER]: Raft consensus is shut down!
I20260608 12:55:02.528512 20282 raft_consensus.cc:2955] T 81dc00be9454434cbfad05046aceb9dc P 21a19867d2da483cbab76e14e589c291 [term 1 FOLLOWER]: Committing config change with OpId 1.3: config changed from index 2 to 3, e1f055231b9940279daf222797111795 (127.16.189.68) changed from NON_VOTER to VOTER. New config: { opid_index: 3 OBSOLETE_local: false peers { permanent_uuid: "1410ca0a495548928c0495a7e6a68ab8" member_type: VOTER last_known_addr { host: "127.16.189.65" port: 43655 } } peers { permanent_uuid: "541bff3b5e3148ff96c598113c90eeb7" member_type: VOTER last_known_addr { host: "127.16.189.66" port: 42883 } } peers { permanent_uuid: "21a19867d2da483cbab76e14e589c291" member_type: VOTER last_known_addr { host: "127.16.189.67" port: 44937 } attrs { replace: true } } peers { permanent_uuid: "e1f055231b9940279daf222797111795" member_type: VOTER last_known_addr { host: "127.16.189.68" port: 38307 } attrs { promote: false } } }
I20260608 12:55:02.535028 20442 raft_consensus.cc:2955] T 81dc00be9454434cbfad05046aceb9dc P e1f055231b9940279daf222797111795 [term 1 FOLLOWER]: Committing config change with OpId 1.3: config changed from index 2 to 3, e1f055231b9940279daf222797111795 (127.16.189.68) changed from NON_VOTER to VOTER. New config: { opid_index: 3 OBSOLETE_local: false peers { permanent_uuid: "1410ca0a495548928c0495a7e6a68ab8" member_type: VOTER last_known_addr { host: "127.16.189.65" port: 43655 } } peers { permanent_uuid: "541bff3b5e3148ff96c598113c90eeb7" member_type: VOTER last_known_addr { host: "127.16.189.66" port: 42883 } } peers { permanent_uuid: "21a19867d2da483cbab76e14e589c291" member_type: VOTER last_known_addr { host: "127.16.189.67" port: 44937 } attrs { replace: true } } peers { permanent_uuid: "e1f055231b9940279daf222797111795" member_type: VOTER last_known_addr { host: "127.16.189.68" port: 38307 } attrs { promote: false } } }
I20260608 12:55:02.538046 20032 catalog_manager.cc:5696] T 81dc00be9454434cbfad05046aceb9dc P 541bff3b5e3148ff96c598113c90eeb7 reported cstate change: config changed from index 2 to 3, e1f055231b9940279daf222797111795 (127.16.189.68) changed from NON_VOTER to VOTER. New cstate: current_term: 1 leader_uuid: "1410ca0a495548928c0495a7e6a68ab8" committed_config { opid_index: 3 OBSOLETE_local: false peers { permanent_uuid: "1410ca0a495548928c0495a7e6a68ab8" member_type: VOTER last_known_addr { host: "127.16.189.65" port: 43655 } } peers { permanent_uuid: "541bff3b5e3148ff96c598113c90eeb7" member_type: VOTER last_known_addr { host: "127.16.189.66" port: 42883 } } peers { permanent_uuid: "21a19867d2da483cbab76e14e589c291" member_type: VOTER last_known_addr { host: "127.16.189.67" port: 44937 } attrs { replace: true } } peers { permanent_uuid: "e1f055231b9940279daf222797111795" member_type: VOTER last_known_addr { host: "127.16.189.68" port: 38307 } attrs { promote: false } } }
I20260608 12:55:02.540161 20615 ts_tablet_manager.cc:1916] T 3efd22c53a0e4582bf02e41d30bc24e0 P 1410ca0a495548928c0495a7e6a68ab8: Deleting tablet data with delete state TABLET_DATA_TOMBSTONED
I20260608 12:55:02.556943 20615 ts_tablet_manager.cc:1929] T 3efd22c53a0e4582bf02e41d30bc24e0 P 1410ca0a495548928c0495a7e6a68ab8: tablet deleted with delete type TABLET_DATA_TOMBSTONED: last-logged OpId 1.3
I20260608 12:55:02.557461 20615 log.cc:1199] T 3efd22c53a0e4582bf02e41d30bc24e0 P 1410ca0a495548928c0495a7e6a68ab8: Deleting WAL directory at /tmp/dist-test-task8FRcrW/test-tmp/auto_rebalancer-test.0.AutoRebalancerTest.RangeAwareRebalancesNewRangeReplicas.1780923215447540-17141-0/minicluster-data/ts-0-root/wals/3efd22c53a0e4582bf02e41d30bc24e0
I20260608 12:55:02.559499 20019 catalog_manager.cc:5027] TS 1410ca0a495548928c0495a7e6a68ab8 (127.16.189.65:43655): tablet 3efd22c53a0e4582bf02e41d30bc24e0 (table range_aware_rebalance_new_range [id=e79bdb0a2eb34f9ebbe17042445d570e]) successfully deleted
I20260608 12:55:02.566725 20130 consensus_queue.cc:237] T 81dc00be9454434cbfad05046aceb9dc P 1410ca0a495548928c0495a7e6a68ab8 [LEADER]: Queue going to LEADER mode. State: All replicated index: 0, Majority replicated index: 3, Committed index: 3, Last appended: 1.3, Last appended by leader: 0, Current term: 1, Majority size: 2, State: 0, Mode: LEADER, active raft config: opid_index: 4 OBSOLETE_local: false peers { permanent_uuid: "1410ca0a495548928c0495a7e6a68ab8" member_type: VOTER last_known_addr { host: "127.16.189.65" port: 43655 } } peers { permanent_uuid: "541bff3b5e3148ff96c598113c90eeb7" member_type: VOTER last_known_addr { host: "127.16.189.66" port: 42883 } } peers { permanent_uuid: "e1f055231b9940279daf222797111795" member_type: VOTER last_known_addr { host: "127.16.189.68" port: 38307 } attrs { promote: false } }
I20260608 12:55:02.572878 20208 raft_consensus.cc:1275] T 81dc00be9454434cbfad05046aceb9dc P 541bff3b5e3148ff96c598113c90eeb7 [term 1 FOLLOWER]: Refusing update from remote peer 1410ca0a495548928c0495a7e6a68ab8: Log matching property violated. Preceding OpId in replica: term: 1 index: 3. Preceding OpId from leader: term: 1 index: 4. (index mismatch)
I20260608 12:55:02.573726 20442 raft_consensus.cc:1275] T 81dc00be9454434cbfad05046aceb9dc P e1f055231b9940279daf222797111795 [term 1 FOLLOWER]: Refusing update from remote peer 1410ca0a495548928c0495a7e6a68ab8: Log matching property violated. Preceding OpId in replica: term: 1 index: 3. Preceding OpId from leader: term: 1 index: 4. (index mismatch)
I20260608 12:55:02.574400 20351 consensus_queue.cc:1048] T 81dc00be9454434cbfad05046aceb9dc P 1410ca0a495548928c0495a7e6a68ab8 [LEADER]: Connected to new peer: Peer: permanent_uuid: "541bff3b5e3148ff96c598113c90eeb7" member_type: VOTER last_known_addr { host: "127.16.189.66" port: 42883 }, Status: LMP_MISMATCH, Last received: 0.0, Next index: 4, Last known committed idx: 3, Time since last communication: 0.000s
I20260608 12:55:02.575312 20614 consensus_queue.cc:1048] T 81dc00be9454434cbfad05046aceb9dc P 1410ca0a495548928c0495a7e6a68ab8 [LEADER]: Connected to new peer: Peer: permanent_uuid: "e1f055231b9940279daf222797111795" member_type: VOTER last_known_addr { host: "127.16.189.68" port: 38307 } attrs { promote: false }, Status: LMP_MISMATCH, Last received: 0.0, Next index: 4, Last known committed idx: 3, Time since last communication: 0.000s
I20260608 12:55:02.582504 20554 raft_consensus.cc:2955] T 81dc00be9454434cbfad05046aceb9dc P 1410ca0a495548928c0495a7e6a68ab8 [term 1 LEADER]: Committing config change with OpId 1.4: config changed from index 3 to 4, VOTER 21a19867d2da483cbab76e14e589c291 (127.16.189.67) evicted. New config: { opid_index: 4 OBSOLETE_local: false peers { permanent_uuid: "1410ca0a495548928c0495a7e6a68ab8" member_type: VOTER last_known_addr { host: "127.16.189.65" port: 43655 } } peers { permanent_uuid: "541bff3b5e3148ff96c598113c90eeb7" member_type: VOTER last_known_addr { host: "127.16.189.66" port: 42883 } } peers { permanent_uuid: "e1f055231b9940279daf222797111795" member_type: VOTER last_known_addr { host: "127.16.189.68" port: 38307 } attrs { promote: false } } }
I20260608 12:55:02.584595 20208 raft_consensus.cc:2955] T 81dc00be9454434cbfad05046aceb9dc P 541bff3b5e3148ff96c598113c90eeb7 [term 1 FOLLOWER]: Committing config change with OpId 1.4: config changed from index 3 to 4, VOTER 21a19867d2da483cbab76e14e589c291 (127.16.189.67) evicted. New config: { opid_index: 4 OBSOLETE_local: false peers { permanent_uuid: "1410ca0a495548928c0495a7e6a68ab8" member_type: VOTER last_known_addr { host: "127.16.189.65" port: 43655 } } peers { permanent_uuid: "541bff3b5e3148ff96c598113c90eeb7" member_type: VOTER last_known_addr { host: "127.16.189.66" port: 42883 } } peers { permanent_uuid: "e1f055231b9940279daf222797111795" member_type: VOTER last_known_addr { host: "127.16.189.68" port: 38307 } attrs { promote: false } } }
I20260608 12:55:02.591034 20442 raft_consensus.cc:2955] T 81dc00be9454434cbfad05046aceb9dc P e1f055231b9940279daf222797111795 [term 1 FOLLOWER]: Committing config change with OpId 1.4: config changed from index 3 to 4, VOTER 21a19867d2da483cbab76e14e589c291 (127.16.189.67) evicted. New config: { opid_index: 4 OBSOLETE_local: false peers { permanent_uuid: "1410ca0a495548928c0495a7e6a68ab8" member_type: VOTER last_known_addr { host: "127.16.189.65" port: 43655 } } peers { permanent_uuid: "541bff3b5e3148ff96c598113c90eeb7" member_type: VOTER last_known_addr { host: "127.16.189.66" port: 42883 } } peers { permanent_uuid: "e1f055231b9940279daf222797111795" member_type: VOTER last_known_addr { host: "127.16.189.68" port: 38307 } attrs { promote: false } } }
I20260608 12:55:02.592483 20019 catalog_manager.cc:5209] ChangeConfig:REMOVE_PEER RPC for tablet 81dc00be9454434cbfad05046aceb9dc with cas_config_opid_index 3: ChangeConfig:REMOVE_PEER succeeded (attempt 1)
I20260608 12:55:02.596318 20033 catalog_manager.cc:5696] T 81dc00be9454434cbfad05046aceb9dc P 1410ca0a495548928c0495a7e6a68ab8 reported cstate change: config changed from index 3 to 4, VOTER 21a19867d2da483cbab76e14e589c291 (127.16.189.67) evicted. New cstate: current_term: 1 leader_uuid: "1410ca0a495548928c0495a7e6a68ab8" committed_config { opid_index: 4 OBSOLETE_local: false peers { permanent_uuid: "1410ca0a495548928c0495a7e6a68ab8" member_type: VOTER last_known_addr { host: "127.16.189.65" port: 43655 } health_report { overall_health: HEALTHY } } peers { permanent_uuid: "541bff3b5e3148ff96c598113c90eeb7" member_type: VOTER last_known_addr { host: "127.16.189.66" port: 42883 } health_report { overall_health: HEALTHY } } peers { permanent_uuid: "e1f055231b9940279daf222797111795" member_type: VOTER last_known_addr { host: "127.16.189.68" port: 38307 } attrs { promote: false } health_report { overall_health: HEALTHY } } }
I20260608 12:55:02.612977 20274 tablet_service.cc:1558] Processing DeleteTablet for tablet 81dc00be9454434cbfad05046aceb9dc with delete_type TABLET_DATA_TOMBSTONED (TS 21a19867d2da483cbab76e14e589c291 not found in new config with opid_index 4) from {username='slave'} at 127.0.0.1:52854
I20260608 12:55:02.615321 20619 tablet_replica.cc:333] T 81dc00be9454434cbfad05046aceb9dc P 21a19867d2da483cbab76e14e589c291: stopping tablet replica
I20260608 12:55:02.616360 20619 raft_consensus.cc:2243] T 81dc00be9454434cbfad05046aceb9dc P 21a19867d2da483cbab76e14e589c291 [term 1 FOLLOWER]: Raft consensus shutting down.
I20260608 12:55:02.617241 20619 raft_consensus.cc:2272] T 81dc00be9454434cbfad05046aceb9dc P 21a19867d2da483cbab76e14e589c291 [term 1 FOLLOWER]: Raft consensus is shut down!
I20260608 12:55:02.619959 20619 ts_tablet_manager.cc:1916] T 81dc00be9454434cbfad05046aceb9dc P 21a19867d2da483cbab76e14e589c291: Deleting tablet data with delete state TABLET_DATA_TOMBSTONED
I20260608 12:55:02.630983 20619 ts_tablet_manager.cc:1929] T 81dc00be9454434cbfad05046aceb9dc P 21a19867d2da483cbab76e14e589c291: tablet deleted with delete type TABLET_DATA_TOMBSTONED: last-logged OpId 1.3
I20260608 12:55:02.631384 20619 log.cc:1199] T 81dc00be9454434cbfad05046aceb9dc P 21a19867d2da483cbab76e14e589c291: Deleting WAL directory at /tmp/dist-test-task8FRcrW/test-tmp/auto_rebalancer-test.0.AutoRebalancerTest.RangeAwareRebalancesNewRangeReplicas.1780923215447540-17141-0/minicluster-data/ts-2-root/wals/81dc00be9454434cbfad05046aceb9dc
I20260608 12:55:02.632936 20019 catalog_manager.cc:5027] TS 21a19867d2da483cbab76e14e589c291 (127.16.189.67:44937): tablet 81dc00be9454434cbfad05046aceb9dc (table range_aware_rebalance_new_range [id=e79bdb0a2eb34f9ebbe17042445d570e]) successfully deleted
I20260608 12:55:02.797192 20366 raft_consensus.cc:1064] T 5dec6ee564c6428c9abe9ce3c879ac7f P 21a19867d2da483cbab76e14e589c291: attempting to promote NON_VOTER e1f055231b9940279daf222797111795 to VOTER
I20260608 12:55:02.803088 20366 consensus_queue.cc:237] T 5dec6ee564c6428c9abe9ce3c879ac7f P 21a19867d2da483cbab76e14e589c291 [LEADER]: Queue going to LEADER mode. State: All replicated index: 0, Majority replicated index: 2, Committed index: 2, Last appended: 1.2, Last appended by leader: 0, Current term: 1, Majority size: 3, State: 0, Mode: LEADER, active raft config: opid_index: 3 OBSOLETE_local: false peers { permanent_uuid: "1410ca0a495548928c0495a7e6a68ab8" member_type: VOTER last_known_addr { host: "127.16.189.65" port: 43655 } attrs { replace: true } } peers { permanent_uuid: "541bff3b5e3148ff96c598113c90eeb7" member_type: VOTER last_known_addr { host: "127.16.189.66" port: 42883 } } peers { permanent_uuid: "21a19867d2da483cbab76e14e589c291" member_type: VOTER last_known_addr { host: "127.16.189.67" port: 44937 } } peers { permanent_uuid: "e1f055231b9940279daf222797111795" member_type: VOTER last_known_addr { host: "127.16.189.68" port: 38307 } attrs { promote: false } }
I20260608 12:55:02.981139 20130 raft_consensus.cc:1275] T 52407b22f40e4590803580c05f9e6c52 P 1410ca0a495548928c0495a7e6a68ab8 [term 2 FOLLOWER]: Refusing update from remote peer 21a19867d2da483cbab76e14e589c291: Log matching property violated. Preceding OpId in replica: term: 1 index: 1. Preceding OpId from leader: term: 2 index: 2. (index mismatch)
I20260608 12:55:02.984004 20585 consensus_queue.cc:1048] T 52407b22f40e4590803580c05f9e6c52 P 21a19867d2da483cbab76e14e589c291 [LEADER]: Connected to new peer: Peer: permanent_uuid: "1410ca0a495548928c0495a7e6a68ab8" member_type: VOTER last_known_addr { host: "127.16.189.65" port: 43655 }, Status: LMP_MISMATCH, Last received: 0.0, Next index: 2, Last known committed idx: 1, Time since last communication: 0.000s
I20260608 12:55:03.011703 20442 raft_consensus.cc:1275] T 5dec6ee564c6428c9abe9ce3c879ac7f P e1f055231b9940279daf222797111795 [term 1 LEARNER]: Refusing update from remote peer 21a19867d2da483cbab76e14e589c291: Log matching property violated. Preceding OpId in replica: term: 1 index: 2. Preceding OpId from leader: term: 1 index: 3. (index mismatch)
I20260608 12:55:03.013146 20132 raft_consensus.cc:1275] T 5dec6ee564c6428c9abe9ce3c879ac7f P 1410ca0a495548928c0495a7e6a68ab8 [term 1 FOLLOWER]: Refusing update from remote peer 21a19867d2da483cbab76e14e589c291: Log matching property violated. Preceding OpId in replica: term: 1 index: 2. Preceding OpId from leader: term: 1 index: 3. (index mismatch)
I20260608 12:55:03.013700 20441 raft_consensus.cc:1275] T 52407b22f40e4590803580c05f9e6c52 P e1f055231b9940279daf222797111795 [term 2 FOLLOWER]: Refusing update from remote peer 21a19867d2da483cbab76e14e589c291: Log matching property violated. Preceding OpId in replica: term: 1 index: 1. Preceding OpId from leader: term: 2 index: 2. (index mismatch)
I20260608 12:55:03.017104 20585 consensus_queue.cc:1048] T 5dec6ee564c6428c9abe9ce3c879ac7f P 21a19867d2da483cbab76e14e589c291 [LEADER]: Connected to new peer: Peer: permanent_uuid: "e1f055231b9940279daf222797111795" member_type: VOTER last_known_addr { host: "127.16.189.68" port: 38307 } attrs { promote: false }, Status: LMP_MISMATCH, Last received: 0.0, Next index: 3, Last known committed idx: 2, Time since last communication: 0.000s
I20260608 12:55:03.017503 20605 consensus_queue.cc:1048] T 52407b22f40e4590803580c05f9e6c52 P 21a19867d2da483cbab76e14e589c291 [LEADER]: Connected to new peer: Peer: permanent_uuid: "e1f055231b9940279daf222797111795" member_type: VOTER last_known_addr { host: "127.16.189.68" port: 38307 }, Status: LMP_MISMATCH, Last received: 0.0, Next index: 2, Last known committed idx: 1, Time since last communication: 0.000s
I20260608 12:55:03.023029 20585 consensus_queue.cc:1048] T 5dec6ee564c6428c9abe9ce3c879ac7f P 21a19867d2da483cbab76e14e589c291 [LEADER]: Connected to new peer: Peer: permanent_uuid: "1410ca0a495548928c0495a7e6a68ab8" member_type: VOTER last_known_addr { host: "127.16.189.65" port: 43655 } attrs { replace: true }, Status: LMP_MISMATCH, Last received: 0.0, Next index: 3, Last known committed idx: 2, Time since last communication: 0.000s
I20260608 12:55:03.027000 20208 raft_consensus.cc:1275] T 5dec6ee564c6428c9abe9ce3c879ac7f P 541bff3b5e3148ff96c598113c90eeb7 [term 1 FOLLOWER]: Refusing update from remote peer 21a19867d2da483cbab76e14e589c291: Log matching property violated. Preceding OpId in replica: term: 1 index: 2. Preceding OpId from leader: term: 1 index: 3. (index mismatch)
I20260608 12:55:03.037060 20366 consensus_queue.cc:1048] T 5dec6ee564c6428c9abe9ce3c879ac7f P 21a19867d2da483cbab76e14e589c291 [LEADER]: Connected to new peer: Peer: permanent_uuid: "541bff3b5e3148ff96c598113c90eeb7" member_type: VOTER last_known_addr { host: "127.16.189.66" port: 42883 }, Status: LMP_MISMATCH, Last received: 0.0, Next index: 3, Last known committed idx: 2, Time since last communication: 0.001s
I20260608 12:55:03.055452 20366 raft_consensus.cc:2955] T 5dec6ee564c6428c9abe9ce3c879ac7f P 21a19867d2da483cbab76e14e589c291 [term 1 LEADER]: Committing config change with OpId 1.3: config changed from index 2 to 3, e1f055231b9940279daf222797111795 (127.16.189.68) changed from NON_VOTER to VOTER. New config: { opid_index: 3 OBSOLETE_local: false peers { permanent_uuid: "1410ca0a495548928c0495a7e6a68ab8" member_type: VOTER last_known_addr { host: "127.16.189.65" port: 43655 } attrs { replace: true } } peers { permanent_uuid: "541bff3b5e3148ff96c598113c90eeb7" member_type: VOTER last_known_addr { host: "127.16.189.66" port: 42883 } } peers { permanent_uuid: "21a19867d2da483cbab76e14e589c291" member_type: VOTER last_known_addr { host: "127.16.189.67" port: 44937 } } peers { permanent_uuid: "e1f055231b9940279daf222797111795" member_type: VOTER last_known_addr { host: "127.16.189.68" port: 38307 } attrs { promote: false } } }
I20260608 12:55:03.057269 20132 raft_consensus.cc:2955] T 5dec6ee564c6428c9abe9ce3c879ac7f P 1410ca0a495548928c0495a7e6a68ab8 [term 1 FOLLOWER]: Committing config change with OpId 1.3: config changed from index 2 to 3, e1f055231b9940279daf222797111795 (127.16.189.68) changed from NON_VOTER to VOTER. New config: { opid_index: 3 OBSOLETE_local: false peers { permanent_uuid: "1410ca0a495548928c0495a7e6a68ab8" member_type: VOTER last_known_addr { host: "127.16.189.65" port: 43655 } attrs { replace: true } } peers { permanent_uuid: "541bff3b5e3148ff96c598113c90eeb7" member_type: VOTER last_known_addr { host: "127.16.189.66" port: 42883 } } peers { permanent_uuid: "21a19867d2da483cbab76e14e589c291" member_type: VOTER last_known_addr { host: "127.16.189.67" port: 44937 } } peers { permanent_uuid: "e1f055231b9940279daf222797111795" member_type: VOTER last_known_addr { host: "127.16.189.68" port: 38307 } attrs { promote: false } } }
I20260608 12:55:03.069171 20442 raft_consensus.cc:2955] T 5dec6ee564c6428c9abe9ce3c879ac7f P e1f055231b9940279daf222797111795 [term 1 FOLLOWER]: Committing config change with OpId 1.3: config changed from index 2 to 3, e1f055231b9940279daf222797111795 (127.16.189.68) changed from NON_VOTER to VOTER. New config: { opid_index: 3 OBSOLETE_local: false peers { permanent_uuid: "1410ca0a495548928c0495a7e6a68ab8" member_type: VOTER last_known_addr { host: "127.16.189.65" port: 43655 } attrs { replace: true } } peers { permanent_uuid: "541bff3b5e3148ff96c598113c90eeb7" member_type: VOTER last_known_addr { host: "127.16.189.66" port: 42883 } } peers { permanent_uuid: "21a19867d2da483cbab76e14e589c291" member_type: VOTER last_known_addr { host: "127.16.189.67" port: 44937 } } peers { permanent_uuid: "e1f055231b9940279daf222797111795" member_type: VOTER last_known_addr { host: "127.16.189.68" port: 38307 } attrs { promote: false } } }
I20260608 12:55:03.072036 20209 raft_consensus.cc:2955] T 5dec6ee564c6428c9abe9ce3c879ac7f P 541bff3b5e3148ff96c598113c90eeb7 [term 1 FOLLOWER]: Committing config change with OpId 1.3: config changed from index 2 to 3, e1f055231b9940279daf222797111795 (127.16.189.68) changed from NON_VOTER to VOTER. New config: { opid_index: 3 OBSOLETE_local: false peers { permanent_uuid: "1410ca0a495548928c0495a7e6a68ab8" member_type: VOTER last_known_addr { host: "127.16.189.65" port: 43655 } attrs { replace: true } } peers { permanent_uuid: "541bff3b5e3148ff96c598113c90eeb7" member_type: VOTER last_known_addr { host: "127.16.189.66" port: 42883 } } peers { permanent_uuid: "21a19867d2da483cbab76e14e589c291" member_type: VOTER last_known_addr { host: "127.16.189.67" port: 44937 } } peers { permanent_uuid: "e1f055231b9940279daf222797111795" member_type: VOTER last_known_addr { host: "127.16.189.68" port: 38307 } attrs { promote: false } } }
I20260608 12:55:03.072759 20033 catalog_manager.cc:5696] T 5dec6ee564c6428c9abe9ce3c879ac7f P 21a19867d2da483cbab76e14e589c291 reported cstate change: config changed from index 2 to 3, e1f055231b9940279daf222797111795 (127.16.189.68) changed from NON_VOTER to VOTER. New cstate: current_term: 1 leader_uuid: "21a19867d2da483cbab76e14e589c291" committed_config { opid_index: 3 OBSOLETE_local: false peers { permanent_uuid: "1410ca0a495548928c0495a7e6a68ab8" member_type: VOTER last_known_addr { host: "127.16.189.65" port: 43655 } attrs { replace: true } health_report { overall_health: HEALTHY } } peers { permanent_uuid: "541bff3b5e3148ff96c598113c90eeb7" member_type: VOTER last_known_addr { host: "127.16.189.66" port: 42883 } health_report { overall_health: UNKNOWN } } peers { permanent_uuid: "21a19867d2da483cbab76e14e589c291" member_type: VOTER last_known_addr { host: "127.16.189.67" port: 44937 } health_report { overall_health: HEALTHY } } peers { permanent_uuid: "e1f055231b9940279daf222797111795" member_type: VOTER last_known_addr { host: "127.16.189.68" port: 38307 } attrs { promote: false } health_report { overall_health: HEALTHY } } }
I20260608 12:55:03.111197 20282 consensus_queue.cc:237] T 5dec6ee564c6428c9abe9ce3c879ac7f P 21a19867d2da483cbab76e14e589c291 [LEADER]: Queue going to LEADER mode. State: All replicated index: 0, Majority replicated index: 3, Committed index: 3, Last appended: 1.3, Last appended by leader: 0, Current term: 1, Majority size: 2, State: 0, Mode: LEADER, active raft config: opid_index: 4 OBSOLETE_local: false peers { permanent_uuid: "541bff3b5e3148ff96c598113c90eeb7" member_type: VOTER last_known_addr { host: "127.16.189.66" port: 42883 } } peers { permanent_uuid: "21a19867d2da483cbab76e14e589c291" member_type: VOTER last_known_addr { host: "127.16.189.67" port: 44937 } } peers { permanent_uuid: "e1f055231b9940279daf222797111795" member_type: VOTER last_known_addr { host: "127.16.189.68" port: 38307 } attrs { promote: false } }
I20260608 12:55:03.116197 20209 raft_consensus.cc:1275] T 5dec6ee564c6428c9abe9ce3c879ac7f P 541bff3b5e3148ff96c598113c90eeb7 [term 1 FOLLOWER]: Refusing update from remote peer 21a19867d2da483cbab76e14e589c291: Log matching property violated. Preceding OpId in replica: term: 1 index: 3. Preceding OpId from leader: term: 1 index: 4. (index mismatch)
I20260608 12:55:03.116329 20442 raft_consensus.cc:1275] T 5dec6ee564c6428c9abe9ce3c879ac7f P e1f055231b9940279daf222797111795 [term 1 FOLLOWER]: Refusing update from remote peer 21a19867d2da483cbab76e14e589c291: Log matching property violated. Preceding OpId in replica: term: 1 index: 3. Preceding OpId from leader: term: 1 index: 4. (index mismatch)
I20260608 12:55:03.117902 20366 consensus_queue.cc:1048] T 5dec6ee564c6428c9abe9ce3c879ac7f P 21a19867d2da483cbab76e14e589c291 [LEADER]: Connected to new peer: Peer: permanent_uuid: "541bff3b5e3148ff96c598113c90eeb7" member_type: VOTER last_known_addr { host: "127.16.189.66" port: 42883 }, Status: LMP_MISMATCH, Last received: 0.0, Next index: 4, Last known committed idx: 3, Time since last communication: 0.000s
I20260608 12:55:03.120160 20585 consensus_queue.cc:1048] T 5dec6ee564c6428c9abe9ce3c879ac7f P 21a19867d2da483cbab76e14e589c291 [LEADER]: Connected to new peer: Peer: permanent_uuid: "e1f055231b9940279daf222797111795" member_type: VOTER last_known_addr { host: "127.16.189.68" port: 38307 } attrs { promote: false }, Status: LMP_MISMATCH, Last received: 0.0, Next index: 4, Last known committed idx: 3, Time since last communication: 0.000s
I20260608 12:55:03.126832 20366 raft_consensus.cc:2955] T 5dec6ee564c6428c9abe9ce3c879ac7f P 21a19867d2da483cbab76e14e589c291 [term 1 LEADER]: Committing config change with OpId 1.4: config changed from index 3 to 4, VOTER 1410ca0a495548928c0495a7e6a68ab8 (127.16.189.65) evicted. New config: { opid_index: 4 OBSOLETE_local: false peers { permanent_uuid: "541bff3b5e3148ff96c598113c90eeb7" member_type: VOTER last_known_addr { host: "127.16.189.66" port: 42883 } } peers { permanent_uuid: "21a19867d2da483cbab76e14e589c291" member_type: VOTER last_known_addr { host: "127.16.189.67" port: 44937 } } peers { permanent_uuid: "e1f055231b9940279daf222797111795" member_type: VOTER last_known_addr { host: "127.16.189.68" port: 38307 } attrs { promote: false } } }
I20260608 12:55:03.128887 20209 raft_consensus.cc:2955] T 5dec6ee564c6428c9abe9ce3c879ac7f P 541bff3b5e3148ff96c598113c90eeb7 [term 1 FOLLOWER]: Committing config change with OpId 1.4: config changed from index 3 to 4, VOTER 1410ca0a495548928c0495a7e6a68ab8 (127.16.189.65) evicted. New config: { opid_index: 4 OBSOLETE_local: false peers { permanent_uuid: "541bff3b5e3148ff96c598113c90eeb7" member_type: VOTER last_known_addr { host: "127.16.189.66" port: 42883 } } peers { permanent_uuid: "21a19867d2da483cbab76e14e589c291" member_type: VOTER last_known_addr { host: "127.16.189.67" port: 44937 } } peers { permanent_uuid: "e1f055231b9940279daf222797111795" member_type: VOTER last_known_addr { host: "127.16.189.68" port: 38307 } attrs { promote: false } } }
I20260608 12:55:03.133778 20442 raft_consensus.cc:2955] T 5dec6ee564c6428c9abe9ce3c879ac7f P e1f055231b9940279daf222797111795 [term 1 FOLLOWER]: Committing config change with OpId 1.4: config changed from index 3 to 4, VOTER 1410ca0a495548928c0495a7e6a68ab8 (127.16.189.65) evicted. New config: { opid_index: 4 OBSOLETE_local: false peers { permanent_uuid: "541bff3b5e3148ff96c598113c90eeb7" member_type: VOTER last_known_addr { host: "127.16.189.66" port: 42883 } } peers { permanent_uuid: "21a19867d2da483cbab76e14e589c291" member_type: VOTER last_known_addr { host: "127.16.189.67" port: 44937 } } peers { permanent_uuid: "e1f055231b9940279daf222797111795" member_type: VOTER last_known_addr { host: "127.16.189.68" port: 38307 } attrs { promote: false } } }
I20260608 12:55:03.136411 20019 catalog_manager.cc:5209] ChangeConfig:REMOVE_PEER RPC for tablet 5dec6ee564c6428c9abe9ce3c879ac7f with cas_config_opid_index 3: ChangeConfig:REMOVE_PEER succeeded (attempt 1)
I20260608 12:55:03.144027 20029 catalog_manager.cc:5696] T 5dec6ee564c6428c9abe9ce3c879ac7f P 541bff3b5e3148ff96c598113c90eeb7 reported cstate change: config changed from index 3 to 4, VOTER 1410ca0a495548928c0495a7e6a68ab8 (127.16.189.65) evicted. New cstate: current_term: 1 leader_uuid: "21a19867d2da483cbab76e14e589c291" committed_config { opid_index: 4 OBSOLETE_local: false peers { permanent_uuid: "541bff3b5e3148ff96c598113c90eeb7" member_type: VOTER last_known_addr { host: "127.16.189.66" port: 42883 } } peers { permanent_uuid: "21a19867d2da483cbab76e14e589c291" member_type: VOTER last_known_addr { host: "127.16.189.67" port: 44937 } } peers { permanent_uuid: "e1f055231b9940279daf222797111795" member_type: VOTER last_known_addr { host: "127.16.189.68" port: 38307 } attrs { promote: false } } }
I20260608 12:55:03.154507 20120 tablet_service.cc:1558] Processing DeleteTablet for tablet 5dec6ee564c6428c9abe9ce3c879ac7f with delete_type TABLET_DATA_TOMBSTONED (TS 1410ca0a495548928c0495a7e6a68ab8 not found in new config with opid_index 4) from {username='slave'} at 127.0.0.1:52580
I20260608 12:55:03.156405 20629 tablet_replica.cc:333] T 5dec6ee564c6428c9abe9ce3c879ac7f P 1410ca0a495548928c0495a7e6a68ab8: stopping tablet replica
I20260608 12:55:03.157372 20629 raft_consensus.cc:2243] T 5dec6ee564c6428c9abe9ce3c879ac7f P 1410ca0a495548928c0495a7e6a68ab8 [term 1 FOLLOWER]: Raft consensus shutting down.
I20260608 12:55:03.158231 20629 raft_consensus.cc:2272] T 5dec6ee564c6428c9abe9ce3c879ac7f P 1410ca0a495548928c0495a7e6a68ab8 [term 1 FOLLOWER]: Raft consensus is shut down!
I20260608 12:55:03.163021 20629 ts_tablet_manager.cc:1916] T 5dec6ee564c6428c9abe9ce3c879ac7f P 1410ca0a495548928c0495a7e6a68ab8: Deleting tablet data with delete state TABLET_DATA_TOMBSTONED
I20260608 12:55:03.174475 20629 ts_tablet_manager.cc:1929] T 5dec6ee564c6428c9abe9ce3c879ac7f P 1410ca0a495548928c0495a7e6a68ab8: tablet deleted with delete type TABLET_DATA_TOMBSTONED: last-logged OpId 1.3
I20260608 12:55:03.174799 20629 log.cc:1199] T 5dec6ee564c6428c9abe9ce3c879ac7f P 1410ca0a495548928c0495a7e6a68ab8: Deleting WAL directory at /tmp/dist-test-task8FRcrW/test-tmp/auto_rebalancer-test.0.AutoRebalancerTest.RangeAwareRebalancesNewRangeReplicas.1780923215447540-17141-0/minicluster-data/ts-0-root/wals/5dec6ee564c6428c9abe9ce3c879ac7f
I20260608 12:55:03.176119 20019 catalog_manager.cc:5027] TS 1410ca0a495548928c0495a7e6a68ab8 (127.16.189.65:43655): tablet 5dec6ee564c6428c9abe9ce3c879ac7f (table range_aware_rebalance_new_range [id=e79bdb0a2eb34f9ebbe17042445d570e]) successfully deleted
W20260608 12:55:03.965415 20463 debug-util.cc:398] Leaking SignalData structure 0x7b0800152060 after lost signal to thread 17144
W20260608 12:55:03.966709 20463 debug-util.cc:398] Leaking SignalData structure 0x7b0800150780 after lost signal to thread 20067
W20260608 12:55:03.967998 20463 debug-util.cc:398] Leaking SignalData structure 0x7b08002608e0 after lost signal to thread 20159
W20260608 12:55:03.969226 20463 debug-util.cc:398] Leaking SignalData structure 0x7b0800260d60 after lost signal to thread 20234
W20260608 12:55:03.970207 20463 debug-util.cc:398] Leaking SignalData structure 0x7b08000d5340 after lost signal to thread 20308
W20260608 12:55:03.971190 20463 debug-util.cc:398] Leaking SignalData structure 0x7b080004b980 after lost signal to thread 20467
I20260608 12:55:04.200838 20208 consensus_queue.cc:237] T 5e556a7f5fed4886a3ab00c0c03fadac P 541bff3b5e3148ff96c598113c90eeb7 [LEADER]: Queue going to LEADER mode. State: All replicated index: 0, Majority replicated index: 1, Committed index: 1, Last appended: 1.1, Last appended by leader: 0, Current term: 1, Majority size: 2, State: 0, Mode: LEADER, active raft config: opid_index: 2 OBSOLETE_local: false peers { permanent_uuid: "1410ca0a495548928c0495a7e6a68ab8" member_type: VOTER last_known_addr { host: "127.16.189.65" port: 43655 } } peers { permanent_uuid: "541bff3b5e3148ff96c598113c90eeb7" member_type: VOTER last_known_addr { host: "127.16.189.66" port: 42883 } } peers { permanent_uuid: "e1f055231b9940279daf222797111795" member_type: VOTER last_known_addr { host: "127.16.189.68" port: 38307 } attrs { replace: true } } peers { permanent_uuid: "21a19867d2da483cbab76e14e589c291" member_type: NON_VOTER last_known_addr { host: "127.16.189.67" port: 44937 } attrs { promote: true } }
I20260608 12:55:04.209414 20442 raft_consensus.cc:1275] T 5e556a7f5fed4886a3ab00c0c03fadac P e1f055231b9940279daf222797111795 [term 1 FOLLOWER]: Refusing update from remote peer 541bff3b5e3148ff96c598113c90eeb7: Log matching property violated. Preceding OpId in replica: term: 1 index: 1. Preceding OpId from leader: term: 1 index: 2. (index mismatch)
W20260608 12:55:04.209677 20175 consensus_peers.cc:597] T 5e556a7f5fed4886a3ab00c0c03fadac P 541bff3b5e3148ff96c598113c90eeb7 -> Peer 21a19867d2da483cbab76e14e589c291 (127.16.189.67:44937): Couldn't send request to peer 21a19867d2da483cbab76e14e589c291. Error code: TABLET_NOT_FOUND (6). Status: Not found: Tablet not found: 5e556a7f5fed4886a3ab00c0c03fadac. This is attempt 1: this message will repeat every 5th retry.
I20260608 12:55:04.211465 20635 consensus_queue.cc:1048] T 5e556a7f5fed4886a3ab00c0c03fadac P 541bff3b5e3148ff96c598113c90eeb7 [LEADER]: Connected to new peer: Peer: permanent_uuid: "e1f055231b9940279daf222797111795" member_type: VOTER last_known_addr { host: "127.16.189.68" port: 38307 } attrs { replace: true }, Status: LMP_MISMATCH, Last received: 0.0, Next index: 2, Last known committed idx: 1, Time since last communication: 0.000s
I20260608 12:55:04.212173 20130 raft_consensus.cc:1275] T 5e556a7f5fed4886a3ab00c0c03fadac P 1410ca0a495548928c0495a7e6a68ab8 [term 1 FOLLOWER]: Refusing update from remote peer 541bff3b5e3148ff96c598113c90eeb7: Log matching property violated. Preceding OpId in replica: term: 1 index: 1. Preceding OpId from leader: term: 1 index: 2. (index mismatch)
I20260608 12:55:04.213989 20635 consensus_queue.cc:1048] T 5e556a7f5fed4886a3ab00c0c03fadac P 541bff3b5e3148ff96c598113c90eeb7 [LEADER]: Connected to new peer: Peer: permanent_uuid: "1410ca0a495548928c0495a7e6a68ab8" member_type: VOTER last_known_addr { host: "127.16.189.65" port: 43655 }, Status: LMP_MISMATCH, Last received: 0.0, Next index: 2, Last known committed idx: 1, Time since last communication: 0.001s
I20260608 12:55:04.222030 20550 raft_consensus.cc:2955] T 5e556a7f5fed4886a3ab00c0c03fadac P 541bff3b5e3148ff96c598113c90eeb7 [term 1 LEADER]: Committing config change with OpId 1.2: config changed from index -1 to 2, NON_VOTER 21a19867d2da483cbab76e14e589c291 (127.16.189.67) added. New config: { opid_index: 2 OBSOLETE_local: false peers { permanent_uuid: "1410ca0a495548928c0495a7e6a68ab8" member_type: VOTER last_known_addr { host: "127.16.189.65" port: 43655 } } peers { permanent_uuid: "541bff3b5e3148ff96c598113c90eeb7" member_type: VOTER last_known_addr { host: "127.16.189.66" port: 42883 } } peers { permanent_uuid: "e1f055231b9940279daf222797111795" member_type: VOTER last_known_addr { host: "127.16.189.68" port: 38307 } attrs { replace: true } } peers { permanent_uuid: "21a19867d2da483cbab76e14e589c291" member_type: NON_VOTER last_known_addr { host: "127.16.189.67" port: 44937 } attrs { promote: true } } }
I20260608 12:55:04.224176 20442 raft_consensus.cc:2955] T 5e556a7f5fed4886a3ab00c0c03fadac P e1f055231b9940279daf222797111795 [term 1 FOLLOWER]: Committing config change with OpId 1.2: config changed from index -1 to 2, NON_VOTER 21a19867d2da483cbab76e14e589c291 (127.16.189.67) added. New config: { opid_index: 2 OBSOLETE_local: false peers { permanent_uuid: "1410ca0a495548928c0495a7e6a68ab8" member_type: VOTER last_known_addr { host: "127.16.189.65" port: 43655 } } peers { permanent_uuid: "541bff3b5e3148ff96c598113c90eeb7" member_type: VOTER last_known_addr { host: "127.16.189.66" port: 42883 } } peers { permanent_uuid: "e1f055231b9940279daf222797111795" member_type: VOTER last_known_addr { host: "127.16.189.68" port: 38307 } attrs { replace: true } } peers { permanent_uuid: "21a19867d2da483cbab76e14e589c291" member_type: NON_VOTER last_known_addr { host: "127.16.189.67" port: 44937 } attrs { promote: true } } }
I20260608 12:55:04.242100 20132 consensus_queue.cc:237] T beb24fae94e5408d97e05ef35447af00 P 1410ca0a495548928c0495a7e6a68ab8 [LEADER]: Queue going to LEADER mode. State: All replicated index: 0, Majority replicated index: 1, Committed index: 1, Last appended: 1.1, Last appended by leader: 0, Current term: 1, Majority size: 2, State: 0, Mode: LEADER, active raft config: opid_index: 2 OBSOLETE_local: false peers { permanent_uuid: "1410ca0a495548928c0495a7e6a68ab8" member_type: VOTER last_known_addr { host: "127.16.189.65" port: 43655 } } peers { permanent_uuid: "541bff3b5e3148ff96c598113c90eeb7" member_type: VOTER last_known_addr { host: "127.16.189.66" port: 42883 } } peers { permanent_uuid: "21a19867d2da483cbab76e14e589c291" member_type: VOTER last_known_addr { host: "127.16.189.67" port: 44937 } attrs { replace: true } } peers { permanent_uuid: "e1f055231b9940279daf222797111795" member_type: NON_VOTER last_known_addr { host: "127.16.189.68" port: 38307 } attrs { promote: true } }
I20260608 12:55:04.242288 20033 catalog_manager.cc:5696] T 5e556a7f5fed4886a3ab00c0c03fadac P 541bff3b5e3148ff96c598113c90eeb7 reported cstate change: config changed from index -1 to 2, NON_VOTER 21a19867d2da483cbab76e14e589c291 (127.16.189.67) added. New cstate: current_term: 1 leader_uuid: "541bff3b5e3148ff96c598113c90eeb7" committed_config { opid_index: 2 OBSOLETE_local: false peers { permanent_uuid: "1410ca0a495548928c0495a7e6a68ab8" member_type: VOTER last_known_addr { host: "127.16.189.65" port: 43655 } health_report { overall_health: UNKNOWN } } peers { permanent_uuid: "541bff3b5e3148ff96c598113c90eeb7" member_type: VOTER last_known_addr { host: "127.16.189.66" port: 42883 } health_report { overall_health: HEALTHY } } peers { permanent_uuid: "e1f055231b9940279daf222797111795" member_type: VOTER last_known_addr { host: "127.16.189.68" port: 38307 } attrs { replace: true } health_report { overall_health: HEALTHY } } peers { permanent_uuid: "21a19867d2da483cbab76e14e589c291" member_type: NON_VOTER last_known_addr { host: "127.16.189.67" port: 44937 } attrs { promote: true } health_report { overall_health: UNKNOWN } } }
I20260608 12:55:04.253839 20130 raft_consensus.cc:2955] T 5e556a7f5fed4886a3ab00c0c03fadac P 1410ca0a495548928c0495a7e6a68ab8 [term 1 FOLLOWER]: Committing config change with OpId 1.2: config changed from index -1 to 2, NON_VOTER 21a19867d2da483cbab76e14e589c291 (127.16.189.67) added. New config: { opid_index: 2 OBSOLETE_local: false peers { permanent_uuid: "1410ca0a495548928c0495a7e6a68ab8" member_type: VOTER last_known_addr { host: "127.16.189.65" port: 43655 } } peers { permanent_uuid: "541bff3b5e3148ff96c598113c90eeb7" member_type: VOTER last_known_addr { host: "127.16.189.66" port: 42883 } } peers { permanent_uuid: "e1f055231b9940279daf222797111795" member_type: VOTER last_known_addr { host: "127.16.189.68" port: 38307 } attrs { replace: true } } peers { permanent_uuid: "21a19867d2da483cbab76e14e589c291" member_type: NON_VOTER last_known_addr { host: "127.16.189.67" port: 44937 } attrs { promote: true } } }
I20260608 12:55:04.268750 20282 raft_consensus.cc:1275] T beb24fae94e5408d97e05ef35447af00 P 21a19867d2da483cbab76e14e589c291 [term 1 FOLLOWER]: Refusing update from remote peer 1410ca0a495548928c0495a7e6a68ab8: Log matching property violated. Preceding OpId in replica: term: 1 index: 1. Preceding OpId from leader: term: 1 index: 2. (index mismatch)
W20260608 12:55:04.269172 20099 consensus_peers.cc:597] T beb24fae94e5408d97e05ef35447af00 P 1410ca0a495548928c0495a7e6a68ab8 -> Peer e1f055231b9940279daf222797111795 (127.16.189.68:38307): Couldn't send request to peer e1f055231b9940279daf222797111795. Error code: TABLET_NOT_FOUND (6). Status: Not found: Tablet not found: beb24fae94e5408d97e05ef35447af00. This is attempt 1: this message will repeat every 5th retry.
I20260608 12:55:04.273108 20554 consensus_queue.cc:1048] T beb24fae94e5408d97e05ef35447af00 P 1410ca0a495548928c0495a7e6a68ab8 [LEADER]: Connected to new peer: Peer: permanent_uuid: "21a19867d2da483cbab76e14e589c291" member_type: VOTER last_known_addr { host: "127.16.189.67" port: 44937 } attrs { replace: true }, Status: LMP_MISMATCH, Last received: 0.0, Next index: 2, Last known committed idx: 1, Time since last communication: 0.001s
I20260608 12:55:04.275018 20208 raft_consensus.cc:1275] T beb24fae94e5408d97e05ef35447af00 P 541bff3b5e3148ff96c598113c90eeb7 [term 1 FOLLOWER]: Refusing update from remote peer 1410ca0a495548928c0495a7e6a68ab8: Log matching property violated. Preceding OpId in replica: term: 1 index: 1. Preceding OpId from leader: term: 1 index: 2. (index mismatch)
I20260608 12:55:04.282132 20554 consensus_queue.cc:1048] T beb24fae94e5408d97e05ef35447af00 P 1410ca0a495548928c0495a7e6a68ab8 [LEADER]: Connected to new peer: Peer: permanent_uuid: "541bff3b5e3148ff96c598113c90eeb7" member_type: VOTER last_known_addr { host: "127.16.189.66" port: 42883 }, Status: LMP_MISMATCH, Last received: 0.0, Next index: 2, Last known committed idx: 1, Time since last communication: 0.005s
I20260608 12:55:04.309357 20554 raft_consensus.cc:2955] T beb24fae94e5408d97e05ef35447af00 P 1410ca0a495548928c0495a7e6a68ab8 [term 1 LEADER]: Committing config change with OpId 1.2: config changed from index -1 to 2, NON_VOTER e1f055231b9940279daf222797111795 (127.16.189.68) added. New config: { opid_index: 2 OBSOLETE_local: false peers { permanent_uuid: "1410ca0a495548928c0495a7e6a68ab8" member_type: VOTER last_known_addr { host: "127.16.189.65" port: 43655 } } peers { permanent_uuid: "541bff3b5e3148ff96c598113c90eeb7" member_type: VOTER last_known_addr { host: "127.16.189.66" port: 42883 } } peers { permanent_uuid: "21a19867d2da483cbab76e14e589c291" member_type: VOTER last_known_addr { host: "127.16.189.67" port: 44937 } attrs { replace: true } } peers { permanent_uuid: "e1f055231b9940279daf222797111795" member_type: NON_VOTER last_known_addr { host: "127.16.189.68" port: 38307 } attrs { promote: true } } }
I20260608 12:55:04.311578 20282 raft_consensus.cc:2955] T beb24fae94e5408d97e05ef35447af00 P 21a19867d2da483cbab76e14e589c291 [term 1 FOLLOWER]: Committing config change with OpId 1.2: config changed from index -1 to 2, NON_VOTER e1f055231b9940279daf222797111795 (127.16.189.68) added. New config: { opid_index: 2 OBSOLETE_local: false peers { permanent_uuid: "1410ca0a495548928c0495a7e6a68ab8" member_type: VOTER last_known_addr { host: "127.16.189.65" port: 43655 } } peers { permanent_uuid: "541bff3b5e3148ff96c598113c90eeb7" member_type: VOTER last_known_addr { host: "127.16.189.66" port: 42883 } } peers { permanent_uuid: "21a19867d2da483cbab76e14e589c291" member_type: VOTER last_known_addr { host: "127.16.189.67" port: 44937 } attrs { replace: true } } peers { permanent_uuid: "e1f055231b9940279daf222797111795" member_type: NON_VOTER last_known_addr { host: "127.16.189.68" port: 38307 } attrs { promote: true } } }
I20260608 12:55:04.327929 20086 auto_leader_rebalancer.cc:140] leader rebalance for table range_aware_rebalance_new_range
I20260608 12:55:04.328963 20032 catalog_manager.cc:5696] T beb24fae94e5408d97e05ef35447af00 P 21a19867d2da483cbab76e14e589c291 reported cstate change: config changed from index -1 to 2, NON_VOTER e1f055231b9940279daf222797111795 (127.16.189.68) added. New cstate: current_term: 1 leader_uuid: "1410ca0a495548928c0495a7e6a68ab8" committed_config { opid_index: 2 OBSOLETE_local: false peers { permanent_uuid: "1410ca0a495548928c0495a7e6a68ab8" member_type: VOTER last_known_addr { host: "127.16.189.65" port: 43655 } } peers { permanent_uuid: "541bff3b5e3148ff96c598113c90eeb7" member_type: VOTER last_known_addr { host: "127.16.189.66" port: 42883 } } peers { permanent_uuid: "21a19867d2da483cbab76e14e589c291" member_type: VOTER last_known_addr { host: "127.16.189.67" port: 44937 } attrs { replace: true } } peers { permanent_uuid: "e1f055231b9940279daf222797111795" member_type: NON_VOTER last_known_addr { host: "127.16.189.68" port: 38307 } attrs { promote: true } } }
I20260608 12:55:04.332484 20208 raft_consensus.cc:2955] T beb24fae94e5408d97e05ef35447af00 P 541bff3b5e3148ff96c598113c90eeb7 [term 1 FOLLOWER]: Committing config change with OpId 1.2: config changed from index -1 to 2, NON_VOTER e1f055231b9940279daf222797111795 (127.16.189.68) added. New config: { opid_index: 2 OBSOLETE_local: false peers { permanent_uuid: "1410ca0a495548928c0495a7e6a68ab8" member_type: VOTER last_known_addr { host: "127.16.189.65" port: 43655 } } peers { permanent_uuid: "541bff3b5e3148ff96c598113c90eeb7" member_type: VOTER last_known_addr { host: "127.16.189.66" port: 42883 } } peers { permanent_uuid: "21a19867d2da483cbab76e14e589c291" member_type: VOTER last_known_addr { host: "127.16.189.67" port: 44937 } attrs { replace: true } } peers { permanent_uuid: "e1f055231b9940279daf222797111795" member_type: NON_VOTER last_known_addr { host: "127.16.189.68" port: 38307 } attrs { promote: true } } }
I20260608 12:55:04.391053 20282 consensus_queue.cc:237] T 52407b22f40e4590803580c05f9e6c52 P 21a19867d2da483cbab76e14e589c291 [LEADER]: Queue going to LEADER mode. State: All replicated index: 0, Majority replicated index: 2, Committed index: 2, Last appended: 2.2, Last appended by leader: 1, Current term: 2, Majority size: 2, State: 0, Mode: LEADER, active raft config: opid_index: 3 OBSOLETE_local: false peers { permanent_uuid: "1410ca0a495548928c0495a7e6a68ab8" member_type: VOTER last_known_addr { host: "127.16.189.65" port: 43655 } } peers { permanent_uuid: "e1f055231b9940279daf222797111795" member_type: VOTER last_known_addr { host: "127.16.189.68" port: 38307 } attrs { replace: true } } peers { permanent_uuid: "21a19867d2da483cbab76e14e589c291" member_type: VOTER last_known_addr { host: "127.16.189.67" port: 44937 } } peers { permanent_uuid: "541bff3b5e3148ff96c598113c90eeb7" member_type: NON_VOTER last_known_addr { host: "127.16.189.66" port: 42883 } attrs { promote: true } }
I20260608 12:55:04.404093 20442 raft_consensus.cc:1275] T 52407b22f40e4590803580c05f9e6c52 P e1f055231b9940279daf222797111795 [term 2 FOLLOWER]: Refusing update from remote peer 21a19867d2da483cbab76e14e589c291: Log matching property violated. Preceding OpId in replica: term: 2 index: 2. Preceding OpId from leader: term: 2 index: 3. (index mismatch)
