I20260608 12:55:06.372735 20019 catalog_manager.cc:5027] TS 21a19867d2da483cbab76e14e589c291 (127.16.189.67:44937): tablet beb24fae94e5408d97e05ef35447af00 (table range_aware_rebalance_new_range [id=e79bdb0a2eb34f9ebbe17042445d570e]) successfully deleted
I20260608 12:55:06.385407 20712 tablet_copy_client.cc:806] T 52407b22f40e4590803580c05f9e6c52 P 541bff3b5e3148ff96c598113c90eeb7: tablet copy: Starting download of 0 data blocks...
I20260608 12:55:06.386148 20712 tablet_copy_client.cc:670] T 52407b22f40e4590803580c05f9e6c52 P 541bff3b5e3148ff96c598113c90eeb7: tablet copy: Starting download of 1 WAL segments...
I20260608 12:55:06.386677 20714 ts_tablet_manager.cc:1929] T 2592b94fe8394a6f8c0424c165b0ffaf P 541bff3b5e3148ff96c598113c90eeb7: tablet deleted with delete type TABLET_DATA_TOMBSTONED: last-logged OpId 2.4
I20260608 12:55:06.387321 20714 log.cc:1199] T 2592b94fe8394a6f8c0424c165b0ffaf P 541bff3b5e3148ff96c598113c90eeb7: Deleting WAL directory at /tmp/dist-test-task8FRcrW/test-tmp/auto_rebalancer-test.0.AutoRebalancerTest.RangeAwareRebalancesNewRangeReplicas.1780923215447540-17141-0/minicluster-data/ts-1-root/wals/2592b94fe8394a6f8c0424c165b0ffaf
I20260608 12:55:06.389506 20017 catalog_manager.cc:5027] TS 541bff3b5e3148ff96c598113c90eeb7 (127.16.189.66:42883): tablet 2592b94fe8394a6f8c0424c165b0ffaf (table range_aware_rebalance_new_range [id=e79bdb0a2eb34f9ebbe17042445d570e]) successfully deleted
I20260608 12:55:06.390530 20712 tablet_copy_client.cc:538] T 52407b22f40e4590803580c05f9e6c52 P 541bff3b5e3148ff96c598113c90eeb7: tablet copy: Tablet Copy complete. Replacing tablet superblock.
I20260608 12:55:06.397097 20712 tablet_bootstrap.cc:492] T 52407b22f40e4590803580c05f9e6c52 P 541bff3b5e3148ff96c598113c90eeb7: Bootstrap starting.
I20260608 12:55:06.425379 20712 tablet_bootstrap.cc:492] T 52407b22f40e4590803580c05f9e6c52 P 541bff3b5e3148ff96c598113c90eeb7: Bootstrap replayed 1/1 log segments. Stats: ops{read=5 overwritten=0 applied=5 ignored=0} inserts{seen=0 ignored=0} mutations{seen=0 ignored=0} orphaned_commits=0. Pending: 0 replicates
I20260608 12:55:06.426363 20712 tablet_bootstrap.cc:492] T 52407b22f40e4590803580c05f9e6c52 P 541bff3b5e3148ff96c598113c90eeb7: Bootstrap complete.
I20260608 12:55:06.426966 20712 ts_tablet_manager.cc:1403] T 52407b22f40e4590803580c05f9e6c52 P 541bff3b5e3148ff96c598113c90eeb7: Time spent bootstrapping tablet: real 0.030s	user 0.016s	sys 0.016s
I20260608 12:55:06.429647 20712 raft_consensus.cc:359] T 52407b22f40e4590803580c05f9e6c52 P 541bff3b5e3148ff96c598113c90eeb7 [term 4 LEARNER]: Replica starting. Triggering 0 pending ops. Active config: opid_index: 3 OBSOLETE_local: false peers { permanent_uuid: "1410ca0a495548928c0495a7e6a68ab8" member_type: VOTER last_known_addr { host: "127.16.189.65" port: 43655 } } peers { permanent_uuid: "e1f055231b9940279daf222797111795" member_type: VOTER last_known_addr { host: "127.16.189.68" port: 38307 } attrs { replace: true } } peers { permanent_uuid: "21a19867d2da483cbab76e14e589c291" member_type: VOTER last_known_addr { host: "127.16.189.67" port: 44937 } } peers { permanent_uuid: "541bff3b5e3148ff96c598113c90eeb7" member_type: NON_VOTER last_known_addr { host: "127.16.189.66" port: 42883 } attrs { promote: true } }
I20260608 12:55:06.430269 20712 raft_consensus.cc:740] T 52407b22f40e4590803580c05f9e6c52 P 541bff3b5e3148ff96c598113c90eeb7 [term 4 LEARNER]: Becoming Follower/Learner. State: Replica: 541bff3b5e3148ff96c598113c90eeb7, State: Initialized, Role: LEARNER
I20260608 12:55:06.430860 20712 consensus_queue.cc:260] T 52407b22f40e4590803580c05f9e6c52 P 541bff3b5e3148ff96c598113c90eeb7 [NON_LEADER]: Queue going to NON_LEADER mode. State: All replicated index: 0, Majority replicated index: 0, Committed index: 5, Last appended: 4.5, Last appended by leader: 5, Current term: 0, Majority size: -1, State: 0, Mode: NON_LEADER, active raft config: opid_index: 3 OBSOLETE_local: false peers { permanent_uuid: "1410ca0a495548928c0495a7e6a68ab8" member_type: VOTER last_known_addr { host: "127.16.189.65" port: 43655 } } peers { permanent_uuid: "e1f055231b9940279daf222797111795" member_type: VOTER last_known_addr { host: "127.16.189.68" port: 38307 } attrs { replace: true } } peers { permanent_uuid: "21a19867d2da483cbab76e14e589c291" member_type: VOTER last_known_addr { host: "127.16.189.67" port: 44937 } } peers { permanent_uuid: "541bff3b5e3148ff96c598113c90eeb7" member_type: NON_VOTER last_known_addr { host: "127.16.189.66" port: 42883 } attrs { promote: true } }
I20260608 12:55:06.432927 20712 ts_tablet_manager.cc:1434] T 52407b22f40e4590803580c05f9e6c52 P 541bff3b5e3148ff96c598113c90eeb7: Time spent starting tablet: real 0.006s	user 0.004s	sys 0.000s
I20260608 12:55:06.434945 20294 tablet_copy_service.cc:342] P 21a19867d2da483cbab76e14e589c291: Request end of tablet copy session 541bff3b5e3148ff96c598113c90eeb7-52407b22f40e4590803580c05f9e6c52 received from {username='slave'} at 127.0.0.1:52870
I20260608 12:55:06.435469 20294 tablet_copy_service.cc:434] P 21a19867d2da483cbab76e14e589c291: ending tablet copy session 541bff3b5e3148ff96c598113c90eeb7-52407b22f40e4590803580c05f9e6c52 on tablet 52407b22f40e4590803580c05f9e6c52 with peer 541bff3b5e3148ff96c598113c90eeb7
I20260608 12:55:06.438149 20086 auto_leader_rebalancer.cc:140] leader rebalance for table range_aware_rebalance_new_range
I20260608 12:55:06.460431 20282 tablet_service.cc:2072] Received LeaderStepDown RPC: tablet_id: "3efd22c53a0e4582bf02e41d30bc24e0"
dest_uuid: "21a19867d2da483cbab76e14e589c291"
mode: GRACEFUL
new_leader_uuid: "e1f055231b9940279daf222797111795"
 from {username='slave'} at 127.0.0.1:58840
I20260608 12:55:06.461095 20282 raft_consensus.cc:606] T 3efd22c53a0e4582bf02e41d30bc24e0 P 21a19867d2da483cbab76e14e589c291 [term 1 LEADER]: Received request to transfer leadership to TS e1f055231b9940279daf222797111795
I20260608 12:55:06.462530 20086 auto_leader_rebalancer.cc:388] table: range_aware_rebalance_new_range, leader rebalance finish, leader transfer count: 1
I20260608 12:55:06.463447 20086 auto_leader_rebalancer.cc:451] All tables' leader rebalancing finished this round
I20260608 12:55:06.701675 20209 raft_consensus.cc:1217] T 52407b22f40e4590803580c05f9e6c52 P 541bff3b5e3148ff96c598113c90eeb7 [term 4 LEARNER]: Deduplicated request from leader. Original: 3.4->[4.5-4.5]   Dedup: 4.5->[]
I20260608 12:55:06.804950 20717 raft_consensus.cc:993] T 3efd22c53a0e4582bf02e41d30bc24e0 P 21a19867d2da483cbab76e14e589c291: : Instructing follower e1f055231b9940279daf222797111795 to start an election
I20260608 12:55:06.805533 20687 raft_consensus.cc:1081] T 3efd22c53a0e4582bf02e41d30bc24e0 P 21a19867d2da483cbab76e14e589c291 [term 1 LEADER]: Signalling peer e1f055231b9940279daf222797111795 to start an election
I20260608 12:55:06.807516 20439 tablet_service.cc:2044] Received Run Leader Election RPC: tablet_id: "3efd22c53a0e4582bf02e41d30bc24e0"
dest_uuid: "e1f055231b9940279daf222797111795"
 from {username='slave'} at 127.0.0.1:57914
I20260608 12:55:06.808219 20439 raft_consensus.cc:493] T 3efd22c53a0e4582bf02e41d30bc24e0 P e1f055231b9940279daf222797111795 [term 1 FOLLOWER]: Starting forced leader election (received explicit request)
I20260608 12:55:06.808630 20439 raft_consensus.cc:3060] T 3efd22c53a0e4582bf02e41d30bc24e0 P e1f055231b9940279daf222797111795 [term 1 FOLLOWER]: Advancing to term 2
I20260608 12:55:06.816991 20439 raft_consensus.cc:515] T 3efd22c53a0e4582bf02e41d30bc24e0 P e1f055231b9940279daf222797111795 [term 2 FOLLOWER]: Starting forced leader election with config: opid_index: 4 OBSOLETE_local: false peers { permanent_uuid: "541bff3b5e3148ff96c598113c90eeb7" member_type: VOTER last_known_addr { host: "127.16.189.66" port: 42883 } } peers { permanent_uuid: "21a19867d2da483cbab76e14e589c291" member_type: VOTER last_known_addr { host: "127.16.189.67" port: 44937 } } peers { permanent_uuid: "e1f055231b9940279daf222797111795" member_type: VOTER last_known_addr { host: "127.16.189.68" port: 38307 } attrs { promote: false } }
I20260608 12:55:06.819446 20439 leader_election.cc:290] T 3efd22c53a0e4582bf02e41d30bc24e0 P e1f055231b9940279daf222797111795 [CANDIDATE]: Term 2 election: Requested vote from peers 541bff3b5e3148ff96c598113c90eeb7 (127.16.189.66:42883), 21a19867d2da483cbab76e14e589c291 (127.16.189.67:44937)
I20260608 12:55:06.820631 20282 tablet_service.cc:1917] Received RequestConsensusVote() RPC: tablet_id: "3efd22c53a0e4582bf02e41d30bc24e0" candidate_uuid: "e1f055231b9940279daf222797111795" candidate_term: 2 candidate_status { last_received { term: 1 index: 4 } } ignore_live_leader: true dest_uuid: "21a19867d2da483cbab76e14e589c291"
I20260608 12:55:06.820612 20209 tablet_service.cc:1917] Received RequestConsensusVote() RPC: tablet_id: "3efd22c53a0e4582bf02e41d30bc24e0" candidate_uuid: "e1f055231b9940279daf222797111795" candidate_term: 2 candidate_status { last_received { term: 1 index: 4 } } ignore_live_leader: true dest_uuid: "541bff3b5e3148ff96c598113c90eeb7"
I20260608 12:55:06.821471 20282 raft_consensus.cc:3055] T 3efd22c53a0e4582bf02e41d30bc24e0 P 21a19867d2da483cbab76e14e589c291 [term 1 LEADER]: Stepping down as leader of term 1
I20260608 12:55:06.821640 20209 raft_consensus.cc:3060] T 3efd22c53a0e4582bf02e41d30bc24e0 P 541bff3b5e3148ff96c598113c90eeb7 [term 1 FOLLOWER]: Advancing to term 2
I20260608 12:55:06.821780 20282 raft_consensus.cc:740] T 3efd22c53a0e4582bf02e41d30bc24e0 P 21a19867d2da483cbab76e14e589c291 [term 1 LEADER]: Becoming Follower/Learner. State: Replica: 21a19867d2da483cbab76e14e589c291, State: Running, Role: LEADER
I20260608 12:55:06.822805 20282 consensus_queue.cc:260] T 3efd22c53a0e4582bf02e41d30bc24e0 P 21a19867d2da483cbab76e14e589c291 [NON_LEADER]: Queue going to NON_LEADER mode. State: All replicated index: 0, Majority replicated index: 4, Committed index: 4, Last appended: 1.4, Last appended by leader: 4, Current term: 1, Majority size: -1, State: 0, Mode: NON_LEADER, active raft config: opid_index: 4 OBSOLETE_local: false peers { permanent_uuid: "541bff3b5e3148ff96c598113c90eeb7" member_type: VOTER last_known_addr { host: "127.16.189.66" port: 42883 } } peers { permanent_uuid: "21a19867d2da483cbab76e14e589c291" member_type: VOTER last_known_addr { host: "127.16.189.67" port: 44937 } } peers { permanent_uuid: "e1f055231b9940279daf222797111795" member_type: VOTER last_known_addr { host: "127.16.189.68" port: 38307 } attrs { promote: false } }
I20260608 12:55:06.823720 20282 raft_consensus.cc:3060] T 3efd22c53a0e4582bf02e41d30bc24e0 P 21a19867d2da483cbab76e14e589c291 [term 1 FOLLOWER]: Advancing to term 2
I20260608 12:55:06.829226 20282 raft_consensus.cc:2468] T 3efd22c53a0e4582bf02e41d30bc24e0 P 21a19867d2da483cbab76e14e589c291 [term 2 FOLLOWER]: Leader election vote request: Granting yes vote for candidate e1f055231b9940279daf222797111795 in term 2.
I20260608 12:55:06.830224 20209 raft_consensus.cc:2468] T 3efd22c53a0e4582bf02e41d30bc24e0 P 541bff3b5e3148ff96c598113c90eeb7 [term 2 FOLLOWER]: Leader election vote request: Granting yes vote for candidate e1f055231b9940279daf222797111795 in term 2.
I20260608 12:55:06.830593 20407 leader_election.cc:304] T 3efd22c53a0e4582bf02e41d30bc24e0 P e1f055231b9940279daf222797111795 [CANDIDATE]: Term 2 election: Election decided. Result: candidate won. Election summary: received 2 responses out of 3 voters: 2 yes votes; 0 no votes. yes voters: 21a19867d2da483cbab76e14e589c291, e1f055231b9940279daf222797111795; no voters: 
I20260608 12:55:06.831416 20715 raft_consensus.cc:2804] T 3efd22c53a0e4582bf02e41d30bc24e0 P e1f055231b9940279daf222797111795 [term 2 FOLLOWER]: Leader election won for term 2
I20260608 12:55:06.831933 20715 raft_consensus.cc:697] T 3efd22c53a0e4582bf02e41d30bc24e0 P e1f055231b9940279daf222797111795 [term 2 LEADER]: Becoming Leader. State: Replica: e1f055231b9940279daf222797111795, State: Running, Role: LEADER
I20260608 12:55:06.832692 20715 consensus_queue.cc:237] T 3efd22c53a0e4582bf02e41d30bc24e0 P e1f055231b9940279daf222797111795 [LEADER]: Queue going to LEADER mode. State: All replicated index: 0, Majority replicated index: 4, Committed index: 4, Last appended: 1.4, Last appended by leader: 4, Current term: 2, Majority size: 2, State: 0, Mode: LEADER, active raft config: opid_index: 4 OBSOLETE_local: false peers { permanent_uuid: "541bff3b5e3148ff96c598113c90eeb7" member_type: VOTER last_known_addr { host: "127.16.189.66" port: 42883 } } peers { permanent_uuid: "21a19867d2da483cbab76e14e589c291" member_type: VOTER last_known_addr { host: "127.16.189.67" port: 44937 } } peers { permanent_uuid: "e1f055231b9940279daf222797111795" member_type: VOTER last_known_addr { host: "127.16.189.68" port: 38307 } attrs { promote: false } }
I20260608 12:55:06.840960 20030 catalog_manager.cc:5696] T 3efd22c53a0e4582bf02e41d30bc24e0 P e1f055231b9940279daf222797111795 reported cstate change: term changed from 1 to 2, leader changed from 21a19867d2da483cbab76e14e589c291 (127.16.189.67) to e1f055231b9940279daf222797111795 (127.16.189.68). New cstate: current_term: 2 leader_uuid: "e1f055231b9940279daf222797111795" committed_config { opid_index: 4 OBSOLETE_local: false peers { permanent_uuid: "541bff3b5e3148ff96c598113c90eeb7" member_type: VOTER last_known_addr { host: "127.16.189.66" port: 42883 } health_report { overall_health: UNKNOWN } } peers { permanent_uuid: "21a19867d2da483cbab76e14e589c291" member_type: VOTER last_known_addr { host: "127.16.189.67" port: 44937 } health_report { overall_health: UNKNOWN } } peers { permanent_uuid: "e1f055231b9940279daf222797111795" member_type: VOTER last_known_addr { host: "127.16.189.68" port: 38307 } attrs { promote: false } health_report { overall_health: HEALTHY } } }
I20260608 12:55:07.123831 20687 raft_consensus.cc:1064] T 52407b22f40e4590803580c05f9e6c52 P 21a19867d2da483cbab76e14e589c291: attempting to promote NON_VOTER 541bff3b5e3148ff96c598113c90eeb7 to VOTER
I20260608 12:55:07.125826 20687 consensus_queue.cc:237] T 52407b22f40e4590803580c05f9e6c52 P 21a19867d2da483cbab76e14e589c291 [LEADER]: Queue going to LEADER mode. State: All replicated index: 0, Majority replicated index: 5, Committed index: 5, Last appended: 4.5, Last appended by leader: 4, Current term: 4, Majority size: 3, State: 0, Mode: LEADER, active raft config: opid_index: 6 OBSOLETE_local: false peers { permanent_uuid: "1410ca0a495548928c0495a7e6a68ab8" member_type: VOTER last_known_addr { host: "127.16.189.65" port: 43655 } } peers { permanent_uuid: "e1f055231b9940279daf222797111795" member_type: VOTER last_known_addr { host: "127.16.189.68" port: 38307 } attrs { replace: true } } peers { permanent_uuid: "21a19867d2da483cbab76e14e589c291" member_type: VOTER last_known_addr { host: "127.16.189.67" port: 44937 } } peers { permanent_uuid: "541bff3b5e3148ff96c598113c90eeb7" member_type: VOTER last_known_addr { host: "127.16.189.66" port: 42883 } attrs { promote: false } }
I20260608 12:55:07.134567 20439 raft_consensus.cc:1275] T 52407b22f40e4590803580c05f9e6c52 P e1f055231b9940279daf222797111795 [term 4 FOLLOWER]: Refusing update from remote peer 21a19867d2da483cbab76e14e589c291: Log matching property violated. Preceding OpId in replica: term: 4 index: 5. Preceding OpId from leader: term: 4 index: 6. (index mismatch)
I20260608 12:55:07.134651 20209 raft_consensus.cc:1275] T 52407b22f40e4590803580c05f9e6c52 P 541bff3b5e3148ff96c598113c90eeb7 [term 4 LEARNER]: Refusing update from remote peer 21a19867d2da483cbab76e14e589c291: Log matching property violated. Preceding OpId in replica: term: 4 index: 5. Preceding OpId from leader: term: 4 index: 6. (index mismatch)
I20260608 12:55:07.134665 20130 raft_consensus.cc:1275] T 52407b22f40e4590803580c05f9e6c52 P 1410ca0a495548928c0495a7e6a68ab8 [term 4 FOLLOWER]: Refusing update from remote peer 21a19867d2da483cbab76e14e589c291: Log matching property violated. Preceding OpId in replica: term: 4 index: 5. Preceding OpId from leader: term: 4 index: 6. (index mismatch)
I20260608 12:55:07.136636 20724 consensus_queue.cc:1048] T 52407b22f40e4590803580c05f9e6c52 P 21a19867d2da483cbab76e14e589c291 [LEADER]: Connected to new peer: Peer: permanent_uuid: "e1f055231b9940279daf222797111795" member_type: VOTER last_known_addr { host: "127.16.189.68" port: 38307 } attrs { replace: true }, Status: LMP_MISMATCH, Last received: 0.0, Next index: 6, Last known committed idx: 5, Time since last communication: 0.001s
I20260608 12:55:07.137645 20686 consensus_queue.cc:1048] T 52407b22f40e4590803580c05f9e6c52 P 21a19867d2da483cbab76e14e589c291 [LEADER]: Connected to new peer: Peer: permanent_uuid: "1410ca0a495548928c0495a7e6a68ab8" member_type: VOTER last_known_addr { host: "127.16.189.65" port: 43655 }, Status: LMP_MISMATCH, Last received: 0.0, Next index: 6, Last known committed idx: 5, Time since last communication: 0.000s
I20260608 12:55:07.138383 20687 consensus_queue.cc:1048] T 52407b22f40e4590803580c05f9e6c52 P 21a19867d2da483cbab76e14e589c291 [LEADER]: Connected to new peer: Peer: permanent_uuid: "541bff3b5e3148ff96c598113c90eeb7" member_type: VOTER last_known_addr { host: "127.16.189.66" port: 42883 } attrs { promote: false }, Status: LMP_MISMATCH, Last received: 0.0, Next index: 6, Last known committed idx: 5, Time since last communication: 0.000s
I20260608 12:55:07.163698 20687 raft_consensus.cc:2955] T 52407b22f40e4590803580c05f9e6c52 P 21a19867d2da483cbab76e14e589c291 [term 4 LEADER]: Committing config change with OpId 4.6: config changed from index 3 to 6, 541bff3b5e3148ff96c598113c90eeb7 (127.16.189.66) changed from NON_VOTER to VOTER. New config: { opid_index: 6 OBSOLETE_local: false peers { permanent_uuid: "1410ca0a495548928c0495a7e6a68ab8" member_type: VOTER last_known_addr { host: "127.16.189.65" port: 43655 } } peers { permanent_uuid: "e1f055231b9940279daf222797111795" member_type: VOTER last_known_addr { host: "127.16.189.68" port: 38307 } attrs { replace: true } } peers { permanent_uuid: "21a19867d2da483cbab76e14e589c291" member_type: VOTER last_known_addr { host: "127.16.189.67" port: 44937 } } peers { permanent_uuid: "541bff3b5e3148ff96c598113c90eeb7" member_type: VOTER last_known_addr { host: "127.16.189.66" port: 42883 } attrs { promote: false } } }
I20260608 12:55:07.165685 20130 raft_consensus.cc:2955] T 52407b22f40e4590803580c05f9e6c52 P 1410ca0a495548928c0495a7e6a68ab8 [term 4 FOLLOWER]: Committing config change with OpId 4.6: config changed from index 3 to 6, 541bff3b5e3148ff96c598113c90eeb7 (127.16.189.66) changed from NON_VOTER to VOTER. New config: { opid_index: 6 OBSOLETE_local: false peers { permanent_uuid: "1410ca0a495548928c0495a7e6a68ab8" member_type: VOTER last_known_addr { host: "127.16.189.65" port: 43655 } } peers { permanent_uuid: "e1f055231b9940279daf222797111795" member_type: VOTER last_known_addr { host: "127.16.189.68" port: 38307 } attrs { replace: true } } peers { permanent_uuid: "21a19867d2da483cbab76e14e589c291" member_type: VOTER last_known_addr { host: "127.16.189.67" port: 44937 } } peers { permanent_uuid: "541bff3b5e3148ff96c598113c90eeb7" member_type: VOTER last_known_addr { host: "127.16.189.66" port: 42883 } attrs { promote: false } } }
I20260608 12:55:07.168606 20442 raft_consensus.cc:2955] T 52407b22f40e4590803580c05f9e6c52 P e1f055231b9940279daf222797111795 [term 4 FOLLOWER]: Committing config change with OpId 4.6: config changed from index 3 to 6, 541bff3b5e3148ff96c598113c90eeb7 (127.16.189.66) changed from NON_VOTER to VOTER. New config: { opid_index: 6 OBSOLETE_local: false peers { permanent_uuid: "1410ca0a495548928c0495a7e6a68ab8" member_type: VOTER last_known_addr { host: "127.16.189.65" port: 43655 } } peers { permanent_uuid: "e1f055231b9940279daf222797111795" member_type: VOTER last_known_addr { host: "127.16.189.68" port: 38307 } attrs { replace: true } } peers { permanent_uuid: "21a19867d2da483cbab76e14e589c291" member_type: VOTER last_known_addr { host: "127.16.189.67" port: 44937 } } peers { permanent_uuid: "541bff3b5e3148ff96c598113c90eeb7" member_type: VOTER last_known_addr { host: "127.16.189.66" port: 42883 } attrs { promote: false } } }
I20260608 12:55:07.182595 20030 catalog_manager.cc:5696] T 52407b22f40e4590803580c05f9e6c52 P e1f055231b9940279daf222797111795 reported cstate change: config changed from index 3 to 6, 541bff3b5e3148ff96c598113c90eeb7 (127.16.189.66) changed from NON_VOTER to VOTER. New cstate: current_term: 4 leader_uuid: "21a19867d2da483cbab76e14e589c291" committed_config { opid_index: 6 OBSOLETE_local: false peers { permanent_uuid: "1410ca0a495548928c0495a7e6a68ab8" member_type: VOTER last_known_addr { host: "127.16.189.65" port: 43655 } } peers { permanent_uuid: "e1f055231b9940279daf222797111795" member_type: VOTER last_known_addr { host: "127.16.189.68" port: 38307 } attrs { replace: true } } peers { permanent_uuid: "21a19867d2da483cbab76e14e589c291" member_type: VOTER last_known_addr { host: "127.16.189.67" port: 44937 } } peers { permanent_uuid: "541bff3b5e3148ff96c598113c90eeb7" member_type: VOTER last_known_addr { host: "127.16.189.66" port: 42883 } attrs { promote: false } } }
I20260608 12:55:07.185702 20209 raft_consensus.cc:2955] T 52407b22f40e4590803580c05f9e6c52 P 541bff3b5e3148ff96c598113c90eeb7 [term 4 FOLLOWER]: Committing config change with OpId 4.6: config changed from index 3 to 6, 541bff3b5e3148ff96c598113c90eeb7 (127.16.189.66) changed from NON_VOTER to VOTER. New config: { opid_index: 6 OBSOLETE_local: false peers { permanent_uuid: "1410ca0a495548928c0495a7e6a68ab8" member_type: VOTER last_known_addr { host: "127.16.189.65" port: 43655 } } peers { permanent_uuid: "e1f055231b9940279daf222797111795" member_type: VOTER last_known_addr { host: "127.16.189.68" port: 38307 } attrs { replace: true } } peers { permanent_uuid: "21a19867d2da483cbab76e14e589c291" member_type: VOTER last_known_addr { host: "127.16.189.67" port: 44937 } } peers { permanent_uuid: "541bff3b5e3148ff96c598113c90eeb7" member_type: VOTER last_known_addr { host: "127.16.189.66" port: 42883 } attrs { promote: false } } }
I20260608 12:55:07.209995 20283 consensus_queue.cc:237] T 52407b22f40e4590803580c05f9e6c52 P 21a19867d2da483cbab76e14e589c291 [LEADER]: Queue going to LEADER mode. State: All replicated index: 0, Majority replicated index: 6, Committed index: 6, Last appended: 4.6, Last appended by leader: 4, Current term: 4, Majority size: 2, State: 0, Mode: LEADER, active raft config: opid_index: 7 OBSOLETE_local: false peers { permanent_uuid: "1410ca0a495548928c0495a7e6a68ab8" member_type: VOTER last_known_addr { host: "127.16.189.65" port: 43655 } } peers { permanent_uuid: "21a19867d2da483cbab76e14e589c291" member_type: VOTER last_known_addr { host: "127.16.189.67" port: 44937 } } peers { permanent_uuid: "541bff3b5e3148ff96c598113c90eeb7" member_type: VOTER last_known_addr { host: "127.16.189.66" port: 42883 } attrs { promote: false } }
I20260608 12:55:07.224568 20130 raft_consensus.cc:1275] T 52407b22f40e4590803580c05f9e6c52 P 1410ca0a495548928c0495a7e6a68ab8 [term 4 FOLLOWER]: Refusing update from remote peer 21a19867d2da483cbab76e14e589c291: Log matching property violated. Preceding OpId in replica: term: 4 index: 6. Preceding OpId from leader: term: 4 index: 7. (index mismatch)
I20260608 12:55:07.226712 20686 consensus_queue.cc:1048] T 52407b22f40e4590803580c05f9e6c52 P 21a19867d2da483cbab76e14e589c291 [LEADER]: Connected to new peer: Peer: permanent_uuid: "1410ca0a495548928c0495a7e6a68ab8" member_type: VOTER last_known_addr { host: "127.16.189.65" port: 43655 }, Status: LMP_MISMATCH, Last received: 0.0, Next index: 7, Last known committed idx: 6, Time since last communication: 0.002s
I20260608 12:55:07.232580 17141 tablet_server.cc:179] TabletServer@127.16.189.65:0 shutting down...
I20260608 12:55:07.232969 20209 raft_consensus.cc:1275] T 52407b22f40e4590803580c05f9e6c52 P 541bff3b5e3148ff96c598113c90eeb7 [term 4 FOLLOWER]: Refusing update from remote peer 21a19867d2da483cbab76e14e589c291: Log matching property violated. Preceding OpId in replica: term: 4 index: 6. Preceding OpId from leader: term: 4 index: 7. (index mismatch)
I20260608 12:55:07.234689 20686 consensus_queue.cc:1048] T 52407b22f40e4590803580c05f9e6c52 P 21a19867d2da483cbab76e14e589c291 [LEADER]: Connected to new peer: Peer: permanent_uuid: "541bff3b5e3148ff96c598113c90eeb7" member_type: VOTER last_known_addr { host: "127.16.189.66" port: 42883 } attrs { promote: false }, Status: LMP_MISMATCH, Last received: 0.0, Next index: 7, Last known committed idx: 6, Time since last communication: 0.001s
I20260608 12:55:07.244043 20687 raft_consensus.cc:2955] T 52407b22f40e4590803580c05f9e6c52 P 21a19867d2da483cbab76e14e589c291 [term 4 LEADER]: Committing config change with OpId 4.7: config changed from index 6 to 7, VOTER e1f055231b9940279daf222797111795 (127.16.189.68) evicted. New config: { opid_index: 7 OBSOLETE_local: false peers { permanent_uuid: "1410ca0a495548928c0495a7e6a68ab8" member_type: VOTER last_known_addr { host: "127.16.189.65" port: 43655 } } peers { permanent_uuid: "21a19867d2da483cbab76e14e589c291" member_type: VOTER last_known_addr { host: "127.16.189.67" port: 44937 } } peers { permanent_uuid: "541bff3b5e3148ff96c598113c90eeb7" member_type: VOTER last_known_addr { host: "127.16.189.66" port: 42883 } attrs { promote: false } } }
I20260608 12:55:07.246435 20208 raft_consensus.cc:2955] T 52407b22f40e4590803580c05f9e6c52 P 541bff3b5e3148ff96c598113c90eeb7 [term 4 FOLLOWER]: Committing config change with OpId 4.7: config changed from index 6 to 7, VOTER e1f055231b9940279daf222797111795 (127.16.189.68) evicted. New config: { opid_index: 7 OBSOLETE_local: false peers { permanent_uuid: "1410ca0a495548928c0495a7e6a68ab8" member_type: VOTER last_known_addr { host: "127.16.189.65" port: 43655 } } peers { permanent_uuid: "21a19867d2da483cbab76e14e589c291" member_type: VOTER last_known_addr { host: "127.16.189.67" port: 44937 } } peers { permanent_uuid: "541bff3b5e3148ff96c598113c90eeb7" member_type: VOTER last_known_addr { host: "127.16.189.66" port: 42883 } attrs { promote: false } } }
I20260608 12:55:07.277668 20019 catalog_manager.cc:5209] ChangeConfig:REMOVE_PEER RPC for tablet 52407b22f40e4590803580c05f9e6c52 with cas_config_opid_index 6: ChangeConfig:REMOVE_PEER succeeded (attempt 1)
I20260608 12:55:07.270468 20029 catalog_manager.cc:5696] T 52407b22f40e4590803580c05f9e6c52 P 541bff3b5e3148ff96c598113c90eeb7 reported cstate change: config changed from index 6 to 7, VOTER e1f055231b9940279daf222797111795 (127.16.189.68) evicted. New cstate: current_term: 4 leader_uuid: "21a19867d2da483cbab76e14e589c291" committed_config { opid_index: 7 OBSOLETE_local: false peers { permanent_uuid: "1410ca0a495548928c0495a7e6a68ab8" member_type: VOTER last_known_addr { host: "127.16.189.65" port: 43655 } } peers { permanent_uuid: "21a19867d2da483cbab76e14e589c291" member_type: VOTER last_known_addr { host: "127.16.189.67" port: 44937 } } peers { permanent_uuid: "541bff3b5e3148ff96c598113c90eeb7" member_type: VOTER last_known_addr { host: "127.16.189.66" port: 42883 } attrs { promote: false } } }
W20260608 12:55:07.286259 20249 consensus_peers.cc:597] T 52407b22f40e4590803580c05f9e6c52 P 21a19867d2da483cbab76e14e589c291 -> Peer 1410ca0a495548928c0495a7e6a68ab8 (127.16.189.65:43655): Couldn't send request to peer 1410ca0a495548928c0495a7e6a68ab8. Status: Remote error: Service unavailable: service kudu.consensus.ConsensusService not registered on TabletServer. This is attempt 1: this message will repeat every 5th retry.
W20260608 12:55:07.287375 20407 outbound_call.cc:321] RPC callback for RPC call kudu.consensus.ConsensusService.UpdateConsensus -> {remote=127.16.189.65:43655, user_credentials={real_user=slave}} blocked reactor thread for 49762.8us
W20260608 12:55:07.292855 20407 consensus_peers.cc:597] T 4cbe46eb09094e128c5b1eaf784bf8e3 P e1f055231b9940279daf222797111795 -> Peer 1410ca0a495548928c0495a7e6a68ab8 (127.16.189.65:43655): Couldn't send request to peer 1410ca0a495548928c0495a7e6a68ab8. Status: Remote error: Service unavailable: service kudu.consensus.ConsensusService not registered on TabletServer. This is attempt 1: this message will repeat every 5th retry.
I20260608 12:55:07.297582 20431 tablet_service.cc:1558] Processing DeleteTablet for tablet 52407b22f40e4590803580c05f9e6c52 with delete_type TABLET_DATA_TOMBSTONED (TS e1f055231b9940279daf222797111795 not found in new config with opid_index 7) from {username='slave'} at 127.0.0.1:51262
I20260608 12:55:07.326858 20730 tablet_replica.cc:333] T 52407b22f40e4590803580c05f9e6c52 P e1f055231b9940279daf222797111795: stopping tablet replica
I20260608 12:55:07.328394 20730 raft_consensus.cc:2243] T 52407b22f40e4590803580c05f9e6c52 P e1f055231b9940279daf222797111795 [term 4 FOLLOWER]: Raft consensus shutting down.
I20260608 12:55:07.329764 20730 raft_consensus.cc:2272] T 52407b22f40e4590803580c05f9e6c52 P e1f055231b9940279daf222797111795 [term 4 FOLLOWER]: Raft consensus is shut down!
I20260608 12:55:07.334385 20730 ts_tablet_manager.cc:1916] T 52407b22f40e4590803580c05f9e6c52 P e1f055231b9940279daf222797111795: Deleting tablet data with delete state TABLET_DATA_TOMBSTONED
I20260608 12:55:07.342720 17141 ts_tablet_manager.cc:1507] Shutting down tablet manager...
I20260608 12:55:07.344246 17141 tablet_replica.cc:333] T b8ed5b2f2d874f1d86a157507b04ad07 P 1410ca0a495548928c0495a7e6a68ab8: stopping tablet replica
I20260608 12:55:07.345460 17141 raft_consensus.cc:2243] T b8ed5b2f2d874f1d86a157507b04ad07 P 1410ca0a495548928c0495a7e6a68ab8 [term 1 FOLLOWER]: Raft consensus shutting down.
I20260608 12:55:07.346155 17141 raft_consensus.cc:2272] T b8ed5b2f2d874f1d86a157507b04ad07 P 1410ca0a495548928c0495a7e6a68ab8 [term 1 FOLLOWER]: Raft consensus is shut down!
I20260608 12:55:07.351981 20730 ts_tablet_manager.cc:1929] T 52407b22f40e4590803580c05f9e6c52 P e1f055231b9940279daf222797111795: tablet deleted with delete type TABLET_DATA_TOMBSTONED: last-logged OpId 4.6
W20260608 12:55:07.352183 20249 consensus_peers.cc:597] T d126b91e2c5e4199b01848c7aeee1cc4 P 21a19867d2da483cbab76e14e589c291 -> Peer 1410ca0a495548928c0495a7e6a68ab8 (127.16.189.65:43655): Couldn't send request to peer 1410ca0a495548928c0495a7e6a68ab8. Status: Remote error: Service unavailable: service kudu.consensus.ConsensusService not registered on TabletServer. This is attempt 1: this message will repeat every 5th retry.
I20260608 12:55:07.352641 20730 log.cc:1199] T 52407b22f40e4590803580c05f9e6c52 P e1f055231b9940279daf222797111795: Deleting WAL directory at /tmp/dist-test-task8FRcrW/test-tmp/auto_rebalancer-test.0.AutoRebalancerTest.RangeAwareRebalancesNewRangeReplicas.1780923215447540-17141-0/minicluster-data/ts-3-root/wals/52407b22f40e4590803580c05f9e6c52
I20260608 12:55:07.352695 17141 tablet_replica.cc:333] T 968873b2daf942ff9c4c9705ad0025fc P 1410ca0a495548928c0495a7e6a68ab8: stopping tablet replica
I20260608 12:55:07.354024 17141 raft_consensus.cc:2243] T 968873b2daf942ff9c4c9705ad0025fc P 1410ca0a495548928c0495a7e6a68ab8 [term 2 FOLLOWER]: Raft consensus shutting down.
I20260608 12:55:07.354736 17141 raft_consensus.cc:2272] T 968873b2daf942ff9c4c9705ad0025fc P 1410ca0a495548928c0495a7e6a68ab8 [term 2 FOLLOWER]: Raft consensus is shut down!
I20260608 12:55:07.354624 20018 catalog_manager.cc:5027] TS e1f055231b9940279daf222797111795 (127.16.189.68:38307): tablet 52407b22f40e4590803580c05f9e6c52 (table range_aware_rebalance_new_range [id=e79bdb0a2eb34f9ebbe17042445d570e]) successfully deleted
I20260608 12:55:07.357765 17141 tablet_replica.cc:333] T e67aed9c72cb4243b58042c8b5ea9b15 P 1410ca0a495548928c0495a7e6a68ab8: stopping tablet replica
I20260608 12:55:07.358659 17141 raft_consensus.cc:2243] T e67aed9c72cb4243b58042c8b5ea9b15 P 1410ca0a495548928c0495a7e6a68ab8 [term 2 FOLLOWER]: Raft consensus shutting down.
I20260608 12:55:07.359301 17141 raft_consensus.cc:2272] T e67aed9c72cb4243b58042c8b5ea9b15 P 1410ca0a495548928c0495a7e6a68ab8 [term 2 FOLLOWER]: Raft consensus is shut down!
I20260608 12:55:07.365322 17141 tablet_replica.cc:333] T 5e556a7f5fed4886a3ab00c0c03fadac P 1410ca0a495548928c0495a7e6a68ab8: stopping tablet replica
I20260608 12:55:07.366276 17141 raft_consensus.cc:2243] T 5e556a7f5fed4886a3ab00c0c03fadac P 1410ca0a495548928c0495a7e6a68ab8 [term 1 FOLLOWER]: Raft consensus shutting down.
I20260608 12:55:07.367190 17141 raft_consensus.cc:2272] T 5e556a7f5fed4886a3ab00c0c03fadac P 1410ca0a495548928c0495a7e6a68ab8 [term 1 FOLLOWER]: Raft consensus is shut down!
I20260608 12:55:07.370317 17141 tablet_replica.cc:333] T ca920ec6431b46529e9045d72d9034c8 P 1410ca0a495548928c0495a7e6a68ab8: stopping tablet replica
I20260608 12:55:07.371258 17141 raft_consensus.cc:2243] T ca920ec6431b46529e9045d72d9034c8 P 1410ca0a495548928c0495a7e6a68ab8 [term 1 LEADER]: Raft consensus shutting down.
I20260608 12:55:07.372781 17141 raft_consensus.cc:2272] T ca920ec6431b46529e9045d72d9034c8 P 1410ca0a495548928c0495a7e6a68ab8 [term 1 FOLLOWER]: Raft consensus is shut down!
I20260608 12:55:07.376360 17141 tablet_replica.cc:333] T 52407b22f40e4590803580c05f9e6c52 P 1410ca0a495548928c0495a7e6a68ab8: stopping tablet replica
I20260608 12:55:07.377367 17141 raft_consensus.cc:2243] T 52407b22f40e4590803580c05f9e6c52 P 1410ca0a495548928c0495a7e6a68ab8 [term 4 FOLLOWER]: Raft consensus shutting down.
I20260608 12:55:07.378135 17141 pending_rounds.cc:70] T 52407b22f40e4590803580c05f9e6c52 P 1410ca0a495548928c0495a7e6a68ab8: Trying to abort 1 pending ops.
I20260608 12:55:07.378435 17141 pending_rounds.cc:77] T 52407b22f40e4590803580c05f9e6c52 P 1410ca0a495548928c0495a7e6a68ab8: Aborting op as it isn't in flight: id { term: 4 index: 7 } timestamp: 7294661866325225472 op_type: CHANGE_CONFIG_OP change_config_record { tablet_id: "52407b22f40e4590803580c05f9e6c52" old_config { opid_index: 6 OBSOLETE_local: false peers { permanent_uuid: "1410ca0a495548928c0495a7e6a68ab8" member_type: VOTER last_known_addr { host: "127.16.189.65" port: 43655 } } peers { permanent_uuid: "e1f055231b9940279daf222797111795" member_type: VOTER last_known_addr { host: "127.16.189.68" port: 38307 } attrs { replace: true } } peers { permanent_uuid: "21a19867d2da483cbab76e14e589c291" member_type: VOTER last_known_addr { host: "127.16.189.67" port: 44937 } } peers { permanent_uuid: "541bff3b5e3148ff96c598113c90eeb7" member_type: VOTER last_known_addr { host: "127.16.189.66" port: 42883 } attrs { promote: false } } } new_config { opid_index: 7 OBSOLETE_local: false peers { permanent_uuid: "1410ca0a495548928c0495a7e6a68ab8" member_type: VOTER last_known_addr { host: "127.16.189.65" port: 43655 } } peers { permanent_uuid: "21a19867d2da483cbab76e14e589c291" member_type: VOTER last_known_addr { host: "127.16.189.67" port: 44937 } } peers { permanent_uuid: "541bff3b5e3148ff96c598113c90eeb7" member_type: VOTER last_known_addr { host: "127.16.189.66" port: 42883 } attrs { promote: false } } } }
I20260608 12:55:07.381649 17141 raft_consensus.cc:2917] T 52407b22f40e4590803580c05f9e6c52 P 1410ca0a495548928c0495a7e6a68ab8 [term 4 FOLLOWER]: Aborting config change with OpId 4.7: Aborted: Op aborted
I20260608 12:55:07.381755 20208 raft_consensus.cc:1275] T 3efd22c53a0e4582bf02e41d30bc24e0 P 541bff3b5e3148ff96c598113c90eeb7 [term 2 FOLLOWER]: Refusing update from remote peer e1f055231b9940279daf222797111795: Log matching property violated. Preceding OpId in replica: term: 1 index: 4. Preceding OpId from leader: term: 2 index: 5. (index mismatch)
I20260608 12:55:07.382192 17141 raft_consensus.cc:2889] T 52407b22f40e4590803580c05f9e6c52 P 1410ca0a495548928c0495a7e6a68ab8 [term 4 FOLLOWER]: CHANGE_CONFIG_OP replication failed: Aborted: Op aborted
I20260608 12:55:07.382609 17141 raft_consensus.cc:2272] T 52407b22f40e4590803580c05f9e6c52 P 1410ca0a495548928c0495a7e6a68ab8 [term 4 FOLLOWER]: Raft consensus is shut down!
W20260608 12:55:07.384356 20175 consensus_peers.cc:597] T b8ed5b2f2d874f1d86a157507b04ad07 P 541bff3b5e3148ff96c598113c90eeb7 -> Peer 1410ca0a495548928c0495a7e6a68ab8 (127.16.189.65:43655): Couldn't send request to peer 1410ca0a495548928c0495a7e6a68ab8. Status: Remote error: Service unavailable: service kudu.consensus.ConsensusService not registered on TabletServer. This is attempt 1: this message will repeat every 5th retry.
I20260608 12:55:07.384233 20658 consensus_queue.cc:1048] T 3efd22c53a0e4582bf02e41d30bc24e0 P e1f055231b9940279daf222797111795 [LEADER]: Connected to new peer: Peer: permanent_uuid: "541bff3b5e3148ff96c598113c90eeb7" member_type: VOTER last_known_addr { host: "127.16.189.66" port: 42883 }, Status: LMP_MISMATCH, Last received: 0.0, Next index: 5, Last known committed idx: 4, Time since last communication: 0.001s
I20260608 12:55:07.387069 17141 tablet_replica.cc:333] T 2592b94fe8394a6f8c0424c165b0ffaf P 1410ca0a495548928c0495a7e6a68ab8: stopping tablet replica
I20260608 12:55:07.388502 17141 raft_consensus.cc:2243] T 2592b94fe8394a6f8c0424c165b0ffaf P 1410ca0a495548928c0495a7e6a68ab8 [term 2 LEADER]: Raft consensus shutting down.
I20260608 12:55:07.391237 17141 raft_consensus.cc:2272] T 2592b94fe8394a6f8c0424c165b0ffaf P 1410ca0a495548928c0495a7e6a68ab8 [term 2 FOLLOWER]: Raft consensus is shut down!
I20260608 12:55:07.394634 17141 tablet_replica.cc:333] T beb24fae94e5408d97e05ef35447af00 P 1410ca0a495548928c0495a7e6a68ab8: stopping tablet replica
I20260608 12:55:07.395457 17141 raft_consensus.cc:2243] T beb24fae94e5408d97e05ef35447af00 P 1410ca0a495548928c0495a7e6a68ab8 [term 1 LEADER]: Raft consensus shutting down.
I20260608 12:55:07.397078 17141 raft_consensus.cc:2272] T beb24fae94e5408d97e05ef35447af00 P 1410ca0a495548928c0495a7e6a68ab8 [term 1 FOLLOWER]: Raft consensus is shut down!
I20260608 12:55:07.399623 20283 raft_consensus.cc:1275] T 3efd22c53a0e4582bf02e41d30bc24e0 P 21a19867d2da483cbab76e14e589c291 [term 2 FOLLOWER]: Refusing update from remote peer e1f055231b9940279daf222797111795: Log matching property violated. Preceding OpId in replica: term: 1 index: 4. Preceding OpId from leader: term: 2 index: 5. (index mismatch)
I20260608 12:55:07.400154 17141 tablet_replica.cc:333] T 81dc00be9454434cbfad05046aceb9dc P 1410ca0a495548928c0495a7e6a68ab8: stopping tablet replica
I20260608 12:55:07.401878 20715 consensus_queue.cc:1048] T 3efd22c53a0e4582bf02e41d30bc24e0 P e1f055231b9940279daf222797111795 [LEADER]: Connected to new peer: Peer: permanent_uuid: "21a19867d2da483cbab76e14e589c291" member_type: VOTER last_known_addr { host: "127.16.189.67" port: 44937 }, Status: LMP_MISMATCH, Last received: 0.0, Next index: 5, Last known committed idx: 4, Time since last communication: 0.000s
I20260608 12:55:07.402556 17141 raft_consensus.cc:2243] T 81dc00be9454434cbfad05046aceb9dc P 1410ca0a495548928c0495a7e6a68ab8 [term 1 LEADER]: Raft consensus shutting down.
I20260608 12:55:07.403739 17141 raft_consensus.cc:2272] T 81dc00be9454434cbfad05046aceb9dc P 1410ca0a495548928c0495a7e6a68ab8 [term 1 FOLLOWER]: Raft consensus is shut down!
I20260608 12:55:07.407096 17141 tablet_replica.cc:333] T 4cbe46eb09094e128c5b1eaf784bf8e3 P 1410ca0a495548928c0495a7e6a68ab8: stopping tablet replica
I20260608 12:55:07.407908 17141 raft_consensus.cc:2243] T 4cbe46eb09094e128c5b1eaf784bf8e3 P 1410ca0a495548928c0495a7e6a68ab8 [term 2 FOLLOWER]: Raft consensus shutting down.
I20260608 12:55:07.409159 17141 raft_consensus.cc:2272] T 4cbe46eb09094e128c5b1eaf784bf8e3 P 1410ca0a495548928c0495a7e6a68ab8 [term 2 FOLLOWER]: Raft consensus is shut down!
I20260608 12:55:07.412783 17141 tablet_replica.cc:333] T d126b91e2c5e4199b01848c7aeee1cc4 P 1410ca0a495548928c0495a7e6a68ab8: stopping tablet replica
I20260608 12:55:07.413659 17141 raft_consensus.cc:2243] T d126b91e2c5e4199b01848c7aeee1cc4 P 1410ca0a495548928c0495a7e6a68ab8 [term 1 FOLLOWER]: Raft consensus shutting down.
I20260608 12:55:07.414234 17141 raft_consensus.cc:2272] T d126b91e2c5e4199b01848c7aeee1cc4 P 1410ca0a495548928c0495a7e6a68ab8 [term 1 FOLLOWER]: Raft consensus is shut down!
I20260608 12:55:07.417318 17141 tablet_replica.cc:333] T 4c618b00d86446b2a0ddfb5f759feb57 P 1410ca0a495548928c0495a7e6a68ab8: stopping tablet replica
I20260608 12:55:07.418165 17141 raft_consensus.cc:2243] T 4c618b00d86446b2a0ddfb5f759feb57 P 1410ca0a495548928c0495a7e6a68ab8 [term 2 FOLLOWER]: Raft consensus shutting down.
I20260608 12:55:07.418962 17141 raft_consensus.cc:2272] T 4c618b00d86446b2a0ddfb5f759feb57 P 1410ca0a495548928c0495a7e6a68ab8 [term 2 FOLLOWER]: Raft consensus is shut down!
W20260608 12:55:07.441418 20407 consensus_peers.cc:597] T e67aed9c72cb4243b58042c8b5ea9b15 P e1f055231b9940279daf222797111795 -> Peer 1410ca0a495548928c0495a7e6a68ab8 (127.16.189.65:43655): Couldn't send request to peer 1410ca0a495548928c0495a7e6a68ab8. Status: Remote error: Service unavailable: service kudu.consensus.ConsensusService not registered on TabletServer. This is attempt 1: this message will repeat every 5th retry.
I20260608 12:55:07.455567 17141 tablet_server.cc:196] TabletServer@127.16.189.65:0 shutdown complete.
W20260608 12:55:07.462741 20175 consensus_peers.cc:597] T 5e556a7f5fed4886a3ab00c0c03fadac P 541bff3b5e3148ff96c598113c90eeb7 -> Peer 1410ca0a495548928c0495a7e6a68ab8 (127.16.189.65:43655): Couldn't send request to peer 1410ca0a495548928c0495a7e6a68ab8. Status: Network error: Client connection negotiation failed: client connection to 127.16.189.65:43655: connect: Connection refused (error 111). This is attempt 1: this message will repeat every 5th retry.
W20260608 12:55:07.469424 20407 consensus_peers.cc:597] T 968873b2daf942ff9c4c9705ad0025fc P e1f055231b9940279daf222797111795 -> Peer 1410ca0a495548928c0495a7e6a68ab8 (127.16.189.65:43655): Couldn't send request to peer 1410ca0a495548928c0495a7e6a68ab8. Status: Network error: Client connection negotiation failed: client connection to 127.16.189.65:43655: connect: Connection refused (error 111). This is attempt 1: this message will repeat every 5th retry.
I20260608 12:55:07.494726 17141 tablet_server.cc:179] TabletServer@127.16.189.66:0 shutting down...
I20260608 12:55:07.534586 17141 ts_tablet_manager.cc:1507] Shutting down tablet manager...
I20260608 12:55:07.535485 17141 tablet_replica.cc:333] T b8ed5b2f2d874f1d86a157507b04ad07 P 541bff3b5e3148ff96c598113c90eeb7: stopping tablet replica
I20260608 12:55:07.536198 17141 raft_consensus.cc:2243] T b8ed5b2f2d874f1d86a157507b04ad07 P 541bff3b5e3148ff96c598113c90eeb7 [term 1 LEADER]: Raft consensus shutting down.
I20260608 12:55:07.537194 17141 raft_consensus.cc:2272] T b8ed5b2f2d874f1d86a157507b04ad07 P 541bff3b5e3148ff96c598113c90eeb7 [term 1 FOLLOWER]: Raft consensus is shut down!
I20260608 12:55:07.539237 17141 tablet_replica.cc:333] T 968873b2daf942ff9c4c9705ad0025fc P 541bff3b5e3148ff96c598113c90eeb7: stopping tablet replica
I20260608 12:55:07.539820 17141 raft_consensus.cc:2243] T 968873b2daf942ff9c4c9705ad0025fc P 541bff3b5e3148ff96c598113c90eeb7 [term 2 FOLLOWER]: Raft consensus shutting down.
I20260608 12:55:07.540516 17141 raft_consensus.cc:2272] T 968873b2daf942ff9c4c9705ad0025fc P 541bff3b5e3148ff96c598113c90eeb7 [term 2 FOLLOWER]: Raft consensus is shut down!
I20260608 12:55:07.542574 17141 tablet_replica.cc:333] T 5e556a7f5fed4886a3ab00c0c03fadac P 541bff3b5e3148ff96c598113c90eeb7: stopping tablet replica
I20260608 12:55:07.543326 17141 raft_consensus.cc:2243] T 5e556a7f5fed4886a3ab00c0c03fadac P 541bff3b5e3148ff96c598113c90eeb7 [term 1 LEADER]: Raft consensus shutting down.
I20260608 12:55:07.544174 17141 raft_consensus.cc:2272] T 5e556a7f5fed4886a3ab00c0c03fadac P 541bff3b5e3148ff96c598113c90eeb7 [term 1 FOLLOWER]: Raft consensus is shut down!
I20260608 12:55:07.546162 17141 tablet_replica.cc:333] T 5dec6ee564c6428c9abe9ce3c879ac7f P 541bff3b5e3148ff96c598113c90eeb7: stopping tablet replica
I20260608 12:55:07.546766 17141 raft_consensus.cc:2243] T 5dec6ee564c6428c9abe9ce3c879ac7f P 541bff3b5e3148ff96c598113c90eeb7 [term 1 FOLLOWER]: Raft consensus shutting down.
I20260608 12:55:07.547435 17141 raft_consensus.cc:2272] T 5dec6ee564c6428c9abe9ce3c879ac7f P 541bff3b5e3148ff96c598113c90eeb7 [term 1 FOLLOWER]: Raft consensus is shut down!
I20260608 12:55:07.549572 17141 tablet_replica.cc:333] T 81dc00be9454434cbfad05046aceb9dc P 541bff3b5e3148ff96c598113c90eeb7: stopping tablet replica
I20260608 12:55:07.550203 17141 raft_consensus.cc:2243] T 81dc00be9454434cbfad05046aceb9dc P 541bff3b5e3148ff96c598113c90eeb7 [term 1 FOLLOWER]: Raft consensus shutting down.
I20260608 12:55:07.550853 17141 raft_consensus.cc:2272] T 81dc00be9454434cbfad05046aceb9dc P 541bff3b5e3148ff96c598113c90eeb7 [term 1 FOLLOWER]: Raft consensus is shut down!
I20260608 12:55:07.552776 17141 tablet_replica.cc:333] T 0cd0b92e8c1744938b5c703f5c36523e P 541bff3b5e3148ff96c598113c90eeb7: stopping tablet replica
I20260608 12:55:07.553350 17141 raft_consensus.cc:2243] T 0cd0b92e8c1744938b5c703f5c36523e P 541bff3b5e3148ff96c598113c90eeb7 [term 1 LEADER]: Raft consensus shutting down.
I20260608 12:55:07.554191 17141 raft_consensus.cc:2272] T 0cd0b92e8c1744938b5c703f5c36523e P 541bff3b5e3148ff96c598113c90eeb7 [term 1 FOLLOWER]: Raft consensus is shut down!
I20260608 12:55:07.556110 17141 tablet_replica.cc:333] T d126b91e2c5e4199b01848c7aeee1cc4 P 541bff3b5e3148ff96c598113c90eeb7: stopping tablet replica
I20260608 12:55:07.556661 17141 raft_consensus.cc:2243] T d126b91e2c5e4199b01848c7aeee1cc4 P 541bff3b5e3148ff96c598113c90eeb7 [term 1 FOLLOWER]: Raft consensus shutting down.
I20260608 12:55:07.557176 17141 raft_consensus.cc:2272] T d126b91e2c5e4199b01848c7aeee1cc4 P 541bff3b5e3148ff96c598113c90eeb7 [term 1 FOLLOWER]: Raft consensus is shut down!
I20260608 12:55:07.559216 17141 tablet_replica.cc:333] T a0956b8a88cd4519b44ffb0bf97ee26a P 541bff3b5e3148ff96c598113c90eeb7: stopping tablet replica
I20260608 12:55:07.559741 17141 raft_consensus.cc:2243] T a0956b8a88cd4519b44ffb0bf97ee26a P 541bff3b5e3148ff96c598113c90eeb7 [term 1 LEADER]: Raft consensus shutting down.
I20260608 12:55:07.560518 17141 raft_consensus.cc:2272] T a0956b8a88cd4519b44ffb0bf97ee26a P 541bff3b5e3148ff96c598113c90eeb7 [term 1 FOLLOWER]: Raft consensus is shut down!
I20260608 12:55:07.562556 17141 tablet_replica.cc:333] T 3efd22c53a0e4582bf02e41d30bc24e0 P 541bff3b5e3148ff96c598113c90eeb7: stopping tablet replica
I20260608 12:55:07.563234 17141 raft_consensus.cc:2243] T 3efd22c53a0e4582bf02e41d30bc24e0 P 541bff3b5e3148ff96c598113c90eeb7 [term 2 FOLLOWER]: Raft consensus shutting down.
I20260608 12:55:07.563779 17141 raft_consensus.cc:2272] T 3efd22c53a0e4582bf02e41d30bc24e0 P 541bff3b5e3148ff96c598113c90eeb7 [term 2 FOLLOWER]: Raft consensus is shut down!
I20260608 12:55:07.566817 17141 tablet_replica.cc:333] T beb24fae94e5408d97e05ef35447af00 P 541bff3b5e3148ff96c598113c90eeb7: stopping tablet replica
I20260608 12:55:07.567412 17141 raft_consensus.cc:2243] T beb24fae94e5408d97e05ef35447af00 P 541bff3b5e3148ff96c598113c90eeb7 [term 1 FOLLOWER]: Raft consensus shutting down.
I20260608 12:55:07.568079 17141 raft_consensus.cc:2272] T beb24fae94e5408d97e05ef35447af00 P 541bff3b5e3148ff96c598113c90eeb7 [term 1 FOLLOWER]: Raft consensus is shut down!
I20260608 12:55:07.570129 17141 tablet_replica.cc:333] T 4c618b00d86446b2a0ddfb5f759feb57 P 541bff3b5e3148ff96c598113c90eeb7: stopping tablet replica
I20260608 12:55:07.570657 17141 raft_consensus.cc:2243] T 4c618b00d86446b2a0ddfb5f759feb57 P 541bff3b5e3148ff96c598113c90eeb7 [term 2 FOLLOWER]: Raft consensus shutting down.
I20260608 12:55:07.571174 17141 raft_consensus.cc:2272] T 4c618b00d86446b2a0ddfb5f759feb57 P 541bff3b5e3148ff96c598113c90eeb7 [term 2 FOLLOWER]: Raft consensus is shut down!
I20260608 12:55:07.573297 17141 tablet_replica.cc:333] T 52407b22f40e4590803580c05f9e6c52 P 541bff3b5e3148ff96c598113c90eeb7: stopping tablet replica
I20260608 12:55:07.573794 17141 raft_consensus.cc:2243] T 52407b22f40e4590803580c05f9e6c52 P 541bff3b5e3148ff96c598113c90eeb7 [term 4 FOLLOWER]: Raft consensus shutting down.
I20260608 12:55:07.574265 17141 raft_consensus.cc:2272] T 52407b22f40e4590803580c05f9e6c52 P 541bff3b5e3148ff96c598113c90eeb7 [term 4 FOLLOWER]: Raft consensus is shut down!
W20260608 12:55:07.581826 20247 consensus_peers.cc:597] T 5dec6ee564c6428c9abe9ce3c879ac7f P 21a19867d2da483cbab76e14e589c291 -> Peer 541bff3b5e3148ff96c598113c90eeb7 (127.16.189.66:42883): Couldn't send request to peer 541bff3b5e3148ff96c598113c90eeb7. Status: Remote error: Service unavailable: service kudu.consensus.ConsensusService not registered on TabletServer. This is attempt 1: this message will repeat every 5th retry.
W20260608 12:55:07.599434 20247 consensus_peers.cc:597] T d126b91e2c5e4199b01848c7aeee1cc4 P 21a19867d2da483cbab76e14e589c291 -> Peer 541bff3b5e3148ff96c598113c90eeb7 (127.16.189.66:42883): Couldn't send request to peer 541bff3b5e3148ff96c598113c90eeb7. Status: Network error: recv got EOF from unknown peer (error 108). This is attempt 1: this message will repeat every 5th retry.
I20260608 12:55:07.606694 17141 tablet_server.cc:196] TabletServer@127.16.189.66:0 shutdown complete.
W20260608 12:55:07.612367 20247 consensus_peers.cc:597] T 4c618b00d86446b2a0ddfb5f759feb57 P 21a19867d2da483cbab76e14e589c291 -> Peer 541bff3b5e3148ff96c598113c90eeb7 (127.16.189.66:42883): Couldn't send request to peer 541bff3b5e3148ff96c598113c90eeb7. Status: Network error: Client connection negotiation failed: client connection to 127.16.189.66:42883: connect: Connection refused (error 111). This is attempt 1: this message will repeat every 5th retry.
W20260608 12:55:07.617492 20249 consensus_peers.cc:597] T 4c618b00d86446b2a0ddfb5f759feb57 P 21a19867d2da483cbab76e14e589c291 -> Peer 1410ca0a495548928c0495a7e6a68ab8 (127.16.189.65:43655): Couldn't send request to peer 1410ca0a495548928c0495a7e6a68ab8. Status: Network error: Client connection negotiation failed: client connection to 127.16.189.65:43655: connect: Connection refused (error 111). This is attempt 1: this message will repeat every 5th retry.
I20260608 12:55:07.638669 17141 tablet_server.cc:179] TabletServer@127.16.189.67:0 shutting down...
