I20260608 12:55:42.105003  9887 consensus_queue.cc:1048] T 217700c745a04b1eb24dcf301ffe965a P 04bdd0bfc37748c49379d6d7771d7898 [LEADER]: Connected to new peer: Peer: permanent_uuid: "31adb4e8c4ee476eba11352496cd460c" member_type: VOTER last_known_addr { host: "127.4.161.130" port: 37863 }, Status: LMP_MISMATCH, Last received: 0.0, Next index: 26, Last known committed idx: 25, Time since last communication: 0.000s
I20260608 12:55:42.109232  9425 raft_consensus.cc:1275] T 217700c745a04b1eb24dcf301ffe965a P 174d67a6bd594d418525af1f3a91e8a6 [term 1 FOLLOWER]: Refusing update from remote peer 04bdd0bfc37748c49379d6d7771d7898: Log matching property violated. Preceding OpId in replica: term: 1 index: 25. Preceding OpId from leader: term: 1 index: 26. (index mismatch)
I20260608 12:55:42.111264  9887 consensus_queue.cc:1048] T 217700c745a04b1eb24dcf301ffe965a P 04bdd0bfc37748c49379d6d7771d7898 [LEADER]: Connected to new peer: Peer: permanent_uuid: "174d67a6bd594d418525af1f3a91e8a6" member_type: VOTER last_known_addr { host: "127.4.161.131" port: 39851 } attrs { replace: true }, Status: LMP_MISMATCH, Last received: 0.0, Next index: 26, Last known committed idx: 25, Time since last communication: 0.000s
I20260608 12:55:42.113493  9887 raft_consensus.cc:2955] T 217700c745a04b1eb24dcf301ffe965a P 04bdd0bfc37748c49379d6d7771d7898 [term 1 LEADER]: Committing config change with OpId 1.26: config changed from index -1 to 26, NON_VOTER ccc55b9c13f546dc83d59f751860300f (127.4.161.134) added. New config: { opid_index: 26 OBSOLETE_local: false peers { permanent_uuid: "04bdd0bfc37748c49379d6d7771d7898" member_type: VOTER last_known_addr { host: "127.4.161.129" port: 38879 } } peers { permanent_uuid: "31adb4e8c4ee476eba11352496cd460c" member_type: VOTER last_known_addr { host: "127.4.161.130" port: 37863 } } peers { permanent_uuid: "174d67a6bd594d418525af1f3a91e8a6" member_type: VOTER last_known_addr { host: "127.4.161.131" port: 39851 } attrs { replace: true } } peers { permanent_uuid: "ccc55b9c13f546dc83d59f751860300f" member_type: NON_VOTER last_known_addr { host: "127.4.161.134" port: 39851 } attrs { promote: true } } }
I20260608 12:55:42.115700  9355 raft_consensus.cc:2955] T 217700c745a04b1eb24dcf301ffe965a P 31adb4e8c4ee476eba11352496cd460c [term 1 FOLLOWER]: Committing config change with OpId 1.26: config changed from index -1 to 26, NON_VOTER ccc55b9c13f546dc83d59f751860300f (127.4.161.134) added. New config: { opid_index: 26 OBSOLETE_local: false peers { permanent_uuid: "04bdd0bfc37748c49379d6d7771d7898" member_type: VOTER last_known_addr { host: "127.4.161.129" port: 38879 } } peers { permanent_uuid: "31adb4e8c4ee476eba11352496cd460c" member_type: VOTER last_known_addr { host: "127.4.161.130" port: 37863 } } peers { permanent_uuid: "174d67a6bd594d418525af1f3a91e8a6" member_type: VOTER last_known_addr { host: "127.4.161.131" port: 39851 } attrs { replace: true } } peers { permanent_uuid: "ccc55b9c13f546dc83d59f751860300f" member_type: NON_VOTER last_known_addr { host: "127.4.161.134" port: 39851 } attrs { promote: true } } }
W20260608 12:55:42.122684  9249 consensus_peers.cc:597] T 217700c745a04b1eb24dcf301ffe965a P 04bdd0bfc37748c49379d6d7771d7898 -> Peer ccc55b9c13f546dc83d59f751860300f (127.4.161.134:39851): Couldn't send request to peer ccc55b9c13f546dc83d59f751860300f. Error code: TABLET_NOT_FOUND (6). Status: Not found: Tablet not found: 217700c745a04b1eb24dcf301ffe965a. This is attempt 1: this message will repeat every 5th retry.
I20260608 12:55:42.126083  9425 raft_consensus.cc:2955] T 217700c745a04b1eb24dcf301ffe965a P 174d67a6bd594d418525af1f3a91e8a6 [term 1 FOLLOWER]: Committing config change with OpId 1.26: config changed from index -1 to 26, NON_VOTER ccc55b9c13f546dc83d59f751860300f (127.4.161.134) added. New config: { opid_index: 26 OBSOLETE_local: false peers { permanent_uuid: "04bdd0bfc37748c49379d6d7771d7898" member_type: VOTER last_known_addr { host: "127.4.161.129" port: 38879 } } peers { permanent_uuid: "31adb4e8c4ee476eba11352496cd460c" member_type: VOTER last_known_addr { host: "127.4.161.130" port: 37863 } } peers { permanent_uuid: "174d67a6bd594d418525af1f3a91e8a6" member_type: VOTER last_known_addr { host: "127.4.161.131" port: 39851 } attrs { replace: true } } peers { permanent_uuid: "ccc55b9c13f546dc83d59f751860300f" member_type: NON_VOTER last_known_addr { host: "127.4.161.134" port: 39851 } attrs { promote: true } } }
I20260608 12:55:42.128654  9281 consensus_queue.cc:237] T 24db94bbe87a4db5acc1c0725d655a86 P 04bdd0bfc37748c49379d6d7771d7898 [LEADER]: Queue going to LEADER mode. State: All replicated index: 0, Majority replicated index: 25, Committed index: 25, Last appended: 1.25, Last appended by leader: 0, Current term: 1, Majority size: 2, State: 0, Mode: LEADER, active raft config: opid_index: 26 OBSOLETE_local: false peers { permanent_uuid: "04bdd0bfc37748c49379d6d7771d7898" member_type: VOTER last_known_addr { host: "127.4.161.129" port: 38879 } } peers { permanent_uuid: "31adb4e8c4ee476eba11352496cd460c" member_type: VOTER last_known_addr { host: "127.4.161.130" port: 37863 } attrs { replace: true } } peers { permanent_uuid: "174d67a6bd594d418525af1f3a91e8a6" member_type: VOTER last_known_addr { host: "127.4.161.131" port: 39851 } } peers { permanent_uuid: "88f739ac3fa04c9787bba0ff24c95491" member_type: NON_VOTER last_known_addr { host: "127.4.161.132" port: 43507 } attrs { promote: true } }
I20260608 12:55:42.135756  9176 catalog_manager.cc:5696] T 217700c745a04b1eb24dcf301ffe965a P 31adb4e8c4ee476eba11352496cd460c reported cstate change: config changed from index -1 to 26, NON_VOTER ccc55b9c13f546dc83d59f751860300f (127.4.161.134) added. New cstate: current_term: 1 leader_uuid: "04bdd0bfc37748c49379d6d7771d7898" committed_config { opid_index: 26 OBSOLETE_local: false peers { permanent_uuid: "04bdd0bfc37748c49379d6d7771d7898" member_type: VOTER last_known_addr { host: "127.4.161.129" port: 38879 } } peers { permanent_uuid: "31adb4e8c4ee476eba11352496cd460c" member_type: VOTER last_known_addr { host: "127.4.161.130" port: 37863 } } peers { permanent_uuid: "174d67a6bd594d418525af1f3a91e8a6" member_type: VOTER last_known_addr { host: "127.4.161.131" port: 39851 } attrs { replace: true } } peers { permanent_uuid: "ccc55b9c13f546dc83d59f751860300f" member_type: NON_VOTER last_known_addr { host: "127.4.161.134" port: 39851 } attrs { promote: true } } }
I20260608 12:55:42.141243  9425 raft_consensus.cc:1275] T 24db94bbe87a4db5acc1c0725d655a86 P 174d67a6bd594d418525af1f3a91e8a6 [term 1 FOLLOWER]: Refusing update from remote peer 04bdd0bfc37748c49379d6d7771d7898: Log matching property violated. Preceding OpId in replica: term: 1 index: 25. Preceding OpId from leader: term: 1 index: 26. (index mismatch)
I20260608 12:55:42.147012  9355 raft_consensus.cc:1275] T 24db94bbe87a4db5acc1c0725d655a86 P 31adb4e8c4ee476eba11352496cd460c [term 1 FOLLOWER]: Refusing update from remote peer 04bdd0bfc37748c49379d6d7771d7898: Log matching property violated. Preceding OpId in replica: term: 1 index: 25. Preceding OpId from leader: term: 1 index: 26. (index mismatch)
I20260608 12:55:42.147321  9523 consensus_queue.cc:1048] T 24db94bbe87a4db5acc1c0725d655a86 P 04bdd0bfc37748c49379d6d7771d7898 [LEADER]: Connected to new peer: Peer: permanent_uuid: "174d67a6bd594d418525af1f3a91e8a6" member_type: VOTER last_known_addr { host: "127.4.161.131" port: 39851 }, Status: LMP_MISMATCH, Last received: 0.0, Next index: 26, Last known committed idx: 25, Time since last communication: 0.001s
I20260608 12:55:42.149398  9523 consensus_queue.cc:1048] T 24db94bbe87a4db5acc1c0725d655a86 P 04bdd0bfc37748c49379d6d7771d7898 [LEADER]: Connected to new peer: Peer: permanent_uuid: "31adb4e8c4ee476eba11352496cd460c" member_type: VOTER last_known_addr { host: "127.4.161.130" port: 37863 } attrs { replace: true }, Status: LMP_MISMATCH, Last received: 0.0, Next index: 26, Last known committed idx: 25, Time since last communication: 0.000s
I20260608 12:55:42.155151  9891 raft_consensus.cc:2955] T 24db94bbe87a4db5acc1c0725d655a86 P 04bdd0bfc37748c49379d6d7771d7898 [term 1 LEADER]: Committing config change with OpId 1.26: config changed from index -1 to 26, NON_VOTER 88f739ac3fa04c9787bba0ff24c95491 (127.4.161.132) added. New config: { opid_index: 26 OBSOLETE_local: false peers { permanent_uuid: "04bdd0bfc37748c49379d6d7771d7898" member_type: VOTER last_known_addr { host: "127.4.161.129" port: 38879 } } peers { permanent_uuid: "31adb4e8c4ee476eba11352496cd460c" member_type: VOTER last_known_addr { host: "127.4.161.130" port: 37863 } attrs { replace: true } } peers { permanent_uuid: "174d67a6bd594d418525af1f3a91e8a6" member_type: VOTER last_known_addr { host: "127.4.161.131" port: 39851 } } peers { permanent_uuid: "88f739ac3fa04c9787bba0ff24c95491" member_type: NON_VOTER last_known_addr { host: "127.4.161.132" port: 43507 } attrs { promote: true } } }
I20260608 12:55:42.159400  9425 raft_consensus.cc:2955] T 24db94bbe87a4db5acc1c0725d655a86 P 174d67a6bd594d418525af1f3a91e8a6 [term 1 FOLLOWER]: Committing config change with OpId 1.26: config changed from index -1 to 26, NON_VOTER 88f739ac3fa04c9787bba0ff24c95491 (127.4.161.132) added. New config: { opid_index: 26 OBSOLETE_local: false peers { permanent_uuid: "04bdd0bfc37748c49379d6d7771d7898" member_type: VOTER last_known_addr { host: "127.4.161.129" port: 38879 } } peers { permanent_uuid: "31adb4e8c4ee476eba11352496cd460c" member_type: VOTER last_known_addr { host: "127.4.161.130" port: 37863 } attrs { replace: true } } peers { permanent_uuid: "174d67a6bd594d418525af1f3a91e8a6" member_type: VOTER last_known_addr { host: "127.4.161.131" port: 39851 } } peers { permanent_uuid: "88f739ac3fa04c9787bba0ff24c95491" member_type: NON_VOTER last_known_addr { host: "127.4.161.132" port: 43507 } attrs { promote: true } } }
I20260608 12:55:42.159916  9357 raft_consensus.cc:2955] T 24db94bbe87a4db5acc1c0725d655a86 P 31adb4e8c4ee476eba11352496cd460c [term 1 FOLLOWER]: Committing config change with OpId 1.26: config changed from index -1 to 26, NON_VOTER 88f739ac3fa04c9787bba0ff24c95491 (127.4.161.132) added. New config: { opid_index: 26 OBSOLETE_local: false peers { permanent_uuid: "04bdd0bfc37748c49379d6d7771d7898" member_type: VOTER last_known_addr { host: "127.4.161.129" port: 38879 } } peers { permanent_uuid: "31adb4e8c4ee476eba11352496cd460c" member_type: VOTER last_known_addr { host: "127.4.161.130" port: 37863 } attrs { replace: true } } peers { permanent_uuid: "174d67a6bd594d418525af1f3a91e8a6" member_type: VOTER last_known_addr { host: "127.4.161.131" port: 39851 } } peers { permanent_uuid: "88f739ac3fa04c9787bba0ff24c95491" member_type: NON_VOTER last_known_addr { host: "127.4.161.132" port: 43507 } attrs { promote: true } } }
W20260608 12:55:42.168362  9246 consensus_peers.cc:597] T 24db94bbe87a4db5acc1c0725d655a86 P 04bdd0bfc37748c49379d6d7771d7898 -> Peer 88f739ac3fa04c9787bba0ff24c95491 (127.4.161.132:43507): Couldn't send request to peer 88f739ac3fa04c9787bba0ff24c95491. Error code: TABLET_NOT_FOUND (6). Status: Not found: Tablet not found: 24db94bbe87a4db5acc1c0725d655a86. This is attempt 1: this message will repeat every 5th retry.
I20260608 12:55:42.173481  9176 catalog_manager.cc:5696] T 24db94bbe87a4db5acc1c0725d655a86 P 04bdd0bfc37748c49379d6d7771d7898 reported cstate change: config changed from index -1 to 26, NON_VOTER 88f739ac3fa04c9787bba0ff24c95491 (127.4.161.132) added. New cstate: current_term: 1 leader_uuid: "04bdd0bfc37748c49379d6d7771d7898" committed_config { opid_index: 26 OBSOLETE_local: false peers { permanent_uuid: "04bdd0bfc37748c49379d6d7771d7898" member_type: VOTER last_known_addr { host: "127.4.161.129" port: 38879 } health_report { overall_health: HEALTHY } } peers { permanent_uuid: "31adb4e8c4ee476eba11352496cd460c" member_type: VOTER last_known_addr { host: "127.4.161.130" port: 37863 } attrs { replace: true } health_report { overall_health: HEALTHY } } peers { permanent_uuid: "174d67a6bd594d418525af1f3a91e8a6" member_type: VOTER last_known_addr { host: "127.4.161.131" port: 39851 } health_report { overall_health: HEALTHY } } peers { permanent_uuid: "88f739ac3fa04c9787bba0ff24c95491" member_type: NON_VOTER last_known_addr { host: "127.4.161.132" port: 43507 } attrs { promote: true } health_report { overall_health: UNKNOWN } } }
I20260608 12:55:42.177191  9357 consensus_queue.cc:237] T 91083431e71b4dc69f976d3cbe719ad1 P 31adb4e8c4ee476eba11352496cd460c [LEADER]: Queue going to LEADER mode. State: All replicated index: 0, Majority replicated index: 25, Committed index: 25, Last appended: 1.25, Last appended by leader: 0, Current term: 1, Majority size: 2, State: 0, Mode: LEADER, active raft config: opid_index: 26 OBSOLETE_local: false peers { permanent_uuid: "04bdd0bfc37748c49379d6d7771d7898" member_type: VOTER last_known_addr { host: "127.4.161.129" port: 38879 } } peers { permanent_uuid: "31adb4e8c4ee476eba11352496cd460c" member_type: VOTER last_known_addr { host: "127.4.161.130" port: 37863 } } peers { permanent_uuid: "174d67a6bd594d418525af1f3a91e8a6" member_type: VOTER last_known_addr { host: "127.4.161.131" port: 39851 } attrs { replace: true } } peers { permanent_uuid: "771b932d054f4d27b02d7d6eb06303bf" member_type: NON_VOTER last_known_addr { host: "127.4.161.133" port: 35263 } attrs { promote: true } }
W20260608 12:55:42.183974  9324 consensus_peers.cc:597] T 91083431e71b4dc69f976d3cbe719ad1 P 31adb4e8c4ee476eba11352496cd460c -> Peer 771b932d054f4d27b02d7d6eb06303bf (127.4.161.133:35263): Couldn't send request to peer 771b932d054f4d27b02d7d6eb06303bf. Error code: TABLET_NOT_FOUND (6). Status: Not found: Tablet not found: 91083431e71b4dc69f976d3cbe719ad1. This is attempt 1: this message will repeat every 5th retry.
I20260608 12:55:42.184046  9281 raft_consensus.cc:1275] T 91083431e71b4dc69f976d3cbe719ad1 P 04bdd0bfc37748c49379d6d7771d7898 [term 1 FOLLOWER]: Refusing update from remote peer 31adb4e8c4ee476eba11352496cd460c: Log matching property violated. Preceding OpId in replica: term: 1 index: 25. Preceding OpId from leader: term: 1 index: 26. (index mismatch)
I20260608 12:55:42.186093  9878 consensus_queue.cc:1048] T 91083431e71b4dc69f976d3cbe719ad1 P 31adb4e8c4ee476eba11352496cd460c [LEADER]: Connected to new peer: Peer: permanent_uuid: "04bdd0bfc37748c49379d6d7771d7898" member_type: VOTER last_known_addr { host: "127.4.161.129" port: 38879 }, Status: LMP_MISMATCH, Last received: 0.0, Next index: 26, Last known committed idx: 25, Time since last communication: 0.000s
I20260608 12:55:42.187841  9425 raft_consensus.cc:1275] T 91083431e71b4dc69f976d3cbe719ad1 P 174d67a6bd594d418525af1f3a91e8a6 [term 1 FOLLOWER]: Refusing update from remote peer 31adb4e8c4ee476eba11352496cd460c: Log matching property violated. Preceding OpId in replica: term: 1 index: 25. Preceding OpId from leader: term: 1 index: 26. (index mismatch)
I20260608 12:55:42.189240  9878 consensus_queue.cc:1048] T 91083431e71b4dc69f976d3cbe719ad1 P 31adb4e8c4ee476eba11352496cd460c [LEADER]: Connected to new peer: Peer: permanent_uuid: "174d67a6bd594d418525af1f3a91e8a6" member_type: VOTER last_known_addr { host: "127.4.161.131" port: 39851 } attrs { replace: true }, Status: LMP_MISMATCH, Last received: 0.0, Next index: 26, Last known committed idx: 25, Time since last communication: 0.000s
I20260608 12:55:42.192656  9645 raft_consensus.cc:2955] T 91083431e71b4dc69f976d3cbe719ad1 P 31adb4e8c4ee476eba11352496cd460c [term 1 LEADER]: Committing config change with OpId 1.26: config changed from index -1 to 26, NON_VOTER 771b932d054f4d27b02d7d6eb06303bf (127.4.161.133) added. New config: { opid_index: 26 OBSOLETE_local: false peers { permanent_uuid: "04bdd0bfc37748c49379d6d7771d7898" member_type: VOTER last_known_addr { host: "127.4.161.129" port: 38879 } } peers { permanent_uuid: "31adb4e8c4ee476eba11352496cd460c" member_type: VOTER last_known_addr { host: "127.4.161.130" port: 37863 } } peers { permanent_uuid: "174d67a6bd594d418525af1f3a91e8a6" member_type: VOTER last_known_addr { host: "127.4.161.131" port: 39851 } attrs { replace: true } } peers { permanent_uuid: "771b932d054f4d27b02d7d6eb06303bf" member_type: NON_VOTER last_known_addr { host: "127.4.161.133" port: 35263 } attrs { promote: true } } }
I20260608 12:55:42.194298  9281 raft_consensus.cc:2955] T 91083431e71b4dc69f976d3cbe719ad1 P 04bdd0bfc37748c49379d6d7771d7898 [term 1 FOLLOWER]: Committing config change with OpId 1.26: config changed from index -1 to 26, NON_VOTER 771b932d054f4d27b02d7d6eb06303bf (127.4.161.133) added. New config: { opid_index: 26 OBSOLETE_local: false peers { permanent_uuid: "04bdd0bfc37748c49379d6d7771d7898" member_type: VOTER last_known_addr { host: "127.4.161.129" port: 38879 } } peers { permanent_uuid: "31adb4e8c4ee476eba11352496cd460c" member_type: VOTER last_known_addr { host: "127.4.161.130" port: 37863 } } peers { permanent_uuid: "174d67a6bd594d418525af1f3a91e8a6" member_type: VOTER last_known_addr { host: "127.4.161.131" port: 39851 } attrs { replace: true } } peers { permanent_uuid: "771b932d054f4d27b02d7d6eb06303bf" member_type: NON_VOTER last_known_addr { host: "127.4.161.133" port: 35263 } attrs { promote: true } } }
I20260608 12:55:42.197098  9425 raft_consensus.cc:2955] T 91083431e71b4dc69f976d3cbe719ad1 P 174d67a6bd594d418525af1f3a91e8a6 [term 1 FOLLOWER]: Committing config change with OpId 1.26: config changed from index -1 to 26, NON_VOTER 771b932d054f4d27b02d7d6eb06303bf (127.4.161.133) added. New config: { opid_index: 26 OBSOLETE_local: false peers { permanent_uuid: "04bdd0bfc37748c49379d6d7771d7898" member_type: VOTER last_known_addr { host: "127.4.161.129" port: 38879 } } peers { permanent_uuid: "31adb4e8c4ee476eba11352496cd460c" member_type: VOTER last_known_addr { host: "127.4.161.130" port: 37863 } } peers { permanent_uuid: "174d67a6bd594d418525af1f3a91e8a6" member_type: VOTER last_known_addr { host: "127.4.161.131" port: 39851 } attrs { replace: true } } peers { permanent_uuid: "771b932d054f4d27b02d7d6eb06303bf" member_type: NON_VOTER last_known_addr { host: "127.4.161.133" port: 35263 } attrs { promote: true } } }
I20260608 12:55:42.205935  9177 catalog_manager.cc:5696] T 91083431e71b4dc69f976d3cbe719ad1 P 04bdd0bfc37748c49379d6d7771d7898 reported cstate change: config changed from index -1 to 26, NON_VOTER 771b932d054f4d27b02d7d6eb06303bf (127.4.161.133) added. New cstate: current_term: 1 leader_uuid: "31adb4e8c4ee476eba11352496cd460c" committed_config { opid_index: 26 OBSOLETE_local: false peers { permanent_uuid: "04bdd0bfc37748c49379d6d7771d7898" member_type: VOTER last_known_addr { host: "127.4.161.129" port: 38879 } } peers { permanent_uuid: "31adb4e8c4ee476eba11352496cd460c" member_type: VOTER last_known_addr { host: "127.4.161.130" port: 37863 } } peers { permanent_uuid: "174d67a6bd594d418525af1f3a91e8a6" member_type: VOTER last_known_addr { host: "127.4.161.131" port: 39851 } attrs { replace: true } } peers { permanent_uuid: "771b932d054f4d27b02d7d6eb06303bf" member_type: NON_VOTER last_known_addr { host: "127.4.161.133" port: 35263 } attrs { promote: true } } }
I20260608 12:55:42.226070  9425 consensus_queue.cc:237] T 44e15396727e45e4b94f6000e0faf611 P 174d67a6bd594d418525af1f3a91e8a6 [LEADER]: Queue going to LEADER mode. State: All replicated index: 0, Majority replicated index: 25, Committed index: 25, Last appended: 1.25, Last appended by leader: 0, Current term: 1, Majority size: 2, State: 0, Mode: LEADER, active raft config: opid_index: 26 OBSOLETE_local: false peers { permanent_uuid: "04bdd0bfc37748c49379d6d7771d7898" member_type: VOTER last_known_addr { host: "127.4.161.129" port: 38879 } attrs { replace: true } } peers { permanent_uuid: "31adb4e8c4ee476eba11352496cd460c" member_type: VOTER last_known_addr { host: "127.4.161.130" port: 37863 } } peers { permanent_uuid: "174d67a6bd594d418525af1f3a91e8a6" member_type: VOTER last_known_addr { host: "127.4.161.131" port: 39851 } } peers { permanent_uuid: "88f739ac3fa04c9787bba0ff24c95491" member_type: NON_VOTER last_known_addr { host: "127.4.161.132" port: 43507 } attrs { promote: true } }
I20260608 12:55:42.233186  9281 raft_consensus.cc:1275] T 44e15396727e45e4b94f6000e0faf611 P 04bdd0bfc37748c49379d6d7771d7898 [term 1 FOLLOWER]: Refusing update from remote peer 174d67a6bd594d418525af1f3a91e8a6: Log matching property violated. Preceding OpId in replica: term: 1 index: 25. Preceding OpId from leader: term: 1 index: 26. (index mismatch)
I20260608 12:55:42.233493  9357 raft_consensus.cc:1275] T 44e15396727e45e4b94f6000e0faf611 P 31adb4e8c4ee476eba11352496cd460c [term 1 FOLLOWER]: Refusing update from remote peer 174d67a6bd594d418525af1f3a91e8a6: Log matching property violated. Preceding OpId in replica: term: 1 index: 25. Preceding OpId from leader: term: 1 index: 26. (index mismatch)
I20260608 12:55:42.235170  9639 consensus_queue.cc:1048] T 44e15396727e45e4b94f6000e0faf611 P 174d67a6bd594d418525af1f3a91e8a6 [LEADER]: Connected to new peer: Peer: permanent_uuid: "04bdd0bfc37748c49379d6d7771d7898" member_type: VOTER last_known_addr { host: "127.4.161.129" port: 38879 } attrs { replace: true }, Status: LMP_MISMATCH, Last received: 0.0, Next index: 26, Last known committed idx: 25, Time since last communication: 0.001s
I20260608 12:55:42.236265  9881 consensus_queue.cc:1048] T 44e15396727e45e4b94f6000e0faf611 P 174d67a6bd594d418525af1f3a91e8a6 [LEADER]: Connected to new peer: Peer: permanent_uuid: "31adb4e8c4ee476eba11352496cd460c" member_type: VOTER last_known_addr { host: "127.4.161.130" port: 37863 }, Status: LMP_MISMATCH, Last received: 0.0, Next index: 26, Last known committed idx: 25, Time since last communication: 0.000s
I20260608 12:55:42.245179  9895 raft_consensus.cc:2955] T 44e15396727e45e4b94f6000e0faf611 P 174d67a6bd594d418525af1f3a91e8a6 [term 1 LEADER]: Committing config change with OpId 1.26: config changed from index -1 to 26, NON_VOTER 88f739ac3fa04c9787bba0ff24c95491 (127.4.161.132) added. New config: { opid_index: 26 OBSOLETE_local: false peers { permanent_uuid: "04bdd0bfc37748c49379d6d7771d7898" member_type: VOTER last_known_addr { host: "127.4.161.129" port: 38879 } attrs { replace: true } } peers { permanent_uuid: "31adb4e8c4ee476eba11352496cd460c" member_type: VOTER last_known_addr { host: "127.4.161.130" port: 37863 } } peers { permanent_uuid: "174d67a6bd594d418525af1f3a91e8a6" member_type: VOTER last_known_addr { host: "127.4.161.131" port: 39851 } } peers { permanent_uuid: "88f739ac3fa04c9787bba0ff24c95491" member_type: NON_VOTER last_known_addr { host: "127.4.161.132" port: 43507 } attrs { promote: true } } }
W20260608 12:55:42.246511  9395 consensus_peers.cc:597] T 44e15396727e45e4b94f6000e0faf611 P 174d67a6bd594d418525af1f3a91e8a6 -> Peer 88f739ac3fa04c9787bba0ff24c95491 (127.4.161.132:43507): Couldn't send request to peer 88f739ac3fa04c9787bba0ff24c95491. Error code: TABLET_NOT_FOUND (6). Status: Not found: Tablet not found: 44e15396727e45e4b94f6000e0faf611. This is attempt 1: this message will repeat every 5th retry.
I20260608 12:55:42.246225  9281 raft_consensus.cc:2955] T 44e15396727e45e4b94f6000e0faf611 P 04bdd0bfc37748c49379d6d7771d7898 [term 1 FOLLOWER]: Committing config change with OpId 1.26: config changed from index -1 to 26, NON_VOTER 88f739ac3fa04c9787bba0ff24c95491 (127.4.161.132) added. New config: { opid_index: 26 OBSOLETE_local: false peers { permanent_uuid: "04bdd0bfc37748c49379d6d7771d7898" member_type: VOTER last_known_addr { host: "127.4.161.129" port: 38879 } attrs { replace: true } } peers { permanent_uuid: "31adb4e8c4ee476eba11352496cd460c" member_type: VOTER last_known_addr { host: "127.4.161.130" port: 37863 } } peers { permanent_uuid: "174d67a6bd594d418525af1f3a91e8a6" member_type: VOTER last_known_addr { host: "127.4.161.131" port: 39851 } } peers { permanent_uuid: "88f739ac3fa04c9787bba0ff24c95491" member_type: NON_VOTER last_known_addr { host: "127.4.161.132" port: 43507 } attrs { promote: true } } }
I20260608 12:55:42.246731  9357 raft_consensus.cc:2955] T 44e15396727e45e4b94f6000e0faf611 P 31adb4e8c4ee476eba11352496cd460c [term 1 FOLLOWER]: Committing config change with OpId 1.26: config changed from index -1 to 26, NON_VOTER 88f739ac3fa04c9787bba0ff24c95491 (127.4.161.132) added. New config: { opid_index: 26 OBSOLETE_local: false peers { permanent_uuid: "04bdd0bfc37748c49379d6d7771d7898" member_type: VOTER last_known_addr { host: "127.4.161.129" port: 38879 } attrs { replace: true } } peers { permanent_uuid: "31adb4e8c4ee476eba11352496cd460c" member_type: VOTER last_known_addr { host: "127.4.161.130" port: 37863 } } peers { permanent_uuid: "174d67a6bd594d418525af1f3a91e8a6" member_type: VOTER last_known_addr { host: "127.4.161.131" port: 39851 } } peers { permanent_uuid: "88f739ac3fa04c9787bba0ff24c95491" member_type: NON_VOTER last_known_addr { host: "127.4.161.132" port: 43507 } attrs { promote: true } } }
I20260608 12:55:42.258363  9175 catalog_manager.cc:5696] T 44e15396727e45e4b94f6000e0faf611 P 174d67a6bd594d418525af1f3a91e8a6 reported cstate change: config changed from index -1 to 26, NON_VOTER 88f739ac3fa04c9787bba0ff24c95491 (127.4.161.132) added. New cstate: current_term: 1 leader_uuid: "174d67a6bd594d418525af1f3a91e8a6" committed_config { opid_index: 26 OBSOLETE_local: false peers { permanent_uuid: "04bdd0bfc37748c49379d6d7771d7898" member_type: VOTER last_known_addr { host: "127.4.161.129" port: 38879 } attrs { replace: true } health_report { overall_health: HEALTHY } } peers { permanent_uuid: "31adb4e8c4ee476eba11352496cd460c" member_type: VOTER last_known_addr { host: "127.4.161.130" port: 37863 } health_report { overall_health: HEALTHY } } peers { permanent_uuid: "174d67a6bd594d418525af1f3a91e8a6" member_type: VOTER last_known_addr { host: "127.4.161.131" port: 39851 } health_report { overall_health: HEALTHY } } peers { permanent_uuid: "88f739ac3fa04c9787bba0ff24c95491" member_type: NON_VOTER last_known_addr { host: "127.4.161.132" port: 43507 } attrs { promote: true } health_report { overall_health: UNKNOWN } } }
I20260608 12:55:42.262909  9425 consensus_queue.cc:237] T e45488521a3c494ab261922f2fcb280e P 174d67a6bd594d418525af1f3a91e8a6 [LEADER]: Queue going to LEADER mode. State: All replicated index: 0, Majority replicated index: 25, Committed index: 25, Last appended: 1.25, Last appended by leader: 0, Current term: 1, Majority size: 2, State: 0, Mode: LEADER, active raft config: opid_index: 26 OBSOLETE_local: false peers { permanent_uuid: "04bdd0bfc37748c49379d6d7771d7898" member_type: VOTER last_known_addr { host: "127.4.161.129" port: 38879 } } peers { permanent_uuid: "31adb4e8c4ee476eba11352496cd460c" member_type: VOTER last_known_addr { host: "127.4.161.130" port: 37863 } attrs { replace: true } } peers { permanent_uuid: "174d67a6bd594d418525af1f3a91e8a6" member_type: VOTER last_known_addr { host: "127.4.161.131" port: 39851 } } peers { permanent_uuid: "ccc55b9c13f546dc83d59f751860300f" member_type: NON_VOTER last_known_addr { host: "127.4.161.134" port: 39851 } attrs { promote: true } }
I20260608 12:55:42.273054  9281 raft_consensus.cc:1275] T e45488521a3c494ab261922f2fcb280e P 04bdd0bfc37748c49379d6d7771d7898 [term 1 FOLLOWER]: Refusing update from remote peer 174d67a6bd594d418525af1f3a91e8a6: Log matching property violated. Preceding OpId in replica: term: 1 index: 25. Preceding OpId from leader: term: 1 index: 26. (index mismatch)
I20260608 12:55:42.274597  9895 consensus_queue.cc:1048] T e45488521a3c494ab261922f2fcb280e P 174d67a6bd594d418525af1f3a91e8a6 [LEADER]: Connected to new peer: Peer: permanent_uuid: "04bdd0bfc37748c49379d6d7771d7898" member_type: VOTER last_known_addr { host: "127.4.161.129" port: 38879 }, Status: LMP_MISMATCH, Last received: 0.0, Next index: 26, Last known committed idx: 25, Time since last communication: 0.001s
I20260608 12:55:42.275971  9357 raft_consensus.cc:1275] T e45488521a3c494ab261922f2fcb280e P 31adb4e8c4ee476eba11352496cd460c [term 1 FOLLOWER]: Refusing update from remote peer 174d67a6bd594d418525af1f3a91e8a6: Log matching property violated. Preceding OpId in replica: term: 1 index: 25. Preceding OpId from leader: term: 1 index: 26. (index mismatch)
I20260608 12:55:42.277925  9895 consensus_queue.cc:1048] T e45488521a3c494ab261922f2fcb280e P 174d67a6bd594d418525af1f3a91e8a6 [LEADER]: Connected to new peer: Peer: permanent_uuid: "31adb4e8c4ee476eba11352496cd460c" member_type: VOTER last_known_addr { host: "127.4.161.130" port: 37863 } attrs { replace: true }, Status: LMP_MISMATCH, Last received: 0.0, Next index: 26, Last known committed idx: 25, Time since last communication: 0.000s
I20260608 12:55:42.283339  9895 raft_consensus.cc:2955] T e45488521a3c494ab261922f2fcb280e P 174d67a6bd594d418525af1f3a91e8a6 [term 1 LEADER]: Committing config change with OpId 1.26: config changed from index -1 to 26, NON_VOTER ccc55b9c13f546dc83d59f751860300f (127.4.161.134) added. New config: { opid_index: 26 OBSOLETE_local: false peers { permanent_uuid: "04bdd0bfc37748c49379d6d7771d7898" member_type: VOTER last_known_addr { host: "127.4.161.129" port: 38879 } } peers { permanent_uuid: "31adb4e8c4ee476eba11352496cd460c" member_type: VOTER last_known_addr { host: "127.4.161.130" port: 37863 } attrs { replace: true } } peers { permanent_uuid: "174d67a6bd594d418525af1f3a91e8a6" member_type: VOTER last_known_addr { host: "127.4.161.131" port: 39851 } } peers { permanent_uuid: "ccc55b9c13f546dc83d59f751860300f" member_type: NON_VOTER last_known_addr { host: "127.4.161.134" port: 39851 } attrs { promote: true } } }
I20260608 12:55:42.285039  9281 raft_consensus.cc:2955] T e45488521a3c494ab261922f2fcb280e P 04bdd0bfc37748c49379d6d7771d7898 [term 1 FOLLOWER]: Committing config change with OpId 1.26: config changed from index -1 to 26, NON_VOTER ccc55b9c13f546dc83d59f751860300f (127.4.161.134) added. New config: { opid_index: 26 OBSOLETE_local: false peers { permanent_uuid: "04bdd0bfc37748c49379d6d7771d7898" member_type: VOTER last_known_addr { host: "127.4.161.129" port: 38879 } } peers { permanent_uuid: "31adb4e8c4ee476eba11352496cd460c" member_type: VOTER last_known_addr { host: "127.4.161.130" port: 37863 } attrs { replace: true } } peers { permanent_uuid: "174d67a6bd594d418525af1f3a91e8a6" member_type: VOTER last_known_addr { host: "127.4.161.131" port: 39851 } } peers { permanent_uuid: "ccc55b9c13f546dc83d59f751860300f" member_type: NON_VOTER last_known_addr { host: "127.4.161.134" port: 39851 } attrs { promote: true } } }
W20260608 12:55:42.292888  9398 consensus_peers.cc:597] T e45488521a3c494ab261922f2fcb280e P 174d67a6bd594d418525af1f3a91e8a6 -> Peer ccc55b9c13f546dc83d59f751860300f (127.4.161.134:39851): Couldn't send request to peer ccc55b9c13f546dc83d59f751860300f. Error code: TABLET_NOT_FOUND (6). Status: Not found: Tablet not found: e45488521a3c494ab261922f2fcb280e. This is attempt 1: this message will repeat every 5th retry.
I20260608 12:55:42.290944  9357 raft_consensus.cc:2955] T e45488521a3c494ab261922f2fcb280e P 31adb4e8c4ee476eba11352496cd460c [term 1 FOLLOWER]: Committing config change with OpId 1.26: config changed from index -1 to 26, NON_VOTER ccc55b9c13f546dc83d59f751860300f (127.4.161.134) added. New config: { opid_index: 26 OBSOLETE_local: false peers { permanent_uuid: "04bdd0bfc37748c49379d6d7771d7898" member_type: VOTER last_known_addr { host: "127.4.161.129" port: 38879 } } peers { permanent_uuid: "31adb4e8c4ee476eba11352496cd460c" member_type: VOTER last_known_addr { host: "127.4.161.130" port: 37863 } attrs { replace: true } } peers { permanent_uuid: "174d67a6bd594d418525af1f3a91e8a6" member_type: VOTER last_known_addr { host: "127.4.161.131" port: 39851 } } peers { permanent_uuid: "ccc55b9c13f546dc83d59f751860300f" member_type: NON_VOTER last_known_addr { host: "127.4.161.134" port: 39851 } attrs { promote: true } } }
I20260608 12:55:42.297086  9177 catalog_manager.cc:5696] T e45488521a3c494ab261922f2fcb280e P 174d67a6bd594d418525af1f3a91e8a6 reported cstate change: config changed from index -1 to 26, NON_VOTER ccc55b9c13f546dc83d59f751860300f (127.4.161.134) added. New cstate: current_term: 1 leader_uuid: "174d67a6bd594d418525af1f3a91e8a6" committed_config { opid_index: 26 OBSOLETE_local: false peers { permanent_uuid: "04bdd0bfc37748c49379d6d7771d7898" member_type: VOTER last_known_addr { host: "127.4.161.129" port: 38879 } health_report { overall_health: HEALTHY } } peers { permanent_uuid: "31adb4e8c4ee476eba11352496cd460c" member_type: VOTER last_known_addr { host: "127.4.161.130" port: 37863 } attrs { replace: true } health_report { overall_health: HEALTHY } } peers { permanent_uuid: "174d67a6bd594d418525af1f3a91e8a6" member_type: VOTER last_known_addr { host: "127.4.161.131" port: 39851 } health_report { overall_health: HEALTHY } } peers { permanent_uuid: "ccc55b9c13f546dc83d59f751860300f" member_type: NON_VOTER last_known_addr { host: "127.4.161.134" port: 39851 } attrs { promote: true } health_report { overall_health: UNKNOWN } } }
I20260608 12:55:42.534919  9897 ts_tablet_manager.cc:933] T 217700c745a04b1eb24dcf301ffe965a P ccc55b9c13f546dc83d59f751860300f: Initiating tablet copy from peer 04bdd0bfc37748c49379d6d7771d7898 (127.4.161.129:38879)
I20260608 12:55:42.536705  9897 tablet_copy_client.cc:323] T 217700c745a04b1eb24dcf301ffe965a P ccc55b9c13f546dc83d59f751860300f: tablet copy: Beginning tablet copy session from remote peer at address 127.4.161.129:38879
I20260608 12:55:42.548660  9293 tablet_copy_service.cc:140] P 04bdd0bfc37748c49379d6d7771d7898: Received BeginTabletCopySession request for tablet 217700c745a04b1eb24dcf301ffe965a from peer ccc55b9c13f546dc83d59f751860300f ({username='slave'} at 127.0.0.1:34096)
I20260608 12:55:42.549342  9293 tablet_copy_service.cc:161] P 04bdd0bfc37748c49379d6d7771d7898: Beginning new tablet copy session on tablet 217700c745a04b1eb24dcf301ffe965a from peer ccc55b9c13f546dc83d59f751860300f at {username='slave'} at 127.0.0.1:34096: session id = ccc55b9c13f546dc83d59f751860300f-217700c745a04b1eb24dcf301ffe965a
I20260608 12:55:42.556278  9293 tablet_copy_source_session.cc:215] T 217700c745a04b1eb24dcf301ffe965a P 04bdd0bfc37748c49379d6d7771d7898: Tablet Copy: opened 0 blocks and 1 log segments
I20260608 12:55:42.559458  9897 data_dirs.cc:400] Could only allocate 1 dirs of requested 3 for tablet 217700c745a04b1eb24dcf301ffe965a. 1 dirs total, 0 dirs full, 0 dirs failed
I20260608 12:55:42.576269  9897 tablet_copy_client.cc:806] T 217700c745a04b1eb24dcf301ffe965a P ccc55b9c13f546dc83d59f751860300f: tablet copy: Starting download of 0 data blocks...
I20260608 12:55:42.576915  9897 tablet_copy_client.cc:670] T 217700c745a04b1eb24dcf301ffe965a P ccc55b9c13f546dc83d59f751860300f: tablet copy: Starting download of 1 WAL segments...
I20260608 12:55:42.580782  9898 tablet_copy_client.cc:1025] T 217700c745a04b1eb24dcf301ffe965a P ccc55b9c13f546dc83d59f751860300f: tablet copy: Injecting latency into file download: 2000
I20260608 12:55:42.596050  9900 ts_tablet_manager.cc:933] T 40b55821a91240c2a79278d215ce9538 P 771b932d054f4d27b02d7d6eb06303bf: Initiating tablet copy from peer 31adb4e8c4ee476eba11352496cd460c (127.4.161.130:37863)
I20260608 12:55:42.597739  9900 tablet_copy_client.cc:323] T 40b55821a91240c2a79278d215ce9538 P 771b932d054f4d27b02d7d6eb06303bf: tablet copy: Beginning tablet copy session from remote peer at address 127.4.161.130:37863
I20260608 12:55:42.608834  9368 tablet_copy_service.cc:140] P 31adb4e8c4ee476eba11352496cd460c: Received BeginTabletCopySession request for tablet 40b55821a91240c2a79278d215ce9538 from peer 771b932d054f4d27b02d7d6eb06303bf ({username='slave'} at 127.0.0.1:59762)
I20260608 12:55:42.609556  9368 tablet_copy_service.cc:161] P 31adb4e8c4ee476eba11352496cd460c: Beginning new tablet copy session on tablet 40b55821a91240c2a79278d215ce9538 from peer 771b932d054f4d27b02d7d6eb06303bf at {username='slave'} at 127.0.0.1:59762: session id = 771b932d054f4d27b02d7d6eb06303bf-40b55821a91240c2a79278d215ce9538
I20260608 12:55:42.616830  9368 tablet_copy_source_session.cc:215] T 40b55821a91240c2a79278d215ce9538 P 31adb4e8c4ee476eba11352496cd460c: Tablet Copy: opened 0 blocks and 1 log segments
I20260608 12:55:42.619966  9900 data_dirs.cc:400] Could only allocate 1 dirs of requested 3 for tablet 40b55821a91240c2a79278d215ce9538. 1 dirs total, 0 dirs full, 0 dirs failed
I20260608 12:55:42.636488  9900 tablet_copy_client.cc:806] T 40b55821a91240c2a79278d215ce9538 P 771b932d054f4d27b02d7d6eb06303bf: tablet copy: Starting download of 0 data blocks...
I20260608 12:55:42.637171  9900 tablet_copy_client.cc:670] T 40b55821a91240c2a79278d215ce9538 P 771b932d054f4d27b02d7d6eb06303bf: tablet copy: Starting download of 1 WAL segments...
I20260608 12:55:42.641232  9901 tablet_copy_client.cc:1025] T 40b55821a91240c2a79278d215ce9538 P 771b932d054f4d27b02d7d6eb06303bf: tablet copy: Injecting latency into file download: 2000
I20260608 12:55:42.656580  9724 heartbeater.cc:499] Master 127.4.161.190:34693 was elected leader, sending a full tablet report...
I20260608 12:55:42.680015  9904 ts_tablet_manager.cc:933] T 24db94bbe87a4db5acc1c0725d655a86 P 88f739ac3fa04c9787bba0ff24c95491: Initiating tablet copy from peer 04bdd0bfc37748c49379d6d7771d7898 (127.4.161.129:38879)
I20260608 12:55:42.681658  9904 tablet_copy_client.cc:323] T 24db94bbe87a4db5acc1c0725d655a86 P 88f739ac3fa04c9787bba0ff24c95491: tablet copy: Beginning tablet copy session from remote peer at address 127.4.161.129:38879
I20260608 12:55:42.691962  9293 tablet_copy_service.cc:140] P 04bdd0bfc37748c49379d6d7771d7898: Received BeginTabletCopySession request for tablet 24db94bbe87a4db5acc1c0725d655a86 from peer 88f739ac3fa04c9787bba0ff24c95491 ({username='slave'} at 127.0.0.1:32982)
I20260608 12:55:42.692461  9293 tablet_copy_service.cc:161] P 04bdd0bfc37748c49379d6d7771d7898: Beginning new tablet copy session on tablet 24db94bbe87a4db5acc1c0725d655a86 from peer 88f739ac3fa04c9787bba0ff24c95491 at {username='slave'} at 127.0.0.1:32982: session id = 88f739ac3fa04c9787bba0ff24c95491-24db94bbe87a4db5acc1c0725d655a86
I20260608 12:55:42.697551  9293 tablet_copy_source_session.cc:215] T 24db94bbe87a4db5acc1c0725d655a86 P 04bdd0bfc37748c49379d6d7771d7898: Tablet Copy: opened 0 blocks and 1 log segments
I20260608 12:55:42.700428  9904 data_dirs.cc:400] Could only allocate 1 dirs of requested 3 for tablet 24db94bbe87a4db5acc1c0725d655a86. 1 dirs total, 0 dirs full, 0 dirs failed
I20260608 12:55:42.711861  9904 tablet_copy_client.cc:806] T 24db94bbe87a4db5acc1c0725d655a86 P 88f739ac3fa04c9787bba0ff24c95491: tablet copy: Starting download of 0 data blocks...
I20260608 12:55:42.712455  9904 tablet_copy_client.cc:670] T 24db94bbe87a4db5acc1c0725d655a86 P 88f739ac3fa04c9787bba0ff24c95491: tablet copy: Starting download of 1 WAL segments...
I20260608 12:55:42.715874  9905 tablet_copy_client.cc:1025] T 24db94bbe87a4db5acc1c0725d655a86 P 88f739ac3fa04c9787bba0ff24c95491: tablet copy: Injecting latency into file download: 2000
I20260608 12:55:42.768100  9799 heartbeater.cc:499] Master 127.4.161.190:34693 was elected leader, sending a full tablet report...
I20260608 12:55:42.775460  9907 ts_tablet_manager.cc:933] T 44e15396727e45e4b94f6000e0faf611 P 88f739ac3fa04c9787bba0ff24c95491: Initiating tablet copy from peer 174d67a6bd594d418525af1f3a91e8a6 (127.4.161.131:39851)
I20260608 12:55:42.781490  9907 tablet_copy_client.cc:323] T 44e15396727e45e4b94f6000e0faf611 P 88f739ac3fa04c9787bba0ff24c95491: tablet copy: Beginning tablet copy session from remote peer at address 127.4.161.131:39851
I20260608 12:55:42.783056  9909 ts_tablet_manager.cc:933] T 91083431e71b4dc69f976d3cbe719ad1 P 771b932d054f4d27b02d7d6eb06303bf: Initiating tablet copy from peer 31adb4e8c4ee476eba11352496cd460c (127.4.161.130:37863)
I20260608 12:55:42.792249  9909 tablet_copy_client.cc:323] T 91083431e71b4dc69f976d3cbe719ad1 P 771b932d054f4d27b02d7d6eb06303bf: tablet copy: Beginning tablet copy session from remote peer at address 127.4.161.130:37863
I20260608 12:55:42.794431  9368 tablet_copy_service.cc:140] P 31adb4e8c4ee476eba11352496cd460c: Received BeginTabletCopySession request for tablet 91083431e71b4dc69f976d3cbe719ad1 from peer 771b932d054f4d27b02d7d6eb06303bf ({username='slave'} at 127.0.0.1:59762)
I20260608 12:55:42.795022  9368 tablet_copy_service.cc:161] P 31adb4e8c4ee476eba11352496cd460c: Beginning new tablet copy session on tablet 91083431e71b4dc69f976d3cbe719ad1 from peer 771b932d054f4d27b02d7d6eb06303bf at {username='slave'} at 127.0.0.1:59762: session id = 771b932d054f4d27b02d7d6eb06303bf-91083431e71b4dc69f976d3cbe719ad1
I20260608 12:55:42.802016  9442 tablet_copy_service.cc:140] P 174d67a6bd594d418525af1f3a91e8a6: Received BeginTabletCopySession request for tablet 44e15396727e45e4b94f6000e0faf611 from peer 88f739ac3fa04c9787bba0ff24c95491 ({username='slave'} at 127.0.0.1:44182)
I20260608 12:55:42.802794  9442 tablet_copy_service.cc:161] P 174d67a6bd594d418525af1f3a91e8a6: Beginning new tablet copy session on tablet 44e15396727e45e4b94f6000e0faf611 from peer 88f739ac3fa04c9787bba0ff24c95491 at {username='slave'} at 127.0.0.1:44182: session id = 88f739ac3fa04c9787bba0ff24c95491-44e15396727e45e4b94f6000e0faf611
I20260608 12:55:42.809134  9368 tablet_copy_source_session.cc:215] T 91083431e71b4dc69f976d3cbe719ad1 P 31adb4e8c4ee476eba11352496cd460c: Tablet Copy: opened 0 blocks and 1 log segments
I20260608 12:55:42.812923  9909 data_dirs.cc:400] Could only allocate 1 dirs of requested 3 for tablet 91083431e71b4dc69f976d3cbe719ad1. 1 dirs total, 0 dirs full, 0 dirs failed
I20260608 12:55:42.821650  9442 tablet_copy_source_session.cc:215] T 44e15396727e45e4b94f6000e0faf611 P 174d67a6bd594d418525af1f3a91e8a6: Tablet Copy: opened 0 blocks and 1 log segments
I20260608 12:55:42.824644  9912 ts_tablet_manager.cc:933] T e45488521a3c494ab261922f2fcb280e P ccc55b9c13f546dc83d59f751860300f: Initiating tablet copy from peer 174d67a6bd594d418525af1f3a91e8a6 (127.4.161.131:39851)
I20260608 12:55:42.825630  9907 data_dirs.cc:400] Could only allocate 1 dirs of requested 3 for tablet 44e15396727e45e4b94f6000e0faf611. 1 dirs total, 0 dirs full, 0 dirs failed
I20260608 12:55:42.831512  9909 tablet_copy_client.cc:806] T 91083431e71b4dc69f976d3cbe719ad1 P 771b932d054f4d27b02d7d6eb06303bf: tablet copy: Starting download of 0 data blocks...
I20260608 12:55:42.832159  9909 tablet_copy_client.cc:670] T 91083431e71b4dc69f976d3cbe719ad1 P 771b932d054f4d27b02d7d6eb06303bf: tablet copy: Starting download of 1 WAL segments...
I20260608 12:55:42.834733  9912 tablet_copy_client.cc:323] T e45488521a3c494ab261922f2fcb280e P ccc55b9c13f546dc83d59f751860300f: tablet copy: Beginning tablet copy session from remote peer at address 127.4.161.131:39851
I20260608 12:55:42.836966  9911 tablet_copy_client.cc:1025] T 91083431e71b4dc69f976d3cbe719ad1 P 771b932d054f4d27b02d7d6eb06303bf: tablet copy: Injecting latency into file download: 2000
I20260608 12:55:42.841976  9907 tablet_copy_client.cc:806] T 44e15396727e45e4b94f6000e0faf611 P 88f739ac3fa04c9787bba0ff24c95491: tablet copy: Starting download of 0 data blocks...
I20260608 12:55:42.842653  9907 tablet_copy_client.cc:670] T 44e15396727e45e4b94f6000e0faf611 P 88f739ac3fa04c9787bba0ff24c95491: tablet copy: Starting download of 1 WAL segments...
I20260608 12:55:42.846853  9908 tablet_copy_client.cc:1025] T 44e15396727e45e4b94f6000e0faf611 P 88f739ac3fa04c9787bba0ff24c95491: tablet copy: Injecting latency into file download: 2000
I20260608 12:55:42.847086  9442 tablet_copy_service.cc:140] P 174d67a6bd594d418525af1f3a91e8a6: Received BeginTabletCopySession request for tablet e45488521a3c494ab261922f2fcb280e from peer ccc55b9c13f546dc83d59f751860300f ({username='slave'} at 127.0.0.1:44186)
I20260608 12:55:42.847651  9442 tablet_copy_service.cc:161] P 174d67a6bd594d418525af1f3a91e8a6: Beginning new tablet copy session on tablet e45488521a3c494ab261922f2fcb280e from peer ccc55b9c13f546dc83d59f751860300f at {username='slave'} at 127.0.0.1:44186: session id = ccc55b9c13f546dc83d59f751860300f-e45488521a3c494ab261922f2fcb280e
I20260608 12:55:42.852492  9442 tablet_copy_source_session.cc:215] T e45488521a3c494ab261922f2fcb280e P 174d67a6bd594d418525af1f3a91e8a6: Tablet Copy: opened 0 blocks and 1 log segments
I20260608 12:55:42.855221  9912 data_dirs.cc:400] Could only allocate 1 dirs of requested 3 for tablet e45488521a3c494ab261922f2fcb280e. 1 dirs total, 0 dirs full, 0 dirs failed
I20260608 12:55:42.866776  9912 tablet_copy_client.cc:806] T e45488521a3c494ab261922f2fcb280e P ccc55b9c13f546dc83d59f751860300f: tablet copy: Starting download of 0 data blocks...
I20260608 12:55:42.867340  9912 tablet_copy_client.cc:670] T e45488521a3c494ab261922f2fcb280e P ccc55b9c13f546dc83d59f751860300f: tablet copy: Starting download of 1 WAL segments...
I20260608 12:55:42.871176  9913 tablet_copy_client.cc:1025] T e45488521a3c494ab261922f2fcb280e P ccc55b9c13f546dc83d59f751860300f: tablet copy: Injecting latency into file download: 2000
I20260608 12:55:42.927407  9873 heartbeater.cc:499] Master 127.4.161.190:34693 was elected leader, sending a full tablet report...
I20260608 12:55:44.581729  9897 tablet_copy_client.cc:538] T 217700c745a04b1eb24dcf301ffe965a P ccc55b9c13f546dc83d59f751860300f: tablet copy: Tablet Copy complete. Replacing tablet superblock.
I20260608 12:55:44.591238  9897 tablet_bootstrap.cc:492] T 217700c745a04b1eb24dcf301ffe965a P ccc55b9c13f546dc83d59f751860300f: Bootstrap starting.
I20260608 12:55:44.642220  9900 tablet_copy_client.cc:538] T 40b55821a91240c2a79278d215ce9538 P 771b932d054f4d27b02d7d6eb06303bf: tablet copy: Tablet Copy complete. Replacing tablet superblock.
I20260608 12:55:44.652102  9900 tablet_bootstrap.cc:492] T 40b55821a91240c2a79278d215ce9538 P 771b932d054f4d27b02d7d6eb06303bf: Bootstrap starting.
I20260608 12:55:44.716735  9904 tablet_copy_client.cc:538] T 24db94bbe87a4db5acc1c0725d655a86 P 88f739ac3fa04c9787bba0ff24c95491: tablet copy: Tablet Copy complete. Replacing tablet superblock.
I20260608 12:55:44.730417  9904 tablet_bootstrap.cc:492] T 24db94bbe87a4db5acc1c0725d655a86 P 88f739ac3fa04c9787bba0ff24c95491: Bootstrap starting.
I20260608 12:55:44.758885  9897 tablet_bootstrap.cc:492] T 217700c745a04b1eb24dcf301ffe965a P ccc55b9c13f546dc83d59f751860300f: Bootstrap replayed 1/1 log segments. Stats: ops{read=26 overwritten=0 applied=26 ignored=0} inserts{seen=88 ignored=0} mutations{seen=0 ignored=0} orphaned_commits=0. Pending: 0 replicates
I20260608 12:55:44.760032  9897 tablet_bootstrap.cc:492] T 217700c745a04b1eb24dcf301ffe965a P ccc55b9c13f546dc83d59f751860300f: Bootstrap complete.
I20260608 12:55:44.760748  9897 ts_tablet_manager.cc:1403] T 217700c745a04b1eb24dcf301ffe965a P ccc55b9c13f546dc83d59f751860300f: Time spent bootstrapping tablet: real 0.170s	user 0.143s	sys 0.011s
I20260608 12:55:44.764622  9897 raft_consensus.cc:359] T 217700c745a04b1eb24dcf301ffe965a P ccc55b9c13f546dc83d59f751860300f [term 1 LEARNER]: Replica starting. Triggering 0 pending ops. Active config: opid_index: 26 OBSOLETE_local: false peers { permanent_uuid: "04bdd0bfc37748c49379d6d7771d7898" member_type: VOTER last_known_addr { host: "127.4.161.129" port: 38879 } } peers { permanent_uuid: "31adb4e8c4ee476eba11352496cd460c" member_type: VOTER last_known_addr { host: "127.4.161.130" port: 37863 } } peers { permanent_uuid: "174d67a6bd594d418525af1f3a91e8a6" member_type: VOTER last_known_addr { host: "127.4.161.131" port: 39851 } attrs { replace: true } } peers { permanent_uuid: "ccc55b9c13f546dc83d59f751860300f" member_type: NON_VOTER last_known_addr { host: "127.4.161.134" port: 39851 } attrs { promote: true } }
I20260608 12:55:44.765856  9897 raft_consensus.cc:740] T 217700c745a04b1eb24dcf301ffe965a P ccc55b9c13f546dc83d59f751860300f [term 1 LEARNER]: Becoming Follower/Learner. State: Replica: ccc55b9c13f546dc83d59f751860300f, State: Initialized, Role: LEARNER
I20260608 12:55:44.766510  9897 consensus_queue.cc:260] T 217700c745a04b1eb24dcf301ffe965a P ccc55b9c13f546dc83d59f751860300f [NON_LEADER]: Queue going to NON_LEADER mode. State: All replicated index: 0, Majority replicated index: 0, Committed index: 26, Last appended: 1.26, Last appended by leader: 26, Current term: 0, Majority size: -1, State: 0, Mode: NON_LEADER, active raft config: opid_index: 26 OBSOLETE_local: false peers { permanent_uuid: "04bdd0bfc37748c49379d6d7771d7898" member_type: VOTER last_known_addr { host: "127.4.161.129" port: 38879 } } peers { permanent_uuid: "31adb4e8c4ee476eba11352496cd460c" member_type: VOTER last_known_addr { host: "127.4.161.130" port: 37863 } } peers { permanent_uuid: "174d67a6bd594d418525af1f3a91e8a6" member_type: VOTER last_known_addr { host: "127.4.161.131" port: 39851 } attrs { replace: true } } peers { permanent_uuid: "ccc55b9c13f546dc83d59f751860300f" member_type: NON_VOTER last_known_addr { host: "127.4.161.134" port: 39851 } attrs { promote: true } }
I20260608 12:55:44.777485  9897 ts_tablet_manager.cc:1434] T 217700c745a04b1eb24dcf301ffe965a P ccc55b9c13f546dc83d59f751860300f: Time spent starting tablet: real 0.016s	user 0.013s	sys 0.001s
I20260608 12:55:44.780823  9293 tablet_copy_service.cc:342] P 04bdd0bfc37748c49379d6d7771d7898: Request end of tablet copy session ccc55b9c13f546dc83d59f751860300f-217700c745a04b1eb24dcf301ffe965a received from {username='slave'} at 127.0.0.1:34096
I20260608 12:55:44.781337  9293 tablet_copy_service.cc:434] P 04bdd0bfc37748c49379d6d7771d7898: ending tablet copy session ccc55b9c13f546dc83d59f751860300f-217700c745a04b1eb24dcf301ffe965a on tablet 217700c745a04b1eb24dcf301ffe965a with peer ccc55b9c13f546dc83d59f751860300f
I20260608 12:55:44.815901  9900 tablet_bootstrap.cc:492] T 40b55821a91240c2a79278d215ce9538 P 771b932d054f4d27b02d7d6eb06303bf: Bootstrap replayed 1/1 log segments. Stats: ops{read=26 overwritten=0 applied=26 ignored=0} inserts{seen=123 ignored=0} mutations{seen=0 ignored=0} orphaned_commits=0. Pending: 0 replicates
I20260608 12:55:44.816992  9900 tablet_bootstrap.cc:492] T 40b55821a91240c2a79278d215ce9538 P 771b932d054f4d27b02d7d6eb06303bf: Bootstrap complete.
