I20260608 12:40:00.730996  5121 raft_consensus.cc:740] T f9686897372f44ed9ff8391c85ac880c P 4ce5182e56c142e692c6be0d6a921c0b [term 0 FOLLOWER]: Becoming Follower/Learner. State: Replica: 4ce5182e56c142e692c6be0d6a921c0b, State: Initialized, Role: FOLLOWER
I20260608 12:40:00.732262  5121 consensus_queue.cc:260] T f9686897372f44ed9ff8391c85ac880c P 4ce5182e56c142e692c6be0d6a921c0b [NON_LEADER]: Queue going to NON_LEADER mode. State: All replicated index: 0, Majority replicated index: 0, Committed index: 0, Last appended: 0.0, Last appended by leader: 0, Current term: 0, Majority size: -1, State: 0, Mode: NON_LEADER, active raft config: opid_index: -1 OBSOLETE_local: false peers { permanent_uuid: "0a38e08714ae481f8a0ce79a5fedcbf0" member_type: VOTER last_known_addr { host: "127.0.108.1" port: 44143 } } peers { permanent_uuid: "aaa86c5d71df4584974dfd25609df82f" member_type: VOTER last_known_addr { host: "127.0.108.2" port: 46657 } } peers { permanent_uuid: "4ce5182e56c142e692c6be0d6a921c0b" member_type: VOTER last_known_addr { host: "127.0.108.3" port: 34729 } }
I20260608 12:40:00.735477  5121 ts_tablet_manager.cc:1434] T f9686897372f44ed9ff8391c85ac880c P 4ce5182e56c142e692c6be0d6a921c0b: Time spent starting tablet: real 0.010s	user 0.008s	sys 0.000s
I20260608 12:40:00.745733  5121 tablet_bootstrap.cc:492] T ceffda606229498790be9d9ec3be1d53 P 4ce5182e56c142e692c6be0d6a921c0b: Bootstrap starting.
I20260608 12:40:00.756366  5075 raft_consensus.cc:2468] T 5535792785434dd4b08b52bacae992b7 P 4ce5182e56c142e692c6be0d6a921c0b [term 1 FOLLOWER]: Leader election vote request: Granting yes vote for candidate aaa86c5d71df4584974dfd25609df82f in term 1.
I20260608 12:40:00.757668  5121 tablet_bootstrap.cc:654] T ceffda606229498790be9d9ec3be1d53 P 4ce5182e56c142e692c6be0d6a921c0b: Neither blocks nor log segments found. Creating new log.
I20260608 12:40:00.757843  4964 leader_election.cc:304] T 5535792785434dd4b08b52bacae992b7 P aaa86c5d71df4584974dfd25609df82f [CANDIDATE]: Term 1 election: Election decided. Result: candidate won. Election summary: received 3 responses out of 3 voters: 2 yes votes; 1 no votes. yes voters: 4ce5182e56c142e692c6be0d6a921c0b, aaa86c5d71df4584974dfd25609df82f; no voters: 0a38e08714ae481f8a0ce79a5fedcbf0
I20260608 12:40:00.759181  5123 raft_consensus.cc:2804] T 5535792785434dd4b08b52bacae992b7 P aaa86c5d71df4584974dfd25609df82f [term 1 FOLLOWER]: Leader election won for term 1
I20260608 12:40:00.759306  5119 tablet_bootstrap.cc:492] T 5823738dd42d44c484dc376adf19c6bd P aaa86c5d71df4584974dfd25609df82f: No bootstrap required, opened a new log
I20260608 12:40:00.760094  5119 ts_tablet_manager.cc:1403] T 5823738dd42d44c484dc376adf19c6bd P aaa86c5d71df4584974dfd25609df82f: Time spent bootstrapping tablet: real 0.065s	user 0.030s	sys 0.018s
I20260608 12:40:00.764357  5119 raft_consensus.cc:359] T 5823738dd42d44c484dc376adf19c6bd P aaa86c5d71df4584974dfd25609df82f [term 0 FOLLOWER]: Replica starting. Triggering 0 pending ops. Active config: opid_index: -1 OBSOLETE_local: false peers { permanent_uuid: "0a38e08714ae481f8a0ce79a5fedcbf0" member_type: VOTER last_known_addr { host: "127.0.108.1" port: 44143 } } peers { permanent_uuid: "aaa86c5d71df4584974dfd25609df82f" member_type: VOTER last_known_addr { host: "127.0.108.2" port: 46657 } } peers { permanent_uuid: "4ce5182e56c142e692c6be0d6a921c0b" member_type: VOTER last_known_addr { host: "127.0.108.3" port: 34729 } }
I20260608 12:40:00.765378  5119 raft_consensus.cc:385] T 5823738dd42d44c484dc376adf19c6bd P aaa86c5d71df4584974dfd25609df82f [term 0 FOLLOWER]: Consensus starting up: Expiring failure detector timer to make a prompt election more likely
I20260608 12:40:00.765758  5119 raft_consensus.cc:740] T 5823738dd42d44c484dc376adf19c6bd P aaa86c5d71df4584974dfd25609df82f [term 0 FOLLOWER]: Becoming Follower/Learner. State: Replica: aaa86c5d71df4584974dfd25609df82f, State: Initialized, Role: FOLLOWER
I20260608 12:40:00.766987  5119 consensus_queue.cc:260] T 5823738dd42d44c484dc376adf19c6bd P aaa86c5d71df4584974dfd25609df82f [NON_LEADER]: Queue going to NON_LEADER mode. State: All replicated index: 0, Majority replicated index: 0, Committed index: 0, Last appended: 0.0, Last appended by leader: 0, Current term: 0, Majority size: -1, State: 0, Mode: NON_LEADER, active raft config: opid_index: -1 OBSOLETE_local: false peers { permanent_uuid: "0a38e08714ae481f8a0ce79a5fedcbf0" member_type: VOTER last_known_addr { host: "127.0.108.1" port: 44143 } } peers { permanent_uuid: "aaa86c5d71df4584974dfd25609df82f" member_type: VOTER last_known_addr { host: "127.0.108.2" port: 46657 } } peers { permanent_uuid: "4ce5182e56c142e692c6be0d6a921c0b" member_type: VOTER last_known_addr { host: "127.0.108.3" port: 34729 } }
W20260608 12:40:00.770392  4872 auto_rebalancer.cc:259] Could not retrieve cluster info: Service unavailable: Tablet not running
I20260608 12:40:00.773527  5123 raft_consensus.cc:697] T 5535792785434dd4b08b52bacae992b7 P aaa86c5d71df4584974dfd25609df82f [term 1 LEADER]: Becoming Leader. State: Replica: aaa86c5d71df4584974dfd25609df82f, State: Running, Role: LEADER
I20260608 12:40:00.774888  5123 consensus_queue.cc:237] T 5535792785434dd4b08b52bacae992b7 P aaa86c5d71df4584974dfd25609df82f [LEADER]: Queue going to LEADER mode. State: All replicated index: 0, Majority replicated index: 0, Committed index: 0, Last appended: 0.0, Last appended by leader: 0, Current term: 1, Majority size: 2, State: 0, Mode: LEADER, active raft config: opid_index: -1 OBSOLETE_local: false peers { permanent_uuid: "aaa86c5d71df4584974dfd25609df82f" member_type: VOTER last_known_addr { host: "127.0.108.2" port: 46657 } } peers { permanent_uuid: "4ce5182e56c142e692c6be0d6a921c0b" member_type: VOTER last_known_addr { host: "127.0.108.3" port: 34729 } } peers { permanent_uuid: "0a38e08714ae481f8a0ce79a5fedcbf0" member_type: VOTER last_known_addr { host: "127.0.108.1" port: 44143 } }
I20260608 12:40:00.790555  5137 raft_consensus.cc:493] T 447c4419ec6644d7a7c1e93ec83195f0 P aaa86c5d71df4584974dfd25609df82f [term 0 FOLLOWER]: Starting pre-election (no leader contacted us within the election timeout)
I20260608 12:40:00.791291  5122 tablet_bootstrap.cc:492] T a97dd6d2811f4981b5c0feac4a7d936c P 0a38e08714ae481f8a0ce79a5fedcbf0: No bootstrap required, opened a new log
I20260608 12:40:00.791841  5122 ts_tablet_manager.cc:1403] T a97dd6d2811f4981b5c0feac4a7d936c P 0a38e08714ae481f8a0ce79a5fedcbf0: Time spent bootstrapping tablet: real 0.107s	user 0.034s	sys 0.056s
I20260608 12:40:00.791632  5137 raft_consensus.cc:515] T 447c4419ec6644d7a7c1e93ec83195f0 P aaa86c5d71df4584974dfd25609df82f [term 0 FOLLOWER]: Starting pre-election with config: opid_index: -1 OBSOLETE_local: false peers { permanent_uuid: "0a38e08714ae481f8a0ce79a5fedcbf0" member_type: VOTER last_known_addr { host: "127.0.108.1" port: 44143 } } peers { permanent_uuid: "aaa86c5d71df4584974dfd25609df82f" member_type: VOTER last_known_addr { host: "127.0.108.2" port: 46657 } } peers { permanent_uuid: "4ce5182e56c142e692c6be0d6a921c0b" member_type: VOTER last_known_addr { host: "127.0.108.3" port: 34729 } }
I20260608 12:40:00.795274  4926 tablet_service.cc:1917] Received RequestConsensusVote() RPC: tablet_id: "447c4419ec6644d7a7c1e93ec83195f0" candidate_uuid: "aaa86c5d71df4584974dfd25609df82f" candidate_term: 1 candidate_status { last_received { term: 0 index: 0 } } ignore_live_leader: false dest_uuid: "0a38e08714ae481f8a0ce79a5fedcbf0" is_pre_election: true
I20260608 12:40:00.795090  5122 raft_consensus.cc:359] T a97dd6d2811f4981b5c0feac4a7d936c P 0a38e08714ae481f8a0ce79a5fedcbf0 [term 0 FOLLOWER]: Replica starting. Triggering 0 pending ops. Active config: opid_index: -1 OBSOLETE_local: false peers { permanent_uuid: "0a38e08714ae481f8a0ce79a5fedcbf0" member_type: VOTER last_known_addr { host: "127.0.108.1" port: 44143 } } peers { permanent_uuid: "aaa86c5d71df4584974dfd25609df82f" member_type: VOTER last_known_addr { host: "127.0.108.2" port: 46657 } } peers { permanent_uuid: "4ce5182e56c142e692c6be0d6a921c0b" member_type: VOTER last_known_addr { host: "127.0.108.3" port: 34729 } }
I20260608 12:40:00.795818  5122 raft_consensus.cc:385] T a97dd6d2811f4981b5c0feac4a7d936c P 0a38e08714ae481f8a0ce79a5fedcbf0 [term 0 FOLLOWER]: Consensus starting up: Expiring failure detector timer to make a prompt election more likely
I20260608 12:40:00.795923  4926 raft_consensus.cc:2468] T 447c4419ec6644d7a7c1e93ec83195f0 P 0a38e08714ae481f8a0ce79a5fedcbf0 [term 0 FOLLOWER]: Leader pre-election vote request: Granting yes vote for candidate aaa86c5d71df4584974dfd25609df82f in term 0.
I20260608 12:40:00.796147  5122 raft_consensus.cc:740] T a97dd6d2811f4981b5c0feac4a7d936c P 0a38e08714ae481f8a0ce79a5fedcbf0 [term 0 FOLLOWER]: Becoming Follower/Learner. State: Replica: 0a38e08714ae481f8a0ce79a5fedcbf0, State: Initialized, Role: FOLLOWER
I20260608 12:40:00.797097  5122 consensus_queue.cc:260] T a97dd6d2811f4981b5c0feac4a7d936c P 0a38e08714ae481f8a0ce79a5fedcbf0 [NON_LEADER]: Queue going to NON_LEADER mode. State: All replicated index: 0, Majority replicated index: 0, Committed index: 0, Last appended: 0.0, Last appended by leader: 0, Current term: 0, Majority size: -1, State: 0, Mode: NON_LEADER, active raft config: opid_index: -1 OBSOLETE_local: false peers { permanent_uuid: "0a38e08714ae481f8a0ce79a5fedcbf0" member_type: VOTER last_known_addr { host: "127.0.108.1" port: 44143 } } peers { permanent_uuid: "aaa86c5d71df4584974dfd25609df82f" member_type: VOTER last_known_addr { host: "127.0.108.2" port: 46657 } } peers { permanent_uuid: "4ce5182e56c142e692c6be0d6a921c0b" member_type: VOTER last_known_addr { host: "127.0.108.3" port: 34729 } }
I20260608 12:40:00.797442  4964 leader_election.cc:304] T 447c4419ec6644d7a7c1e93ec83195f0 P aaa86c5d71df4584974dfd25609df82f [CANDIDATE]: Term 1 pre-election: Election decided. Result: candidate won. Election summary: received 2 responses out of 3 voters: 2 yes votes; 0 no votes. yes voters: 0a38e08714ae481f8a0ce79a5fedcbf0, aaa86c5d71df4584974dfd25609df82f; no voters: 
I20260608 12:40:00.798774  5140 raft_consensus.cc:2804] T 447c4419ec6644d7a7c1e93ec83195f0 P aaa86c5d71df4584974dfd25609df82f [term 0 FOLLOWER]: Leader pre-election won for term 1
I20260608 12:40:00.799245  5140 raft_consensus.cc:493] T 447c4419ec6644d7a7c1e93ec83195f0 P aaa86c5d71df4584974dfd25609df82f [term 0 FOLLOWER]: Starting leader election (no leader contacted us within the election timeout)
I20260608 12:40:00.799686  5140 raft_consensus.cc:3060] T 447c4419ec6644d7a7c1e93ec83195f0 P aaa86c5d71df4584974dfd25609df82f [term 0 FOLLOWER]: Advancing to term 1
I20260608 12:40:00.799782  5122 ts_tablet_manager.cc:1434] T a97dd6d2811f4981b5c0feac4a7d936c P 0a38e08714ae481f8a0ce79a5fedcbf0: Time spent starting tablet: real 0.008s	user 0.004s	sys 0.003s
I20260608 12:40:00.800936  5122 tablet_bootstrap.cc:492] T 5823738dd42d44c484dc376adf19c6bd P 0a38e08714ae481f8a0ce79a5fedcbf0: Bootstrap starting.
I20260608 12:40:00.802845  5137 leader_election.cc:290] T 447c4419ec6644d7a7c1e93ec83195f0 P aaa86c5d71df4584974dfd25609df82f [CANDIDATE]: Term 1 pre-election: Requested pre-vote from peers 0a38e08714ae481f8a0ce79a5fedcbf0 (127.0.108.1:44143), 4ce5182e56c142e692c6be0d6a921c0b (127.0.108.3:34729)
I20260608 12:40:00.802940  5075 tablet_service.cc:1917] Received RequestConsensusVote() RPC: tablet_id: "447c4419ec6644d7a7c1e93ec83195f0" candidate_uuid: "aaa86c5d71df4584974dfd25609df82f" candidate_term: 1 candidate_status { last_received { term: 0 index: 0 } } ignore_live_leader: false dest_uuid: "4ce5182e56c142e692c6be0d6a921c0b" is_pre_election: true
W20260608 12:40:00.808202  4964 leader_election.cc:343] T 447c4419ec6644d7a7c1e93ec83195f0 P aaa86c5d71df4584974dfd25609df82f [CANDIDATE]: Term 1 pre-election: Tablet error from VoteRequest() call to peer 4ce5182e56c142e692c6be0d6a921c0b (127.0.108.3:34729): Illegal state: must be running to vote when last-logged opid is not known
I20260608 12:40:00.811234  5122 tablet_bootstrap.cc:654] T 5823738dd42d44c484dc376adf19c6bd P 0a38e08714ae481f8a0ce79a5fedcbf0: Neither blocks nor log segments found. Creating new log.
I20260608 12:40:00.811955  5137 raft_consensus.cc:493] T 5823738dd42d44c484dc376adf19c6bd P aaa86c5d71df4584974dfd25609df82f [term 0 FOLLOWER]: Starting pre-election (no leader contacted us within the election timeout)
I20260608 12:40:00.812584  5137 raft_consensus.cc:515] T 5823738dd42d44c484dc376adf19c6bd P aaa86c5d71df4584974dfd25609df82f [term 0 FOLLOWER]: Starting pre-election with config: opid_index: -1 OBSOLETE_local: false peers { permanent_uuid: "0a38e08714ae481f8a0ce79a5fedcbf0" member_type: VOTER last_known_addr { host: "127.0.108.1" port: 44143 } } peers { permanent_uuid: "aaa86c5d71df4584974dfd25609df82f" member_type: VOTER last_known_addr { host: "127.0.108.2" port: 46657 } } peers { permanent_uuid: "4ce5182e56c142e692c6be0d6a921c0b" member_type: VOTER last_known_addr { host: "127.0.108.3" port: 34729 } }
I20260608 12:40:00.824282  4926 tablet_service.cc:1917] Received RequestConsensusVote() RPC: tablet_id: "5823738dd42d44c484dc376adf19c6bd" candidate_uuid: "aaa86c5d71df4584974dfd25609df82f" candidate_term: 1 candidate_status { last_received { term: 0 index: 0 } } ignore_live_leader: false dest_uuid: "0a38e08714ae481f8a0ce79a5fedcbf0" is_pre_election: true
I20260608 12:40:00.824620  5137 leader_election.cc:290] T 5823738dd42d44c484dc376adf19c6bd P aaa86c5d71df4584974dfd25609df82f [CANDIDATE]: Term 1 pre-election: Requested pre-vote from peers 0a38e08714ae481f8a0ce79a5fedcbf0 (127.0.108.1:44143), 4ce5182e56c142e692c6be0d6a921c0b (127.0.108.3:34729)
I20260608 12:40:00.826093  5121 tablet_bootstrap.cc:492] T ceffda606229498790be9d9ec3be1d53 P 4ce5182e56c142e692c6be0d6a921c0b: No bootstrap required, opened a new log
I20260608 12:40:00.826229  5075 tablet_service.cc:1917] Received RequestConsensusVote() RPC: tablet_id: "5823738dd42d44c484dc376adf19c6bd" candidate_uuid: "aaa86c5d71df4584974dfd25609df82f" candidate_term: 1 candidate_status { last_received { term: 0 index: 0 } } ignore_live_leader: false dest_uuid: "4ce5182e56c142e692c6be0d6a921c0b" is_pre_election: true
I20260608 12:40:00.826501  5121 ts_tablet_manager.cc:1403] T ceffda606229498790be9d9ec3be1d53 P 4ce5182e56c142e692c6be0d6a921c0b: Time spent bootstrapping tablet: real 0.081s	user 0.015s	sys 0.027s
I20260608 12:40:00.826479  5119 ts_tablet_manager.cc:1434] T 5823738dd42d44c484dc376adf19c6bd P aaa86c5d71df4584974dfd25609df82f: Time spent starting tablet: real 0.066s	user 0.030s	sys 0.030s
W20260608 12:40:00.827512  4964 leader_election.cc:343] T 5823738dd42d44c484dc376adf19c6bd P aaa86c5d71df4584974dfd25609df82f [CANDIDATE]: Term 1 pre-election: Tablet error from VoteRequest() call to peer 0a38e08714ae481f8a0ce79a5fedcbf0 (127.0.108.1:44143): Illegal state: must be running to vote when last-logged opid is not known
I20260608 12:40:00.827862  5119 tablet_bootstrap.cc:492] T e6d6e536658c48b285e0dcbe397f2786 P aaa86c5d71df4584974dfd25609df82f: Bootstrap starting.
I20260608 12:40:00.829406  5122 tablet_bootstrap.cc:492] T 5823738dd42d44c484dc376adf19c6bd P 0a38e08714ae481f8a0ce79a5fedcbf0: No bootstrap required, opened a new log
I20260608 12:40:00.829921  5122 ts_tablet_manager.cc:1403] T 5823738dd42d44c484dc376adf19c6bd P 0a38e08714ae481f8a0ce79a5fedcbf0: Time spent bootstrapping tablet: real 0.029s	user 0.011s	sys 0.008s
I20260608 12:40:00.829926  5121 raft_consensus.cc:359] T ceffda606229498790be9d9ec3be1d53 P 4ce5182e56c142e692c6be0d6a921c0b [term 0 FOLLOWER]: Replica starting. Triggering 0 pending ops. Active config: opid_index: -1 OBSOLETE_local: false peers { permanent_uuid: "0a38e08714ae481f8a0ce79a5fedcbf0" member_type: VOTER last_known_addr { host: "127.0.108.1" port: 44143 } } peers { permanent_uuid: "aaa86c5d71df4584974dfd25609df82f" member_type: VOTER last_known_addr { host: "127.0.108.2" port: 46657 } } peers { permanent_uuid: "4ce5182e56c142e692c6be0d6a921c0b" member_type: VOTER last_known_addr { host: "127.0.108.3" port: 34729 } }
I20260608 12:40:00.830929  5121 raft_consensus.cc:385] T ceffda606229498790be9d9ec3be1d53 P 4ce5182e56c142e692c6be0d6a921c0b [term 0 FOLLOWER]: Consensus starting up: Expiring failure detector timer to make a prompt election more likely
I20260608 12:40:00.831475  5121 raft_consensus.cc:740] T ceffda606229498790be9d9ec3be1d53 P 4ce5182e56c142e692c6be0d6a921c0b [term 0 FOLLOWER]: Becoming Follower/Learner. State: Replica: 4ce5182e56c142e692c6be0d6a921c0b, State: Initialized, Role: FOLLOWER
I20260608 12:40:00.830899  4822 catalog_manager.cc:5696] T 5535792785434dd4b08b52bacae992b7 P aaa86c5d71df4584974dfd25609df82f reported cstate change: term changed from 0 to 1, leader changed from <none> to aaa86c5d71df4584974dfd25609df82f (127.0.108.2). New cstate: current_term: 1 leader_uuid: "aaa86c5d71df4584974dfd25609df82f" committed_config { opid_index: -1 OBSOLETE_local: false peers { permanent_uuid: "aaa86c5d71df4584974dfd25609df82f" member_type: VOTER last_known_addr { host: "127.0.108.2" port: 46657 } health_report { overall_health: HEALTHY } } peers { permanent_uuid: "4ce5182e56c142e692c6be0d6a921c0b" member_type: VOTER last_known_addr { host: "127.0.108.3" port: 34729 } health_report { overall_health: UNKNOWN } } peers { permanent_uuid: "0a38e08714ae481f8a0ce79a5fedcbf0" member_type: VOTER last_known_addr { host: "127.0.108.1" port: 44143 } health_report { overall_health: UNKNOWN } } }
I20260608 12:40:00.832518  5121 consensus_queue.cc:260] T ceffda606229498790be9d9ec3be1d53 P 4ce5182e56c142e692c6be0d6a921c0b [NON_LEADER]: Queue going to NON_LEADER mode. State: All replicated index: 0, Majority replicated index: 0, Committed index: 0, Last appended: 0.0, Last appended by leader: 0, Current term: 0, Majority size: -1, State: 0, Mode: NON_LEADER, active raft config: opid_index: -1 OBSOLETE_local: false peers { permanent_uuid: "0a38e08714ae481f8a0ce79a5fedcbf0" member_type: VOTER last_known_addr { host: "127.0.108.1" port: 44143 } } peers { permanent_uuid: "aaa86c5d71df4584974dfd25609df82f" member_type: VOTER last_known_addr { host: "127.0.108.2" port: 46657 } } peers { permanent_uuid: "4ce5182e56c142e692c6be0d6a921c0b" member_type: VOTER last_known_addr { host: "127.0.108.3" port: 34729 } }
I20260608 12:40:00.833333  5122 raft_consensus.cc:359] T 5823738dd42d44c484dc376adf19c6bd P 0a38e08714ae481f8a0ce79a5fedcbf0 [term 0 FOLLOWER]: Replica starting. Triggering 0 pending ops. Active config: opid_index: -1 OBSOLETE_local: false peers { permanent_uuid: "0a38e08714ae481f8a0ce79a5fedcbf0" member_type: VOTER last_known_addr { host: "127.0.108.1" port: 44143 } } peers { permanent_uuid: "aaa86c5d71df4584974dfd25609df82f" member_type: VOTER last_known_addr { host: "127.0.108.2" port: 46657 } } peers { permanent_uuid: "4ce5182e56c142e692c6be0d6a921c0b" member_type: VOTER last_known_addr { host: "127.0.108.3" port: 34729 } }
I20260608 12:40:00.834059  5122 raft_consensus.cc:385] T 5823738dd42d44c484dc376adf19c6bd P 0a38e08714ae481f8a0ce79a5fedcbf0 [term 0 FOLLOWER]: Consensus starting up: Expiring failure detector timer to make a prompt election more likely
I20260608 12:40:00.834343  5122 raft_consensus.cc:740] T 5823738dd42d44c484dc376adf19c6bd P 0a38e08714ae481f8a0ce79a5fedcbf0 [term 0 FOLLOWER]: Becoming Follower/Learner. State: Replica: 0a38e08714ae481f8a0ce79a5fedcbf0, State: Initialized, Role: FOLLOWER
I20260608 12:40:00.835073  5121 ts_tablet_manager.cc:1434] T ceffda606229498790be9d9ec3be1d53 P 4ce5182e56c142e692c6be0d6a921c0b: Time spent starting tablet: real 0.008s	user 0.005s	sys 0.003s
I20260608 12:40:00.835264  5119 tablet_bootstrap.cc:654] T e6d6e536658c48b285e0dcbe397f2786 P aaa86c5d71df4584974dfd25609df82f: Neither blocks nor log segments found. Creating new log.
I20260608 12:40:00.835127  5122 consensus_queue.cc:260] T 5823738dd42d44c484dc376adf19c6bd P 0a38e08714ae481f8a0ce79a5fedcbf0 [NON_LEADER]: Queue going to NON_LEADER mode. State: All replicated index: 0, Majority replicated index: 0, Committed index: 0, Last appended: 0.0, Last appended by leader: 0, Current term: 0, Majority size: -1, State: 0, Mode: NON_LEADER, active raft config: opid_index: -1 OBSOLETE_local: false peers { permanent_uuid: "0a38e08714ae481f8a0ce79a5fedcbf0" member_type: VOTER last_known_addr { host: "127.0.108.1" port: 44143 } } peers { permanent_uuid: "aaa86c5d71df4584974dfd25609df82f" member_type: VOTER last_known_addr { host: "127.0.108.2" port: 46657 } } peers { permanent_uuid: "4ce5182e56c142e692c6be0d6a921c0b" member_type: VOTER last_known_addr { host: "127.0.108.3" port: 34729 } }
I20260608 12:40:00.836323  5121 tablet_bootstrap.cc:492] T 8b5d6f40f2f5440da12990fd68fb0297 P 4ce5182e56c142e692c6be0d6a921c0b: Bootstrap starting.
I20260608 12:40:00.840770  5122 ts_tablet_manager.cc:1434] T 5823738dd42d44c484dc376adf19c6bd P 0a38e08714ae481f8a0ce79a5fedcbf0: Time spent starting tablet: real 0.010s	user 0.009s	sys 0.000s
I20260608 12:40:00.841921  5122 tablet_bootstrap.cc:492] T 5535792785434dd4b08b52bacae992b7 P 0a38e08714ae481f8a0ce79a5fedcbf0: Bootstrap starting.
I20260608 12:40:00.845750  5121 tablet_bootstrap.cc:654] T 8b5d6f40f2f5440da12990fd68fb0297 P 4ce5182e56c142e692c6be0d6a921c0b: Neither blocks nor log segments found. Creating new log.
I20260608 12:40:00.848811  5122 tablet_bootstrap.cc:654] T 5535792785434dd4b08b52bacae992b7 P 0a38e08714ae481f8a0ce79a5fedcbf0: Neither blocks nor log segments found. Creating new log.
I20260608 12:40:00.852346  5127 raft_consensus.cc:493] T 5823738dd42d44c484dc376adf19c6bd P 4ce5182e56c142e692c6be0d6a921c0b [term 0 FOLLOWER]: Starting pre-election (no leader contacted us within the election timeout)
I20260608 12:40:00.853082  5127 raft_consensus.cc:515] T 5823738dd42d44c484dc376adf19c6bd P 4ce5182e56c142e692c6be0d6a921c0b [term 0 FOLLOWER]: Starting pre-election with config: opid_index: -1 OBSOLETE_local: false peers { permanent_uuid: "0a38e08714ae481f8a0ce79a5fedcbf0" member_type: VOTER last_known_addr { host: "127.0.108.1" port: 44143 } } peers { permanent_uuid: "aaa86c5d71df4584974dfd25609df82f" member_type: VOTER last_known_addr { host: "127.0.108.2" port: 46657 } } peers { permanent_uuid: "4ce5182e56c142e692c6be0d6a921c0b" member_type: VOTER last_known_addr { host: "127.0.108.3" port: 34729 } }
I20260608 12:40:00.858444  5075 raft_consensus.cc:2468] T 5823738dd42d44c484dc376adf19c6bd P 4ce5182e56c142e692c6be0d6a921c0b [term 0 FOLLOWER]: Leader pre-election vote request: Granting yes vote for candidate aaa86c5d71df4584974dfd25609df82f in term 0.
I20260608 12:40:00.861370  5127 leader_election.cc:290] T 5823738dd42d44c484dc376adf19c6bd P 4ce5182e56c142e692c6be0d6a921c0b [CANDIDATE]: Term 1 pre-election: Requested pre-vote from peers 0a38e08714ae481f8a0ce79a5fedcbf0 (127.0.108.1:44143), aaa86c5d71df4584974dfd25609df82f (127.0.108.2:46657)
I20260608 12:40:00.872575  5121 tablet_bootstrap.cc:492] T 8b5d6f40f2f5440da12990fd68fb0297 P 4ce5182e56c142e692c6be0d6a921c0b: No bootstrap required, opened a new log
I20260608 12:40:00.873737  5140 raft_consensus.cc:515] T 447c4419ec6644d7a7c1e93ec83195f0 P aaa86c5d71df4584974dfd25609df82f [term 1 FOLLOWER]: Starting leader election with config: opid_index: -1 OBSOLETE_local: false peers { permanent_uuid: "0a38e08714ae481f8a0ce79a5fedcbf0" member_type: VOTER last_known_addr { host: "127.0.108.1" port: 44143 } } peers { permanent_uuid: "aaa86c5d71df4584974dfd25609df82f" member_type: VOTER last_known_addr { host: "127.0.108.2" port: 46657 } } peers { permanent_uuid: "4ce5182e56c142e692c6be0d6a921c0b" member_type: VOTER last_known_addr { host: "127.0.108.3" port: 34729 } }
I20260608 12:40:00.877105  5121 ts_tablet_manager.cc:1403] T 8b5d6f40f2f5440da12990fd68fb0297 P 4ce5182e56c142e692c6be0d6a921c0b: Time spent bootstrapping tablet: real 0.041s	user 0.017s	sys 0.006s
I20260608 12:40:00.891120  5127 raft_consensus.cc:493] T ceffda606229498790be9d9ec3be1d53 P 4ce5182e56c142e692c6be0d6a921c0b [term 0 FOLLOWER]: Starting pre-election (no leader contacted us within the election timeout)
I20260608 12:40:00.891997  5128 raft_consensus.cc:493] T a97dd6d2811f4981b5c0feac4a7d936c P 0a38e08714ae481f8a0ce79a5fedcbf0 [term 0 FOLLOWER]: Starting pre-election (no leader contacted us within the election timeout)
I20260608 12:40:00.891898  5127 raft_consensus.cc:515] T ceffda606229498790be9d9ec3be1d53 P 4ce5182e56c142e692c6be0d6a921c0b [term 0 FOLLOWER]: Starting pre-election with config: opid_index: -1 OBSOLETE_local: false peers { permanent_uuid: "0a38e08714ae481f8a0ce79a5fedcbf0" member_type: VOTER last_known_addr { host: "127.0.108.1" port: 44143 } } peers { permanent_uuid: "aaa86c5d71df4584974dfd25609df82f" member_type: VOTER last_known_addr { host: "127.0.108.2" port: 46657 } } peers { permanent_uuid: "4ce5182e56c142e692c6be0d6a921c0b" member_type: VOTER last_known_addr { host: "127.0.108.3" port: 34729 } }
I20260608 12:40:00.892632  5128 raft_consensus.cc:515] T a97dd6d2811f4981b5c0feac4a7d936c P 0a38e08714ae481f8a0ce79a5fedcbf0 [term 0 FOLLOWER]: Starting pre-election with config: opid_index: -1 OBSOLETE_local: false peers { permanent_uuid: "0a38e08714ae481f8a0ce79a5fedcbf0" member_type: VOTER last_known_addr { host: "127.0.108.1" port: 44143 } } peers { permanent_uuid: "aaa86c5d71df4584974dfd25609df82f" member_type: VOTER last_known_addr { host: "127.0.108.2" port: 46657 } } peers { permanent_uuid: "4ce5182e56c142e692c6be0d6a921c0b" member_type: VOTER last_known_addr { host: "127.0.108.3" port: 34729 } }
I20260608 12:40:00.895023  5127 leader_election.cc:290] T ceffda606229498790be9d9ec3be1d53 P 4ce5182e56c142e692c6be0d6a921c0b [CANDIDATE]: Term 1 pre-election: Requested pre-vote from peers 0a38e08714ae481f8a0ce79a5fedcbf0 (127.0.108.1:44143), aaa86c5d71df4584974dfd25609df82f (127.0.108.2:46657)
I20260608 12:40:00.895552  5128 leader_election.cc:290] T a97dd6d2811f4981b5c0feac4a7d936c P 0a38e08714ae481f8a0ce79a5fedcbf0 [CANDIDATE]: Term 1 pre-election: Requested pre-vote from peers aaa86c5d71df4584974dfd25609df82f (127.0.108.2:46657), 4ce5182e56c142e692c6be0d6a921c0b (127.0.108.3:34729)
I20260608 12:40:00.902963  5121 raft_consensus.cc:359] T 8b5d6f40f2f5440da12990fd68fb0297 P 4ce5182e56c142e692c6be0d6a921c0b [term 0 FOLLOWER]: Replica starting. Triggering 0 pending ops. Active config: opid_index: -1 OBSOLETE_local: false peers { permanent_uuid: "0a38e08714ae481f8a0ce79a5fedcbf0" member_type: VOTER last_known_addr { host: "127.0.108.1" port: 44143 } } peers { permanent_uuid: "aaa86c5d71df4584974dfd25609df82f" member_type: VOTER last_known_addr { host: "127.0.108.2" port: 46657 } } peers { permanent_uuid: "4ce5182e56c142e692c6be0d6a921c0b" member_type: VOTER last_known_addr { host: "127.0.108.3" port: 34729 } }
I20260608 12:40:00.904105  5121 raft_consensus.cc:385] T 8b5d6f40f2f5440da12990fd68fb0297 P 4ce5182e56c142e692c6be0d6a921c0b [term 0 FOLLOWER]: Consensus starting up: Expiring failure detector timer to make a prompt election more likely
I20260608 12:40:00.910518  5121 raft_consensus.cc:740] T 8b5d6f40f2f5440da12990fd68fb0297 P 4ce5182e56c142e692c6be0d6a921c0b [term 0 FOLLOWER]: Becoming Follower/Learner. State: Replica: 4ce5182e56c142e692c6be0d6a921c0b, State: Initialized, Role: FOLLOWER
I20260608 12:40:00.919550  5121 consensus_queue.cc:260] T 8b5d6f40f2f5440da12990fd68fb0297 P 4ce5182e56c142e692c6be0d6a921c0b [NON_LEADER]: Queue going to NON_LEADER mode. State: All replicated index: 0, Majority replicated index: 0, Committed index: 0, Last appended: 0.0, Last appended by leader: 0, Current term: 0, Majority size: -1, State: 0, Mode: NON_LEADER, active raft config: opid_index: -1 OBSOLETE_local: false peers { permanent_uuid: "0a38e08714ae481f8a0ce79a5fedcbf0" member_type: VOTER last_known_addr { host: "127.0.108.1" port: 44143 } } peers { permanent_uuid: "aaa86c5d71df4584974dfd25609df82f" member_type: VOTER last_known_addr { host: "127.0.108.2" port: 46657 } } peers { permanent_uuid: "4ce5182e56c142e692c6be0d6a921c0b" member_type: VOTER last_known_addr { host: "127.0.108.3" port: 34729 } }
I20260608 12:40:00.924759  4964 leader_election.cc:304] T 5823738dd42d44c484dc376adf19c6bd P aaa86c5d71df4584974dfd25609df82f [CANDIDATE]: Term 1 pre-election: Election decided. Result: candidate won. Election summary: received 3 responses out of 3 voters: 2 yes votes; 1 no votes. yes voters: 4ce5182e56c142e692c6be0d6a921c0b, aaa86c5d71df4584974dfd25609df82f; no voters: 0a38e08714ae481f8a0ce79a5fedcbf0
I20260608 12:40:00.926496  5137 raft_consensus.cc:2804] T 5823738dd42d44c484dc376adf19c6bd P aaa86c5d71df4584974dfd25609df82f [term 0 FOLLOWER]: Leader pre-election won for term 1
I20260608 12:40:00.926901  5137 raft_consensus.cc:493] T 5823738dd42d44c484dc376adf19c6bd P aaa86c5d71df4584974dfd25609df82f [term 0 FOLLOWER]: Starting leader election (no leader contacted us within the election timeout)
I20260608 12:40:00.927261  5137 raft_consensus.cc:3060] T 5823738dd42d44c484dc376adf19c6bd P aaa86c5d71df4584974dfd25609df82f [term 0 FOLLOWER]: Advancing to term 1
I20260608 12:40:00.936576  5137 raft_consensus.cc:515] T 5823738dd42d44c484dc376adf19c6bd P aaa86c5d71df4584974dfd25609df82f [term 1 FOLLOWER]: Starting leader election with config: opid_index: -1 OBSOLETE_local: false peers { permanent_uuid: "0a38e08714ae481f8a0ce79a5fedcbf0" member_type: VOTER last_known_addr { host: "127.0.108.1" port: 44143 } } peers { permanent_uuid: "aaa86c5d71df4584974dfd25609df82f" member_type: VOTER last_known_addr { host: "127.0.108.2" port: 46657 } } peers { permanent_uuid: "4ce5182e56c142e692c6be0d6a921c0b" member_type: VOTER last_known_addr { host: "127.0.108.3" port: 34729 } }
I20260608 12:40:00.938561  5075 tablet_service.cc:1917] Received RequestConsensusVote() RPC: tablet_id: "447c4419ec6644d7a7c1e93ec83195f0" candidate_uuid: "aaa86c5d71df4584974dfd25609df82f" candidate_term: 1 candidate_status { last_received { term: 0 index: 0 } } ignore_live_leader: false dest_uuid: "4ce5182e56c142e692c6be0d6a921c0b"
I20260608 12:40:00.944535  5121 ts_tablet_manager.cc:1434] T 8b5d6f40f2f5440da12990fd68fb0297 P 4ce5182e56c142e692c6be0d6a921c0b: Time spent starting tablet: real 0.066s	user 0.011s	sys 0.000s
W20260608 12:40:00.945623  4964 leader_election.cc:343] T 447c4419ec6644d7a7c1e93ec83195f0 P aaa86c5d71df4584974dfd25609df82f [CANDIDATE]: Term 1 election: Tablet error from VoteRequest() call to peer 4ce5182e56c142e692c6be0d6a921c0b (127.0.108.3:34729): Illegal state: must be running to vote when last-logged opid is not known
I20260608 12:40:00.946565  5121 tablet_bootstrap.cc:492] T a97dd6d2811f4981b5c0feac4a7d936c P 4ce5182e56c142e692c6be0d6a921c0b: Bootstrap starting.
I20260608 12:40:00.947400  5137 leader_election.cc:290] T 5823738dd42d44c484dc376adf19c6bd P aaa86c5d71df4584974dfd25609df82f [CANDIDATE]: Term 1 election: Requested vote from peers 0a38e08714ae481f8a0ce79a5fedcbf0 (127.0.108.1:44143), 4ce5182e56c142e692c6be0d6a921c0b (127.0.108.3:34729)
I20260608 12:40:00.953722  5075 tablet_service.cc:1917] Received RequestConsensusVote() RPC: tablet_id: "5823738dd42d44c484dc376adf19c6bd" candidate_uuid: "aaa86c5d71df4584974dfd25609df82f" candidate_term: 1 candidate_status { last_received { term: 0 index: 0 } } ignore_live_leader: false dest_uuid: "4ce5182e56c142e692c6be0d6a921c0b"
I20260608 12:40:00.954643  5075 raft_consensus.cc:3060] T 5823738dd42d44c484dc376adf19c6bd P 4ce5182e56c142e692c6be0d6a921c0b [term 0 FOLLOWER]: Advancing to term 1
I20260608 12:40:00.956480  5001 tablet_service.cc:1917] Received RequestConsensusVote() RPC: tablet_id: "5823738dd42d44c484dc376adf19c6bd" candidate_uuid: "4ce5182e56c142e692c6be0d6a921c0b" candidate_term: 1 candidate_status { last_received { term: 0 index: 0 } } ignore_live_leader: false dest_uuid: "aaa86c5d71df4584974dfd25609df82f" is_pre_election: true
I20260608 12:40:00.957757  5001 raft_consensus.cc:2393] T 5823738dd42d44c484dc376adf19c6bd P aaa86c5d71df4584974dfd25609df82f [term 1 FOLLOWER]: Leader pre-election vote request: Denying vote to candidate 4ce5182e56c142e692c6be0d6a921c0b in current term 1: Already voted for candidate aaa86c5d71df4584974dfd25609df82f in this term.
I20260608 12:40:00.959302  5000 tablet_service.cc:1917] Received RequestConsensusVote() RPC: tablet_id: "ceffda606229498790be9d9ec3be1d53" candidate_uuid: "4ce5182e56c142e692c6be0d6a921c0b" candidate_term: 1 candidate_status { last_received { term: 0 index: 0 } } ignore_live_leader: false dest_uuid: "aaa86c5d71df4584974dfd25609df82f" is_pre_election: true
W20260608 12:40:00.961506  5039 leader_election.cc:343] T ceffda606229498790be9d9ec3be1d53 P 4ce5182e56c142e692c6be0d6a921c0b [CANDIDATE]: Term 1 pre-election: Tablet error from VoteRequest() call to peer aaa86c5d71df4584974dfd25609df82f (127.0.108.2:46657): Illegal state: must be running to vote when last-logged opid is not known
I20260608 12:40:00.962174  5121 tablet_bootstrap.cc:654] T a97dd6d2811f4981b5c0feac4a7d936c P 4ce5182e56c142e692c6be0d6a921c0b: Neither blocks nor log segments found. Creating new log.
I20260608 12:40:00.975682  5128 raft_consensus.cc:493] T e6d6e536658c48b285e0dcbe397f2786 P 0a38e08714ae481f8a0ce79a5fedcbf0 [term 0 FOLLOWER]: Starting pre-election (no leader contacted us within the election timeout)
I20260608 12:40:00.976308  5128 raft_consensus.cc:515] T e6d6e536658c48b285e0dcbe397f2786 P 0a38e08714ae481f8a0ce79a5fedcbf0 [term 0 FOLLOWER]: Starting pre-election with config: opid_index: -1 OBSOLETE_local: false peers { permanent_uuid: "0a38e08714ae481f8a0ce79a5fedcbf0" member_type: VOTER last_known_addr { host: "127.0.108.1" port: 44143 } } peers { permanent_uuid: "aaa86c5d71df4584974dfd25609df82f" member_type: VOTER last_known_addr { host: "127.0.108.2" port: 46657 } } peers { permanent_uuid: "4ce5182e56c142e692c6be0d6a921c0b" member_type: VOTER last_known_addr { host: "127.0.108.3" port: 34729 } }
I20260608 12:40:00.978170  4926 tablet_service.cc:1917] Received RequestConsensusVote() RPC: tablet_id: "5823738dd42d44c484dc376adf19c6bd" candidate_uuid: "4ce5182e56c142e692c6be0d6a921c0b" candidate_term: 1 candidate_status { last_received { term: 0 index: 0 } } ignore_live_leader: false dest_uuid: "0a38e08714ae481f8a0ce79a5fedcbf0" is_pre_election: true
I20260608 12:40:00.978554  4925 tablet_service.cc:1917] Received RequestConsensusVote() RPC: tablet_id: "ceffda606229498790be9d9ec3be1d53" candidate_uuid: "4ce5182e56c142e692c6be0d6a921c0b" candidate_term: 1 candidate_status { last_received { term: 0 index: 0 } } ignore_live_leader: false dest_uuid: "0a38e08714ae481f8a0ce79a5fedcbf0" is_pre_election: true
I20260608 12:40:00.979343  5137 raft_consensus.cc:493] T f9686897372f44ed9ff8391c85ac880c P aaa86c5d71df4584974dfd25609df82f [term 0 FOLLOWER]: Starting pre-election (no leader contacted us within the election timeout)
I20260608 12:40:00.979279  4926 raft_consensus.cc:2468] T 5823738dd42d44c484dc376adf19c6bd P 0a38e08714ae481f8a0ce79a5fedcbf0 [term 0 FOLLOWER]: Leader pre-election vote request: Granting yes vote for candidate 4ce5182e56c142e692c6be0d6a921c0b in term 0.
I20260608 12:40:00.980334  5140 leader_election.cc:290] T 447c4419ec6644d7a7c1e93ec83195f0 P aaa86c5d71df4584974dfd25609df82f [CANDIDATE]: Term 1 election: Requested vote from peers 0a38e08714ae481f8a0ce79a5fedcbf0 (127.0.108.1:44143), 4ce5182e56c142e692c6be0d6a921c0b (127.0.108.3:34729)
I20260608 12:40:00.978583  5128 leader_election.cc:290] T e6d6e536658c48b285e0dcbe397f2786 P 0a38e08714ae481f8a0ce79a5fedcbf0 [CANDIDATE]: Term 1 pre-election: Requested pre-vote from peers aaa86c5d71df4584974dfd25609df82f (127.0.108.2:46657), 4ce5182e56c142e692c6be0d6a921c0b (127.0.108.3:34729)
I20260608 12:40:00.980091  5137 raft_consensus.cc:515] T f9686897372f44ed9ff8391c85ac880c P aaa86c5d71df4584974dfd25609df82f [term 0 FOLLOWER]: Starting pre-election with config: opid_index: -1 OBSOLETE_local: false peers { permanent_uuid: "0a38e08714ae481f8a0ce79a5fedcbf0" member_type: VOTER last_known_addr { host: "127.0.108.1" port: 44143 } } peers { permanent_uuid: "aaa86c5d71df4584974dfd25609df82f" member_type: VOTER last_known_addr { host: "127.0.108.2" port: 46657 } } peers { permanent_uuid: "4ce5182e56c142e692c6be0d6a921c0b" member_type: VOTER last_known_addr { host: "127.0.108.3" port: 34729 } }
I20260608 12:40:00.980777  5121 tablet_bootstrap.cc:492] T a97dd6d2811f4981b5c0feac4a7d936c P 4ce5182e56c142e692c6be0d6a921c0b: No bootstrap required, opened a new log
I20260608 12:40:00.981747  5121 ts_tablet_manager.cc:1403] T a97dd6d2811f4981b5c0feac4a7d936c P 4ce5182e56c142e692c6be0d6a921c0b: Time spent bootstrapping tablet: real 0.036s	user 0.023s	sys 0.002s
I20260608 12:40:00.982780  5137 leader_election.cc:290] T f9686897372f44ed9ff8391c85ac880c P aaa86c5d71df4584974dfd25609df82f [CANDIDATE]: Term 1 pre-election: Requested pre-vote from peers 0a38e08714ae481f8a0ce79a5fedcbf0 (127.0.108.1:44143), 4ce5182e56c142e692c6be0d6a921c0b (127.0.108.3:34729)
I20260608 12:40:00.984766  4926 tablet_service.cc:1917] Received RequestConsensusVote() RPC: tablet_id: "447c4419ec6644d7a7c1e93ec83195f0" candidate_uuid: "aaa86c5d71df4584974dfd25609df82f" candidate_term: 1 candidate_status { last_received { term: 0 index: 0 } } ignore_live_leader: false dest_uuid: "0a38e08714ae481f8a0ce79a5fedcbf0"
I20260608 12:40:00.985152  5074 tablet_service.cc:1917] Received RequestConsensusVote() RPC: tablet_id: "f9686897372f44ed9ff8391c85ac880c" candidate_uuid: "aaa86c5d71df4584974dfd25609df82f" candidate_term: 1 candidate_status { last_received { term: 0 index: 0 } } ignore_live_leader: false dest_uuid: "4ce5182e56c142e692c6be0d6a921c0b" is_pre_election: true
I20260608 12:40:00.985795  4926 raft_consensus.cc:3060] T 447c4419ec6644d7a7c1e93ec83195f0 P 0a38e08714ae481f8a0ce79a5fedcbf0 [term 0 FOLLOWER]: Advancing to term 1
I20260608 12:40:00.985973  5074 raft_consensus.cc:2468] T f9686897372f44ed9ff8391c85ac880c P 4ce5182e56c142e692c6be0d6a921c0b [term 0 FOLLOWER]: Leader pre-election vote request: Granting yes vote for candidate aaa86c5d71df4584974dfd25609df82f in term 0.
I20260608 12:40:00.987417  4964 leader_election.cc:304] T f9686897372f44ed9ff8391c85ac880c P aaa86c5d71df4584974dfd25609df82f [CANDIDATE]: Term 1 pre-election: Election decided. Result: candidate won. Election summary: received 2 responses out of 3 voters: 2 yes votes; 0 no votes. yes voters: 4ce5182e56c142e692c6be0d6a921c0b, aaa86c5d71df4584974dfd25609df82f; no voters: 
I20260608 12:40:00.987206  5121 raft_consensus.cc:359] T a97dd6d2811f4981b5c0feac4a7d936c P 4ce5182e56c142e692c6be0d6a921c0b [term 0 FOLLOWER]: Replica starting. Triggering 0 pending ops. Active config: opid_index: -1 OBSOLETE_local: false peers { permanent_uuid: "0a38e08714ae481f8a0ce79a5fedcbf0" member_type: VOTER last_known_addr { host: "127.0.108.1" port: 44143 } } peers { permanent_uuid: "aaa86c5d71df4584974dfd25609df82f" member_type: VOTER last_known_addr { host: "127.0.108.2" port: 46657 } } peers { permanent_uuid: "4ce5182e56c142e692c6be0d6a921c0b" member_type: VOTER last_known_addr { host: "127.0.108.3" port: 34729 } }
I20260608 12:40:00.988304  5121 raft_consensus.cc:385] T a97dd6d2811f4981b5c0feac4a7d936c P 4ce5182e56c142e692c6be0d6a921c0b [term 0 FOLLOWER]: Consensus starting up: Expiring failure detector timer to make a prompt election more likely
I20260608 12:40:00.988724  5121 raft_consensus.cc:740] T a97dd6d2811f4981b5c0feac4a7d936c P 4ce5182e56c142e692c6be0d6a921c0b [term 0 FOLLOWER]: Becoming Follower/Learner. State: Replica: 4ce5182e56c142e692c6be0d6a921c0b, State: Initialized, Role: FOLLOWER
I20260608 12:40:00.990160  5121 consensus_queue.cc:260] T a97dd6d2811f4981b5c0feac4a7d936c P 4ce5182e56c142e692c6be0d6a921c0b [NON_LEADER]: Queue going to NON_LEADER mode. State: All replicated index: 0, Majority replicated index: 0, Committed index: 0, Last appended: 0.0, Last appended by leader: 0, Current term: 0, Majority size: -1, State: 0, Mode: NON_LEADER, active raft config: opid_index: -1 OBSOLETE_local: false peers { permanent_uuid: "0a38e08714ae481f8a0ce79a5fedcbf0" member_type: VOTER last_known_addr { host: "127.0.108.1" port: 44143 } } peers { permanent_uuid: "aaa86c5d71df4584974dfd25609df82f" member_type: VOTER last_known_addr { host: "127.0.108.2" port: 46657 } } peers { permanent_uuid: "4ce5182e56c142e692c6be0d6a921c0b" member_type: VOTER last_known_addr { host: "127.0.108.3" port: 34729 } }
I20260608 12:40:00.993389  4925 tablet_service.cc:1917] Received RequestConsensusVote() RPC: tablet_id: "5823738dd42d44c484dc376adf19c6bd" candidate_uuid: "aaa86c5d71df4584974dfd25609df82f" candidate_term: 1 candidate_status { last_received { term: 0 index: 0 } } ignore_live_leader: false dest_uuid: "0a38e08714ae481f8a0ce79a5fedcbf0"
I20260608 12:40:00.994293  4925 raft_consensus.cc:3060] T 5823738dd42d44c484dc376adf19c6bd P 0a38e08714ae481f8a0ce79a5fedcbf0 [term 0 FOLLOWER]: Advancing to term 1
I20260608 12:40:00.994431  5121 ts_tablet_manager.cc:1434] T a97dd6d2811f4981b5c0feac4a7d936c P 4ce5182e56c142e692c6be0d6a921c0b: Time spent starting tablet: real 0.012s	user 0.009s	sys 0.000s
I20260608 12:40:00.996243  5121 tablet_bootstrap.cc:492] T d7727f93ea434bb1a687f760f0541801 P 4ce5182e56c142e692c6be0d6a921c0b: Bootstrap starting.
I20260608 12:40:01.005679  4924 tablet_service.cc:1917] Received RequestConsensusVote() RPC: tablet_id: "f9686897372f44ed9ff8391c85ac880c" candidate_uuid: "aaa86c5d71df4584974dfd25609df82f" candidate_term: 1 candidate_status { last_received { term: 0 index: 0 } } ignore_live_leader: false dest_uuid: "0a38e08714ae481f8a0ce79a5fedcbf0" is_pre_election: true
I20260608 12:40:01.011551  5121 tablet_bootstrap.cc:654] T d7727f93ea434bb1a687f760f0541801 P 4ce5182e56c142e692c6be0d6a921c0b: Neither blocks nor log segments found. Creating new log.
W20260608 12:40:01.020875  5038 leader_election.cc:343] T ceffda606229498790be9d9ec3be1d53 P 4ce5182e56c142e692c6be0d6a921c0b [CANDIDATE]: Term 1 pre-election: Tablet error from VoteRequest() call to peer 0a38e08714ae481f8a0ce79a5fedcbf0 (127.0.108.1:44143): Illegal state: must be running to vote when last-logged opid is not known
I20260608 12:40:01.021612  5038 leader_election.cc:304] T ceffda606229498790be9d9ec3be1d53 P 4ce5182e56c142e692c6be0d6a921c0b [CANDIDATE]: Term 1 pre-election: Election decided. Result: candidate lost. Election summary: received 3 responses out of 3 voters: 1 yes votes; 2 no votes. yes voters: 4ce5182e56c142e692c6be0d6a921c0b; no voters: 0a38e08714ae481f8a0ce79a5fedcbf0, aaa86c5d71df4584974dfd25609df82f
W20260608 12:40:01.023283  4964 leader_election.cc:343] T f9686897372f44ed9ff8391c85ac880c P aaa86c5d71df4584974dfd25609df82f [CANDIDATE]: Term 1 pre-election: Tablet error from VoteRequest() call to peer 0a38e08714ae481f8a0ce79a5fedcbf0 (127.0.108.1:44143): Illegal state: must be running to vote when last-logged opid is not known
I20260608 12:40:01.024222  5127 raft_consensus.cc:2749] T ceffda606229498790be9d9ec3be1d53 P 4ce5182e56c142e692c6be0d6a921c0b [term 0 FOLLOWER]: Leader pre-election lost for term 1. Reason: could not achieve majority
I20260608 12:40:01.024994  5137 raft_consensus.cc:2804] T f9686897372f44ed9ff8391c85ac880c P aaa86c5d71df4584974dfd25609df82f [term 0 FOLLOWER]: Leader pre-election won for term 1
I20260608 12:40:01.025394  5137 raft_consensus.cc:493] T f9686897372f44ed9ff8391c85ac880c P aaa86c5d71df4584974dfd25609df82f [term 0 FOLLOWER]: Starting leader election (no leader contacted us within the election timeout)
I20260608 12:40:01.025807  5137 raft_consensus.cc:3060] T f9686897372f44ed9ff8391c85ac880c P aaa86c5d71df4584974dfd25609df82f [term 0 FOLLOWER]: Advancing to term 1
I20260608 12:40:01.027261  5121 tablet_bootstrap.cc:492] T d7727f93ea434bb1a687f760f0541801 P 4ce5182e56c142e692c6be0d6a921c0b: No bootstrap required, opened a new log
I20260608 12:40:01.027797  5121 ts_tablet_manager.cc:1403] T d7727f93ea434bb1a687f760f0541801 P 4ce5182e56c142e692c6be0d6a921c0b: Time spent bootstrapping tablet: real 0.032s	user 0.015s	sys 0.008s
I20260608 12:40:01.028455  5038 leader_election.cc:304] T 5823738dd42d44c484dc376adf19c6bd P 4ce5182e56c142e692c6be0d6a921c0b [CANDIDATE]: Term 1 pre-election: Election decided. Result: candidate won. Election summary: received 3 responses out of 3 voters: 2 yes votes; 1 no votes. yes voters: 0a38e08714ae481f8a0ce79a5fedcbf0, 4ce5182e56c142e692c6be0d6a921c0b; no voters: aaa86c5d71df4584974dfd25609df82f
I20260608 12:40:01.033723  5137 raft_consensus.cc:515] T f9686897372f44ed9ff8391c85ac880c P aaa86c5d71df4584974dfd25609df82f [term 1 FOLLOWER]: Starting leader election with config: opid_index: -1 OBSOLETE_local: false peers { permanent_uuid: "0a38e08714ae481f8a0ce79a5fedcbf0" member_type: VOTER last_known_addr { host: "127.0.108.1" port: 44143 } } peers { permanent_uuid: "aaa86c5d71df4584974dfd25609df82f" member_type: VOTER last_known_addr { host: "127.0.108.2" port: 46657 } } peers { permanent_uuid: "4ce5182e56c142e692c6be0d6a921c0b" member_type: VOTER last_known_addr { host: "127.0.108.3" port: 34729 } }
I20260608 12:40:01.038069  4924 tablet_service.cc:1917] Received RequestConsensusVote() RPC: tablet_id: "f9686897372f44ed9ff8391c85ac880c" candidate_uuid: "aaa86c5d71df4584974dfd25609df82f" candidate_term: 1 candidate_status { last_received { term: 0 index: 0 } } ignore_live_leader: false dest_uuid: "0a38e08714ae481f8a0ce79a5fedcbf0"
I20260608 12:40:01.031098  5121 raft_consensus.cc:359] T d7727f93ea434bb1a687f760f0541801 P 4ce5182e56c142e692c6be0d6a921c0b [term 0 FOLLOWER]: Replica starting. Triggering 0 pending ops. Active config: opid_index: -1 OBSOLETE_local: false peers { permanent_uuid: "0a38e08714ae481f8a0ce79a5fedcbf0" member_type: VOTER last_known_addr { host: "127.0.108.1" port: 44143 } } peers { permanent_uuid: "aaa86c5d71df4584974dfd25609df82f" member_type: VOTER last_known_addr { host: "127.0.108.2" port: 46657 } } peers { permanent_uuid: "4ce5182e56c142e692c6be0d6a921c0b" member_type: VOTER last_known_addr { host: "127.0.108.3" port: 34729 } }
W20260608 12:40:01.039636  4964 leader_election.cc:343] T f9686897372f44ed9ff8391c85ac880c P aaa86c5d71df4584974dfd25609df82f [CANDIDATE]: Term 1 election: Tablet error from VoteRequest() call to peer 0a38e08714ae481f8a0ce79a5fedcbf0 (127.0.108.1:44143): Illegal state: must be running to vote when last-logged opid is not known
I20260608 12:40:01.039705  5121 raft_consensus.cc:385] T d7727f93ea434bb1a687f760f0541801 P 4ce5182e56c142e692c6be0d6a921c0b [term 0 FOLLOWER]: Consensus starting up: Expiring failure detector timer to make a prompt election more likely
I20260608 12:40:01.040813  5121 raft_consensus.cc:740] T d7727f93ea434bb1a687f760f0541801 P 4ce5182e56c142e692c6be0d6a921c0b [term 0 FOLLOWER]: Becoming Follower/Learner. State: Replica: 4ce5182e56c142e692c6be0d6a921c0b, State: Initialized, Role: FOLLOWER
I20260608 12:40:01.041682  5137 leader_election.cc:290] T f9686897372f44ed9ff8391c85ac880c P aaa86c5d71df4584974dfd25609df82f [CANDIDATE]: Term 1 election: Requested vote from peers 0a38e08714ae481f8a0ce79a5fedcbf0 (127.0.108.1:44143), 4ce5182e56c142e692c6be0d6a921c0b (127.0.108.3:34729)
I20260608 12:40:01.042809  5121 consensus_queue.cc:260] T d7727f93ea434bb1a687f760f0541801 P 4ce5182e56c142e692c6be0d6a921c0b [NON_LEADER]: Queue going to NON_LEADER mode. State: All replicated index: 0, Majority replicated index: 0, Committed index: 0, Last appended: 0.0, Last appended by leader: 0, Current term: 0, Majority size: -1, State: 0, Mode: NON_LEADER, active raft config: opid_index: -1 OBSOLETE_local: false peers { permanent_uuid: "0a38e08714ae481f8a0ce79a5fedcbf0" member_type: VOTER last_known_addr { host: "127.0.108.1" port: 44143 } } peers { permanent_uuid: "aaa86c5d71df4584974dfd25609df82f" member_type: VOTER last_known_addr { host: "127.0.108.2" port: 46657 } } peers { permanent_uuid: "4ce5182e56c142e692c6be0d6a921c0b" member_type: VOTER last_known_addr { host: "127.0.108.3" port: 34729 } }
I20260608 12:40:01.049609  5074 tablet_service.cc:1917] Received RequestConsensusVote() RPC: tablet_id: "f9686897372f44ed9ff8391c85ac880c" candidate_uuid: "aaa86c5d71df4584974dfd25609df82f" candidate_term: 1 candidate_status { last_received { term: 0 index: 0 } } ignore_live_leader: false dest_uuid: "4ce5182e56c142e692c6be0d6a921c0b"
I20260608 12:40:01.050477  5074 raft_consensus.cc:3060] T f9686897372f44ed9ff8391c85ac880c P 4ce5182e56c142e692c6be0d6a921c0b [term 0 FOLLOWER]: Advancing to term 1
I20260608 12:40:01.051658  5121 ts_tablet_manager.cc:1434] T d7727f93ea434bb1a687f760f0541801 P 4ce5182e56c142e692c6be0d6a921c0b: Time spent starting tablet: real 0.024s	user 0.004s	sys 0.004s
I20260608 12:40:01.053244  5121 tablet_bootstrap.cc:492] T 447c4419ec6644d7a7c1e93ec83195f0 P 4ce5182e56c142e692c6be0d6a921c0b: Bootstrap starting.
I20260608 12:40:01.062826  4925 raft_consensus.cc:2468] T 5823738dd42d44c484dc376adf19c6bd P 0a38e08714ae481f8a0ce79a5fedcbf0 [term 1 FOLLOWER]: Leader election vote request: Granting yes vote for candidate aaa86c5d71df4584974dfd25609df82f in term 1.
I20260608 12:40:01.063846  5121 tablet_bootstrap.cc:654] T 447c4419ec6644d7a7c1e93ec83195f0 P 4ce5182e56c142e692c6be0d6a921c0b: Neither blocks nor log segments found. Creating new log.
I20260608 12:40:00.972154  5075 raft_consensus.cc:2468] T 5823738dd42d44c484dc376adf19c6bd P 4ce5182e56c142e692c6be0d6a921c0b [term 1 FOLLOWER]: Leader election vote request: Granting yes vote for candidate aaa86c5d71df4584974dfd25609df82f in term 1.
I20260608 12:40:01.065496  4964 leader_election.cc:304] T 5823738dd42d44c484dc376adf19c6bd P aaa86c5d71df4584974dfd25609df82f [CANDIDATE]: Term 1 election: Election decided. Result: candidate won. Election summary: received 2 responses out of 3 voters: 2 yes votes; 0 no votes. yes voters: 0a38e08714ae481f8a0ce79a5fedcbf0, aaa86c5d71df4584974dfd25609df82f; no voters: 
I20260608 12:40:01.075892  5137 raft_consensus.cc:2804] T 5823738dd42d44c484dc376adf19c6bd P aaa86c5d71df4584974dfd25609df82f [term 1 FOLLOWER]: Leader election won for term 1
