I20260608 12:40:01.076495  5137 raft_consensus.cc:697] T 5823738dd42d44c484dc376adf19c6bd P aaa86c5d71df4584974dfd25609df82f [term 1 LEADER]: Becoming Leader. State: Replica: aaa86c5d71df4584974dfd25609df82f, State: Running, Role: LEADER
I20260608 12:40:01.077170  5127 raft_consensus.cc:2764] T 5823738dd42d44c484dc376adf19c6bd P 4ce5182e56c142e692c6be0d6a921c0b [term 1 FOLLOWER]: Leader pre-election decision vote started in defunct term 0: won
I20260608 12:40:01.080401  5121 tablet_bootstrap.cc:492] T 447c4419ec6644d7a7c1e93ec83195f0 P 4ce5182e56c142e692c6be0d6a921c0b: No bootstrap required, opened a new log
I20260608 12:40:01.080919  5121 ts_tablet_manager.cc:1403] T 447c4419ec6644d7a7c1e93ec83195f0 P 4ce5182e56c142e692c6be0d6a921c0b: Time spent bootstrapping tablet: real 0.028s	user 0.014s	sys 0.000s
I20260608 12:40:01.081254  5137 consensus_queue.cc:237] T 5823738dd42d44c484dc376adf19c6bd P aaa86c5d71df4584974dfd25609df82f [LEADER]: Queue going to LEADER mode. State: All replicated index: 0, Majority replicated index: 0, Committed index: 0, Last appended: 0.0, Last appended by leader: 0, Current term: 1, Majority size: 2, State: 0, Mode: LEADER, active raft config: opid_index: -1 OBSOLETE_local: false peers { permanent_uuid: "0a38e08714ae481f8a0ce79a5fedcbf0" member_type: VOTER last_known_addr { host: "127.0.108.1" port: 44143 } } peers { permanent_uuid: "aaa86c5d71df4584974dfd25609df82f" member_type: VOTER last_known_addr { host: "127.0.108.2" port: 46657 } } peers { permanent_uuid: "4ce5182e56c142e692c6be0d6a921c0b" member_type: VOTER last_known_addr { host: "127.0.108.3" port: 34729 } }
I20260608 12:40:01.081607  5074 raft_consensus.cc:2468] T f9686897372f44ed9ff8391c85ac880c P 4ce5182e56c142e692c6be0d6a921c0b [term 1 FOLLOWER]: Leader election vote request: Granting yes vote for candidate aaa86c5d71df4584974dfd25609df82f in term 1.
I20260608 12:40:01.083438  4964 leader_election.cc:304] T f9686897372f44ed9ff8391c85ac880c P aaa86c5d71df4584974dfd25609df82f [CANDIDATE]: Term 1 election: Election decided. Result: candidate won. Election summary: received 3 responses out of 3 voters: 2 yes votes; 1 no votes. yes voters: 4ce5182e56c142e692c6be0d6a921c0b, aaa86c5d71df4584974dfd25609df82f; no voters: 0a38e08714ae481f8a0ce79a5fedcbf0
I20260608 12:40:01.083858  5121 raft_consensus.cc:359] T 447c4419ec6644d7a7c1e93ec83195f0 P 4ce5182e56c142e692c6be0d6a921c0b [term 0 FOLLOWER]: Replica starting. Triggering 0 pending ops. Active config: opid_index: -1 OBSOLETE_local: false peers { permanent_uuid: "0a38e08714ae481f8a0ce79a5fedcbf0" member_type: VOTER last_known_addr { host: "127.0.108.1" port: 44143 } } peers { permanent_uuid: "aaa86c5d71df4584974dfd25609df82f" member_type: VOTER last_known_addr { host: "127.0.108.2" port: 46657 } } peers { permanent_uuid: "4ce5182e56c142e692c6be0d6a921c0b" member_type: VOTER last_known_addr { host: "127.0.108.3" port: 34729 } }
I20260608 12:40:01.084653  5121 raft_consensus.cc:385] T 447c4419ec6644d7a7c1e93ec83195f0 P 4ce5182e56c142e692c6be0d6a921c0b [term 0 FOLLOWER]: Consensus starting up: Expiring failure detector timer to make a prompt election more likely
I20260608 12:40:01.084933  5121 raft_consensus.cc:740] T 447c4419ec6644d7a7c1e93ec83195f0 P 4ce5182e56c142e692c6be0d6a921c0b [term 0 FOLLOWER]: Becoming Follower/Learner. State: Replica: 4ce5182e56c142e692c6be0d6a921c0b, State: Initialized, Role: FOLLOWER
I20260608 12:40:01.085461  5139 raft_consensus.cc:2804] T f9686897372f44ed9ff8391c85ac880c P aaa86c5d71df4584974dfd25609df82f [term 1 FOLLOWER]: Leader election won for term 1
I20260608 12:40:01.086225  5139 raft_consensus.cc:697] T f9686897372f44ed9ff8391c85ac880c P aaa86c5d71df4584974dfd25609df82f [term 1 LEADER]: Becoming Leader. State: Replica: aaa86c5d71df4584974dfd25609df82f, State: Running, Role: LEADER
I20260608 12:40:01.085976  5121 consensus_queue.cc:260] T 447c4419ec6644d7a7c1e93ec83195f0 P 4ce5182e56c142e692c6be0d6a921c0b [NON_LEADER]: Queue going to NON_LEADER mode. State: All replicated index: 0, Majority replicated index: 0, Committed index: 0, Last appended: 0.0, Last appended by leader: 0, Current term: 0, Majority size: -1, State: 0, Mode: NON_LEADER, active raft config: opid_index: -1 OBSOLETE_local: false peers { permanent_uuid: "0a38e08714ae481f8a0ce79a5fedcbf0" member_type: VOTER last_known_addr { host: "127.0.108.1" port: 44143 } } peers { permanent_uuid: "aaa86c5d71df4584974dfd25609df82f" member_type: VOTER last_known_addr { host: "127.0.108.2" port: 46657 } } peers { permanent_uuid: "4ce5182e56c142e692c6be0d6a921c0b" member_type: VOTER last_known_addr { host: "127.0.108.3" port: 34729 } }
I20260608 12:40:01.087474  5139 consensus_queue.cc:237] T f9686897372f44ed9ff8391c85ac880c P aaa86c5d71df4584974dfd25609df82f [LEADER]: Queue going to LEADER mode. State: All replicated index: 0, Majority replicated index: 0, Committed index: 0, Last appended: 0.0, Last appended by leader: 0, Current term: 1, Majority size: 2, State: 0, Mode: LEADER, active raft config: opid_index: -1 OBSOLETE_local: false peers { permanent_uuid: "0a38e08714ae481f8a0ce79a5fedcbf0" member_type: VOTER last_known_addr { host: "127.0.108.1" port: 44143 } } peers { permanent_uuid: "aaa86c5d71df4584974dfd25609df82f" member_type: VOTER last_known_addr { host: "127.0.108.2" port: 46657 } } peers { permanent_uuid: "4ce5182e56c142e692c6be0d6a921c0b" member_type: VOTER last_known_addr { host: "127.0.108.3" port: 34729 } }
I20260608 12:40:01.088656  5121 ts_tablet_manager.cc:1434] T 447c4419ec6644d7a7c1e93ec83195f0 P 4ce5182e56c142e692c6be0d6a921c0b: Time spent starting tablet: real 0.007s	user 0.008s	sys 0.000s
I20260608 12:40:01.090070  5121 tablet_bootstrap.cc:492] T 9f7e03d4dfd54896b7a4ade1e269ab92 P 4ce5182e56c142e692c6be0d6a921c0b: Bootstrap starting.
I20260608 12:40:01.097369  5121 tablet_bootstrap.cc:654] T 9f7e03d4dfd54896b7a4ade1e269ab92 P 4ce5182e56c142e692c6be0d6a921c0b: Neither blocks nor log segments found. Creating new log.
I20260608 12:40:01.101938  4926 raft_consensus.cc:2468] T 447c4419ec6644d7a7c1e93ec83195f0 P 0a38e08714ae481f8a0ce79a5fedcbf0 [term 1 FOLLOWER]: Leader election vote request: Granting yes vote for candidate aaa86c5d71df4584974dfd25609df82f in term 1.
I20260608 12:40:01.105309  4964 leader_election.cc:304] T 447c4419ec6644d7a7c1e93ec83195f0 P aaa86c5d71df4584974dfd25609df82f [CANDIDATE]: Term 1 election: Election decided. Result: candidate won. Election summary: received 3 responses out of 3 voters: 2 yes votes; 1 no votes. yes voters: 0a38e08714ae481f8a0ce79a5fedcbf0, aaa86c5d71df4584974dfd25609df82f; no voters: 4ce5182e56c142e692c6be0d6a921c0b
I20260608 12:40:01.105973  5119 tablet_bootstrap.cc:492] T e6d6e536658c48b285e0dcbe397f2786 P aaa86c5d71df4584974dfd25609df82f: No bootstrap required, opened a new log
I20260608 12:40:01.106567  5119 ts_tablet_manager.cc:1403] T e6d6e536658c48b285e0dcbe397f2786 P aaa86c5d71df4584974dfd25609df82f: Time spent bootstrapping tablet: real 0.279s	user 0.072s	sys 0.138s
I20260608 12:40:01.106705  5137 raft_consensus.cc:2804] T 447c4419ec6644d7a7c1e93ec83195f0 P aaa86c5d71df4584974dfd25609df82f [term 1 FOLLOWER]: Leader election won for term 1
I20260608 12:40:01.106999  5122 tablet_bootstrap.cc:492] T 5535792785434dd4b08b52bacae992b7 P 0a38e08714ae481f8a0ce79a5fedcbf0: No bootstrap required, opened a new log
I20260608 12:40:01.107333  5137 raft_consensus.cc:697] T 447c4419ec6644d7a7c1e93ec83195f0 P aaa86c5d71df4584974dfd25609df82f [term 1 LEADER]: Becoming Leader. State: Replica: aaa86c5d71df4584974dfd25609df82f, State: Running, Role: LEADER
I20260608 12:40:01.107542  5122 ts_tablet_manager.cc:1403] T 5535792785434dd4b08b52bacae992b7 P 0a38e08714ae481f8a0ce79a5fedcbf0: Time spent bootstrapping tablet: real 0.266s	user 0.084s	sys 0.138s
I20260608 12:40:01.108879  5137 consensus_queue.cc:237] T 447c4419ec6644d7a7c1e93ec83195f0 P aaa86c5d71df4584974dfd25609df82f [LEADER]: Queue going to LEADER mode. State: All replicated index: 0, Majority replicated index: 0, Committed index: 0, Last appended: 0.0, Last appended by leader: 0, Current term: 1, Majority size: 2, State: 0, Mode: LEADER, active raft config: opid_index: -1 OBSOLETE_local: false peers { permanent_uuid: "0a38e08714ae481f8a0ce79a5fedcbf0" member_type: VOTER last_known_addr { host: "127.0.108.1" port: 44143 } } peers { permanent_uuid: "aaa86c5d71df4584974dfd25609df82f" member_type: VOTER last_known_addr { host: "127.0.108.2" port: 46657 } } peers { permanent_uuid: "4ce5182e56c142e692c6be0d6a921c0b" member_type: VOTER last_known_addr { host: "127.0.108.3" port: 34729 } }
I20260608 12:40:01.114512  5075 tablet_service.cc:1917] Received RequestConsensusVote() RPC: tablet_id: "e6d6e536658c48b285e0dcbe397f2786" candidate_uuid: "0a38e08714ae481f8a0ce79a5fedcbf0" candidate_term: 1 candidate_status { last_received { term: 0 index: 0 } } ignore_live_leader: false dest_uuid: "4ce5182e56c142e692c6be0d6a921c0b" is_pre_election: true
I20260608 12:40:01.117660  5119 raft_consensus.cc:359] T e6d6e536658c48b285e0dcbe397f2786 P aaa86c5d71df4584974dfd25609df82f [term 0 FOLLOWER]: Replica starting. Triggering 0 pending ops. Active config: opid_index: -1 OBSOLETE_local: false peers { permanent_uuid: "0a38e08714ae481f8a0ce79a5fedcbf0" member_type: VOTER last_known_addr { host: "127.0.108.1" port: 44143 } } peers { permanent_uuid: "aaa86c5d71df4584974dfd25609df82f" member_type: VOTER last_known_addr { host: "127.0.108.2" port: 46657 } } peers { permanent_uuid: "4ce5182e56c142e692c6be0d6a921c0b" member_type: VOTER last_known_addr { host: "127.0.108.3" port: 34729 } }
W20260608 12:40:01.118165  4889 leader_election.cc:343] T e6d6e536658c48b285e0dcbe397f2786 P 0a38e08714ae481f8a0ce79a5fedcbf0 [CANDIDATE]: Term 1 pre-election: Tablet error from VoteRequest() call to peer 4ce5182e56c142e692c6be0d6a921c0b (127.0.108.3:34729): Illegal state: must be running to vote when last-logged opid is not known
I20260608 12:40:01.118477  5119 raft_consensus.cc:385] T e6d6e536658c48b285e0dcbe397f2786 P aaa86c5d71df4584974dfd25609df82f [term 0 FOLLOWER]: Consensus starting up: Expiring failure detector timer to make a prompt election more likely
I20260608 12:40:01.120023  5074 tablet_service.cc:1917] Received RequestConsensusVote() RPC: tablet_id: "a97dd6d2811f4981b5c0feac4a7d936c" candidate_uuid: "0a38e08714ae481f8a0ce79a5fedcbf0" candidate_term: 1 candidate_status { last_received { term: 0 index: 0 } } ignore_live_leader: false dest_uuid: "4ce5182e56c142e692c6be0d6a921c0b" is_pre_election: true
I20260608 12:40:01.120818  5074 raft_consensus.cc:2468] T a97dd6d2811f4981b5c0feac4a7d936c P 4ce5182e56c142e692c6be0d6a921c0b [term 0 FOLLOWER]: Leader pre-election vote request: Granting yes vote for candidate 0a38e08714ae481f8a0ce79a5fedcbf0 in term 0.
I20260608 12:40:01.122095  4889 leader_election.cc:304] T a97dd6d2811f4981b5c0feac4a7d936c P 0a38e08714ae481f8a0ce79a5fedcbf0 [CANDIDATE]: Term 1 pre-election: Election decided. Result: candidate won. Election summary: received 2 responses out of 3 voters: 2 yes votes; 0 no votes. yes voters: 0a38e08714ae481f8a0ce79a5fedcbf0, 4ce5182e56c142e692c6be0d6a921c0b; no voters: 
I20260608 12:40:01.122439  5001 tablet_service.cc:1917] Received RequestConsensusVote() RPC: tablet_id: "e6d6e536658c48b285e0dcbe397f2786" candidate_uuid: "0a38e08714ae481f8a0ce79a5fedcbf0" candidate_term: 1 candidate_status { last_received { term: 0 index: 0 } } ignore_live_leader: false dest_uuid: "aaa86c5d71df4584974dfd25609df82f" is_pre_election: true
I20260608 12:40:01.122905  5121 tablet_bootstrap.cc:492] T 9f7e03d4dfd54896b7a4ade1e269ab92 P 4ce5182e56c142e692c6be0d6a921c0b: No bootstrap required, opened a new log
I20260608 12:40:01.123394  5121 ts_tablet_manager.cc:1403] T 9f7e03d4dfd54896b7a4ade1e269ab92 P 4ce5182e56c142e692c6be0d6a921c0b: Time spent bootstrapping tablet: real 0.034s	user 0.015s	sys 0.003s
I20260608 12:40:01.124091  5128 raft_consensus.cc:2804] T a97dd6d2811f4981b5c0feac4a7d936c P 0a38e08714ae481f8a0ce79a5fedcbf0 [term 0 FOLLOWER]: Leader pre-election won for term 1
I20260608 12:40:01.124823  5128 raft_consensus.cc:493] T a97dd6d2811f4981b5c0feac4a7d936c P 0a38e08714ae481f8a0ce79a5fedcbf0 [term 0 FOLLOWER]: Starting leader election (no leader contacted us within the election timeout)
I20260608 12:40:01.125279  5128 raft_consensus.cc:3060] T a97dd6d2811f4981b5c0feac4a7d936c P 0a38e08714ae481f8a0ce79a5fedcbf0 [term 0 FOLLOWER]: Advancing to term 1
I20260608 12:40:01.122116  5000 tablet_service.cc:1917] Received RequestConsensusVote() RPC: tablet_id: "a97dd6d2811f4981b5c0feac4a7d936c" candidate_uuid: "0a38e08714ae481f8a0ce79a5fedcbf0" candidate_term: 1 candidate_status { last_received { term: 0 index: 0 } } ignore_live_leader: false dest_uuid: "aaa86c5d71df4584974dfd25609df82f" is_pre_election: true
W20260608 12:40:01.129783  4890 leader_election.cc:343] T a97dd6d2811f4981b5c0feac4a7d936c P 0a38e08714ae481f8a0ce79a5fedcbf0 [CANDIDATE]: Term 1 pre-election: Tablet error from VoteRequest() call to peer aaa86c5d71df4584974dfd25609df82f (127.0.108.2:46657): Illegal state: must be running to vote when last-logged opid is not known
I20260608 12:40:01.123740  5122 raft_consensus.cc:359] T 5535792785434dd4b08b52bacae992b7 P 0a38e08714ae481f8a0ce79a5fedcbf0 [term 0 FOLLOWER]: Replica starting. Triggering 0 pending ops. Active config: opid_index: -1 OBSOLETE_local: false peers { permanent_uuid: "aaa86c5d71df4584974dfd25609df82f" member_type: VOTER last_known_addr { host: "127.0.108.2" port: 46657 } } peers { permanent_uuid: "4ce5182e56c142e692c6be0d6a921c0b" member_type: VOTER last_known_addr { host: "127.0.108.3" port: 34729 } } peers { permanent_uuid: "0a38e08714ae481f8a0ce79a5fedcbf0" member_type: VOTER last_known_addr { host: "127.0.108.1" port: 44143 } }
I20260608 12:40:01.119030  5119 raft_consensus.cc:740] T e6d6e536658c48b285e0dcbe397f2786 P aaa86c5d71df4584974dfd25609df82f [term 0 FOLLOWER]: Becoming Follower/Learner. State: Replica: aaa86c5d71df4584974dfd25609df82f, State: Initialized, Role: FOLLOWER
I20260608 12:40:01.132952  5122 raft_consensus.cc:385] T 5535792785434dd4b08b52bacae992b7 P 0a38e08714ae481f8a0ce79a5fedcbf0 [term 0 FOLLOWER]: Consensus starting up: Expiring failure detector timer to make a prompt election more likely
I20260608 12:40:01.133337  5122 raft_consensus.cc:740] T 5535792785434dd4b08b52bacae992b7 P 0a38e08714ae481f8a0ce79a5fedcbf0 [term 0 FOLLOWER]: Becoming Follower/Learner. State: Replica: 0a38e08714ae481f8a0ce79a5fedcbf0, State: Initialized, Role: FOLLOWER
I20260608 12:40:01.133888  5119 consensus_queue.cc:260] T e6d6e536658c48b285e0dcbe397f2786 P aaa86c5d71df4584974dfd25609df82f [NON_LEADER]: Queue going to NON_LEADER mode. State: All replicated index: 0, Majority replicated index: 0, Committed index: 0, Last appended: 0.0, Last appended by leader: 0, Current term: 0, Majority size: -1, State: 0, Mode: NON_LEADER, active raft config: opid_index: -1 OBSOLETE_local: false peers { permanent_uuid: "0a38e08714ae481f8a0ce79a5fedcbf0" member_type: VOTER last_known_addr { host: "127.0.108.1" port: 44143 } } peers { permanent_uuid: "aaa86c5d71df4584974dfd25609df82f" member_type: VOTER last_known_addr { host: "127.0.108.2" port: 46657 } } peers { permanent_uuid: "4ce5182e56c142e692c6be0d6a921c0b" member_type: VOTER last_known_addr { host: "127.0.108.3" port: 34729 } }
I20260608 12:40:01.134263  5122 consensus_queue.cc:260] T 5535792785434dd4b08b52bacae992b7 P 0a38e08714ae481f8a0ce79a5fedcbf0 [NON_LEADER]: Queue going to NON_LEADER mode. State: All replicated index: 0, Majority replicated index: 0, Committed index: 0, Last appended: 0.0, Last appended by leader: 0, Current term: 0, Majority size: -1, State: 0, Mode: NON_LEADER, active raft config: opid_index: -1 OBSOLETE_local: false peers { permanent_uuid: "aaa86c5d71df4584974dfd25609df82f" member_type: VOTER last_known_addr { host: "127.0.108.2" port: 46657 } } peers { permanent_uuid: "4ce5182e56c142e692c6be0d6a921c0b" member_type: VOTER last_known_addr { host: "127.0.108.3" port: 34729 } } peers { permanent_uuid: "0a38e08714ae481f8a0ce79a5fedcbf0" member_type: VOTER last_known_addr { host: "127.0.108.1" port: 44143 } }
I20260608 12:40:01.135838  5001 raft_consensus.cc:2468] T e6d6e536658c48b285e0dcbe397f2786 P aaa86c5d71df4584974dfd25609df82f [term 0 FOLLOWER]: Leader pre-election vote request: Granting yes vote for candidate 0a38e08714ae481f8a0ce79a5fedcbf0 in term 0.
I20260608 12:40:01.136848  5128 raft_consensus.cc:515] T a97dd6d2811f4981b5c0feac4a7d936c P 0a38e08714ae481f8a0ce79a5fedcbf0 [term 1 FOLLOWER]: Starting leader election with config: opid_index: -1 OBSOLETE_local: false peers { permanent_uuid: "0a38e08714ae481f8a0ce79a5fedcbf0" member_type: VOTER last_known_addr { host: "127.0.108.1" port: 44143 } } peers { permanent_uuid: "aaa86c5d71df4584974dfd25609df82f" member_type: VOTER last_known_addr { host: "127.0.108.2" port: 46657 } } peers { permanent_uuid: "4ce5182e56c142e692c6be0d6a921c0b" member_type: VOTER last_known_addr { host: "127.0.108.3" port: 34729 } }
I20260608 12:40:01.138091  5119 ts_tablet_manager.cc:1434] T e6d6e536658c48b285e0dcbe397f2786 P aaa86c5d71df4584974dfd25609df82f: Time spent starting tablet: real 0.031s	user 0.006s	sys 0.001s
I20260608 12:40:01.139528  5119 tablet_bootstrap.cc:492] T d7727f93ea434bb1a687f760f0541801 P aaa86c5d71df4584974dfd25609df82f: Bootstrap starting.
I20260608 12:40:01.139608  4890 leader_election.cc:304] T e6d6e536658c48b285e0dcbe397f2786 P 0a38e08714ae481f8a0ce79a5fedcbf0 [CANDIDATE]: Term 1 pre-election: Election decided. Result: candidate won. Election summary: received 3 responses out of 3 voters: 2 yes votes; 1 no votes. yes voters: 0a38e08714ae481f8a0ce79a5fedcbf0, aaa86c5d71df4584974dfd25609df82f; no voters: 4ce5182e56c142e692c6be0d6a921c0b
I20260608 12:40:01.140439  5074 tablet_service.cc:1917] Received RequestConsensusVote() RPC: tablet_id: "a97dd6d2811f4981b5c0feac4a7d936c" candidate_uuid: "0a38e08714ae481f8a0ce79a5fedcbf0" candidate_term: 1 candidate_status { last_received { term: 0 index: 0 } } ignore_live_leader: false dest_uuid: "4ce5182e56c142e692c6be0d6a921c0b"
I20260608 12:40:01.141044  5074 raft_consensus.cc:3060] T a97dd6d2811f4981b5c0feac4a7d936c P 4ce5182e56c142e692c6be0d6a921c0b [term 0 FOLLOWER]: Advancing to term 1
I20260608 12:40:01.141659  5001 tablet_service.cc:1917] Received RequestConsensusVote() RPC: tablet_id: "a97dd6d2811f4981b5c0feac4a7d936c" candidate_uuid: "0a38e08714ae481f8a0ce79a5fedcbf0" candidate_term: 1 candidate_status { last_received { term: 0 index: 0 } } ignore_live_leader: false dest_uuid: "aaa86c5d71df4584974dfd25609df82f"
I20260608 12:40:01.150206  5119 tablet_bootstrap.cc:654] T d7727f93ea434bb1a687f760f0541801 P aaa86c5d71df4584974dfd25609df82f: Neither blocks nor log segments found. Creating new log.
I20260608 12:40:01.114187  4824 catalog_manager.cc:5696] T 5823738dd42d44c484dc376adf19c6bd P aaa86c5d71df4584974dfd25609df82f reported cstate change: term changed from 0 to 1, leader changed from <none> to aaa86c5d71df4584974dfd25609df82f (127.0.108.2). New cstate: current_term: 1 leader_uuid: "aaa86c5d71df4584974dfd25609df82f" committed_config { opid_index: -1 OBSOLETE_local: false peers { permanent_uuid: "0a38e08714ae481f8a0ce79a5fedcbf0" member_type: VOTER last_known_addr { host: "127.0.108.1" port: 44143 } health_report { overall_health: UNKNOWN } } peers { permanent_uuid: "aaa86c5d71df4584974dfd25609df82f" member_type: VOTER last_known_addr { host: "127.0.108.2" port: 46657 } health_report { overall_health: HEALTHY } } peers { permanent_uuid: "4ce5182e56c142e692c6be0d6a921c0b" member_type: VOTER last_known_addr { host: "127.0.108.3" port: 34729 } health_report { overall_health: UNKNOWN } } }
I20260608 12:40:01.150724  5121 raft_consensus.cc:359] T 9f7e03d4dfd54896b7a4ade1e269ab92 P 4ce5182e56c142e692c6be0d6a921c0b [term 0 FOLLOWER]: Replica starting. Triggering 0 pending ops. Active config: opid_index: -1 OBSOLETE_local: false peers { permanent_uuid: "0a38e08714ae481f8a0ce79a5fedcbf0" member_type: VOTER last_known_addr { host: "127.0.108.1" port: 44143 } } peers { permanent_uuid: "aaa86c5d71df4584974dfd25609df82f" member_type: VOTER last_known_addr { host: "127.0.108.2" port: 46657 } } peers { permanent_uuid: "4ce5182e56c142e692c6be0d6a921c0b" member_type: VOTER last_known_addr { host: "127.0.108.3" port: 34729 } }
I20260608 12:40:01.151446  5121 raft_consensus.cc:385] T 9f7e03d4dfd54896b7a4ade1e269ab92 P 4ce5182e56c142e692c6be0d6a921c0b [term 0 FOLLOWER]: Consensus starting up: Expiring failure detector timer to make a prompt election more likely
I20260608 12:40:01.151726  5121 raft_consensus.cc:740] T 9f7e03d4dfd54896b7a4ade1e269ab92 P 4ce5182e56c142e692c6be0d6a921c0b [term 0 FOLLOWER]: Becoming Follower/Learner. State: Replica: 4ce5182e56c142e692c6be0d6a921c0b, State: Initialized, Role: FOLLOWER
I20260608 12:40:01.155349  5074 raft_consensus.cc:2468] T a97dd6d2811f4981b5c0feac4a7d936c P 4ce5182e56c142e692c6be0d6a921c0b [term 1 FOLLOWER]: Leader election vote request: Granting yes vote for candidate 0a38e08714ae481f8a0ce79a5fedcbf0 in term 1.
I20260608 12:40:01.155633  5121 consensus_queue.cc:260] T 9f7e03d4dfd54896b7a4ade1e269ab92 P 4ce5182e56c142e692c6be0d6a921c0b [NON_LEADER]: Queue going to NON_LEADER mode. State: All replicated index: 0, Majority replicated index: 0, Committed index: 0, Last appended: 0.0, Last appended by leader: 0, Current term: 0, Majority size: -1, State: 0, Mode: NON_LEADER, active raft config: opid_index: -1 OBSOLETE_local: false peers { permanent_uuid: "0a38e08714ae481f8a0ce79a5fedcbf0" member_type: VOTER last_known_addr { host: "127.0.108.1" port: 44143 } } peers { permanent_uuid: "aaa86c5d71df4584974dfd25609df82f" member_type: VOTER last_known_addr { host: "127.0.108.2" port: 46657 } } peers { permanent_uuid: "4ce5182e56c142e692c6be0d6a921c0b" member_type: VOTER last_known_addr { host: "127.0.108.3" port: 34729 } }
I20260608 12:40:01.156222  5128 leader_election.cc:290] T a97dd6d2811f4981b5c0feac4a7d936c P 0a38e08714ae481f8a0ce79a5fedcbf0 [CANDIDATE]: Term 1 election: Requested vote from peers aaa86c5d71df4584974dfd25609df82f (127.0.108.2:46657), 4ce5182e56c142e692c6be0d6a921c0b (127.0.108.3:34729)
I20260608 12:40:01.167719  5121 ts_tablet_manager.cc:1434] T 9f7e03d4dfd54896b7a4ade1e269ab92 P 4ce5182e56c142e692c6be0d6a921c0b: Time spent starting tablet: real 0.044s	user 0.010s	sys 0.000s
I20260608 12:40:01.169871  5121 tablet_bootstrap.cc:492] T e6d6e536658c48b285e0dcbe397f2786 P 4ce5182e56c142e692c6be0d6a921c0b: Bootstrap starting.
I20260608 12:40:01.173555  5122 ts_tablet_manager.cc:1434] T 5535792785434dd4b08b52bacae992b7 P 0a38e08714ae481f8a0ce79a5fedcbf0: Time spent starting tablet: real 0.066s	user 0.014s	sys 0.027s
I20260608 12:40:01.174443  5128 raft_consensus.cc:2804] T e6d6e536658c48b285e0dcbe397f2786 P 0a38e08714ae481f8a0ce79a5fedcbf0 [term 0 FOLLOWER]: Leader pre-election won for term 1
I20260608 12:40:01.174602  5122 tablet_bootstrap.cc:492] T 8b5d6f40f2f5440da12990fd68fb0297 P 0a38e08714ae481f8a0ce79a5fedcbf0: Bootstrap starting.
I20260608 12:40:01.174867  5128 raft_consensus.cc:493] T e6d6e536658c48b285e0dcbe397f2786 P 0a38e08714ae481f8a0ce79a5fedcbf0 [term 0 FOLLOWER]: Starting leader election (no leader contacted us within the election timeout)
I20260608 12:40:01.175235  5128 raft_consensus.cc:3060] T e6d6e536658c48b285e0dcbe397f2786 P 0a38e08714ae481f8a0ce79a5fedcbf0 [term 0 FOLLOWER]: Advancing to term 1
I20260608 12:40:01.177945  5127 raft_consensus.cc:493] T 447c4419ec6644d7a7c1e93ec83195f0 P 4ce5182e56c142e692c6be0d6a921c0b [term 0 FOLLOWER]: Starting pre-election (no leader contacted us within the election timeout)
I20260608 12:40:01.178436  5127 raft_consensus.cc:515] T 447c4419ec6644d7a7c1e93ec83195f0 P 4ce5182e56c142e692c6be0d6a921c0b [term 0 FOLLOWER]: Starting pre-election with config: opid_index: -1 OBSOLETE_local: false peers { permanent_uuid: "0a38e08714ae481f8a0ce79a5fedcbf0" member_type: VOTER last_known_addr { host: "127.0.108.1" port: 44143 } } peers { permanent_uuid: "aaa86c5d71df4584974dfd25609df82f" member_type: VOTER last_known_addr { host: "127.0.108.2" port: 46657 } } peers { permanent_uuid: "4ce5182e56c142e692c6be0d6a921c0b" member_type: VOTER last_known_addr { host: "127.0.108.3" port: 34729 } }
I20260608 12:40:01.181948  5122 tablet_bootstrap.cc:654] T 8b5d6f40f2f5440da12990fd68fb0297 P 0a38e08714ae481f8a0ce79a5fedcbf0: Neither blocks nor log segments found. Creating new log.
I20260608 12:40:01.171257  4889 leader_election.cc:304] T a97dd6d2811f4981b5c0feac4a7d936c P 0a38e08714ae481f8a0ce79a5fedcbf0 [CANDIDATE]: Term 1 election: Election decided. Result: candidate won. Election summary: received 2 responses out of 3 voters: 2 yes votes; 0 no votes. yes voters: 0a38e08714ae481f8a0ce79a5fedcbf0, 4ce5182e56c142e692c6be0d6a921c0b; no voters: 
I20260608 12:40:01.186905  5001 tablet_service.cc:1917] Received RequestConsensusVote() RPC: tablet_id: "447c4419ec6644d7a7c1e93ec83195f0" candidate_uuid: "4ce5182e56c142e692c6be0d6a921c0b" candidate_term: 1 candidate_status { last_received { term: 0 index: 0 } } ignore_live_leader: false dest_uuid: "aaa86c5d71df4584974dfd25609df82f" is_pre_election: true
I20260608 12:40:01.184407  5128 raft_consensus.cc:515] T e6d6e536658c48b285e0dcbe397f2786 P 0a38e08714ae481f8a0ce79a5fedcbf0 [term 1 FOLLOWER]: Starting leader election with config: opid_index: -1 OBSOLETE_local: false peers { permanent_uuid: "0a38e08714ae481f8a0ce79a5fedcbf0" member_type: VOTER last_known_addr { host: "127.0.108.1" port: 44143 } } peers { permanent_uuid: "aaa86c5d71df4584974dfd25609df82f" member_type: VOTER last_known_addr { host: "127.0.108.2" port: 46657 } } peers { permanent_uuid: "4ce5182e56c142e692c6be0d6a921c0b" member_type: VOTER last_known_addr { host: "127.0.108.3" port: 34729 } }
I20260608 12:40:01.190610  4926 tablet_service.cc:1917] Received RequestConsensusVote() RPC: tablet_id: "447c4419ec6644d7a7c1e93ec83195f0" candidate_uuid: "4ce5182e56c142e692c6be0d6a921c0b" candidate_term: 1 candidate_status { last_received { term: 0 index: 0 } } ignore_live_leader: false dest_uuid: "0a38e08714ae481f8a0ce79a5fedcbf0" is_pre_election: true
I20260608 12:40:01.191625  4926 raft_consensus.cc:2393] T 447c4419ec6644d7a7c1e93ec83195f0 P 0a38e08714ae481f8a0ce79a5fedcbf0 [term 1 FOLLOWER]: Leader pre-election vote request: Denying vote to candidate 4ce5182e56c142e692c6be0d6a921c0b in current term 1: Already voted for candidate aaa86c5d71df4584974dfd25609df82f in this term.
I20260608 12:40:01.191944  5128 leader_election.cc:290] T e6d6e536658c48b285e0dcbe397f2786 P 0a38e08714ae481f8a0ce79a5fedcbf0 [CANDIDATE]: Term 1 election: Requested vote from peers aaa86c5d71df4584974dfd25609df82f (127.0.108.2:46657), 4ce5182e56c142e692c6be0d6a921c0b (127.0.108.3:34729)
I20260608 12:40:01.188732  5127 leader_election.cc:290] T 447c4419ec6644d7a7c1e93ec83195f0 P 4ce5182e56c142e692c6be0d6a921c0b [CANDIDATE]: Term 1 pre-election: Requested pre-vote from peers 0a38e08714ae481f8a0ce79a5fedcbf0 (127.0.108.1:44143), aaa86c5d71df4584974dfd25609df82f (127.0.108.2:46657)
I20260608 12:40:01.193902  5038 leader_election.cc:304] T 447c4419ec6644d7a7c1e93ec83195f0 P 4ce5182e56c142e692c6be0d6a921c0b [CANDIDATE]: Term 1 pre-election: Election decided. Result: candidate lost. Election summary: received 3 responses out of 3 voters: 1 yes votes; 2 no votes. yes voters: 4ce5182e56c142e692c6be0d6a921c0b; no voters: 0a38e08714ae481f8a0ce79a5fedcbf0, aaa86c5d71df4584974dfd25609df82f
I20260608 12:40:01.195384  5164 raft_consensus.cc:2804] T a97dd6d2811f4981b5c0feac4a7d936c P 0a38e08714ae481f8a0ce79a5fedcbf0 [term 1 FOLLOWER]: Leader election won for term 1
I20260608 12:40:01.195672  5119 tablet_bootstrap.cc:492] T d7727f93ea434bb1a687f760f0541801 P aaa86c5d71df4584974dfd25609df82f: No bootstrap required, opened a new log
I20260608 12:40:01.196164  5164 raft_consensus.cc:697] T a97dd6d2811f4981b5c0feac4a7d936c P 0a38e08714ae481f8a0ce79a5fedcbf0 [term 1 LEADER]: Becoming Leader. State: Replica: 0a38e08714ae481f8a0ce79a5fedcbf0, State: Running, Role: LEADER
I20260608 12:40:01.196496  5074 tablet_service.cc:1917] Received RequestConsensusVote() RPC: tablet_id: "e6d6e536658c48b285e0dcbe397f2786" candidate_uuid: "0a38e08714ae481f8a0ce79a5fedcbf0" candidate_term: 1 candidate_status { last_received { term: 0 index: 0 } } ignore_live_leader: false dest_uuid: "4ce5182e56c142e692c6be0d6a921c0b"
I20260608 12:40:01.197288  5164 consensus_queue.cc:237] T a97dd6d2811f4981b5c0feac4a7d936c P 0a38e08714ae481f8a0ce79a5fedcbf0 [LEADER]: Queue going to LEADER mode. State: All replicated index: 0, Majority replicated index: 0, Committed index: 0, Last appended: 0.0, Last appended by leader: 0, Current term: 1, Majority size: 2, State: 0, Mode: LEADER, active raft config: opid_index: -1 OBSOLETE_local: false peers { permanent_uuid: "0a38e08714ae481f8a0ce79a5fedcbf0" member_type: VOTER last_known_addr { host: "127.0.108.1" port: 44143 } } peers { permanent_uuid: "aaa86c5d71df4584974dfd25609df82f" member_type: VOTER last_known_addr { host: "127.0.108.2" port: 46657 } } peers { permanent_uuid: "4ce5182e56c142e692c6be0d6a921c0b" member_type: VOTER last_known_addr { host: "127.0.108.3" port: 34729 } }
I20260608 12:40:01.198015  5119 ts_tablet_manager.cc:1403] T d7727f93ea434bb1a687f760f0541801 P aaa86c5d71df4584974dfd25609df82f: Time spent bootstrapping tablet: real 0.059s	user 0.018s	sys 0.011s
I20260608 12:40:01.201768  5137 consensus_queue.cc:1048] T 5535792785434dd4b08b52bacae992b7 P aaa86c5d71df4584974dfd25609df82f [LEADER]: Connected to new peer: Peer: permanent_uuid: "4ce5182e56c142e692c6be0d6a921c0b" member_type: VOTER last_known_addr { host: "127.0.108.3" port: 34729 }, Status: LMP_MISMATCH, Last received: 0.0, Next index: 1, Last known committed idx: 0, Time since last communication: 0.001s
I20260608 12:40:01.203955  5121 tablet_bootstrap.cc:654] T e6d6e536658c48b285e0dcbe397f2786 P 4ce5182e56c142e692c6be0d6a921c0b: Neither blocks nor log segments found. Creating new log.
I20260608 12:40:01.206032  5119 raft_consensus.cc:359] T d7727f93ea434bb1a687f760f0541801 P aaa86c5d71df4584974dfd25609df82f [term 0 FOLLOWER]: Replica starting. Triggering 0 pending ops. Active config: opid_index: -1 OBSOLETE_local: false peers { permanent_uuid: "0a38e08714ae481f8a0ce79a5fedcbf0" member_type: VOTER last_known_addr { host: "127.0.108.1" port: 44143 } } peers { permanent_uuid: "aaa86c5d71df4584974dfd25609df82f" member_type: VOTER last_known_addr { host: "127.0.108.2" port: 46657 } } peers { permanent_uuid: "4ce5182e56c142e692c6be0d6a921c0b" member_type: VOTER last_known_addr { host: "127.0.108.3" port: 34729 } }
I20260608 12:40:01.206818  5119 raft_consensus.cc:385] T d7727f93ea434bb1a687f760f0541801 P aaa86c5d71df4584974dfd25609df82f [term 0 FOLLOWER]: Consensus starting up: Expiring failure detector timer to make a prompt election more likely
I20260608 12:40:01.207237  5119 raft_consensus.cc:740] T d7727f93ea434bb1a687f760f0541801 P aaa86c5d71df4584974dfd25609df82f [term 0 FOLLOWER]: Becoming Follower/Learner. State: Replica: aaa86c5d71df4584974dfd25609df82f, State: Initialized, Role: FOLLOWER
I20260608 12:40:01.207679  5156 raft_consensus.cc:3060] T 447c4419ec6644d7a7c1e93ec83195f0 P 4ce5182e56c142e692c6be0d6a921c0b [term 0 FOLLOWER]: Advancing to term 1
I20260608 12:40:01.208303  5119 consensus_queue.cc:260] T d7727f93ea434bb1a687f760f0541801 P aaa86c5d71df4584974dfd25609df82f [NON_LEADER]: Queue going to NON_LEADER mode. State: All replicated index: 0, Majority replicated index: 0, Committed index: 0, Last appended: 0.0, Last appended by leader: 0, Current term: 0, Majority size: -1, State: 0, Mode: NON_LEADER, active raft config: opid_index: -1 OBSOLETE_local: false peers { permanent_uuid: "0a38e08714ae481f8a0ce79a5fedcbf0" member_type: VOTER last_known_addr { host: "127.0.108.1" port: 44143 } } peers { permanent_uuid: "aaa86c5d71df4584974dfd25609df82f" member_type: VOTER last_known_addr { host: "127.0.108.2" port: 46657 } } peers { permanent_uuid: "4ce5182e56c142e692c6be0d6a921c0b" member_type: VOTER last_known_addr { host: "127.0.108.3" port: 34729 } }
I20260608 12:40:01.215598  5119 ts_tablet_manager.cc:1434] T d7727f93ea434bb1a687f760f0541801 P aaa86c5d71df4584974dfd25609df82f: Time spent starting tablet: real 0.017s	user 0.000s	sys 0.007s
W20260608 12:40:01.188741  4890 leader_election.cc:343] T a97dd6d2811f4981b5c0feac4a7d936c P 0a38e08714ae481f8a0ce79a5fedcbf0 [CANDIDATE]: Term 1 election: Tablet error from VoteRequest() call to peer aaa86c5d71df4584974dfd25609df82f (127.0.108.2:46657): Illegal state: must be running to vote when last-logged opid is not known
I20260608 12:40:01.220098  5119 tablet_bootstrap.cc:492] T 8b5d6f40f2f5440da12990fd68fb0297 P aaa86c5d71df4584974dfd25609df82f: Bootstrap starting.
W20260608 12:40:01.229238  4889 leader_election.cc:343] T e6d6e536658c48b285e0dcbe397f2786 P 0a38e08714ae481f8a0ce79a5fedcbf0 [CANDIDATE]: Term 1 election: Tablet error from VoteRequest() call to peer 4ce5182e56c142e692c6be0d6a921c0b (127.0.108.3:34729): Illegal state: must be running to vote when last-logged opid is not known
I20260608 12:40:01.240224  5122 tablet_bootstrap.cc:492] T 8b5d6f40f2f5440da12990fd68fb0297 P 0a38e08714ae481f8a0ce79a5fedcbf0: No bootstrap required, opened a new log
I20260608 12:40:01.240823  5156 raft_consensus.cc:2749] T 447c4419ec6644d7a7c1e93ec83195f0 P 4ce5182e56c142e692c6be0d6a921c0b [term 1 FOLLOWER]: Leader pre-election lost for term 1. Reason: could not achieve majority
I20260608 12:40:01.240854  5122 ts_tablet_manager.cc:1403] T 8b5d6f40f2f5440da12990fd68fb0297 P 0a38e08714ae481f8a0ce79a5fedcbf0: Time spent bootstrapping tablet: real 0.066s	user 0.020s	sys 0.024s
I20260608 12:40:01.277000  4821 catalog_manager.cc:5696] T f9686897372f44ed9ff8391c85ac880c P aaa86c5d71df4584974dfd25609df82f reported cstate change: term changed from 0 to 1, leader changed from <none> to aaa86c5d71df4584974dfd25609df82f (127.0.108.2). New cstate: current_term: 1 leader_uuid: "aaa86c5d71df4584974dfd25609df82f" committed_config { opid_index: -1 OBSOLETE_local: false peers { permanent_uuid: "0a38e08714ae481f8a0ce79a5fedcbf0" member_type: VOTER last_known_addr { host: "127.0.108.1" port: 44143 } health_report { overall_health: UNKNOWN } } peers { permanent_uuid: "aaa86c5d71df4584974dfd25609df82f" member_type: VOTER last_known_addr { host: "127.0.108.2" port: 46657 } health_report { overall_health: HEALTHY } } peers { permanent_uuid: "4ce5182e56c142e692c6be0d6a921c0b" member_type: VOTER last_known_addr { host: "127.0.108.3" port: 34729 } health_report { overall_health: UNKNOWN } } }
I20260608 12:40:01.270509  5121 tablet_bootstrap.cc:492] T e6d6e536658c48b285e0dcbe397f2786 P 4ce5182e56c142e692c6be0d6a921c0b: No bootstrap required, opened a new log
W20260608 12:40:01.233510  4890 outbound_call.cc:321] RPC callback for RPC call kudu.consensus.ConsensusService.RequestConsensusVote -> {remote=127.0.108.2:46657, user_credentials={real_user=slave}} blocked reactor thread for 48763.6us
I20260608 12:40:01.279366  5156 raft_consensus.cc:493] T d7727f93ea434bb1a687f760f0541801 P 4ce5182e56c142e692c6be0d6a921c0b [term 0 FOLLOWER]: Starting pre-election (no leader contacted us within the election timeout)
I20260608 12:40:01.277314  4824 catalog_manager.cc:5696] T a97dd6d2811f4981b5c0feac4a7d936c P 0a38e08714ae481f8a0ce79a5fedcbf0 reported cstate change: term changed from 0 to 1, leader changed from <none> to 0a38e08714ae481f8a0ce79a5fedcbf0 (127.0.108.1). New cstate: current_term: 1 leader_uuid: "0a38e08714ae481f8a0ce79a5fedcbf0" committed_config { opid_index: -1 OBSOLETE_local: false peers { permanent_uuid: "0a38e08714ae481f8a0ce79a5fedcbf0" member_type: VOTER last_known_addr { host: "127.0.108.1" port: 44143 } health_report { overall_health: HEALTHY } } peers { permanent_uuid: "aaa86c5d71df4584974dfd25609df82f" member_type: VOTER last_known_addr { host: "127.0.108.2" port: 46657 } health_report { overall_health: UNKNOWN } } peers { permanent_uuid: "4ce5182e56c142e692c6be0d6a921c0b" member_type: VOTER last_known_addr { host: "127.0.108.3" port: 34729 } health_report { overall_health: UNKNOWN } } }
I20260608 12:40:01.282652  5122 raft_consensus.cc:359] T 8b5d6f40f2f5440da12990fd68fb0297 P 0a38e08714ae481f8a0ce79a5fedcbf0 [term 0 FOLLOWER]: Replica starting. Triggering 0 pending ops. Active config: opid_index: -1 OBSOLETE_local: false peers { permanent_uuid: "0a38e08714ae481f8a0ce79a5fedcbf0" member_type: VOTER last_known_addr { host: "127.0.108.1" port: 44143 } } peers { permanent_uuid: "aaa86c5d71df4584974dfd25609df82f" member_type: VOTER last_known_addr { host: "127.0.108.2" port: 46657 } } peers { permanent_uuid: "4ce5182e56c142e692c6be0d6a921c0b" member_type: VOTER last_known_addr { host: "127.0.108.3" port: 34729 } }
I20260608 12:40:01.284094  5122 raft_consensus.cc:385] T 8b5d6f40f2f5440da12990fd68fb0297 P 0a38e08714ae481f8a0ce79a5fedcbf0 [term 0 FOLLOWER]: Consensus starting up: Expiring failure detector timer to make a prompt election more likely
I20260608 12:40:01.283838  5156 raft_consensus.cc:515] T d7727f93ea434bb1a687f760f0541801 P 4ce5182e56c142e692c6be0d6a921c0b [term 0 FOLLOWER]: Starting pre-election with config: opid_index: -1 OBSOLETE_local: false peers { permanent_uuid: "0a38e08714ae481f8a0ce79a5fedcbf0" member_type: VOTER last_known_addr { host: "127.0.108.1" port: 44143 } } peers { permanent_uuid: "aaa86c5d71df4584974dfd25609df82f" member_type: VOTER last_known_addr { host: "127.0.108.2" port: 46657 } } peers { permanent_uuid: "4ce5182e56c142e692c6be0d6a921c0b" member_type: VOTER last_known_addr { host: "127.0.108.3" port: 34729 } }
I20260608 12:40:01.284596  5122 raft_consensus.cc:740] T 8b5d6f40f2f5440da12990fd68fb0297 P 0a38e08714ae481f8a0ce79a5fedcbf0 [term 0 FOLLOWER]: Becoming Follower/Learner. State: Replica: 0a38e08714ae481f8a0ce79a5fedcbf0, State: Initialized, Role: FOLLOWER
I20260608 12:40:01.286144  5122 consensus_queue.cc:260] T 8b5d6f40f2f5440da12990fd68fb0297 P 0a38e08714ae481f8a0ce79a5fedcbf0 [NON_LEADER]: Queue going to NON_LEADER mode. State: All replicated index: 0, Majority replicated index: 0, Committed index: 0, Last appended: 0.0, Last appended by leader: 0, Current term: 0, Majority size: -1, State: 0, Mode: NON_LEADER, active raft config: opid_index: -1 OBSOLETE_local: false peers { permanent_uuid: "0a38e08714ae481f8a0ce79a5fedcbf0" member_type: VOTER last_known_addr { host: "127.0.108.1" port: 44143 } } peers { permanent_uuid: "aaa86c5d71df4584974dfd25609df82f" member_type: VOTER last_known_addr { host: "127.0.108.2" port: 46657 } } peers { permanent_uuid: "4ce5182e56c142e692c6be0d6a921c0b" member_type: VOTER last_known_addr { host: "127.0.108.3" port: 34729 } }
I20260608 12:40:01.282405  4821 catalog_manager.cc:5696] T 447c4419ec6644d7a7c1e93ec83195f0 P aaa86c5d71df4584974dfd25609df82f reported cstate change: term changed from 0 to 1, leader changed from <none> to aaa86c5d71df4584974dfd25609df82f (127.0.108.2). New cstate: current_term: 1 leader_uuid: "aaa86c5d71df4584974dfd25609df82f" committed_config { opid_index: -1 OBSOLETE_local: false peers { permanent_uuid: "0a38e08714ae481f8a0ce79a5fedcbf0" member_type: VOTER last_known_addr { host: "127.0.108.1" port: 44143 } health_report { overall_health: UNKNOWN } } peers { permanent_uuid: "aaa86c5d71df4584974dfd25609df82f" member_type: VOTER last_known_addr { host: "127.0.108.2" port: 46657 } health_report { overall_health: HEALTHY } } peers { permanent_uuid: "4ce5182e56c142e692c6be0d6a921c0b" member_type: VOTER last_known_addr { host: "127.0.108.3" port: 34729 } health_report { overall_health: UNKNOWN } } }
I20260608 12:40:01.288759  5121 ts_tablet_manager.cc:1403] T e6d6e536658c48b285e0dcbe397f2786 P 4ce5182e56c142e692c6be0d6a921c0b: Time spent bootstrapping tablet: real 0.119s	user 0.014s	sys 0.025s
I20260608 12:40:01.291500  5119 tablet_bootstrap.cc:654] T 8b5d6f40f2f5440da12990fd68fb0297 P aaa86c5d71df4584974dfd25609df82f: Neither blocks nor log segments found. Creating new log.
I20260608 12:40:01.293543  5121 raft_consensus.cc:359] T e6d6e536658c48b285e0dcbe397f2786 P 4ce5182e56c142e692c6be0d6a921c0b [term 0 FOLLOWER]: Replica starting. Triggering 0 pending ops. Active config: opid_index: -1 OBSOLETE_local: false peers { permanent_uuid: "0a38e08714ae481f8a0ce79a5fedcbf0" member_type: VOTER last_known_addr { host: "127.0.108.1" port: 44143 } } peers { permanent_uuid: "aaa86c5d71df4584974dfd25609df82f" member_type: VOTER last_known_addr { host: "127.0.108.2" port: 46657 } } peers { permanent_uuid: "4ce5182e56c142e692c6be0d6a921c0b" member_type: VOTER last_known_addr { host: "127.0.108.3" port: 34729 } }
I20260608 12:40:01.294489  5121 raft_consensus.cc:385] T e6d6e536658c48b285e0dcbe397f2786 P 4ce5182e56c142e692c6be0d6a921c0b [term 0 FOLLOWER]: Consensus starting up: Expiring failure detector timer to make a prompt election more likely
I20260608 12:40:01.295138  5156 leader_election.cc:290] T d7727f93ea434bb1a687f760f0541801 P 4ce5182e56c142e692c6be0d6a921c0b [CANDIDATE]: Term 1 pre-election: Requested pre-vote from peers 0a38e08714ae481f8a0ce79a5fedcbf0 (127.0.108.1:44143), aaa86c5d71df4584974dfd25609df82f (127.0.108.2:46657)
I20260608 12:40:01.291501  5122 ts_tablet_manager.cc:1434] T 8b5d6f40f2f5440da12990fd68fb0297 P 0a38e08714ae481f8a0ce79a5fedcbf0: Time spent starting tablet: real 0.017s	user 0.013s	sys 0.000s
I20260608 12:40:01.294930  4926 tablet_service.cc:1917] Received RequestConsensusVote() RPC: tablet_id: "d7727f93ea434bb1a687f760f0541801" candidate_uuid: "4ce5182e56c142e692c6be0d6a921c0b" candidate_term: 1 candidate_status { last_received { term: 0 index: 0 } } ignore_live_leader: false dest_uuid: "0a38e08714ae481f8a0ce79a5fedcbf0" is_pre_election: true
I20260608 12:40:01.294835  5121 raft_consensus.cc:740] T e6d6e536658c48b285e0dcbe397f2786 P 4ce5182e56c142e692c6be0d6a921c0b [term 0 FOLLOWER]: Becoming Follower/Learner. State: Replica: 4ce5182e56c142e692c6be0d6a921c0b, State: Initialized, Role: FOLLOWER
I20260608 12:40:01.299513  5122 tablet_bootstrap.cc:492] T 9f7e03d4dfd54896b7a4ade1e269ab92 P 0a38e08714ae481f8a0ce79a5fedcbf0: Bootstrap starting.
I20260608 12:40:01.300580  5001 tablet_service.cc:1917] Received RequestConsensusVote() RPC: tablet_id: "d7727f93ea434bb1a687f760f0541801" candidate_uuid: "4ce5182e56c142e692c6be0d6a921c0b" candidate_term: 1 candidate_status { last_received { term: 0 index: 0 } } ignore_live_leader: false dest_uuid: "aaa86c5d71df4584974dfd25609df82f" is_pre_election: true
I20260608 12:40:01.301590  5001 raft_consensus.cc:2468] T d7727f93ea434bb1a687f760f0541801 P aaa86c5d71df4584974dfd25609df82f [term 0 FOLLOWER]: Leader pre-election vote request: Granting yes vote for candidate 4ce5182e56c142e692c6be0d6a921c0b in term 0.
I20260608 12:40:01.303637  5000 tablet_service.cc:1917] Received RequestConsensusVote() RPC: tablet_id: "e6d6e536658c48b285e0dcbe397f2786" candidate_uuid: "0a38e08714ae481f8a0ce79a5fedcbf0" candidate_term: 1 candidate_status { last_received { term: 0 index: 0 } } ignore_live_leader: false dest_uuid: "aaa86c5d71df4584974dfd25609df82f"
W20260608 12:40:01.299769  5038 leader_election.cc:343] T d7727f93ea434bb1a687f760f0541801 P 4ce5182e56c142e692c6be0d6a921c0b [CANDIDATE]: Term 1 pre-election: Tablet error from VoteRequest() call to peer 0a38e08714ae481f8a0ce79a5fedcbf0 (127.0.108.1:44143): Illegal state: must be running to vote when last-logged opid is not known
I20260608 12:40:01.304648  5000 raft_consensus.cc:3060] T e6d6e536658c48b285e0dcbe397f2786 P aaa86c5d71df4584974dfd25609df82f [term 0 FOLLOWER]: Advancing to term 1
I20260608 12:40:01.316781  5039 leader_election.cc:304] T d7727f93ea434bb1a687f760f0541801 P 4ce5182e56c142e692c6be0d6a921c0b [CANDIDATE]: Term 1 pre-election: Election decided. Result: candidate won. Election summary: received 3 responses out of 3 voters: 2 yes votes; 1 no votes. yes voters: 4ce5182e56c142e692c6be0d6a921c0b, aaa86c5d71df4584974dfd25609df82f; no voters: 0a38e08714ae481f8a0ce79a5fedcbf0
I20260608 12:40:01.317811  5156 raft_consensus.cc:2804] T d7727f93ea434bb1a687f760f0541801 P 4ce5182e56c142e692c6be0d6a921c0b [term 0 FOLLOWER]: Leader pre-election won for term 1
I20260608 12:40:01.318287  5156 raft_consensus.cc:493] T d7727f93ea434bb1a687f760f0541801 P 4ce5182e56c142e692c6be0d6a921c0b [term 0 FOLLOWER]: Starting leader election (no leader contacted us within the election timeout)
I20260608 12:40:01.318846  5156 raft_consensus.cc:3060] T d7727f93ea434bb1a687f760f0541801 P 4ce5182e56c142e692c6be0d6a921c0b [term 0 FOLLOWER]: Advancing to term 1
I20260608 12:40:01.319978  5164 raft_consensus.cc:493] T 8b5d6f40f2f5440da12990fd68fb0297 P 0a38e08714ae481f8a0ce79a5fedcbf0 [term 0 FOLLOWER]: Starting pre-election (no leader contacted us within the election timeout)
I20260608 12:40:01.321234  5164 raft_consensus.cc:515] T 8b5d6f40f2f5440da12990fd68fb0297 P 0a38e08714ae481f8a0ce79a5fedcbf0 [term 0 FOLLOWER]: Starting pre-election with config: opid_index: -1 OBSOLETE_local: false peers { permanent_uuid: "0a38e08714ae481f8a0ce79a5fedcbf0" member_type: VOTER last_known_addr { host: "127.0.108.1" port: 44143 } } peers { permanent_uuid: "aaa86c5d71df4584974dfd25609df82f" member_type: VOTER last_known_addr { host: "127.0.108.2" port: 46657 } } peers { permanent_uuid: "4ce5182e56c142e692c6be0d6a921c0b" member_type: VOTER last_known_addr { host: "127.0.108.3" port: 34729 } }
I20260608 12:40:01.327759  5122 tablet_bootstrap.cc:654] T 9f7e03d4dfd54896b7a4ade1e269ab92 P 0a38e08714ae481f8a0ce79a5fedcbf0: Neither blocks nor log segments found. Creating new log.
I20260608 12:40:01.328052  5121 consensus_queue.cc:260] T e6d6e536658c48b285e0dcbe397f2786 P 4ce5182e56c142e692c6be0d6a921c0b [NON_LEADER]: Queue going to NON_LEADER mode. State: All replicated index: 0, Majority replicated index: 0, Committed index: 0, Last appended: 0.0, Last appended by leader: 0, Current term: 0, Majority size: -1, State: 0, Mode: NON_LEADER, active raft config: opid_index: -1 OBSOLETE_local: false peers { permanent_uuid: "0a38e08714ae481f8a0ce79a5fedcbf0" member_type: VOTER last_known_addr { host: "127.0.108.1" port: 44143 } } peers { permanent_uuid: "aaa86c5d71df4584974dfd25609df82f" member_type: VOTER last_known_addr { host: "127.0.108.2" port: 46657 } } peers { permanent_uuid: "4ce5182e56c142e692c6be0d6a921c0b" member_type: VOTER last_known_addr { host: "127.0.108.3" port: 34729 } }
I20260608 12:40:01.330269  5074 tablet_service.cc:1917] Received RequestConsensusVote() RPC: tablet_id: "8b5d6f40f2f5440da12990fd68fb0297" candidate_uuid: "0a38e08714ae481f8a0ce79a5fedcbf0" candidate_term: 1 candidate_status { last_received { term: 0 index: 0 } } ignore_live_leader: false dest_uuid: "4ce5182e56c142e692c6be0d6a921c0b" is_pre_election: true
I20260608 12:40:01.331430  5074 raft_consensus.cc:2468] T 8b5d6f40f2f5440da12990fd68fb0297 P 4ce5182e56c142e692c6be0d6a921c0b [term 0 FOLLOWER]: Leader pre-election vote request: Granting yes vote for candidate 0a38e08714ae481f8a0ce79a5fedcbf0 in term 0.
I20260608 12:40:01.333343  4889 leader_election.cc:304] T 8b5d6f40f2f5440da12990fd68fb0297 P 0a38e08714ae481f8a0ce79a5fedcbf0 [CANDIDATE]: Term 1 pre-election: Election decided. Result: candidate won. Election summary: received 2 responses out of 3 voters: 2 yes votes; 0 no votes. yes voters: 0a38e08714ae481f8a0ce79a5fedcbf0, 4ce5182e56c142e692c6be0d6a921c0b; no voters: 
I20260608 12:40:01.334823  5128 raft_consensus.cc:2804] T 8b5d6f40f2f5440da12990fd68fb0297 P 0a38e08714ae481f8a0ce79a5fedcbf0 [term 0 FOLLOWER]: Leader pre-election won for term 1
I20260608 12:40:01.335261  5128 raft_consensus.cc:493] T 8b5d6f40f2f5440da12990fd68fb0297 P 0a38e08714ae481f8a0ce79a5fedcbf0 [term 0 FOLLOWER]: Starting leader election (no leader contacted us within the election timeout)
I20260608 12:40:01.335861  4926 raft_consensus.cc:3060] T 5535792785434dd4b08b52bacae992b7 P 0a38e08714ae481f8a0ce79a5fedcbf0 [term 0 FOLLOWER]: Advancing to term 1
I20260608 12:40:01.336546  5001 tablet_service.cc:1917] Received RequestConsensusVote() RPC: tablet_id: "8b5d6f40f2f5440da12990fd68fb0297" candidate_uuid: "0a38e08714ae481f8a0ce79a5fedcbf0" candidate_term: 1 candidate_status { last_received { term: 0 index: 0 } } ignore_live_leader: false dest_uuid: "aaa86c5d71df4584974dfd25609df82f" is_pre_election: true
I20260608 12:40:01.335740  5128 raft_consensus.cc:3060] T 8b5d6f40f2f5440da12990fd68fb0297 P 0a38e08714ae481f8a0ce79a5fedcbf0 [term 0 FOLLOWER]: Advancing to term 1
I20260608 12:40:01.346190  5000 raft_consensus.cc:2468] T e6d6e536658c48b285e0dcbe397f2786 P aaa86c5d71df4584974dfd25609df82f [term 1 FOLLOWER]: Leader election vote request: Granting yes vote for candidate 0a38e08714ae481f8a0ce79a5fedcbf0 in term 1.
I20260608 12:40:01.331975  5121 ts_tablet_manager.cc:1434] T e6d6e536658c48b285e0dcbe397f2786 P 4ce5182e56c142e692c6be0d6a921c0b: Time spent starting tablet: real 0.043s	user 0.008s	sys 0.000s
I20260608 12:40:01.348644  5121 tablet_bootstrap.cc:492] T c9d3af278b384e39a1c07795e632b2bf P 4ce5182e56c142e692c6be0d6a921c0b: Bootstrap starting.
I20260608 12:40:01.355214  5156 raft_consensus.cc:515] T d7727f93ea434bb1a687f760f0541801 P 4ce5182e56c142e692c6be0d6a921c0b [term 1 FOLLOWER]: Starting leader election with config: opid_index: -1 OBSOLETE_local: false peers { permanent_uuid: "0a38e08714ae481f8a0ce79a5fedcbf0" member_type: VOTER last_known_addr { host: "127.0.108.1" port: 44143 } } peers { permanent_uuid: "aaa86c5d71df4584974dfd25609df82f" member_type: VOTER last_known_addr { host: "127.0.108.2" port: 46657 } } peers { permanent_uuid: "4ce5182e56c142e692c6be0d6a921c0b" member_type: VOTER last_known_addr { host: "127.0.108.3" port: 34729 } }
W20260608 12:40:01.360164  4890 leader_election.cc:343] T 8b5d6f40f2f5440da12990fd68fb0297 P 0a38e08714ae481f8a0ce79a5fedcbf0 [CANDIDATE]: Term 1 pre-election: Tablet error from VoteRequest() call to peer aaa86c5d71df4584974dfd25609df82f (127.0.108.2:46657): Illegal state: must be running to vote when last-logged opid is not known
