I20260608 12:54:44.893000 19060 leader_election.cc:304] T 327652a9ddfc4c1590de839ed5cb371b P fac147c2863e465cb3174e086cdcdf50 [CANDIDATE]: Term 1 election: Election decided. Result: candidate won. Election summary: received 2 responses out of 3 voters: 2 yes votes; 0 no votes. yes voters: 2cb154a54ca64695b9ebc65e7a3bce99, fac147c2863e465cb3174e086cdcdf50; no voters: 
I20260608 12:54:44.893905 19219 raft_consensus.cc:2804] T 327652a9ddfc4c1590de839ed5cb371b P fac147c2863e465cb3174e086cdcdf50 [term 1 FOLLOWER]: Leader election won for term 1
I20260608 12:54:44.894870 19219 raft_consensus.cc:697] T 327652a9ddfc4c1590de839ed5cb371b P fac147c2863e465cb3174e086cdcdf50 [term 1 LEADER]: Becoming Leader. State: Replica: fac147c2863e465cb3174e086cdcdf50, State: Running, Role: LEADER
I20260608 12:54:44.895678 19219 consensus_queue.cc:237] T 327652a9ddfc4c1590de839ed5cb371b P fac147c2863e465cb3174e086cdcdf50 [LEADER]: Queue going to LEADER mode. State: All replicated index: 0, Majority replicated index: 0, Committed index: 0, Last appended: 0.0, Last appended by leader: 0, Current term: 1, Majority size: 2, State: 0, Mode: LEADER, active raft config: opid_index: -1 OBSOLETE_local: false peers { permanent_uuid: "2cb154a54ca64695b9ebc65e7a3bce99" member_type: VOTER last_known_addr { host: "127.16.8.129" port: 34321 } } peers { permanent_uuid: "fac147c2863e465cb3174e086cdcdf50" member_type: VOTER last_known_addr { host: "127.16.8.130" port: 39375 } } peers { permanent_uuid: "56d537b867284f07bacd70030acf3afa" member_type: VOTER last_known_addr { host: "127.16.8.131" port: 37435 } }
I20260608 12:54:44.903299 18915 catalog_manager.cc:5696] T 327652a9ddfc4c1590de839ed5cb371b P fac147c2863e465cb3174e086cdcdf50 reported cstate change: term changed from 0 to 1, leader changed from <none> to fac147c2863e465cb3174e086cdcdf50 (127.16.8.130). New cstate: current_term: 1 leader_uuid: "fac147c2863e465cb3174e086cdcdf50" committed_config { opid_index: -1 OBSOLETE_local: false peers { permanent_uuid: "2cb154a54ca64695b9ebc65e7a3bce99" member_type: VOTER last_known_addr { host: "127.16.8.129" port: 34321 } health_report { overall_health: UNKNOWN } } peers { permanent_uuid: "fac147c2863e465cb3174e086cdcdf50" member_type: VOTER last_known_addr { host: "127.16.8.130" port: 39375 } health_report { overall_health: HEALTHY } } peers { permanent_uuid: "56d537b867284f07bacd70030acf3afa" member_type: VOTER last_known_addr { host: "127.16.8.131" port: 37435 } health_report { overall_health: UNKNOWN } } }
I20260608 12:54:44.937055 16418 tablet_server.cc:179] TabletServer@127.16.8.129:0 shutting down...
I20260608 12:54:44.955610 16418 ts_tablet_manager.cc:1507] Shutting down tablet manager...
I20260608 12:54:44.956585 16418 tablet_replica.cc:333] T ff0d581fd2f84841ad8aa0074c3f146e P 2cb154a54ca64695b9ebc65e7a3bce99: stopping tablet replica
I20260608 12:54:44.957183 16418 raft_consensus.cc:2243] T ff0d581fd2f84841ad8aa0074c3f146e P 2cb154a54ca64695b9ebc65e7a3bce99 [term 1 LEADER]: Raft consensus shutting down.
I20260608 12:54:44.957826 16418 pending_rounds.cc:70] T ff0d581fd2f84841ad8aa0074c3f146e P 2cb154a54ca64695b9ebc65e7a3bce99: Trying to abort 1 pending ops.
I20260608 12:54:44.958057 16418 pending_rounds.cc:77] T ff0d581fd2f84841ad8aa0074c3f146e P 2cb154a54ca64695b9ebc65e7a3bce99: Aborting op as it isn't in flight: id { term: 1 index: 1 } timestamp: 7294661774408273920 op_type: NO_OP noop_request { }
I20260608 12:54:44.958369 16418 raft_consensus.cc:2889] T ff0d581fd2f84841ad8aa0074c3f146e P 2cb154a54ca64695b9ebc65e7a3bce99 [term 1 LEADER]: NO_OP replication failed: Aborted: Op aborted
I20260608 12:54:44.958663 16418 raft_consensus.cc:2272] T ff0d581fd2f84841ad8aa0074c3f146e P 2cb154a54ca64695b9ebc65e7a3bce99 [term 1 FOLLOWER]: Raft consensus is shut down!
I20260608 12:54:44.961786 16418 tablet_replica.cc:333] T dd9e3fd4863d42f5b15658c65e2e7289 P 2cb154a54ca64695b9ebc65e7a3bce99: stopping tablet replica
I20260608 12:54:44.962458 16418 raft_consensus.cc:2243] T dd9e3fd4863d42f5b15658c65e2e7289 P 2cb154a54ca64695b9ebc65e7a3bce99 [term 1 FOLLOWER]: Raft consensus shutting down.
I20260608 12:54:44.962869 16418 raft_consensus.cc:2272] T dd9e3fd4863d42f5b15658c65e2e7289 P 2cb154a54ca64695b9ebc65e7a3bce99 [term 1 FOLLOWER]: Raft consensus is shut down!
I20260608 12:54:44.964747 16418 tablet_replica.cc:333] T 327652a9ddfc4c1590de839ed5cb371b P 2cb154a54ca64695b9ebc65e7a3bce99: stopping tablet replica
I20260608 12:54:44.965265 16418 raft_consensus.cc:2243] T 327652a9ddfc4c1590de839ed5cb371b P 2cb154a54ca64695b9ebc65e7a3bce99 [term 1 FOLLOWER]: Raft consensus shutting down.
I20260608 12:54:44.965658 16418 raft_consensus.cc:2272] T 327652a9ddfc4c1590de839ed5cb371b P 2cb154a54ca64695b9ebc65e7a3bce99 [term 1 FOLLOWER]: Raft consensus is shut down!
I20260608 12:54:44.967424 16418 tablet_replica.cc:333] T dd976460e6124e1b9ef9aafee17f0a97 P 2cb154a54ca64695b9ebc65e7a3bce99: stopping tablet replica
I20260608 12:54:44.967891 16418 raft_consensus.cc:2243] T dd976460e6124e1b9ef9aafee17f0a97 P 2cb154a54ca64695b9ebc65e7a3bce99 [term 1 FOLLOWER]: Raft consensus shutting down.
I20260608 12:54:44.968254 16418 raft_consensus.cc:2272] T dd976460e6124e1b9ef9aafee17f0a97 P 2cb154a54ca64695b9ebc65e7a3bce99 [term 1 FOLLOWER]: Raft consensus is shut down!
I20260608 12:54:44.990583 16418 tablet_server.cc:196] TabletServer@127.16.8.129:0 shutdown complete.
W20260608 12:54:44.999382 19134 proxy.cc:239] Call had error, refreshing address and retrying: Network error: Client connection negotiation failed: client connection to 127.16.8.129:34321: connect: Connection refused (error 111) [suppressed 1 similar messages]
I20260608 12:54:45.002143 16418 tablet_server.cc:179] TabletServer@127.16.8.130:0 shutting down...
W20260608 12:54:45.003119 19134 consensus_peers.cc:597] T dd9e3fd4863d42f5b15658c65e2e7289 P 56d537b867284f07bacd70030acf3afa -> Peer 2cb154a54ca64695b9ebc65e7a3bce99 (127.16.8.129:34321): Couldn't send request to peer 2cb154a54ca64695b9ebc65e7a3bce99. Status: Network error: Client connection negotiation failed: client connection to 127.16.8.129:34321: connect: Connection refused (error 111). This is attempt 1: this message will repeat every 5th retry.
I20260608 12:54:45.024148 16418 ts_tablet_manager.cc:1507] Shutting down tablet manager...
I20260608 12:54:45.024935 16418 tablet_replica.cc:333] T dd9e3fd4863d42f5b15658c65e2e7289 P fac147c2863e465cb3174e086cdcdf50: stopping tablet replica
I20260608 12:54:45.025574 16418 raft_consensus.cc:2243] T dd9e3fd4863d42f5b15658c65e2e7289 P fac147c2863e465cb3174e086cdcdf50 [term 1 FOLLOWER]: Raft consensus shutting down.
I20260608 12:54:45.026008 16418 raft_consensus.cc:2272] T dd9e3fd4863d42f5b15658c65e2e7289 P fac147c2863e465cb3174e086cdcdf50 [term 1 FOLLOWER]: Raft consensus is shut down!
I20260608 12:54:45.027851 16418 tablet_replica.cc:333] T ff0d581fd2f84841ad8aa0074c3f146e P fac147c2863e465cb3174e086cdcdf50: stopping tablet replica
I20260608 12:54:45.028371 16418 raft_consensus.cc:2243] T ff0d581fd2f84841ad8aa0074c3f146e P fac147c2863e465cb3174e086cdcdf50 [term 1 FOLLOWER]: Raft consensus shutting down.
I20260608 12:54:45.028761 16418 raft_consensus.cc:2272] T ff0d581fd2f84841ad8aa0074c3f146e P fac147c2863e465cb3174e086cdcdf50 [term 1 FOLLOWER]: Raft consensus is shut down!
I20260608 12:54:45.030488 16418 tablet_replica.cc:333] T dd976460e6124e1b9ef9aafee17f0a97 P fac147c2863e465cb3174e086cdcdf50: stopping tablet replica
I20260608 12:54:45.030982 16418 raft_consensus.cc:2243] T dd976460e6124e1b9ef9aafee17f0a97 P fac147c2863e465cb3174e086cdcdf50 [term 1 FOLLOWER]: Raft consensus shutting down.
I20260608 12:54:45.031353 16418 raft_consensus.cc:2272] T dd976460e6124e1b9ef9aafee17f0a97 P fac147c2863e465cb3174e086cdcdf50 [term 1 FOLLOWER]: Raft consensus is shut down!
I20260608 12:54:45.033097 16418 tablet_replica.cc:333] T 327652a9ddfc4c1590de839ed5cb371b P fac147c2863e465cb3174e086cdcdf50: stopping tablet replica
I20260608 12:54:45.033576 16418 raft_consensus.cc:2243] T 327652a9ddfc4c1590de839ed5cb371b P fac147c2863e465cb3174e086cdcdf50 [term 1 LEADER]: Raft consensus shutting down.
I20260608 12:54:45.034210 16418 pending_rounds.cc:70] T 327652a9ddfc4c1590de839ed5cb371b P fac147c2863e465cb3174e086cdcdf50: Trying to abort 1 pending ops.
I20260608 12:54:45.034407 16418 pending_rounds.cc:77] T 327652a9ddfc4c1590de839ed5cb371b P fac147c2863e465cb3174e086cdcdf50: Aborting op as it isn't in flight: id { term: 1 index: 1 } timestamp: 7294661774940221440 op_type: NO_OP noop_request { }
I20260608 12:54:45.034683 16418 raft_consensus.cc:2889] T 327652a9ddfc4c1590de839ed5cb371b P fac147c2863e465cb3174e086cdcdf50 [term 1 LEADER]: NO_OP replication failed: Aborted: Op aborted
I20260608 12:54:45.034963 16418 raft_consensus.cc:2272] T 327652a9ddfc4c1590de839ed5cb371b P fac147c2863e465cb3174e086cdcdf50 [term 1 FOLLOWER]: Raft consensus is shut down!
I20260608 12:54:45.049050 16418 tablet_server.cc:196] TabletServer@127.16.8.130:0 shutdown complete.
W20260608 12:54:45.050042 19134 consensus_peers.cc:597] T dd976460e6124e1b9ef9aafee17f0a97 P 56d537b867284f07bacd70030acf3afa -> Peer 2cb154a54ca64695b9ebc65e7a3bce99 (127.16.8.129:34321): Couldn't send request to peer 2cb154a54ca64695b9ebc65e7a3bce99. Status: Network error: Client connection negotiation failed: client connection to 127.16.8.129:34321: connect: Connection refused (error 111). This is attempt 1: this message will repeat every 5th retry.
W20260608 12:54:45.057775 19135 consensus_peers.cc:597] T dd9e3fd4863d42f5b15658c65e2e7289 P 56d537b867284f07bacd70030acf3afa -> Peer fac147c2863e465cb3174e086cdcdf50 (127.16.8.130:39375): Couldn't send request to peer fac147c2863e465cb3174e086cdcdf50. Status: Network error: Client connection negotiation failed: client connection to 127.16.8.130:39375: connect: Connection refused (error 111). This is attempt 1: this message will repeat every 5th retry.
I20260608 12:54:45.061964 16418 tablet_server.cc:179] TabletServer@127.16.8.131:0 shutting down...
I20260608 12:54:45.081337 16418 ts_tablet_manager.cc:1507] Shutting down tablet manager...
I20260608 12:54:45.081936 16418 tablet_replica.cc:333] T dd9e3fd4863d42f5b15658c65e2e7289 P 56d537b867284f07bacd70030acf3afa: stopping tablet replica
I20260608 12:54:45.082554 16418 raft_consensus.cc:2243] T dd9e3fd4863d42f5b15658c65e2e7289 P 56d537b867284f07bacd70030acf3afa [term 1 LEADER]: Raft consensus shutting down.
I20260608 12:54:45.083253 16418 pending_rounds.cc:70] T dd9e3fd4863d42f5b15658c65e2e7289 P 56d537b867284f07bacd70030acf3afa: Trying to abort 1 pending ops.
I20260608 12:54:45.083441 16418 pending_rounds.cc:77] T dd9e3fd4863d42f5b15658c65e2e7289 P 56d537b867284f07bacd70030acf3afa: Aborting op as it isn't in flight: id { term: 1 index: 1 } timestamp: 7294661773581115392 op_type: NO_OP noop_request { }
I20260608 12:54:45.083676 16418 raft_consensus.cc:2889] T dd9e3fd4863d42f5b15658c65e2e7289 P 56d537b867284f07bacd70030acf3afa [term 1 LEADER]: NO_OP replication failed: Aborted: Op aborted
I20260608 12:54:45.083914 16418 raft_consensus.cc:2272] T dd9e3fd4863d42f5b15658c65e2e7289 P 56d537b867284f07bacd70030acf3afa [term 1 FOLLOWER]: Raft consensus is shut down!
I20260608 12:54:45.085928 16418 tablet_replica.cc:333] T dd976460e6124e1b9ef9aafee17f0a97 P 56d537b867284f07bacd70030acf3afa: stopping tablet replica
I20260608 12:54:45.086493 16418 raft_consensus.cc:2243] T dd976460e6124e1b9ef9aafee17f0a97 P 56d537b867284f07bacd70030acf3afa [term 1 LEADER]: Raft consensus shutting down.
I20260608 12:54:45.087103 16418 pending_rounds.cc:70] T dd976460e6124e1b9ef9aafee17f0a97 P 56d537b867284f07bacd70030acf3afa: Trying to abort 1 pending ops.
I20260608 12:54:45.087263 16418 pending_rounds.cc:77] T dd976460e6124e1b9ef9aafee17f0a97 P 56d537b867284f07bacd70030acf3afa: Aborting op as it isn't in flight: id { term: 1 index: 1 } timestamp: 7294661773957648384 op_type: NO_OP noop_request { }
I20260608 12:54:45.087491 16418 raft_consensus.cc:2889] T dd976460e6124e1b9ef9aafee17f0a97 P 56d537b867284f07bacd70030acf3afa [term 1 LEADER]: NO_OP replication failed: Aborted: Op aborted
I20260608 12:54:45.087720 16418 raft_consensus.cc:2272] T dd976460e6124e1b9ef9aafee17f0a97 P 56d537b867284f07bacd70030acf3afa [term 1 FOLLOWER]: Raft consensus is shut down!
I20260608 12:54:45.089958 16418 tablet_replica.cc:333] T 327652a9ddfc4c1590de839ed5cb371b P 56d537b867284f07bacd70030acf3afa: stopping tablet replica
I20260608 12:54:45.090524 16418 raft_consensus.cc:2243] T 327652a9ddfc4c1590de839ed5cb371b P 56d537b867284f07bacd70030acf3afa [term 1 FOLLOWER]: Raft consensus shutting down.
I20260608 12:54:45.090862 16418 raft_consensus.cc:2272] T 327652a9ddfc4c1590de839ed5cb371b P 56d537b867284f07bacd70030acf3afa [term 1 FOLLOWER]: Raft consensus is shut down!
I20260608 12:54:45.092437 16418 tablet_replica.cc:333] T ff0d581fd2f84841ad8aa0074c3f146e P 56d537b867284f07bacd70030acf3afa: stopping tablet replica
I20260608 12:54:45.092849 16418 raft_consensus.cc:2243] T ff0d581fd2f84841ad8aa0074c3f146e P 56d537b867284f07bacd70030acf3afa [term 1 FOLLOWER]: Raft consensus shutting down.
I20260608 12:54:45.093164 16418 raft_consensus.cc:2272] T ff0d581fd2f84841ad8aa0074c3f146e P 56d537b867284f07bacd70030acf3afa [term 1 FOLLOWER]: Raft consensus is shut down!
I20260608 12:54:45.115047 16418 tablet_server.cc:196] TabletServer@127.16.8.131:0 shutdown complete.
I20260608 12:54:45.127015 16418 master.cc:562] Master@127.16.8.190:34523 shutting down...
I20260608 12:54:45.144039 16418 raft_consensus.cc:2243] T 00000000000000000000000000000000 P f8aa577f8bb34dabaa3ab84f01d85db3 [term 1 LEADER]: Raft consensus shutting down.
I20260608 12:54:45.144820 16418 raft_consensus.cc:2272] T 00000000000000000000000000000000 P f8aa577f8bb34dabaa3ab84f01d85db3 [term 1 FOLLOWER]: Raft consensus is shut down!
I20260608 12:54:45.145242 16418 tablet_replica.cc:333] T 00000000000000000000000000000000 P f8aa577f8bb34dabaa3ab84f01d85db3: stopping tablet replica
I20260608 12:54:45.163591 16418 master.cc:584] Master@127.16.8.190:34523 shutdown complete.
[       OK ] AutoRebalancerTest.RangeAwareBuildClusterInfoGroupsByRange (2651 ms)
[ RUN      ] AutoRebalancerTest.RangeAwareRebalancesNewRangeReplicas
I20260608 12:54:45.197515 16418 internal_mini_cluster.cc:156] Creating distributed mini masters. Addrs: 127.16.8.190:42799
I20260608 12:54:45.198676 16418 file_cache.cc:492] Constructed file cache file cache with capacity 419430
W20260608 12:54:45.203706 19246 instance_detector.cc:116] could not retrieve AWS instance metadata: Network error: curl error: HTTP response code said error: The requested URL returned error: 404
W20260608 12:54:45.204159 19247 instance_detector.cc:116] could not retrieve Azure instance metadata: Network error: curl error: HTTP response code said error: The requested URL returned error: 404
W20260608 12:54:45.205188 19249 instance_detector.cc:116] could not retrieve OpenStack instance metadata: Network error: curl error: HTTP response code said error: The requested URL returned error: 404
I20260608 12:54:45.206570 16418 server_base.cc:1061] running on GCE node
I20260608 12:54:45.207443 16418 hybrid_clock.cc:584] initializing the hybrid clock with 'system_unsync' time source
W20260608 12:54:45.207613 16418 system_unsync_time.cc:38] NTP support is disabled. Clock error bounds will not be accurate. This configuration is not suitable for distributed clusters.
I20260608 12:54:45.207795 16418 hybrid_clock.cc:648] HybridClock initialized: now 1780923285207783 us; error 0 us; skew 500 ppm
I20260608 12:54:45.208374 16418 server_base.cc:861] Flag tcmalloc_max_total_thread_cache_bytes is not working since tcmalloc is not enabled.
I20260608 12:54:45.210866 16418 webserver.cc:533] Webserver started at http://127.16.8.190:44015/ using document root <none> and password file <none>
I20260608 12:54:45.211356 16418 fs_manager.cc:362] Metadata directory not provided
I20260608 12:54:45.211510 16418 fs_manager.cc:368] Using write-ahead log directory (fs_wal_dir) as metadata directory
I20260608 12:54:45.211737 16418 server_base.cc:909] This appears to be a new deployment of Kudu; creating new FS layout
I20260608 12:54:45.212774 16418 fs_manager.cc:1068] Generated new instance metadata in path /tmp/dist-test-taskSs4eDJ/test-tmp/auto_rebalancer-test.0.AutoRebalancerTest.RangeAwareRebalancesNewRangeReplicas.1780923209321870-16418-0/minicluster-data/master-0-root/instance:
uuid: "921e10a192a94e4e8d891986273eca53"
format_stamp: "Formatted at 2026-06-08 12:54:45 on dist-test-slave-5x3x"
I20260608 12:54:45.217492 16418 fs_manager.cc:696] Time spent creating directory manager: real 0.004s	user 0.006s	sys 0.000s
I20260608 12:54:45.221078 19254 log_block_manager.cc:4031] Time spent loading block containers with low live blocks: real 0.000s	user 0.000s	sys 0.000s
I20260608 12:54:45.221966 16418 fs_manager.cc:730] Time spent opening block manager: real 0.002s	user 0.000s	sys 0.003s
I20260608 12:54:45.222338 16418 fs_manager.cc:647] Opened local filesystem: /tmp/dist-test-taskSs4eDJ/test-tmp/auto_rebalancer-test.0.AutoRebalancerTest.RangeAwareRebalancesNewRangeReplicas.1780923209321870-16418-0/minicluster-data/master-0-root
uuid: "921e10a192a94e4e8d891986273eca53"
format_stamp: "Formatted at 2026-06-08 12:54:45 on dist-test-slave-5x3x"
I20260608 12:54:45.222615 16418 fs_report.cc:389] FS layout report
--------------------
wal directory: /tmp/dist-test-taskSs4eDJ/test-tmp/auto_rebalancer-test.0.AutoRebalancerTest.RangeAwareRebalancesNewRangeReplicas.1780923209321870-16418-0/minicluster-data/master-0-root
metadata directory: /tmp/dist-test-taskSs4eDJ/test-tmp/auto_rebalancer-test.0.AutoRebalancerTest.RangeAwareRebalancesNewRangeReplicas.1780923209321870-16418-0/minicluster-data/master-0-root
1 data directories: /tmp/dist-test-taskSs4eDJ/test-tmp/auto_rebalancer-test.0.AutoRebalancerTest.RangeAwareRebalancesNewRangeReplicas.1780923209321870-16418-0/minicluster-data/master-0-root/data
Total live blocks: 0
Total live bytes: 0
Total live bytes (after alignment): 0
Total number of LBM containers: 0 (0 full)
Did not check for missing blocks
Did not check for orphaned blocks
Total full LBM containers with extra space: 0 (0 repaired)
Total full LBM container extra space in bytes: 0 (0 repaired)
Total incomplete LBM containers: 0 (0 repaired)
Total LBM partial records: 0 (0 repaired)
Total corrupted LBM metadata records in RocksDB: 0 (0 repaired)
I20260608 12:54:45.235755 16418 rpc_server.cc:225] running with OpenSSL 1.1.1  11 Sep 2018
I20260608 12:54:45.236840 16418 kserver.cc:163] Server-wide thread pool size limit: 3276
I20260608 12:54:45.275151 16418 rpc_server.cc:307] RPC server started. Bound to: 127.16.8.190:42799
I20260608 12:54:45.275264 19305 acceptor_pool.cc:272] collecting diagnostics on the listening RPC socket 127.16.8.190:42799 every 8 connection(s)
I20260608 12:54:45.279302 19306 data_dirs.cc:400] Could only allocate 1 dirs of requested 3 for tablet 00000000000000000000000000000000. 1 dirs total, 0 dirs full, 0 dirs failed
I20260608 12:54:45.289538 19306 tablet_bootstrap.cc:492] T 00000000000000000000000000000000 P 921e10a192a94e4e8d891986273eca53: Bootstrap starting.
I20260608 12:54:45.294099 19306 tablet_bootstrap.cc:654] T 00000000000000000000000000000000 P 921e10a192a94e4e8d891986273eca53: Neither blocks nor log segments found. Creating new log.
I20260608 12:54:45.298303 19306 tablet_bootstrap.cc:492] T 00000000000000000000000000000000 P 921e10a192a94e4e8d891986273eca53: No bootstrap required, opened a new log
I20260608 12:54:45.300395 19306 raft_consensus.cc:359] T 00000000000000000000000000000000 P 921e10a192a94e4e8d891986273eca53 [term 0 FOLLOWER]: Replica starting. Triggering 0 pending ops. Active config: opid_index: -1 OBSOLETE_local: true peers { permanent_uuid: "921e10a192a94e4e8d891986273eca53" member_type: VOTER }
I20260608 12:54:45.300767 19306 raft_consensus.cc:385] T 00000000000000000000000000000000 P 921e10a192a94e4e8d891986273eca53 [term 0 FOLLOWER]: Consensus starting up: Expiring failure detector timer to make a prompt election more likely
I20260608 12:54:45.300956 19306 raft_consensus.cc:740] T 00000000000000000000000000000000 P 921e10a192a94e4e8d891986273eca53 [term 0 FOLLOWER]: Becoming Follower/Learner. State: Replica: 921e10a192a94e4e8d891986273eca53, State: Initialized, Role: FOLLOWER
I20260608 12:54:45.301462 19306 consensus_queue.cc:260] T 00000000000000000000000000000000 P 921e10a192a94e4e8d891986273eca53 [NON_LEADER]: Queue going to NON_LEADER mode. State: All replicated index: 0, Majority replicated index: 0, Committed index: 0, Last appended: 0.0, Last appended by leader: 0, Current term: 0, Majority size: -1, State: 0, Mode: NON_LEADER, active raft config: opid_index: -1 OBSOLETE_local: true peers { permanent_uuid: "921e10a192a94e4e8d891986273eca53" member_type: VOTER }
I20260608 12:54:45.301867 19306 raft_consensus.cc:399] T 00000000000000000000000000000000 P 921e10a192a94e4e8d891986273eca53 [term 0 FOLLOWER]: Only one voter in the Raft config. Triggering election immediately
I20260608 12:54:45.302089 19306 raft_consensus.cc:493] T 00000000000000000000000000000000 P 921e10a192a94e4e8d891986273eca53 [term 0 FOLLOWER]: Starting leader election (initial election of a single-replica configuration)
I20260608 12:54:45.302309 19306 raft_consensus.cc:3060] T 00000000000000000000000000000000 P 921e10a192a94e4e8d891986273eca53 [term 0 FOLLOWER]: Advancing to term 1
I20260608 12:54:45.306718 19306 raft_consensus.cc:515] T 00000000000000000000000000000000 P 921e10a192a94e4e8d891986273eca53 [term 1 FOLLOWER]: Starting leader election with config: opid_index: -1 OBSOLETE_local: true peers { permanent_uuid: "921e10a192a94e4e8d891986273eca53" member_type: VOTER }
I20260608 12:54:45.307214 19306 leader_election.cc:304] T 00000000000000000000000000000000 P 921e10a192a94e4e8d891986273eca53 [CANDIDATE]: Term 1 election: Election decided. Result: candidate won. Election summary: received 1 responses out of 1 voters: 1 yes votes; 0 no votes. yes voters: 921e10a192a94e4e8d891986273eca53; no voters: 
I20260608 12:54:45.308331 19306 leader_election.cc:290] T 00000000000000000000000000000000 P 921e10a192a94e4e8d891986273eca53 [CANDIDATE]: Term 1 election: Requested vote from peers 
I20260608 12:54:45.308772 19309 raft_consensus.cc:2804] T 00000000000000000000000000000000 P 921e10a192a94e4e8d891986273eca53 [term 1 FOLLOWER]: Leader election won for term 1
I20260608 12:54:45.310241 19309 raft_consensus.cc:697] T 00000000000000000000000000000000 P 921e10a192a94e4e8d891986273eca53 [term 1 LEADER]: Becoming Leader. State: Replica: 921e10a192a94e4e8d891986273eca53, State: Running, Role: LEADER
I20260608 12:54:45.310864 19309 consensus_queue.cc:237] T 00000000000000000000000000000000 P 921e10a192a94e4e8d891986273eca53 [LEADER]: Queue going to LEADER mode. State: All replicated index: 0, Majority replicated index: 0, Committed index: 0, Last appended: 0.0, Last appended by leader: 0, Current term: 1, Majority size: 1, State: 0, Mode: LEADER, active raft config: opid_index: -1 OBSOLETE_local: true peers { permanent_uuid: "921e10a192a94e4e8d891986273eca53" member_type: VOTER }
I20260608 12:54:45.311511 19306 sys_catalog.cc:565] T 00000000000000000000000000000000 P 921e10a192a94e4e8d891986273eca53 [sys.catalog]: configured and running, proceeding with master startup.
I20260608 12:54:45.313854 19310 sys_catalog.cc:455] T 00000000000000000000000000000000 P 921e10a192a94e4e8d891986273eca53 [sys.catalog]: SysCatalogTable state changed. Reason: RaftConsensus started. Latest consensus state: current_term: 1 leader_uuid: "921e10a192a94e4e8d891986273eca53" committed_config { opid_index: -1 OBSOLETE_local: true peers { permanent_uuid: "921e10a192a94e4e8d891986273eca53" member_type: VOTER } }
I20260608 12:54:45.314622 19310 sys_catalog.cc:458] T 00000000000000000000000000000000 P 921e10a192a94e4e8d891986273eca53 [sys.catalog]: This master's current role is: LEADER
I20260608 12:54:45.314013 19311 sys_catalog.cc:455] T 00000000000000000000000000000000 P 921e10a192a94e4e8d891986273eca53 [sys.catalog]: SysCatalogTable state changed. Reason: New leader 921e10a192a94e4e8d891986273eca53. Latest consensus state: current_term: 1 leader_uuid: "921e10a192a94e4e8d891986273eca53" committed_config { opid_index: -1 OBSOLETE_local: true peers { permanent_uuid: "921e10a192a94e4e8d891986273eca53" member_type: VOTER } }
I20260608 12:54:45.316063 19311 sys_catalog.cc:458] T 00000000000000000000000000000000 P 921e10a192a94e4e8d891986273eca53 [sys.catalog]: This master's current role is: LEADER
I20260608 12:54:45.318356 19315 catalog_manager.cc:1510] Loading table and tablet metadata into memory...
I20260608 12:54:45.326978 19315 catalog_manager.cc:1519] Initializing Kudu cluster ID...
I20260608 12:54:45.327953 16418 internal_mini_cluster.cc:184] Waiting to initialize catalog manager on master 0
I20260608 12:54:45.336565 19315 catalog_manager.cc:1382] Generated new cluster ID: be9dd3be05f44fbb8f19c9a14989c01c
I20260608 12:54:45.336838 19315 catalog_manager.cc:1530] Initializing Kudu internal certificate authority...
I20260608 12:54:45.351799 19315 catalog_manager.cc:1405] Generated new certificate authority record
I20260608 12:54:45.353163 19315 catalog_manager.cc:1539] Loading token signing keys...
I20260608 12:54:45.365324 19315 catalog_manager.cc:6069] T 00000000000000000000000000000000 P 921e10a192a94e4e8d891986273eca53: Generated new TSK 0
I20260608 12:54:45.365965 19315 catalog_manager.cc:1549] Initializing in-progress tserver states...
I20260608 12:54:45.394531 16418 file_cache.cc:492] Constructed file cache file cache with capacity 419430
W20260608 12:54:45.400563 19327 instance_detector.cc:116] could not retrieve AWS instance metadata: Network error: curl error: HTTP response code said error: The requested URL returned error: 404
W20260608 12:54:45.401837 19328 instance_detector.cc:116] could not retrieve Azure instance metadata: Network error: curl error: HTTP response code said error: The requested URL returned error: 404
W20260608 12:54:45.403766 19330 instance_detector.cc:116] could not retrieve OpenStack instance metadata: Network error: curl error: HTTP response code said error: The requested URL returned error: 404
I20260608 12:54:45.403924 16418 server_base.cc:1061] running on GCE node
I20260608 12:54:45.404982 16418 hybrid_clock.cc:584] initializing the hybrid clock with 'system_unsync' time source
W20260608 12:54:45.405169 16418 system_unsync_time.cc:38] NTP support is disabled. Clock error bounds will not be accurate. This configuration is not suitable for distributed clusters.
I20260608 12:54:45.405387 16418 hybrid_clock.cc:648] HybridClock initialized: now 1780923285405367 us; error 0 us; skew 500 ppm
I20260608 12:54:45.406184 16418 server_base.cc:861] Flag tcmalloc_max_total_thread_cache_bytes is not working since tcmalloc is not enabled.
I20260608 12:54:45.408538 16418 webserver.cc:533] Webserver started at http://127.16.8.129:39991/ using document root <none> and password file <none>
I20260608 12:54:45.409024 16418 fs_manager.cc:362] Metadata directory not provided
I20260608 12:54:45.409178 16418 fs_manager.cc:368] Using write-ahead log directory (fs_wal_dir) as metadata directory
I20260608 12:54:45.409399 16418 server_base.cc:909] This appears to be a new deployment of Kudu; creating new FS layout
I20260608 12:54:45.410530 16418 fs_manager.cc:1068] Generated new instance metadata in path /tmp/dist-test-taskSs4eDJ/test-tmp/auto_rebalancer-test.0.AutoRebalancerTest.RangeAwareRebalancesNewRangeReplicas.1780923209321870-16418-0/minicluster-data/ts-0-root/instance:
uuid: "c5bf977deb7c4b029b7ffe1a541c29f1"
format_stamp: "Formatted at 2026-06-08 12:54:45 on dist-test-slave-5x3x"
I20260608 12:54:45.415263 16418 fs_manager.cc:696] Time spent creating directory manager: real 0.004s	user 0.004s	sys 0.000s
I20260608 12:54:45.418774 19335 log_block_manager.cc:4031] Time spent loading block containers with low live blocks: real 0.000s	user 0.000s	sys 0.000s
I20260608 12:54:45.419569 16418 fs_manager.cc:730] Time spent opening block manager: real 0.002s	user 0.002s	sys 0.001s
I20260608 12:54:45.419883 16418 fs_manager.cc:647] Opened local filesystem: /tmp/dist-test-taskSs4eDJ/test-tmp/auto_rebalancer-test.0.AutoRebalancerTest.RangeAwareRebalancesNewRangeReplicas.1780923209321870-16418-0/minicluster-data/ts-0-root
uuid: "c5bf977deb7c4b029b7ffe1a541c29f1"
format_stamp: "Formatted at 2026-06-08 12:54:45 on dist-test-slave-5x3x"
I20260608 12:54:45.420182 16418 fs_report.cc:389] FS layout report
--------------------
wal directory: /tmp/dist-test-taskSs4eDJ/test-tmp/auto_rebalancer-test.0.AutoRebalancerTest.RangeAwareRebalancesNewRangeReplicas.1780923209321870-16418-0/minicluster-data/ts-0-root
metadata directory: /tmp/dist-test-taskSs4eDJ/test-tmp/auto_rebalancer-test.0.AutoRebalancerTest.RangeAwareRebalancesNewRangeReplicas.1780923209321870-16418-0/minicluster-data/ts-0-root
1 data directories: /tmp/dist-test-taskSs4eDJ/test-tmp/auto_rebalancer-test.0.AutoRebalancerTest.RangeAwareRebalancesNewRangeReplicas.1780923209321870-16418-0/minicluster-data/ts-0-root/data
Total live blocks: 0
Total live bytes: 0
Total live bytes (after alignment): 0
Total number of LBM containers: 0 (0 full)
Did not check for missing blocks
Did not check for orphaned blocks
Total full LBM containers with extra space: 0 (0 repaired)
Total full LBM container extra space in bytes: 0 (0 repaired)
Total incomplete LBM containers: 0 (0 repaired)
Total LBM partial records: 0 (0 repaired)
Total corrupted LBM metadata records in RocksDB: 0 (0 repaired)
I20260608 12:54:45.450934 16418 rpc_server.cc:225] running with OpenSSL 1.1.1  11 Sep 2018
I20260608 12:54:45.452206 16418 kserver.cc:163] Server-wide thread pool size limit: 3276
I20260608 12:54:45.453702 16418 txn_system_client.cc:432] TxnSystemClient initialization is disabled...
I20260608 12:54:45.456084 16418 ts_tablet_manager.cc:585] Loaded tablet metadata (0 total tablets, 0 live tablets)
I20260608 12:54:45.456333 16418 ts_tablet_manager.cc:531] Time spent load tablet metadata: real 0.000s	user 0.000s	sys 0.000s
I20260608 12:54:45.456578 16418 ts_tablet_manager.cc:616] Registered 0 tablets
I20260608 12:54:45.456761 16418 ts_tablet_manager.cc:595] Time spent register tablets: real 0.000s	user 0.000s	sys 0.000s
I20260608 12:54:45.495481 16418 rpc_server.cc:307] RPC server started. Bound to: 127.16.8.129:45791
I20260608 12:54:45.495591 19397 acceptor_pool.cc:272] collecting diagnostics on the listening RPC socket 127.16.8.129:45791 every 8 connection(s)
I20260608 12:54:45.500866 16418 file_cache.cc:492] Constructed file cache file cache with capacity 419430
W20260608 12:54:45.508370 19402 instance_detector.cc:116] could not retrieve AWS instance metadata: Network error: curl error: HTTP response code said error: The requested URL returned error: 404
W20260608 12:54:45.508744 19403 instance_detector.cc:116] could not retrieve Azure instance metadata: Network error: curl error: HTTP response code said error: The requested URL returned error: 404
W20260608 12:54:45.511471 19405 instance_detector.cc:116] could not retrieve OpenStack instance metadata: Network error: curl error: HTTP response code said error: The requested URL returned error: 404
I20260608 12:54:45.512615 16418 server_base.cc:1061] running on GCE node
I20260608 12:54:45.513429 19398 heartbeater.cc:344] Connected to a master server at 127.16.8.190:42799
I20260608 12:54:45.513696 16418 hybrid_clock.cc:584] initializing the hybrid clock with 'system_unsync' time source
I20260608 12:54:45.513792 19398 heartbeater.cc:461] Registering TS with master...
W20260608 12:54:45.514052 16418 system_unsync_time.cc:38] NTP support is disabled. Clock error bounds will not be accurate. This configuration is not suitable for distributed clusters.
I20260608 12:54:45.514278 16418 hybrid_clock.cc:648] HybridClock initialized: now 1780923285514260 us; error 0 us; skew 500 ppm
I20260608 12:54:45.514711 19398 heartbeater.cc:507] Master 127.16.8.190:42799 requested a full tablet report, sending...
I20260608 12:54:45.514952 16418 server_base.cc:861] Flag tcmalloc_max_total_thread_cache_bytes is not working since tcmalloc is not enabled.
I20260608 12:54:45.517159 19271 ts_manager.cc:194] Registered new tserver with Master: c5bf977deb7c4b029b7ffe1a541c29f1 (127.16.8.129:45791)
I20260608 12:54:45.517721 16418 webserver.cc:533] Webserver started at http://127.16.8.130:46257/ using document root <none> and password file <none>
I20260608 12:54:45.518342 16418 fs_manager.cc:362] Metadata directory not provided
I20260608 12:54:45.518536 16418 fs_manager.cc:368] Using write-ahead log directory (fs_wal_dir) as metadata directory
I20260608 12:54:45.518821 16418 server_base.cc:909] This appears to be a new deployment of Kudu; creating new FS layout
I20260608 12:54:45.519219 19271 master_service.cc:502] Signed X509 certificate for tserver {username='slave'} at 127.0.0.1:33748
I20260608 12:54:45.519929 16418 fs_manager.cc:1068] Generated new instance metadata in path /tmp/dist-test-taskSs4eDJ/test-tmp/auto_rebalancer-test.0.AutoRebalancerTest.RangeAwareRebalancesNewRangeReplicas.1780923209321870-16418-0/minicluster-data/ts-1-root/instance:
uuid: "ad1ac39c0a114d3bacb748128bc368b4"
format_stamp: "Formatted at 2026-06-08 12:54:45 on dist-test-slave-5x3x"
I20260608 12:54:45.527469 16418 fs_manager.cc:696] Time spent creating directory manager: real 0.007s	user 0.005s	sys 0.003s
I20260608 12:54:45.531324 19410 log_block_manager.cc:4031] Time spent loading block containers with low live blocks: real 0.000s	user 0.000s	sys 0.000s
I20260608 12:54:45.532045 16418 fs_manager.cc:730] Time spent opening block manager: real 0.002s	user 0.003s	sys 0.000s
I20260608 12:54:45.532356 16418 fs_manager.cc:647] Opened local filesystem: /tmp/dist-test-taskSs4eDJ/test-tmp/auto_rebalancer-test.0.AutoRebalancerTest.RangeAwareRebalancesNewRangeReplicas.1780923209321870-16418-0/minicluster-data/ts-1-root
uuid: "ad1ac39c0a114d3bacb748128bc368b4"
format_stamp: "Formatted at 2026-06-08 12:54:45 on dist-test-slave-5x3x"
I20260608 12:54:45.532687 16418 fs_report.cc:389] FS layout report
--------------------
wal directory: /tmp/dist-test-taskSs4eDJ/test-tmp/auto_rebalancer-test.0.AutoRebalancerTest.RangeAwareRebalancesNewRangeReplicas.1780923209321870-16418-0/minicluster-data/ts-1-root
metadata directory: /tmp/dist-test-taskSs4eDJ/test-tmp/auto_rebalancer-test.0.AutoRebalancerTest.RangeAwareRebalancesNewRangeReplicas.1780923209321870-16418-0/minicluster-data/ts-1-root
1 data directories: /tmp/dist-test-taskSs4eDJ/test-tmp/auto_rebalancer-test.0.AutoRebalancerTest.RangeAwareRebalancesNewRangeReplicas.1780923209321870-16418-0/minicluster-data/ts-1-root/data
Total live blocks: 0
Total live bytes: 0
Total live bytes (after alignment): 0
Total number of LBM containers: 0 (0 full)
Did not check for missing blocks
Did not check for orphaned blocks
Total full LBM containers with extra space: 0 (0 repaired)
Total full LBM container extra space in bytes: 0 (0 repaired)
Total incomplete LBM containers: 0 (0 repaired)
Total LBM partial records: 0 (0 repaired)
Total corrupted LBM metadata records in RocksDB: 0 (0 repaired)
I20260608 12:54:45.550261 16418 rpc_server.cc:225] running with OpenSSL 1.1.1  11 Sep 2018
I20260608 12:54:45.551369 16418 kserver.cc:163] Server-wide thread pool size limit: 3276
I20260608 12:54:45.552893 16418 txn_system_client.cc:432] TxnSystemClient initialization is disabled...
I20260608 12:54:45.555419 16418 ts_tablet_manager.cc:585] Loaded tablet metadata (0 total tablets, 0 live tablets)
I20260608 12:54:45.555656 16418 ts_tablet_manager.cc:531] Time spent load tablet metadata: real 0.000s	user 0.000s	sys 0.000s
I20260608 12:54:45.555903 16418 ts_tablet_manager.cc:616] Registered 0 tablets
I20260608 12:54:45.556080 16418 ts_tablet_manager.cc:595] Time spent register tablets: real 0.000s	user 0.000s	sys 0.000s
I20260608 12:54:45.594834 16418 rpc_server.cc:307] RPC server started. Bound to: 127.16.8.130:33877
I20260608 12:54:45.594976 19472 acceptor_pool.cc:272] collecting diagnostics on the listening RPC socket 127.16.8.130:33877 every 8 connection(s)
I20260608 12:54:45.599961 16418 file_cache.cc:492] Constructed file cache file cache with capacity 419430
W20260608 12:54:45.611238 19476 instance_detector.cc:116] could not retrieve AWS instance metadata: Network error: curl error: HTTP response code said error: The requested URL returned error: 404
W20260608 12:54:45.611374 19479 instance_detector.cc:116] could not retrieve OpenStack instance metadata: Network error: curl error: HTTP response code said error: The requested URL returned error: 404
W20260608 12:54:45.611414 19477 instance_detector.cc:116] could not retrieve Azure instance metadata: Network error: curl error: HTTP response code said error: The requested URL returned error: 404
I20260608 12:54:45.612102 19473 heartbeater.cc:344] Connected to a master server at 127.16.8.190:42799
I20260608 12:54:45.612599 19473 heartbeater.cc:461] Registering TS with master...
I20260608 12:54:45.612583 16418 server_base.cc:1061] running on GCE node
I20260608 12:54:45.613799 19473 heartbeater.cc:507] Master 127.16.8.190:42799 requested a full tablet report, sending...
I20260608 12:54:45.613879 16418 hybrid_clock.cc:584] initializing the hybrid clock with 'system_unsync' time source
W20260608 12:54:45.614295 16418 system_unsync_time.cc:38] NTP support is disabled. Clock error bounds will not be accurate. This configuration is not suitable for distributed clusters.
I20260608 12:54:45.614523 16418 hybrid_clock.cc:648] HybridClock initialized: now 1780923285614499 us; error 0 us; skew 500 ppm
I20260608 12:54:45.615242 16418 server_base.cc:861] Flag tcmalloc_max_total_thread_cache_bytes is not working since tcmalloc is not enabled.
I20260608 12:54:45.616325 19271 ts_manager.cc:194] Registered new tserver with Master: ad1ac39c0a114d3bacb748128bc368b4 (127.16.8.130:33877)
I20260608 12:54:45.617795 16418 webserver.cc:533] Webserver started at http://127.16.8.131:40133/ using document root <none> and password file <none>
I20260608 12:54:45.618086 19271 master_service.cc:502] Signed X509 certificate for tserver {username='slave'} at 127.0.0.1:33754
I20260608 12:54:45.618435 16418 fs_manager.cc:362] Metadata directory not provided
I20260608 12:54:45.618680 16418 fs_manager.cc:368] Using write-ahead log directory (fs_wal_dir) as metadata directory
I20260608 12:54:45.618952 16418 server_base.cc:909] This appears to be a new deployment of Kudu; creating new FS layout
I20260608 12:54:45.620381 16418 fs_manager.cc:1068] Generated new instance metadata in path /tmp/dist-test-taskSs4eDJ/test-tmp/auto_rebalancer-test.0.AutoRebalancerTest.RangeAwareRebalancesNewRangeReplicas.1780923209321870-16418-0/minicluster-data/ts-2-root/instance:
uuid: "90e170706cca4ad2b1d1640cf1b29b1a"
format_stamp: "Formatted at 2026-06-08 12:54:45 on dist-test-slave-5x3x"
I20260608 12:54:45.625660 16418 fs_manager.cc:696] Time spent creating directory manager: real 0.005s	user 0.007s	sys 0.000s
I20260608 12:54:45.629078 19484 log_block_manager.cc:4031] Time spent loading block containers with low live blocks: real 0.000s	user 0.000s	sys 0.000s
I20260608 12:54:45.629894 16418 fs_manager.cc:730] Time spent opening block manager: real 0.002s	user 0.002s	sys 0.000s
I20260608 12:54:45.630220 16418 fs_manager.cc:647] Opened local filesystem: /tmp/dist-test-taskSs4eDJ/test-tmp/auto_rebalancer-test.0.AutoRebalancerTest.RangeAwareRebalancesNewRangeReplicas.1780923209321870-16418-0/minicluster-data/ts-2-root
uuid: "90e170706cca4ad2b1d1640cf1b29b1a"
format_stamp: "Formatted at 2026-06-08 12:54:45 on dist-test-slave-5x3x"
I20260608 12:54:45.630510 16418 fs_report.cc:389] FS layout report
--------------------
wal directory: /tmp/dist-test-taskSs4eDJ/test-tmp/auto_rebalancer-test.0.AutoRebalancerTest.RangeAwareRebalancesNewRangeReplicas.1780923209321870-16418-0/minicluster-data/ts-2-root
metadata directory: /tmp/dist-test-taskSs4eDJ/test-tmp/auto_rebalancer-test.0.AutoRebalancerTest.RangeAwareRebalancesNewRangeReplicas.1780923209321870-16418-0/minicluster-data/ts-2-root
1 data directories: /tmp/dist-test-taskSs4eDJ/test-tmp/auto_rebalancer-test.0.AutoRebalancerTest.RangeAwareRebalancesNewRangeReplicas.1780923209321870-16418-0/minicluster-data/ts-2-root/data
Total live blocks: 0
Total live bytes: 0
Total live bytes (after alignment): 0
Total number of LBM containers: 0 (0 full)
Did not check for missing blocks
Did not check for orphaned blocks
Total full LBM containers with extra space: 0 (0 repaired)
Total full LBM container extra space in bytes: 0 (0 repaired)
Total incomplete LBM containers: 0 (0 repaired)
Total LBM partial records: 0 (0 repaired)
Total corrupted LBM metadata records in RocksDB: 0 (0 repaired)
I20260608 12:54:45.645922 16418 rpc_server.cc:225] running with OpenSSL 1.1.1  11 Sep 2018
I20260608 12:54:45.647012 16418 kserver.cc:163] Server-wide thread pool size limit: 3276
I20260608 12:54:45.648396 16418 txn_system_client.cc:432] TxnSystemClient initialization is disabled...
I20260608 12:54:45.650686 16418 ts_tablet_manager.cc:585] Loaded tablet metadata (0 total tablets, 0 live tablets)
I20260608 12:54:45.650921 16418 ts_tablet_manager.cc:531] Time spent load tablet metadata: real 0.000s	user 0.000s	sys 0.000s
I20260608 12:54:45.651165 16418 ts_tablet_manager.cc:616] Registered 0 tablets
I20260608 12:54:45.651343 16418 ts_tablet_manager.cc:595] Time spent register tablets: real 0.000s	user 0.000s	sys 0.000s
I20260608 12:54:45.689985 16418 rpc_server.cc:307] RPC server started. Bound to: 127.16.8.131:38263
I20260608 12:54:45.690191 19546 acceptor_pool.cc:272] collecting diagnostics on the listening RPC socket 127.16.8.131:38263 every 8 connection(s)
I20260608 12:54:45.704394 19547 heartbeater.cc:344] Connected to a master server at 127.16.8.190:42799
I20260608 12:54:45.704830 19547 heartbeater.cc:461] Registering TS with master...
I20260608 12:54:45.705595 19547 heartbeater.cc:507] Master 127.16.8.190:42799 requested a full tablet report, sending...
I20260608 12:54:45.707620 19271 ts_manager.cc:194] Registered new tserver with Master: 90e170706cca4ad2b1d1640cf1b29b1a (127.16.8.131:38263)
I20260608 12:54:45.708173 16418 internal_mini_cluster.cc:371] 3 TS(s) registered with all masters after 0.014643256s
I20260608 12:54:45.709432 19271 master_service.cc:502] Signed X509 certificate for tserver {username='slave'} at 127.0.0.1:33764
I20260608 12:54:46.522049 19398 heartbeater.cc:499] Master 127.16.8.190:42799 was elected leader, sending a full tablet report...
I20260608 12:54:46.621024 19473 heartbeater.cc:499] Master 127.16.8.190:42799 was elected leader, sending a full tablet report...
I20260608 12:54:46.712466 19547 heartbeater.cc:499] Master 127.16.8.190:42799 was elected leader, sending a full tablet report...
I20260608 12:54:46.763350 19271 catalog_manager.cc:2282] Servicing CreateTable request from {username='slave'} at 127.0.0.1:33770:
name: "range_aware_rebalance_new_range"
schema {
  columns {
    name: "key"
    type: INT32
    is_key: true
    is_nullable: false
    encoding: AUTO_ENCODING
    compression: DEFAULT_COMPRESSION
    cfile_block_size: 0
    immutable: false
  }
}
num_replicas: 3
split_rows_range_bounds {
  rows: "\006\001\000\000\000\000\007\001\n\000\000\000""\006\001\000\000\000\000\007\001\n\000\000\000"
  indirect_data: """"
}
partition_schema {
  hash_schema {
    columns {
      name: "key"
    }
    num_buckets: 8
    seed: 0
  }
  range_schema {
    columns {
      name: "key"
    }
  }
}
W20260608 12:54:46.765414 19271 catalog_manager.cc:7076] The number of live tablet servers is not enough to re-replicate a tablet replica of the newly created table range_aware_rebalance_new_range in case of a server failure: 4 tablet servers would be needed, 3 are available. Consider bringing up more tablet servers.
I20260608 12:54:46.822643 19438 tablet_service.cc:1511] Processing CreateTablet for tablet 57a726ea7432434f9d297053593ea487 (DEFAULT_TABLE table=range_aware_rebalance_new_range [id=1fad5aad5dfa4d5caf00a52fbef9a8fb]), partition=HASH (key) PARTITION 0, RANGE (key) PARTITION 0 <= VALUES < 10
I20260608 12:54:46.823598 19436 tablet_service.cc:1511] Processing CreateTablet for tablet 5fb402948a0c45849ebefc0551e98845 (DEFAULT_TABLE table=range_aware_rebalance_new_range [id=1fad5aad5dfa4d5caf00a52fbef9a8fb]), partition=HASH (key) PARTITION 2, RANGE (key) PARTITION 0 <= VALUES < 10
I20260608 12:54:46.824404 19438 data_dirs.cc:400] Could only allocate 1 dirs of requested 3 for tablet 57a726ea7432434f9d297053593ea487. 1 dirs total, 0 dirs full, 0 dirs failed
I20260608 12:54:46.825227 19436 data_dirs.cc:400] Could only allocate 1 dirs of requested 3 for tablet 5fb402948a0c45849ebefc0551e98845. 1 dirs total, 0 dirs full, 0 dirs failed
I20260608 12:54:46.826110 19435 tablet_service.cc:1511] Processing CreateTablet for tablet 947de56d40724802baf363b237e24b21 (DEFAULT_TABLE table=range_aware_rebalance_new_range [id=1fad5aad5dfa4d5caf00a52fbef9a8fb]), partition=HASH (key) PARTITION 3, RANGE (key) PARTITION 0 <= VALUES < 10
I20260608 12:54:46.827620 19435 data_dirs.cc:400] Could only allocate 1 dirs of requested 3 for tablet 947de56d40724802baf363b237e24b21. 1 dirs total, 0 dirs full, 0 dirs failed
I20260608 12:54:46.829658 19434 tablet_service.cc:1511] Processing CreateTablet for tablet 807bac6881b647ccac1913e1563db35e (DEFAULT_TABLE table=range_aware_rebalance_new_range [id=1fad5aad5dfa4d5caf00a52fbef9a8fb]), partition=HASH (key) PARTITION 4, RANGE (key) PARTITION 0 <= VALUES < 10
I20260608 12:54:46.827152 19437 tablet_service.cc:1511] Processing CreateTablet for tablet f6403ec92023471ea0f449d33d3a722a (DEFAULT_TABLE table=range_aware_rebalance_new_range [id=1fad5aad5dfa4d5caf00a52fbef9a8fb]), partition=HASH (key) PARTITION 1, RANGE (key) PARTITION 0 <= VALUES < 10
I20260608 12:54:46.831724 19437 data_dirs.cc:400] Could only allocate 1 dirs of requested 3 for tablet f6403ec92023471ea0f449d33d3a722a. 1 dirs total, 0 dirs full, 0 dirs failed
I20260608 12:54:46.834713 19433 tablet_service.cc:1511] Processing CreateTablet for tablet ecce9758fb674934b22703b400c5b222 (DEFAULT_TABLE table=range_aware_rebalance_new_range [id=1fad5aad5dfa4d5caf00a52fbef9a8fb]), partition=HASH (key) PARTITION 5, RANGE (key) PARTITION 0 <= VALUES < 10
I20260608 12:54:46.836483 19433 data_dirs.cc:400] Could only allocate 1 dirs of requested 3 for tablet ecce9758fb674934b22703b400c5b222. 1 dirs total, 0 dirs full, 0 dirs failed
I20260608 12:54:46.838266 19434 data_dirs.cc:400] Could only allocate 1 dirs of requested 3 for tablet 807bac6881b647ccac1913e1563db35e. 1 dirs total, 0 dirs full, 0 dirs failed
I20260608 12:54:46.849143 19432 tablet_service.cc:1511] Processing CreateTablet for tablet 38bf022003c1479aa8c865ee882399f2 (DEFAULT_TABLE table=range_aware_rebalance_new_range [id=1fad5aad5dfa4d5caf00a52fbef9a8fb]), partition=HASH (key) PARTITION 6, RANGE (key) PARTITION 0 <= VALUES < 10
I20260608 12:54:46.850729 19432 data_dirs.cc:400] Could only allocate 1 dirs of requested 3 for tablet 38bf022003c1479aa8c865ee882399f2. 1 dirs total, 0 dirs full, 0 dirs failed
I20260608 12:54:46.852480 19363 tablet_service.cc:1511] Processing CreateTablet for tablet 57a726ea7432434f9d297053593ea487 (DEFAULT_TABLE table=range_aware_rebalance_new_range [id=1fad5aad5dfa4d5caf00a52fbef9a8fb]), partition=HASH (key) PARTITION 0, RANGE (key) PARTITION 0 <= VALUES < 10
I20260608 12:54:46.853533 19358 tablet_service.cc:1511] Processing CreateTablet for tablet ecce9758fb674934b22703b400c5b222 (DEFAULT_TABLE table=range_aware_rebalance_new_range [id=1fad5aad5dfa4d5caf00a52fbef9a8fb]), partition=HASH (key) PARTITION 5, RANGE (key) PARTITION 0 <= VALUES < 10
I20260608 12:54:46.855118 19362 tablet_service.cc:1511] Processing CreateTablet for tablet f6403ec92023471ea0f449d33d3a722a (DEFAULT_TABLE table=range_aware_rebalance_new_range [id=1fad5aad5dfa4d5caf00a52fbef9a8fb]), partition=HASH (key) PARTITION 1, RANGE (key) PARTITION 0 <= VALUES < 10
I20260608 12:54:46.857147 19357 tablet_service.cc:1511] Processing CreateTablet for tablet 38bf022003c1479aa8c865ee882399f2 (DEFAULT_TABLE table=range_aware_rebalance_new_range [id=1fad5aad5dfa4d5caf00a52fbef9a8fb]), partition=HASH (key) PARTITION 6, RANGE (key) PARTITION 0 <= VALUES < 10
I20260608 12:54:46.857476 19361 tablet_service.cc:1511] Processing CreateTablet for tablet 5fb402948a0c45849ebefc0551e98845 (DEFAULT_TABLE table=range_aware_rebalance_new_range [id=1fad5aad5dfa4d5caf00a52fbef9a8fb]), partition=HASH (key) PARTITION 2, RANGE (key) PARTITION 0 <= VALUES < 10
I20260608 12:54:46.858389 19356 tablet_service.cc:1511] Processing CreateTablet for tablet 9023b7d2718242d6900f685b31e23e48 (DEFAULT_TABLE table=range_aware_rebalance_new_range [id=1fad5aad5dfa4d5caf00a52fbef9a8fb]), partition=HASH (key) PARTITION 7, RANGE (key) PARTITION 0 <= VALUES < 10
I20260608 12:54:46.859825 19360 tablet_service.cc:1511] Processing CreateTablet for tablet 947de56d40724802baf363b237e24b21 (DEFAULT_TABLE table=range_aware_rebalance_new_range [id=1fad5aad5dfa4d5caf00a52fbef9a8fb]), partition=HASH (key) PARTITION 3, RANGE (key) PARTITION 0 <= VALUES < 10
I20260608 12:54:46.860147 19431 tablet_service.cc:1511] Processing CreateTablet for tablet 9023b7d2718242d6900f685b31e23e48 (DEFAULT_TABLE table=range_aware_rebalance_new_range [id=1fad5aad5dfa4d5caf00a52fbef9a8fb]), partition=HASH (key) PARTITION 7, RANGE (key) PARTITION 0 <= VALUES < 10
I20260608 12:54:46.861670 19431 data_dirs.cc:400] Could only allocate 1 dirs of requested 3 for tablet 9023b7d2718242d6900f685b31e23e48. 1 dirs total, 0 dirs full, 0 dirs failed
I20260608 12:54:46.861508 19359 tablet_service.cc:1511] Processing CreateTablet for tablet 807bac6881b647ccac1913e1563db35e (DEFAULT_TABLE table=range_aware_rebalance_new_range [id=1fad5aad5dfa4d5caf00a52fbef9a8fb]), partition=HASH (key) PARTITION 4, RANGE (key) PARTITION 0 <= VALUES < 10
