I20260608 12:53:35.660415 17865 ts_tablet_manager.cc:1434] T de261b8ea35e42089e5486432bed245d P 193d4928e1294fd1aa95c550d86d1eda: Time spent starting tablet: real 0.020s	user 0.005s	sys 0.007s
I20260608 12:53:35.660851 17864 tablet_bootstrap.cc:492] T de261b8ea35e42089e5486432bed245d P a254097ed7f84e4c8f850f56981b7cec: No bootstrap required, opened a new log
I20260608 12:53:35.661423 17864 ts_tablet_manager.cc:1403] T de261b8ea35e42089e5486432bed245d P a254097ed7f84e4c8f850f56981b7cec: Time spent bootstrapping tablet: real 0.018s	user 0.014s	sys 0.003s
I20260608 12:53:35.662081 17865 tablet_bootstrap.cc:492] T 3855d3fab8a24e8cb13d9cae8ed3d25c P 193d4928e1294fd1aa95c550d86d1eda: Bootstrap starting.
I20260608 12:53:35.663198 17863 raft_consensus.cc:359] T b38dcea7c7a74e06ba11b90c2991d6f9 P 079e6830dc9748909eac456ce6ac2f90 [term 0 FOLLOWER]: Replica starting. Triggering 0 pending ops. Active config: opid_index: -1 OBSOLETE_local: false peers { permanent_uuid: "079e6830dc9748909eac456ce6ac2f90" member_type: VOTER last_known_addr { host: "127.16.153.129" port: 44967 } } peers { permanent_uuid: "a254097ed7f84e4c8f850f56981b7cec" member_type: VOTER last_known_addr { host: "127.16.153.130" port: 34019 } } peers { permanent_uuid: "193d4928e1294fd1aa95c550d86d1eda" member_type: VOTER last_known_addr { host: "127.16.153.131" port: 36185 } }
I20260608 12:53:35.663991 17863 raft_consensus.cc:385] T b38dcea7c7a74e06ba11b90c2991d6f9 P 079e6830dc9748909eac456ce6ac2f90 [term 0 FOLLOWER]: Consensus starting up: Expiring failure detector timer to make a prompt election more likely
I20260608 12:53:35.664346 17863 raft_consensus.cc:740] T b38dcea7c7a74e06ba11b90c2991d6f9 P 079e6830dc9748909eac456ce6ac2f90 [term 0 FOLLOWER]: Becoming Follower/Learner. State: Replica: 079e6830dc9748909eac456ce6ac2f90, State: Initialized, Role: FOLLOWER
I20260608 12:53:35.664280 17864 raft_consensus.cc:359] T de261b8ea35e42089e5486432bed245d P a254097ed7f84e4c8f850f56981b7cec [term 0 FOLLOWER]: Replica starting. Triggering 0 pending ops. Active config: opid_index: -1 OBSOLETE_local: false peers { permanent_uuid: "079e6830dc9748909eac456ce6ac2f90" member_type: VOTER last_known_addr { host: "127.16.153.129" port: 44967 } } peers { permanent_uuid: "a254097ed7f84e4c8f850f56981b7cec" member_type: VOTER last_known_addr { host: "127.16.153.130" port: 34019 } } peers { permanent_uuid: "193d4928e1294fd1aa95c550d86d1eda" member_type: VOTER last_known_addr { host: "127.16.153.131" port: 36185 } }
I20260608 12:53:35.665117 17864 raft_consensus.cc:385] T de261b8ea35e42089e5486432bed245d P a254097ed7f84e4c8f850f56981b7cec [term 0 FOLLOWER]: Consensus starting up: Expiring failure detector timer to make a prompt election more likely
I20260608 12:53:35.665484 17864 raft_consensus.cc:740] T de261b8ea35e42089e5486432bed245d P a254097ed7f84e4c8f850f56981b7cec [term 0 FOLLOWER]: Becoming Follower/Learner. State: Replica: a254097ed7f84e4c8f850f56981b7cec, State: Initialized, Role: FOLLOWER
I20260608 12:53:35.665446 17863 consensus_queue.cc:260] T b38dcea7c7a74e06ba11b90c2991d6f9 P 079e6830dc9748909eac456ce6ac2f90 [NON_LEADER]: Queue going to NON_LEADER mode. State: All replicated index: 0, Majority replicated index: 0, Committed index: 0, Last appended: 0.0, Last appended by leader: 0, Current term: 0, Majority size: -1, State: 0, Mode: NON_LEADER, active raft config: opid_index: -1 OBSOLETE_local: false peers { permanent_uuid: "079e6830dc9748909eac456ce6ac2f90" member_type: VOTER last_known_addr { host: "127.16.153.129" port: 44967 } } peers { permanent_uuid: "a254097ed7f84e4c8f850f56981b7cec" member_type: VOTER last_known_addr { host: "127.16.153.130" port: 34019 } } peers { permanent_uuid: "193d4928e1294fd1aa95c550d86d1eda" member_type: VOTER last_known_addr { host: "127.16.153.131" port: 36185 } }
I20260608 12:53:35.666445 17864 consensus_queue.cc:260] T de261b8ea35e42089e5486432bed245d P a254097ed7f84e4c8f850f56981b7cec [NON_LEADER]: Queue going to NON_LEADER mode. State: All replicated index: 0, Majority replicated index: 0, Committed index: 0, Last appended: 0.0, Last appended by leader: 0, Current term: 0, Majority size: -1, State: 0, Mode: NON_LEADER, active raft config: opid_index: -1 OBSOLETE_local: false peers { permanent_uuid: "079e6830dc9748909eac456ce6ac2f90" member_type: VOTER last_known_addr { host: "127.16.153.129" port: 44967 } } peers { permanent_uuid: "a254097ed7f84e4c8f850f56981b7cec" member_type: VOTER last_known_addr { host: "127.16.153.130" port: 34019 } } peers { permanent_uuid: "193d4928e1294fd1aa95c550d86d1eda" member_type: VOTER last_known_addr { host: "127.16.153.131" port: 36185 } }
I20260608 12:53:35.668615 17864 ts_tablet_manager.cc:1434] T de261b8ea35e42089e5486432bed245d P a254097ed7f84e4c8f850f56981b7cec: Time spent starting tablet: real 0.007s	user 0.001s	sys 0.004s
I20260608 12:53:35.670600 17864 tablet_bootstrap.cc:492] T f80c946f011b4b5f9f0e559ca447ab7c P a254097ed7f84e4c8f850f56981b7cec: Bootstrap starting.
I20260608 12:53:35.670565 17863 ts_tablet_manager.cc:1434] T b38dcea7c7a74e06ba11b90c2991d6f9 P 079e6830dc9748909eac456ce6ac2f90: Time spent starting tablet: real 0.010s	user 0.006s	sys 0.000s
I20260608 12:53:35.671948 17863 tablet_bootstrap.cc:492] T f80c946f011b4b5f9f0e559ca447ab7c P 079e6830dc9748909eac456ce6ac2f90: Bootstrap starting.
I20260608 12:53:35.677614 17864 tablet_bootstrap.cc:654] T f80c946f011b4b5f9f0e559ca447ab7c P a254097ed7f84e4c8f850f56981b7cec: Neither blocks nor log segments found. Creating new log.
I20260608 12:53:35.677983 17863 tablet_bootstrap.cc:654] T f80c946f011b4b5f9f0e559ca447ab7c P 079e6830dc9748909eac456ce6ac2f90: Neither blocks nor log segments found. Creating new log.
I20260608 12:53:35.678695 17865 tablet_bootstrap.cc:654] T 3855d3fab8a24e8cb13d9cae8ed3d25c P 193d4928e1294fd1aa95c550d86d1eda: Neither blocks nor log segments found. Creating new log.
I20260608 12:53:35.687237 17869 raft_consensus.cc:493] T 2e1acccfc2294e339104d8fd672cfcaf P 079e6830dc9748909eac456ce6ac2f90 [term 0 FOLLOWER]: Starting pre-election (no leader contacted us within the election timeout)
I20260608 12:53:35.687916 17869 raft_consensus.cc:515] T 2e1acccfc2294e339104d8fd672cfcaf P 079e6830dc9748909eac456ce6ac2f90 [term 0 FOLLOWER]: Starting pre-election with config: opid_index: -1 OBSOLETE_local: false peers { permanent_uuid: "079e6830dc9748909eac456ce6ac2f90" member_type: VOTER last_known_addr { host: "127.16.153.129" port: 44967 } } peers { permanent_uuid: "193d4928e1294fd1aa95c550d86d1eda" member_type: VOTER last_known_addr { host: "127.16.153.131" port: 36185 } } peers { permanent_uuid: "a254097ed7f84e4c8f850f56981b7cec" member_type: VOTER last_known_addr { host: "127.16.153.130" port: 34019 } }
I20260608 12:53:35.690698 17865 tablet_bootstrap.cc:492] T 3855d3fab8a24e8cb13d9cae8ed3d25c P 193d4928e1294fd1aa95c550d86d1eda: No bootstrap required, opened a new log
I20260608 12:53:35.691183 17865 ts_tablet_manager.cc:1403] T 3855d3fab8a24e8cb13d9cae8ed3d25c P 193d4928e1294fd1aa95c550d86d1eda: Time spent bootstrapping tablet: real 0.029s	user 0.001s	sys 0.015s
I20260608 12:53:35.694343 17865 raft_consensus.cc:359] T 3855d3fab8a24e8cb13d9cae8ed3d25c P 193d4928e1294fd1aa95c550d86d1eda [term 0 FOLLOWER]: Replica starting. Triggering 0 pending ops. Active config: opid_index: -1 OBSOLETE_local: false peers { permanent_uuid: "079e6830dc9748909eac456ce6ac2f90" member_type: VOTER last_known_addr { host: "127.16.153.129" port: 44967 } } peers { permanent_uuid: "a254097ed7f84e4c8f850f56981b7cec" member_type: VOTER last_known_addr { host: "127.16.153.130" port: 34019 } } peers { permanent_uuid: "193d4928e1294fd1aa95c550d86d1eda" member_type: VOTER last_known_addr { host: "127.16.153.131" port: 36185 } }
I20260608 12:53:35.695084 17865 raft_consensus.cc:385] T 3855d3fab8a24e8cb13d9cae8ed3d25c P 193d4928e1294fd1aa95c550d86d1eda [term 0 FOLLOWER]: Consensus starting up: Expiring failure detector timer to make a prompt election more likely
I20260608 12:53:35.695338 17865 raft_consensus.cc:740] T 3855d3fab8a24e8cb13d9cae8ed3d25c P 193d4928e1294fd1aa95c550d86d1eda [term 0 FOLLOWER]: Becoming Follower/Learner. State: Replica: 193d4928e1294fd1aa95c550d86d1eda, State: Initialized, Role: FOLLOWER
I20260608 12:53:35.695971 17865 consensus_queue.cc:260] T 3855d3fab8a24e8cb13d9cae8ed3d25c P 193d4928e1294fd1aa95c550d86d1eda [NON_LEADER]: Queue going to NON_LEADER mode. State: All replicated index: 0, Majority replicated index: 0, Committed index: 0, Last appended: 0.0, Last appended by leader: 0, Current term: 0, Majority size: -1, State: 0, Mode: NON_LEADER, active raft config: opid_index: -1 OBSOLETE_local: false peers { permanent_uuid: "079e6830dc9748909eac456ce6ac2f90" member_type: VOTER last_known_addr { host: "127.16.153.129" port: 44967 } } peers { permanent_uuid: "a254097ed7f84e4c8f850f56981b7cec" member_type: VOTER last_known_addr { host: "127.16.153.130" port: 34019 } } peers { permanent_uuid: "193d4928e1294fd1aa95c550d86d1eda" member_type: VOTER last_known_addr { host: "127.16.153.131" port: 36185 } }
I20260608 12:53:35.698017 17865 ts_tablet_manager.cc:1434] T 3855d3fab8a24e8cb13d9cae8ed3d25c P 193d4928e1294fd1aa95c550d86d1eda: Time spent starting tablet: real 0.007s	user 0.006s	sys 0.002s
I20260608 12:53:35.699046 17865 tablet_bootstrap.cc:492] T f80c946f011b4b5f9f0e559ca447ab7c P 193d4928e1294fd1aa95c550d86d1eda: Bootstrap starting.
I20260608 12:53:35.699158 17869 leader_election.cc:290] T 2e1acccfc2294e339104d8fd672cfcaf P 079e6830dc9748909eac456ce6ac2f90 [CANDIDATE]: Term 1 pre-election: Requested pre-vote from peers 193d4928e1294fd1aa95c550d86d1eda (127.16.153.131:36185), a254097ed7f84e4c8f850f56981b7cec (127.16.153.130:34019)
I20260608 12:53:35.702064 17863 tablet_bootstrap.cc:492] T f80c946f011b4b5f9f0e559ca447ab7c P 079e6830dc9748909eac456ce6ac2f90: No bootstrap required, opened a new log
I20260608 12:53:35.703436 17863 ts_tablet_manager.cc:1403] T f80c946f011b4b5f9f0e559ca447ab7c P 079e6830dc9748909eac456ce6ac2f90: Time spent bootstrapping tablet: real 0.032s	user 0.011s	sys 0.004s
I20260608 12:53:35.707131 17865 tablet_bootstrap.cc:654] T f80c946f011b4b5f9f0e559ca447ab7c P 193d4928e1294fd1aa95c550d86d1eda: Neither blocks nor log segments found. Creating new log.
I20260608 12:53:35.708184 17863 raft_consensus.cc:359] T f80c946f011b4b5f9f0e559ca447ab7c P 079e6830dc9748909eac456ce6ac2f90 [term 0 FOLLOWER]: Replica starting. Triggering 0 pending ops. Active config: opid_index: -1 OBSOLETE_local: false peers { permanent_uuid: "079e6830dc9748909eac456ce6ac2f90" member_type: VOTER last_known_addr { host: "127.16.153.129" port: 44967 } } peers { permanent_uuid: "a254097ed7f84e4c8f850f56981b7cec" member_type: VOTER last_known_addr { host: "127.16.153.130" port: 34019 } } peers { permanent_uuid: "193d4928e1294fd1aa95c550d86d1eda" member_type: VOTER last_known_addr { host: "127.16.153.131" port: 36185 } }
I20260608 12:53:35.719931 17863 raft_consensus.cc:385] T f80c946f011b4b5f9f0e559ca447ab7c P 079e6830dc9748909eac456ce6ac2f90 [term 0 FOLLOWER]: Consensus starting up: Expiring failure detector timer to make a prompt election more likely
I20260608 12:53:35.720259 17863 raft_consensus.cc:740] T f80c946f011b4b5f9f0e559ca447ab7c P 079e6830dc9748909eac456ce6ac2f90 [term 0 FOLLOWER]: Becoming Follower/Learner. State: Replica: 079e6830dc9748909eac456ce6ac2f90, State: Initialized, Role: FOLLOWER
I20260608 12:53:35.716185 17865 tablet_bootstrap.cc:492] T f80c946f011b4b5f9f0e559ca447ab7c P 193d4928e1294fd1aa95c550d86d1eda: No bootstrap required, opened a new log
I20260608 12:53:35.716320 17864 tablet_bootstrap.cc:492] T f80c946f011b4b5f9f0e559ca447ab7c P a254097ed7f84e4c8f850f56981b7cec: No bootstrap required, opened a new log
I20260608 12:53:35.721053 17865 ts_tablet_manager.cc:1403] T f80c946f011b4b5f9f0e559ca447ab7c P 193d4928e1294fd1aa95c550d86d1eda: Time spent bootstrapping tablet: real 0.022s	user 0.014s	sys 0.001s
I20260608 12:53:35.721148 17864 ts_tablet_manager.cc:1403] T f80c946f011b4b5f9f0e559ca447ab7c P a254097ed7f84e4c8f850f56981b7cec: Time spent bootstrapping tablet: real 0.051s	user 0.016s	sys 0.029s
I20260608 12:53:35.721688 17818 tablet_service.cc:1917] Received RequestConsensusVote() RPC: tablet_id: "2e1acccfc2294e339104d8fd672cfcaf" candidate_uuid: "079e6830dc9748909eac456ce6ac2f90" candidate_term: 1 candidate_status { last_received { term: 0 index: 0 } } ignore_live_leader: false dest_uuid: "193d4928e1294fd1aa95c550d86d1eda" is_pre_election: true
I20260608 12:53:35.721160 17863 consensus_queue.cc:260] T f80c946f011b4b5f9f0e559ca447ab7c P 079e6830dc9748909eac456ce6ac2f90 [NON_LEADER]: Queue going to NON_LEADER mode. State: All replicated index: 0, Majority replicated index: 0, Committed index: 0, Last appended: 0.0, Last appended by leader: 0, Current term: 0, Majority size: -1, State: 0, Mode: NON_LEADER, active raft config: opid_index: -1 OBSOLETE_local: false peers { permanent_uuid: "079e6830dc9748909eac456ce6ac2f90" member_type: VOTER last_known_addr { host: "127.16.153.129" port: 44967 } } peers { permanent_uuid: "a254097ed7f84e4c8f850f56981b7cec" member_type: VOTER last_known_addr { host: "127.16.153.130" port: 34019 } } peers { permanent_uuid: "193d4928e1294fd1aa95c550d86d1eda" member_type: VOTER last_known_addr { host: "127.16.153.131" port: 36185 } }
W20260608 12:53:35.723348 17635 leader_election.cc:343] T 2e1acccfc2294e339104d8fd672cfcaf P 079e6830dc9748909eac456ce6ac2f90 [CANDIDATE]: Term 1 pre-election: Tablet error from VoteRequest() call to peer 193d4928e1294fd1aa95c550d86d1eda (127.16.153.131:36185): Illegal state: must be running to vote when last-logged opid is not known
I20260608 12:53:35.724782 17863 ts_tablet_manager.cc:1434] T f80c946f011b4b5f9f0e559ca447ab7c P 079e6830dc9748909eac456ce6ac2f90: Time spent starting tablet: real 0.020s	user 0.005s	sys 0.004s
I20260608 12:53:35.724602 17864 raft_consensus.cc:359] T f80c946f011b4b5f9f0e559ca447ab7c P a254097ed7f84e4c8f850f56981b7cec [term 0 FOLLOWER]: Replica starting. Triggering 0 pending ops. Active config: opid_index: -1 OBSOLETE_local: false peers { permanent_uuid: "079e6830dc9748909eac456ce6ac2f90" member_type: VOTER last_known_addr { host: "127.16.153.129" port: 44967 } } peers { permanent_uuid: "a254097ed7f84e4c8f850f56981b7cec" member_type: VOTER last_known_addr { host: "127.16.153.130" port: 34019 } } peers { permanent_uuid: "193d4928e1294fd1aa95c550d86d1eda" member_type: VOTER last_known_addr { host: "127.16.153.131" port: 36185 } }
I20260608 12:53:35.725396 17864 raft_consensus.cc:385] T f80c946f011b4b5f9f0e559ca447ab7c P a254097ed7f84e4c8f850f56981b7cec [term 0 FOLLOWER]: Consensus starting up: Expiring failure detector timer to make a prompt election more likely
I20260608 12:53:35.725832 17863 tablet_bootstrap.cc:492] T 3a4d55a8b32347d1a0e0368386068184 P 079e6830dc9748909eac456ce6ac2f90: Bootstrap starting.
I20260608 12:53:35.725740 17864 raft_consensus.cc:740] T f80c946f011b4b5f9f0e559ca447ab7c P a254097ed7f84e4c8f850f56981b7cec [term 0 FOLLOWER]: Becoming Follower/Learner. State: Replica: a254097ed7f84e4c8f850f56981b7cec, State: Initialized, Role: FOLLOWER
I20260608 12:53:35.726701 17864 consensus_queue.cc:260] T f80c946f011b4b5f9f0e559ca447ab7c P a254097ed7f84e4c8f850f56981b7cec [NON_LEADER]: Queue going to NON_LEADER mode. State: All replicated index: 0, Majority replicated index: 0, Committed index: 0, Last appended: 0.0, Last appended by leader: 0, Current term: 0, Majority size: -1, State: 0, Mode: NON_LEADER, active raft config: opid_index: -1 OBSOLETE_local: false peers { permanent_uuid: "079e6830dc9748909eac456ce6ac2f90" member_type: VOTER last_known_addr { host: "127.16.153.129" port: 44967 } } peers { permanent_uuid: "a254097ed7f84e4c8f850f56981b7cec" member_type: VOTER last_known_addr { host: "127.16.153.130" port: 34019 } } peers { permanent_uuid: "193d4928e1294fd1aa95c550d86d1eda" member_type: VOTER last_known_addr { host: "127.16.153.131" port: 36185 } }
I20260608 12:53:35.730597 17864 ts_tablet_manager.cc:1434] T f80c946f011b4b5f9f0e559ca447ab7c P a254097ed7f84e4c8f850f56981b7cec: Time spent starting tablet: real 0.009s	user 0.006s	sys 0.000s
I20260608 12:53:35.731640 17864 tablet_bootstrap.cc:492] T cd59bbfc9c0b46ae827b5116073f8217 P a254097ed7f84e4c8f850f56981b7cec: Bootstrap starting.
I20260608 12:53:35.732956 17863 tablet_bootstrap.cc:654] T 3a4d55a8b32347d1a0e0368386068184 P 079e6830dc9748909eac456ce6ac2f90: Neither blocks nor log segments found. Creating new log.
I20260608 12:53:35.728447 17865 raft_consensus.cc:359] T f80c946f011b4b5f9f0e559ca447ab7c P 193d4928e1294fd1aa95c550d86d1eda [term 0 FOLLOWER]: Replica starting. Triggering 0 pending ops. Active config: opid_index: -1 OBSOLETE_local: false peers { permanent_uuid: "079e6830dc9748909eac456ce6ac2f90" member_type: VOTER last_known_addr { host: "127.16.153.129" port: 44967 } } peers { permanent_uuid: "a254097ed7f84e4c8f850f56981b7cec" member_type: VOTER last_known_addr { host: "127.16.153.130" port: 34019 } } peers { permanent_uuid: "193d4928e1294fd1aa95c550d86d1eda" member_type: VOTER last_known_addr { host: "127.16.153.131" port: 36185 } }
I20260608 12:53:35.734150 17865 raft_consensus.cc:385] T f80c946f011b4b5f9f0e559ca447ab7c P 193d4928e1294fd1aa95c550d86d1eda [term 0 FOLLOWER]: Consensus starting up: Expiring failure detector timer to make a prompt election more likely
I20260608 12:53:35.734498 17865 raft_consensus.cc:740] T f80c946f011b4b5f9f0e559ca447ab7c P 193d4928e1294fd1aa95c550d86d1eda [term 0 FOLLOWER]: Becoming Follower/Learner. State: Replica: 193d4928e1294fd1aa95c550d86d1eda, State: Initialized, Role: FOLLOWER
I20260608 12:53:35.735329 17865 consensus_queue.cc:260] T f80c946f011b4b5f9f0e559ca447ab7c P 193d4928e1294fd1aa95c550d86d1eda [NON_LEADER]: Queue going to NON_LEADER mode. State: All replicated index: 0, Majority replicated index: 0, Committed index: 0, Last appended: 0.0, Last appended by leader: 0, Current term: 0, Majority size: -1, State: 0, Mode: NON_LEADER, active raft config: opid_index: -1 OBSOLETE_local: false peers { permanent_uuid: "079e6830dc9748909eac456ce6ac2f90" member_type: VOTER last_known_addr { host: "127.16.153.129" port: 44967 } } peers { permanent_uuid: "a254097ed7f84e4c8f850f56981b7cec" member_type: VOTER last_known_addr { host: "127.16.153.130" port: 34019 } } peers { permanent_uuid: "193d4928e1294fd1aa95c550d86d1eda" member_type: VOTER last_known_addr { host: "127.16.153.131" port: 36185 } }
I20260608 12:53:35.741811 17865 ts_tablet_manager.cc:1434] T f80c946f011b4b5f9f0e559ca447ab7c P 193d4928e1294fd1aa95c550d86d1eda: Time spent starting tablet: real 0.020s	user 0.006s	sys 0.001s
I20260608 12:53:35.737900 17864 tablet_bootstrap.cc:654] T cd59bbfc9c0b46ae827b5116073f8217 P a254097ed7f84e4c8f850f56981b7cec: Neither blocks nor log segments found. Creating new log.
I20260608 12:53:35.742969 17865 tablet_bootstrap.cc:492] T 2e1acccfc2294e339104d8fd672cfcaf P 193d4928e1294fd1aa95c550d86d1eda: Bootstrap starting.
I20260608 12:53:35.745298 17863 tablet_bootstrap.cc:492] T 3a4d55a8b32347d1a0e0368386068184 P 079e6830dc9748909eac456ce6ac2f90: No bootstrap required, opened a new log
I20260608 12:53:35.745827 17863 ts_tablet_manager.cc:1403] T 3a4d55a8b32347d1a0e0368386068184 P 079e6830dc9748909eac456ce6ac2f90: Time spent bootstrapping tablet: real 0.020s	user 0.014s	sys 0.003s
I20260608 12:53:35.745970 17744 tablet_service.cc:1917] Received RequestConsensusVote() RPC: tablet_id: "2e1acccfc2294e339104d8fd672cfcaf" candidate_uuid: "079e6830dc9748909eac456ce6ac2f90" candidate_term: 1 candidate_status { last_received { term: 0 index: 0 } } ignore_live_leader: false dest_uuid: "a254097ed7f84e4c8f850f56981b7cec" is_pre_election: true
I20260608 12:53:35.746709 17744 raft_consensus.cc:2468] T 2e1acccfc2294e339104d8fd672cfcaf P a254097ed7f84e4c8f850f56981b7cec [term 0 FOLLOWER]: Leader pre-election vote request: Granting yes vote for candidate 079e6830dc9748909eac456ce6ac2f90 in term 0.
I20260608 12:53:35.748989 17863 raft_consensus.cc:359] T 3a4d55a8b32347d1a0e0368386068184 P 079e6830dc9748909eac456ce6ac2f90 [term 0 FOLLOWER]: Replica starting. Triggering 0 pending ops. Active config: opid_index: -1 OBSOLETE_local: false peers { permanent_uuid: "079e6830dc9748909eac456ce6ac2f90" member_type: VOTER last_known_addr { host: "127.16.153.129" port: 44967 } } peers { permanent_uuid: "a254097ed7f84e4c8f850f56981b7cec" member_type: VOTER last_known_addr { host: "127.16.153.130" port: 34019 } } peers { permanent_uuid: "193d4928e1294fd1aa95c550d86d1eda" member_type: VOTER last_known_addr { host: "127.16.153.131" port: 36185 } }
I20260608 12:53:35.749948 17863 raft_consensus.cc:385] T 3a4d55a8b32347d1a0e0368386068184 P 079e6830dc9748909eac456ce6ac2f90 [term 0 FOLLOWER]: Consensus starting up: Expiring failure detector timer to make a prompt election more likely
I20260608 12:53:35.750342 17863 raft_consensus.cc:740] T 3a4d55a8b32347d1a0e0368386068184 P 079e6830dc9748909eac456ce6ac2f90 [term 0 FOLLOWER]: Becoming Follower/Learner. State: Replica: 079e6830dc9748909eac456ce6ac2f90, State: Initialized, Role: FOLLOWER
I20260608 12:53:35.750241 17634 leader_election.cc:304] T 2e1acccfc2294e339104d8fd672cfcaf P 079e6830dc9748909eac456ce6ac2f90 [CANDIDATE]: Term 1 pre-election: Election decided. Result: candidate won. Election summary: received 3 responses out of 3 voters: 2 yes votes; 1 no votes. yes voters: 079e6830dc9748909eac456ce6ac2f90, a254097ed7f84e4c8f850f56981b7cec; no voters: 193d4928e1294fd1aa95c550d86d1eda
I20260608 12:53:35.751240 17869 raft_consensus.cc:2804] T 2e1acccfc2294e339104d8fd672cfcaf P 079e6830dc9748909eac456ce6ac2f90 [term 0 FOLLOWER]: Leader pre-election won for term 1
I20260608 12:53:35.751422 17865 tablet_bootstrap.cc:654] T 2e1acccfc2294e339104d8fd672cfcaf P 193d4928e1294fd1aa95c550d86d1eda: Neither blocks nor log segments found. Creating new log.
I20260608 12:53:35.751642 17869 raft_consensus.cc:493] T 2e1acccfc2294e339104d8fd672cfcaf P 079e6830dc9748909eac456ce6ac2f90 [term 0 FOLLOWER]: Starting leader election (no leader contacted us within the election timeout)
I20260608 12:53:35.752112 17869 raft_consensus.cc:3060] T 2e1acccfc2294e339104d8fd672cfcaf P 079e6830dc9748909eac456ce6ac2f90 [term 0 FOLLOWER]: Advancing to term 1
I20260608 12:53:35.759572 17869 raft_consensus.cc:515] T 2e1acccfc2294e339104d8fd672cfcaf P 079e6830dc9748909eac456ce6ac2f90 [term 1 FOLLOWER]: Starting leader election with config: opid_index: -1 OBSOLETE_local: false peers { permanent_uuid: "079e6830dc9748909eac456ce6ac2f90" member_type: VOTER last_known_addr { host: "127.16.153.129" port: 44967 } } peers { permanent_uuid: "193d4928e1294fd1aa95c550d86d1eda" member_type: VOTER last_known_addr { host: "127.16.153.131" port: 36185 } } peers { permanent_uuid: "a254097ed7f84e4c8f850f56981b7cec" member_type: VOTER last_known_addr { host: "127.16.153.130" port: 34019 } }
I20260608 12:53:35.762327 17818 tablet_service.cc:1917] Received RequestConsensusVote() RPC: tablet_id: "2e1acccfc2294e339104d8fd672cfcaf" candidate_uuid: "079e6830dc9748909eac456ce6ac2f90" candidate_term: 1 candidate_status { last_received { term: 0 index: 0 } } ignore_live_leader: false dest_uuid: "193d4928e1294fd1aa95c550d86d1eda"
I20260608 12:53:35.762287 17863 consensus_queue.cc:260] T 3a4d55a8b32347d1a0e0368386068184 P 079e6830dc9748909eac456ce6ac2f90 [NON_LEADER]: Queue going to NON_LEADER mode. State: All replicated index: 0, Majority replicated index: 0, Committed index: 0, Last appended: 0.0, Last appended by leader: 0, Current term: 0, Majority size: -1, State: 0, Mode: NON_LEADER, active raft config: opid_index: -1 OBSOLETE_local: false peers { permanent_uuid: "079e6830dc9748909eac456ce6ac2f90" member_type: VOTER last_known_addr { host: "127.16.153.129" port: 44967 } } peers { permanent_uuid: "a254097ed7f84e4c8f850f56981b7cec" member_type: VOTER last_known_addr { host: "127.16.153.130" port: 34019 } } peers { permanent_uuid: "193d4928e1294fd1aa95c550d86d1eda" member_type: VOTER last_known_addr { host: "127.16.153.131" port: 36185 } }
W20260608 12:53:35.763942 17635 leader_election.cc:343] T 2e1acccfc2294e339104d8fd672cfcaf P 079e6830dc9748909eac456ce6ac2f90 [CANDIDATE]: Term 1 election: Tablet error from VoteRequest() call to peer 193d4928e1294fd1aa95c550d86d1eda (127.16.153.131:36185): Illegal state: must be running to vote when last-logged opid is not known
I20260608 12:53:35.765949 17869 leader_election.cc:290] T 2e1acccfc2294e339104d8fd672cfcaf P 079e6830dc9748909eac456ce6ac2f90 [CANDIDATE]: Term 1 election: Requested vote from peers 193d4928e1294fd1aa95c550d86d1eda (127.16.153.131:36185), a254097ed7f84e4c8f850f56981b7cec (127.16.153.130:34019)
I20260608 12:53:35.766139 17744 tablet_service.cc:1917] Received RequestConsensusVote() RPC: tablet_id: "2e1acccfc2294e339104d8fd672cfcaf" candidate_uuid: "079e6830dc9748909eac456ce6ac2f90" candidate_term: 1 candidate_status { last_received { term: 0 index: 0 } } ignore_live_leader: false dest_uuid: "a254097ed7f84e4c8f850f56981b7cec"
I20260608 12:53:35.766683 17744 raft_consensus.cc:3060] T 2e1acccfc2294e339104d8fd672cfcaf P a254097ed7f84e4c8f850f56981b7cec [term 0 FOLLOWER]: Advancing to term 1
I20260608 12:53:35.776858 17744 raft_consensus.cc:2468] T 2e1acccfc2294e339104d8fd672cfcaf P a254097ed7f84e4c8f850f56981b7cec [term 1 FOLLOWER]: Leader election vote request: Granting yes vote for candidate 079e6830dc9748909eac456ce6ac2f90 in term 1.
I20260608 12:53:35.787266 17634 leader_election.cc:304] T 2e1acccfc2294e339104d8fd672cfcaf P 079e6830dc9748909eac456ce6ac2f90 [CANDIDATE]: Term 1 election: Election decided. Result: candidate won. Election summary: received 3 responses out of 3 voters: 2 yes votes; 1 no votes. yes voters: 079e6830dc9748909eac456ce6ac2f90, a254097ed7f84e4c8f850f56981b7cec; no voters: 193d4928e1294fd1aa95c550d86d1eda
I20260608 12:53:35.788337 17869 raft_consensus.cc:2804] T 2e1acccfc2294e339104d8fd672cfcaf P 079e6830dc9748909eac456ce6ac2f90 [term 1 FOLLOWER]: Leader election won for term 1
I20260608 12:53:35.788802 17869 raft_consensus.cc:697] T 2e1acccfc2294e339104d8fd672cfcaf P 079e6830dc9748909eac456ce6ac2f90 [term 1 LEADER]: Becoming Leader. State: Replica: 079e6830dc9748909eac456ce6ac2f90, State: Running, Role: LEADER
I20260608 12:53:35.789669 17869 consensus_queue.cc:237] T 2e1acccfc2294e339104d8fd672cfcaf P 079e6830dc9748909eac456ce6ac2f90 [LEADER]: Queue going to LEADER mode. State: All replicated index: 0, Majority replicated index: 0, Committed index: 0, Last appended: 0.0, Last appended by leader: 0, Current term: 1, Majority size: 2, State: 0, Mode: LEADER, active raft config: opid_index: -1 OBSOLETE_local: false peers { permanent_uuid: "079e6830dc9748909eac456ce6ac2f90" member_type: VOTER last_known_addr { host: "127.16.153.129" port: 44967 } } peers { permanent_uuid: "193d4928e1294fd1aa95c550d86d1eda" member_type: VOTER last_known_addr { host: "127.16.153.131" port: 36185 } } peers { permanent_uuid: "a254097ed7f84e4c8f850f56981b7cec" member_type: VOTER last_known_addr { host: "127.16.153.130" port: 34019 } }
I20260608 12:53:35.791320 17873 raft_consensus.cc:493] T f80c946f011b4b5f9f0e559ca447ab7c P 193d4928e1294fd1aa95c550d86d1eda [term 0 FOLLOWER]: Starting pre-election (no leader contacted us within the election timeout)
I20260608 12:53:35.792101 17865 tablet_bootstrap.cc:492] T 2e1acccfc2294e339104d8fd672cfcaf P 193d4928e1294fd1aa95c550d86d1eda: No bootstrap required, opened a new log
I20260608 12:53:35.791889 17873 raft_consensus.cc:515] T f80c946f011b4b5f9f0e559ca447ab7c P 193d4928e1294fd1aa95c550d86d1eda [term 0 FOLLOWER]: Starting pre-election with config: opid_index: -1 OBSOLETE_local: false peers { permanent_uuid: "079e6830dc9748909eac456ce6ac2f90" member_type: VOTER last_known_addr { host: "127.16.153.129" port: 44967 } } peers { permanent_uuid: "a254097ed7f84e4c8f850f56981b7cec" member_type: VOTER last_known_addr { host: "127.16.153.130" port: 34019 } } peers { permanent_uuid: "193d4928e1294fd1aa95c550d86d1eda" member_type: VOTER last_known_addr { host: "127.16.153.131" port: 36185 } }
I20260608 12:53:35.792618 17865 ts_tablet_manager.cc:1403] T 2e1acccfc2294e339104d8fd672cfcaf P 193d4928e1294fd1aa95c550d86d1eda: Time spent bootstrapping tablet: real 0.050s	user 0.024s	sys 0.023s
I20260608 12:53:35.794893 17863 ts_tablet_manager.cc:1434] T 3a4d55a8b32347d1a0e0368386068184 P 079e6830dc9748909eac456ce6ac2f90: Time spent starting tablet: real 0.049s	user 0.018s	sys 0.008s
I20260608 12:53:35.795958 17863 tablet_bootstrap.cc:492] T 3855d3fab8a24e8cb13d9cae8ed3d25c P 079e6830dc9748909eac456ce6ac2f90: Bootstrap starting.
I20260608 12:53:35.795959 17865 raft_consensus.cc:359] T 2e1acccfc2294e339104d8fd672cfcaf P 193d4928e1294fd1aa95c550d86d1eda [term 0 FOLLOWER]: Replica starting. Triggering 0 pending ops. Active config: opid_index: -1 OBSOLETE_local: false peers { permanent_uuid: "079e6830dc9748909eac456ce6ac2f90" member_type: VOTER last_known_addr { host: "127.16.153.129" port: 44967 } } peers { permanent_uuid: "193d4928e1294fd1aa95c550d86d1eda" member_type: VOTER last_known_addr { host: "127.16.153.131" port: 36185 } } peers { permanent_uuid: "a254097ed7f84e4c8f850f56981b7cec" member_type: VOTER last_known_addr { host: "127.16.153.130" port: 34019 } }
I20260608 12:53:35.797315 17865 raft_consensus.cc:385] T 2e1acccfc2294e339104d8fd672cfcaf P 193d4928e1294fd1aa95c550d86d1eda [term 0 FOLLOWER]: Consensus starting up: Expiring failure detector timer to make a prompt election more likely
I20260608 12:53:35.797909 17865 raft_consensus.cc:740] T 2e1acccfc2294e339104d8fd672cfcaf P 193d4928e1294fd1aa95c550d86d1eda [term 0 FOLLOWER]: Becoming Follower/Learner. State: Replica: 193d4928e1294fd1aa95c550d86d1eda, State: Initialized, Role: FOLLOWER
I20260608 12:53:35.798956 17865 consensus_queue.cc:260] T 2e1acccfc2294e339104d8fd672cfcaf P 193d4928e1294fd1aa95c550d86d1eda [NON_LEADER]: Queue going to NON_LEADER mode. State: All replicated index: 0, Majority replicated index: 0, Committed index: 0, Last appended: 0.0, Last appended by leader: 0, Current term: 0, Majority size: -1, State: 0, Mode: NON_LEADER, active raft config: opid_index: -1 OBSOLETE_local: false peers { permanent_uuid: "079e6830dc9748909eac456ce6ac2f90" member_type: VOTER last_known_addr { host: "127.16.153.129" port: 44967 } } peers { permanent_uuid: "193d4928e1294fd1aa95c550d86d1eda" member_type: VOTER last_known_addr { host: "127.16.153.131" port: 36185 } } peers { permanent_uuid: "a254097ed7f84e4c8f850f56981b7cec" member_type: VOTER last_known_addr { host: "127.16.153.130" port: 34019 } }
I20260608 12:53:35.802973 17873 leader_election.cc:290] T f80c946f011b4b5f9f0e559ca447ab7c P 193d4928e1294fd1aa95c550d86d1eda [CANDIDATE]: Term 1 pre-election: Requested pre-vote from peers 079e6830dc9748909eac456ce6ac2f90 (127.16.153.129:44967), a254097ed7f84e4c8f850f56981b7cec (127.16.153.130:34019)
I20260608 12:53:35.804039 17863 tablet_bootstrap.cc:654] T 3855d3fab8a24e8cb13d9cae8ed3d25c P 079e6830dc9748909eac456ce6ac2f90: Neither blocks nor log segments found. Creating new log.
I20260608 12:53:35.808945 17564 catalog_manager.cc:5696] T 2e1acccfc2294e339104d8fd672cfcaf P 079e6830dc9748909eac456ce6ac2f90 reported cstate change: term changed from 0 to 1, leader changed from <none> to 079e6830dc9748909eac456ce6ac2f90 (127.16.153.129). New cstate: current_term: 1 leader_uuid: "079e6830dc9748909eac456ce6ac2f90" committed_config { opid_index: -1 OBSOLETE_local: false peers { permanent_uuid: "079e6830dc9748909eac456ce6ac2f90" member_type: VOTER last_known_addr { host: "127.16.153.129" port: 44967 } health_report { overall_health: HEALTHY } } peers { permanent_uuid: "193d4928e1294fd1aa95c550d86d1eda" member_type: VOTER last_known_addr { host: "127.16.153.131" port: 36185 } health_report { overall_health: UNKNOWN } } peers { permanent_uuid: "a254097ed7f84e4c8f850f56981b7cec" member_type: VOTER last_known_addr { host: "127.16.153.130" port: 34019 } health_report { overall_health: UNKNOWN } } }
I20260608 12:53:35.811908 17865 ts_tablet_manager.cc:1434] T 2e1acccfc2294e339104d8fd672cfcaf P 193d4928e1294fd1aa95c550d86d1eda: Time spent starting tablet: real 0.019s	user 0.010s	sys 0.005s
I20260608 12:53:35.813300 17865 tablet_bootstrap.cc:492] T b38dcea7c7a74e06ba11b90c2991d6f9 P 193d4928e1294fd1aa95c550d86d1eda: Bootstrap starting.
I20260608 12:53:35.817924 17864 tablet_bootstrap.cc:492] T cd59bbfc9c0b46ae827b5116073f8217 P a254097ed7f84e4c8f850f56981b7cec: No bootstrap required, opened a new log
I20260608 12:53:35.821714 17864 ts_tablet_manager.cc:1403] T cd59bbfc9c0b46ae827b5116073f8217 P a254097ed7f84e4c8f850f56981b7cec: Time spent bootstrapping tablet: real 0.090s	user 0.021s	sys 0.035s
I20260608 12:53:35.820815 17865 tablet_bootstrap.cc:654] T b38dcea7c7a74e06ba11b90c2991d6f9 P 193d4928e1294fd1aa95c550d86d1eda: Neither blocks nor log segments found. Creating new log.
I20260608 12:53:35.832859 17864 raft_consensus.cc:359] T cd59bbfc9c0b46ae827b5116073f8217 P a254097ed7f84e4c8f850f56981b7cec [term 0 FOLLOWER]: Replica starting. Triggering 0 pending ops. Active config: opid_index: -1 OBSOLETE_local: false peers { permanent_uuid: "079e6830dc9748909eac456ce6ac2f90" member_type: VOTER last_known_addr { host: "127.16.153.129" port: 44967 } } peers { permanent_uuid: "a254097ed7f84e4c8f850f56981b7cec" member_type: VOTER last_known_addr { host: "127.16.153.130" port: 34019 } } peers { permanent_uuid: "193d4928e1294fd1aa95c550d86d1eda" member_type: VOTER last_known_addr { host: "127.16.153.131" port: 36185 } }
I20260608 12:53:35.833621 17864 raft_consensus.cc:385] T cd59bbfc9c0b46ae827b5116073f8217 P a254097ed7f84e4c8f850f56981b7cec [term 0 FOLLOWER]: Consensus starting up: Expiring failure detector timer to make a prompt election more likely
I20260608 12:53:35.833935 17864 raft_consensus.cc:740] T cd59bbfc9c0b46ae827b5116073f8217 P a254097ed7f84e4c8f850f56981b7cec [term 0 FOLLOWER]: Becoming Follower/Learner. State: Replica: a254097ed7f84e4c8f850f56981b7cec, State: Initialized, Role: FOLLOWER
I20260608 12:53:35.834712 17864 consensus_queue.cc:260] T cd59bbfc9c0b46ae827b5116073f8217 P a254097ed7f84e4c8f850f56981b7cec [NON_LEADER]: Queue going to NON_LEADER mode. State: All replicated index: 0, Majority replicated index: 0, Committed index: 0, Last appended: 0.0, Last appended by leader: 0, Current term: 0, Majority size: -1, State: 0, Mode: NON_LEADER, active raft config: opid_index: -1 OBSOLETE_local: false peers { permanent_uuid: "079e6830dc9748909eac456ce6ac2f90" member_type: VOTER last_known_addr { host: "127.16.153.129" port: 44967 } } peers { permanent_uuid: "a254097ed7f84e4c8f850f56981b7cec" member_type: VOTER last_known_addr { host: "127.16.153.130" port: 34019 } } peers { permanent_uuid: "193d4928e1294fd1aa95c550d86d1eda" member_type: VOTER last_known_addr { host: "127.16.153.131" port: 36185 } }
I20260608 12:53:35.835608 17869 raft_consensus.cc:493] T 3a4d55a8b32347d1a0e0368386068184 P 079e6830dc9748909eac456ce6ac2f90 [term 0 FOLLOWER]: Starting pre-election (no leader contacted us within the election timeout)
I20260608 12:53:35.836141 17869 raft_consensus.cc:515] T 3a4d55a8b32347d1a0e0368386068184 P 079e6830dc9748909eac456ce6ac2f90 [term 0 FOLLOWER]: Starting pre-election with config: opid_index: -1 OBSOLETE_local: false peers { permanent_uuid: "079e6830dc9748909eac456ce6ac2f90" member_type: VOTER last_known_addr { host: "127.16.153.129" port: 44967 } } peers { permanent_uuid: "a254097ed7f84e4c8f850f56981b7cec" member_type: VOTER last_known_addr { host: "127.16.153.130" port: 34019 } } peers { permanent_uuid: "193d4928e1294fd1aa95c550d86d1eda" member_type: VOTER last_known_addr { host: "127.16.153.131" port: 36185 } }
I20260608 12:53:35.836994 17864 ts_tablet_manager.cc:1434] T cd59bbfc9c0b46ae827b5116073f8217 P a254097ed7f84e4c8f850f56981b7cec: Time spent starting tablet: real 0.015s	user 0.004s	sys 0.000s
I20260608 12:53:35.838089 17864 tablet_bootstrap.cc:492] T b38dcea7c7a74e06ba11b90c2991d6f9 P a254097ed7f84e4c8f850f56981b7cec: Bootstrap starting.
I20260608 12:53:35.842077 17744 tablet_service.cc:1917] Received RequestConsensusVote() RPC: tablet_id: "3a4d55a8b32347d1a0e0368386068184" candidate_uuid: "079e6830dc9748909eac456ce6ac2f90" candidate_term: 1 candidate_status { last_received { term: 0 index: 0 } } ignore_live_leader: false dest_uuid: "a254097ed7f84e4c8f850f56981b7cec" is_pre_election: true
I20260608 12:53:35.844796 17864 tablet_bootstrap.cc:654] T b38dcea7c7a74e06ba11b90c2991d6f9 P a254097ed7f84e4c8f850f56981b7cec: Neither blocks nor log segments found. Creating new log.
W20260608 12:53:35.847084 17634 leader_election.cc:343] T 3a4d55a8b32347d1a0e0368386068184 P 079e6830dc9748909eac456ce6ac2f90 [CANDIDATE]: Term 1 pre-election: Tablet error from VoteRequest() call to peer a254097ed7f84e4c8f850f56981b7cec (127.16.153.130:34019): Illegal state: must be running to vote when last-logged opid is not known
I20260608 12:53:35.850574 17869 leader_election.cc:290] T 3a4d55a8b32347d1a0e0368386068184 P 079e6830dc9748909eac456ce6ac2f90 [CANDIDATE]: Term 1 pre-election: Requested pre-vote from peers a254097ed7f84e4c8f850f56981b7cec (127.16.153.130:34019), 193d4928e1294fd1aa95c550d86d1eda (127.16.153.131:36185)
I20260608 12:53:35.855082 17818 tablet_service.cc:1917] Received RequestConsensusVote() RPC: tablet_id: "3a4d55a8b32347d1a0e0368386068184" candidate_uuid: "079e6830dc9748909eac456ce6ac2f90" candidate_term: 1 candidate_status { last_received { term: 0 index: 0 } } ignore_live_leader: false dest_uuid: "193d4928e1294fd1aa95c550d86d1eda" is_pre_election: true
W20260608 12:53:35.857569 17635 leader_election.cc:343] T 3a4d55a8b32347d1a0e0368386068184 P 079e6830dc9748909eac456ce6ac2f90 [CANDIDATE]: Term 1 pre-election: Tablet error from VoteRequest() call to peer 193d4928e1294fd1aa95c550d86d1eda (127.16.153.131:36185): Illegal state: must be running to vote when last-logged opid is not known
I20260608 12:53:35.858038 17635 leader_election.cc:304] T 3a4d55a8b32347d1a0e0368386068184 P 079e6830dc9748909eac456ce6ac2f90 [CANDIDATE]: Term 1 pre-election: Election decided. Result: candidate lost. Election summary: received 3 responses out of 3 voters: 1 yes votes; 2 no votes. yes voters: 079e6830dc9748909eac456ce6ac2f90; no voters: 193d4928e1294fd1aa95c550d86d1eda, a254097ed7f84e4c8f850f56981b7cec
I20260608 12:53:35.863312 17863 tablet_bootstrap.cc:492] T 3855d3fab8a24e8cb13d9cae8ed3d25c P 079e6830dc9748909eac456ce6ac2f90: No bootstrap required, opened a new log
I20260608 12:53:35.863940 17863 ts_tablet_manager.cc:1403] T 3855d3fab8a24e8cb13d9cae8ed3d25c P 079e6830dc9748909eac456ce6ac2f90: Time spent bootstrapping tablet: real 0.068s	user 0.023s	sys 0.039s
I20260608 12:53:35.864665 17869 raft_consensus.cc:2749] T 3a4d55a8b32347d1a0e0368386068184 P 079e6830dc9748909eac456ce6ac2f90 [term 0 FOLLOWER]: Leader pre-election lost for term 1. Reason: could not achieve majority
I20260608 12:53:35.865715 17865 tablet_bootstrap.cc:492] T b38dcea7c7a74e06ba11b90c2991d6f9 P 193d4928e1294fd1aa95c550d86d1eda: No bootstrap required, opened a new log
I20260608 12:53:35.866345 17865 ts_tablet_manager.cc:1403] T b38dcea7c7a74e06ba11b90c2991d6f9 P 193d4928e1294fd1aa95c550d86d1eda: Time spent bootstrapping tablet: real 0.053s	user 0.012s	sys 0.001s
I20260608 12:53:35.867204 17863 raft_consensus.cc:359] T 3855d3fab8a24e8cb13d9cae8ed3d25c P 079e6830dc9748909eac456ce6ac2f90 [term 0 FOLLOWER]: Replica starting. Triggering 0 pending ops. Active config: opid_index: -1 OBSOLETE_local: false peers { permanent_uuid: "079e6830dc9748909eac456ce6ac2f90" member_type: VOTER last_known_addr { host: "127.16.153.129" port: 44967 } } peers { permanent_uuid: "a254097ed7f84e4c8f850f56981b7cec" member_type: VOTER last_known_addr { host: "127.16.153.130" port: 34019 } } peers { permanent_uuid: "193d4928e1294fd1aa95c550d86d1eda" member_type: VOTER last_known_addr { host: "127.16.153.131" port: 36185 } }
I20260608 12:53:35.868096 17863 raft_consensus.cc:385] T 3855d3fab8a24e8cb13d9cae8ed3d25c P 079e6830dc9748909eac456ce6ac2f90 [term 0 FOLLOWER]: Consensus starting up: Expiring failure detector timer to make a prompt election more likely
I20260608 12:53:35.868446 17863 raft_consensus.cc:740] T 3855d3fab8a24e8cb13d9cae8ed3d25c P 079e6830dc9748909eac456ce6ac2f90 [term 0 FOLLOWER]: Becoming Follower/Learner. State: Replica: 079e6830dc9748909eac456ce6ac2f90, State: Initialized, Role: FOLLOWER
I20260608 12:53:35.869261 17863 consensus_queue.cc:260] T 3855d3fab8a24e8cb13d9cae8ed3d25c P 079e6830dc9748909eac456ce6ac2f90 [NON_LEADER]: Queue going to NON_LEADER mode. State: All replicated index: 0, Majority replicated index: 0, Committed index: 0, Last appended: 0.0, Last appended by leader: 0, Current term: 0, Majority size: -1, State: 0, Mode: NON_LEADER, active raft config: opid_index: -1 OBSOLETE_local: false peers { permanent_uuid: "079e6830dc9748909eac456ce6ac2f90" member_type: VOTER last_known_addr { host: "127.16.153.129" port: 44967 } } peers { permanent_uuid: "a254097ed7f84e4c8f850f56981b7cec" member_type: VOTER last_known_addr { host: "127.16.153.130" port: 34019 } } peers { permanent_uuid: "193d4928e1294fd1aa95c550d86d1eda" member_type: VOTER last_known_addr { host: "127.16.153.131" port: 36185 } }
I20260608 12:53:35.870708 17669 tablet_service.cc:1917] Received RequestConsensusVote() RPC: tablet_id: "f80c946f011b4b5f9f0e559ca447ab7c" candidate_uuid: "193d4928e1294fd1aa95c550d86d1eda" candidate_term: 1 candidate_status { last_received { term: 0 index: 0 } } ignore_live_leader: false dest_uuid: "079e6830dc9748909eac456ce6ac2f90" is_pre_election: true
I20260608 12:53:35.871392 17669 raft_consensus.cc:2468] T f80c946f011b4b5f9f0e559ca447ab7c P 079e6830dc9748909eac456ce6ac2f90 [term 0 FOLLOWER]: Leader pre-election vote request: Granting yes vote for candidate 193d4928e1294fd1aa95c550d86d1eda in term 0.
I20260608 12:53:35.871301 17865 raft_consensus.cc:359] T b38dcea7c7a74e06ba11b90c2991d6f9 P 193d4928e1294fd1aa95c550d86d1eda [term 0 FOLLOWER]: Replica starting. Triggering 0 pending ops. Active config: opid_index: -1 OBSOLETE_local: false peers { permanent_uuid: "079e6830dc9748909eac456ce6ac2f90" member_type: VOTER last_known_addr { host: "127.16.153.129" port: 44967 } } peers { permanent_uuid: "a254097ed7f84e4c8f850f56981b7cec" member_type: VOTER last_known_addr { host: "127.16.153.130" port: 34019 } } peers { permanent_uuid: "193d4928e1294fd1aa95c550d86d1eda" member_type: VOTER last_known_addr { host: "127.16.153.131" port: 36185 } }
I20260608 12:53:35.872449 17865 raft_consensus.cc:385] T b38dcea7c7a74e06ba11b90c2991d6f9 P 193d4928e1294fd1aa95c550d86d1eda [term 0 FOLLOWER]: Consensus starting up: Expiring failure detector timer to make a prompt election more likely
I20260608 12:53:35.872865 17865 raft_consensus.cc:740] T b38dcea7c7a74e06ba11b90c2991d6f9 P 193d4928e1294fd1aa95c550d86d1eda [term 0 FOLLOWER]: Becoming Follower/Learner. State: Replica: 193d4928e1294fd1aa95c550d86d1eda, State: Initialized, Role: FOLLOWER
I20260608 12:53:35.873353 17782 leader_election.cc:304] T f80c946f011b4b5f9f0e559ca447ab7c P 193d4928e1294fd1aa95c550d86d1eda [CANDIDATE]: Term 1 pre-election: Election decided. Result: candidate won. Election summary: received 2 responses out of 3 voters: 2 yes votes; 0 no votes. yes voters: 079e6830dc9748909eac456ce6ac2f90, 193d4928e1294fd1aa95c550d86d1eda; no voters: 
I20260608 12:53:35.873924 17865 consensus_queue.cc:260] T b38dcea7c7a74e06ba11b90c2991d6f9 P 193d4928e1294fd1aa95c550d86d1eda [NON_LEADER]: Queue going to NON_LEADER mode. State: All replicated index: 0, Majority replicated index: 0, Committed index: 0, Last appended: 0.0, Last appended by leader: 0, Current term: 0, Majority size: -1, State: 0, Mode: NON_LEADER, active raft config: opid_index: -1 OBSOLETE_local: false peers { permanent_uuid: "079e6830dc9748909eac456ce6ac2f90" member_type: VOTER last_known_addr { host: "127.16.153.129" port: 44967 } } peers { permanent_uuid: "a254097ed7f84e4c8f850f56981b7cec" member_type: VOTER last_known_addr { host: "127.16.153.130" port: 34019 } } peers { permanent_uuid: "193d4928e1294fd1aa95c550d86d1eda" member_type: VOTER last_known_addr { host: "127.16.153.131" port: 36185 } }
I20260608 12:53:35.874462 17887 raft_consensus.cc:2804] T f80c946f011b4b5f9f0e559ca447ab7c P 193d4928e1294fd1aa95c550d86d1eda [term 0 FOLLOWER]: Leader pre-election won for term 1
I20260608 12:53:35.874884 17887 raft_consensus.cc:493] T f80c946f011b4b5f9f0e559ca447ab7c P 193d4928e1294fd1aa95c550d86d1eda [term 0 FOLLOWER]: Starting leader election (no leader contacted us within the election timeout)
I20260608 12:53:35.875290 17887 raft_consensus.cc:3060] T f80c946f011b4b5f9f0e559ca447ab7c P 193d4928e1294fd1aa95c550d86d1eda [term 0 FOLLOWER]: Advancing to term 1
I20260608 12:53:35.875916 17863 ts_tablet_manager.cc:1434] T 3855d3fab8a24e8cb13d9cae8ed3d25c P 079e6830dc9748909eac456ce6ac2f90: Time spent starting tablet: real 0.012s	user 0.006s	sys 0.000s
I20260608 12:53:35.876873 17863 tablet_bootstrap.cc:492] T de261b8ea35e42089e5486432bed245d P 079e6830dc9748909eac456ce6ac2f90: Bootstrap starting.
I20260608 12:53:35.878458 17865 ts_tablet_manager.cc:1434] T b38dcea7c7a74e06ba11b90c2991d6f9 P 193d4928e1294fd1aa95c550d86d1eda: Time spent starting tablet: real 0.012s	user 0.006s	sys 0.003s
I20260608 12:53:35.879492 17865 tablet_bootstrap.cc:492] T 3a4d55a8b32347d1a0e0368386068184 P 193d4928e1294fd1aa95c550d86d1eda: Bootstrap starting.
I20260608 12:53:35.884615 17863 tablet_bootstrap.cc:654] T de261b8ea35e42089e5486432bed245d P 079e6830dc9748909eac456ce6ac2f90: Neither blocks nor log segments found. Creating new log.
I20260608 12:53:35.884963 17887 raft_consensus.cc:515] T f80c946f011b4b5f9f0e559ca447ab7c P 193d4928e1294fd1aa95c550d86d1eda [term 1 FOLLOWER]: Starting leader election with config: opid_index: -1 OBSOLETE_local: false peers { permanent_uuid: "079e6830dc9748909eac456ce6ac2f90" member_type: VOTER last_known_addr { host: "127.16.153.129" port: 44967 } } peers { permanent_uuid: "a254097ed7f84e4c8f850f56981b7cec" member_type: VOTER last_known_addr { host: "127.16.153.130" port: 34019 } } peers { permanent_uuid: "193d4928e1294fd1aa95c550d86d1eda" member_type: VOTER last_known_addr { host: "127.16.153.131" port: 36185 } }
I20260608 12:53:35.885888 17865 tablet_bootstrap.cc:654] T 3a4d55a8b32347d1a0e0368386068184 P 193d4928e1294fd1aa95c550d86d1eda: Neither blocks nor log segments found. Creating new log.
I20260608 12:53:35.888095 17669 tablet_service.cc:1917] Received RequestConsensusVote() RPC: tablet_id: "f80c946f011b4b5f9f0e559ca447ab7c" candidate_uuid: "193d4928e1294fd1aa95c550d86d1eda" candidate_term: 1 candidate_status { last_received { term: 0 index: 0 } } ignore_live_leader: false dest_uuid: "079e6830dc9748909eac456ce6ac2f90"
I20260608 12:53:35.888701 17669 raft_consensus.cc:3060] T f80c946f011b4b5f9f0e559ca447ab7c P 079e6830dc9748909eac456ce6ac2f90 [term 0 FOLLOWER]: Advancing to term 1
I20260608 12:53:35.894199 17744 tablet_service.cc:1917] Received RequestConsensusVote() RPC: tablet_id: "f80c946f011b4b5f9f0e559ca447ab7c" candidate_uuid: "193d4928e1294fd1aa95c550d86d1eda" candidate_term: 1 candidate_status { last_received { term: 0 index: 0 } } ignore_live_leader: false dest_uuid: "a254097ed7f84e4c8f850f56981b7cec" is_pre_election: true
I20260608 12:53:35.894862 17744 raft_consensus.cc:2468] T f80c946f011b4b5f9f0e559ca447ab7c P a254097ed7f84e4c8f850f56981b7cec [term 0 FOLLOWER]: Leader pre-election vote request: Granting yes vote for candidate 193d4928e1294fd1aa95c550d86d1eda in term 0.
I20260608 12:53:35.897080 17669 raft_consensus.cc:2468] T f80c946f011b4b5f9f0e559ca447ab7c P 079e6830dc9748909eac456ce6ac2f90 [term 1 FOLLOWER]: Leader election vote request: Granting yes vote for candidate 193d4928e1294fd1aa95c550d86d1eda in term 1.
I20260608 12:53:35.898975 17782 leader_election.cc:304] T f80c946f011b4b5f9f0e559ca447ab7c P 193d4928e1294fd1aa95c550d86d1eda [CANDIDATE]: Term 1 election: Election decided. Result: candidate won. Election summary: received 2 responses out of 3 voters: 2 yes votes; 0 no votes. yes voters: 079e6830dc9748909eac456ce6ac2f90, 193d4928e1294fd1aa95c550d86d1eda; no voters: 
I20260608 12:53:35.899796 17873 raft_consensus.cc:2804] T f80c946f011b4b5f9f0e559ca447ab7c P 193d4928e1294fd1aa95c550d86d1eda [term 1 FOLLOWER]: Leader election won for term 1
I20260608 12:53:35.901173 17865 tablet_bootstrap.cc:492] T 3a4d55a8b32347d1a0e0368386068184 P 193d4928e1294fd1aa95c550d86d1eda: No bootstrap required, opened a new log
I20260608 12:53:35.901917 17887 leader_election.cc:290] T f80c946f011b4b5f9f0e559ca447ab7c P 193d4928e1294fd1aa95c550d86d1eda [CANDIDATE]: Term 1 election: Requested vote from peers 079e6830dc9748909eac456ce6ac2f90 (127.16.153.129:44967), a254097ed7f84e4c8f850f56981b7cec (127.16.153.130:34019)
I20260608 12:53:35.905712 17744 tablet_service.cc:1917] Received RequestConsensusVote() RPC: tablet_id: "f80c946f011b4b5f9f0e559ca447ab7c" candidate_uuid: "193d4928e1294fd1aa95c550d86d1eda" candidate_term: 1 candidate_status { last_received { term: 0 index: 0 } } ignore_live_leader: false dest_uuid: "a254097ed7f84e4c8f850f56981b7cec"
I20260608 12:53:35.906493 17744 raft_consensus.cc:3060] T f80c946f011b4b5f9f0e559ca447ab7c P a254097ed7f84e4c8f850f56981b7cec [term 0 FOLLOWER]: Advancing to term 1
I20260608 12:53:35.910535 17620 auto_leader_rebalancer.cc:140] leader rebalance for table test-workload
W20260608 12:53:35.912498 17615 auto_rebalancer.cc:259] Could not retrieve cluster info: Service unavailable: Tablet not running
W20260608 12:53:35.913738 17620 auto_leader_rebalancer.cc:460] the master instance isn't leader: Service unavailable: Tablet not running
I20260608 12:53:35.916345 17865 ts_tablet_manager.cc:1403] T 3a4d55a8b32347d1a0e0368386068184 P 193d4928e1294fd1aa95c550d86d1eda: Time spent bootstrapping tablet: real 0.037s	user 0.011s	sys 0.004s
