I20260608 12:53:35.627655  5557 leader_election.cc:304] T 7c4c9ed8309146c797c5cd27bfed241b P 398b2c4bbd9248bdacafeb7b81035a37 [CANDIDATE]: Term 1 election: Election decided. Result: candidate won. Election summary: received 3 responses out of 3 voters: 2 yes votes; 1 no votes. yes voters: 398b2c4bbd9248bdacafeb7b81035a37, 3d95986924aa40769823e9ce0bc7698c; no voters: a8c46df4fb64434f8ec894f5ed71d387
I20260608 12:53:35.629212  5663 raft_consensus.cc:2804] T 7c4c9ed8309146c797c5cd27bfed241b P 398b2c4bbd9248bdacafeb7b81035a37 [term 1 FOLLOWER]: Leader election won for term 1
I20260608 12:53:35.629719  5663 raft_consensus.cc:697] T 7c4c9ed8309146c797c5cd27bfed241b P 398b2c4bbd9248bdacafeb7b81035a37 [term 1 LEADER]: Becoming Leader. State: Replica: 398b2c4bbd9248bdacafeb7b81035a37, State: Running, Role: LEADER
I20260608 12:53:35.630141  5648 raft_consensus.cc:515] T 5a6af6db6dfb4cff863b202e2df8abae P a8c46df4fb64434f8ec894f5ed71d387 [term 1 FOLLOWER]: Starting leader election with config: opid_index: -1 OBSOLETE_local: false peers { permanent_uuid: "3d95986924aa40769823e9ce0bc7698c" member_type: VOTER last_known_addr { host: "127.4.170.193" port: 45433 } } peers { permanent_uuid: "a8c46df4fb64434f8ec894f5ed71d387" member_type: VOTER last_known_addr { host: "127.4.170.194" port: 45217 } } peers { permanent_uuid: "398b2c4bbd9248bdacafeb7b81035a37" member_type: VOTER last_known_addr { host: "127.4.170.195" port: 43969 } }
I20260608 12:53:35.630597  5663 consensus_queue.cc:237] T 7c4c9ed8309146c797c5cd27bfed241b P 398b2c4bbd9248bdacafeb7b81035a37 [LEADER]: Queue going to LEADER mode. State: All replicated index: 0, Majority replicated index: 0, Committed index: 0, Last appended: 0.0, Last appended by leader: 0, Current term: 1, Majority size: 2, State: 0, Mode: LEADER, active raft config: opid_index: -1 OBSOLETE_local: false peers { permanent_uuid: "3d95986924aa40769823e9ce0bc7698c" member_type: VOTER last_known_addr { host: "127.4.170.193" port: 45433 } } peers { permanent_uuid: "a8c46df4fb64434f8ec894f5ed71d387" member_type: VOTER last_known_addr { host: "127.4.170.194" port: 45217 } } peers { permanent_uuid: "398b2c4bbd9248bdacafeb7b81035a37" member_type: VOTER last_known_addr { host: "127.4.170.195" port: 43969 } }
I20260608 12:53:35.632339  5648 leader_election.cc:290] T 5a6af6db6dfb4cff863b202e2df8abae P a8c46df4fb64434f8ec894f5ed71d387 [CANDIDATE]: Term 1 election: Requested vote from peers 3d95986924aa40769823e9ce0bc7698c (127.4.170.193:45433), 398b2c4bbd9248bdacafeb7b81035a37 (127.4.170.195:43969)
I20260608 12:53:35.633591  5483 leader_election.cc:304] T 7c4c9ed8309146c797c5cd27bfed241b P a8c46df4fb64434f8ec894f5ed71d387 [CANDIDATE]: Term 1 election: Election decided. Result: candidate lost. Election summary: received 3 responses out of 3 voters: 1 yes votes; 2 no votes. yes voters: a8c46df4fb64434f8ec894f5ed71d387; no voters: 398b2c4bbd9248bdacafeb7b81035a37, 3d95986924aa40769823e9ce0bc7698c
I20260608 12:53:35.635411  5639 tablet_bootstrap.cc:492] T 40f53ea432944b67b9300e3c656b7298 P 3d95986924aa40769823e9ce0bc7698c: No bootstrap required, opened a new log
I20260608 12:53:35.635923  5639 ts_tablet_manager.cc:1403] T 40f53ea432944b67b9300e3c656b7298 P 3d95986924aa40769823e9ce0bc7698c: Time spent bootstrapping tablet: real 0.108s	user 0.022s	sys 0.037s
I20260608 12:53:35.636019  5444 tablet_service.cc:1917] Received RequestConsensusVote() RPC: tablet_id: "5a6af6db6dfb4cff863b202e2df8abae" candidate_uuid: "a8c46df4fb64434f8ec894f5ed71d387" candidate_term: 1 candidate_status { last_received { term: 0 index: 0 } } ignore_live_leader: false dest_uuid: "3d95986924aa40769823e9ce0bc7698c"
I20260608 12:53:35.636660  5444 raft_consensus.cc:3060] T 5a6af6db6dfb4cff863b202e2df8abae P 3d95986924aa40769823e9ce0bc7698c [term 0 FOLLOWER]: Advancing to term 1
I20260608 12:53:35.636588  5593 tablet_service.cc:1917] Received RequestConsensusVote() RPC: tablet_id: "5a6af6db6dfb4cff863b202e2df8abae" candidate_uuid: "a8c46df4fb64434f8ec894f5ed71d387" candidate_term: 1 candidate_status { last_received { term: 0 index: 0 } } ignore_live_leader: false dest_uuid: "398b2c4bbd9248bdacafeb7b81035a37"
W20260608 12:53:35.638295  5486 leader_election.cc:343] T 5a6af6db6dfb4cff863b202e2df8abae P a8c46df4fb64434f8ec894f5ed71d387 [CANDIDATE]: Term 1 election: Tablet error from VoteRequest() call to peer 398b2c4bbd9248bdacafeb7b81035a37 (127.4.170.195:43969): Illegal state: must be running to vote when last-logged opid is not known
I20260608 12:53:35.639209  5639 raft_consensus.cc:359] T 40f53ea432944b67b9300e3c656b7298 P 3d95986924aa40769823e9ce0bc7698c [term 0 FOLLOWER]: Replica starting. Triggering 0 pending ops. Active config: opid_index: -1 OBSOLETE_local: false peers { permanent_uuid: "3d95986924aa40769823e9ce0bc7698c" member_type: VOTER last_known_addr { host: "127.4.170.193" port: 45433 } } peers { permanent_uuid: "a8c46df4fb64434f8ec894f5ed71d387" member_type: VOTER last_known_addr { host: "127.4.170.194" port: 45217 } } peers { permanent_uuid: "398b2c4bbd9248bdacafeb7b81035a37" member_type: VOTER last_known_addr { host: "127.4.170.195" port: 43969 } }
I20260608 12:53:35.627084  5658 raft_consensus.cc:515] T f7240cbd24bb44b08c2f5af811a2d298 P a8c46df4fb64434f8ec894f5ed71d387 [term 1 FOLLOWER]: Starting leader election with config: opid_index: -1 OBSOLETE_local: false peers { permanent_uuid: "3d95986924aa40769823e9ce0bc7698c" member_type: VOTER last_known_addr { host: "127.4.170.193" port: 45433 } } peers { permanent_uuid: "a8c46df4fb64434f8ec894f5ed71d387" member_type: VOTER last_known_addr { host: "127.4.170.194" port: 45217 } } peers { permanent_uuid: "398b2c4bbd9248bdacafeb7b81035a37" member_type: VOTER last_known_addr { host: "127.4.170.195" port: 43969 } }
I20260608 12:53:35.641021  5665 raft_consensus.cc:493] T 5649fac3714744098bba73b576a0f7cd P 398b2c4bbd9248bdacafeb7b81035a37 [term 0 FOLLOWER]: Starting pre-election (no leader contacted us within the election timeout)
I20260608 12:53:35.641737  5665 raft_consensus.cc:515] T 5649fac3714744098bba73b576a0f7cd P 398b2c4bbd9248bdacafeb7b81035a37 [term 0 FOLLOWER]: Starting pre-election with config: opid_index: -1 OBSOLETE_local: false peers { permanent_uuid: "3d95986924aa40769823e9ce0bc7698c" member_type: VOTER last_known_addr { host: "127.4.170.193" port: 45433 } } peers { permanent_uuid: "a8c46df4fb64434f8ec894f5ed71d387" member_type: VOTER last_known_addr { host: "127.4.170.194" port: 45217 } } peers { permanent_uuid: "398b2c4bbd9248bdacafeb7b81035a37" member_type: VOTER last_known_addr { host: "127.4.170.195" port: 43969 } }
I20260608 12:53:35.644085  5648 raft_consensus.cc:2749] T 7c4c9ed8309146c797c5cd27bfed241b P a8c46df4fb64434f8ec894f5ed71d387 [term 1 FOLLOWER]: Leader election lost for term 1. Reason: could not achieve majority
I20260608 12:53:35.646296  5665 leader_election.cc:290] T 5649fac3714744098bba73b576a0f7cd P 398b2c4bbd9248bdacafeb7b81035a37 [CANDIDATE]: Term 1 pre-election: Requested pre-vote from peers 3d95986924aa40769823e9ce0bc7698c (127.4.170.193:45433), a8c46df4fb64434f8ec894f5ed71d387 (127.4.170.194:45217)
I20260608 12:53:35.640275  5639 raft_consensus.cc:385] T 40f53ea432944b67b9300e3c656b7298 P 3d95986924aa40769823e9ce0bc7698c [term 0 FOLLOWER]: Consensus starting up: Expiring failure detector timer to make a prompt election more likely
I20260608 12:53:35.648083  5639 raft_consensus.cc:740] T 40f53ea432944b67b9300e3c656b7298 P 3d95986924aa40769823e9ce0bc7698c [term 0 FOLLOWER]: Becoming Follower/Learner. State: Replica: 3d95986924aa40769823e9ce0bc7698c, State: Initialized, Role: FOLLOWER
I20260608 12:53:35.648751  5520 tablet_service.cc:1917] Received RequestConsensusVote() RPC: tablet_id: "5649fac3714744098bba73b576a0f7cd" candidate_uuid: "398b2c4bbd9248bdacafeb7b81035a37" candidate_term: 1 candidate_status { last_received { term: 0 index: 0 } } ignore_live_leader: false dest_uuid: "a8c46df4fb64434f8ec894f5ed71d387" is_pre_election: true
I20260608 12:53:35.648993  5639 consensus_queue.cc:260] T 40f53ea432944b67b9300e3c656b7298 P 3d95986924aa40769823e9ce0bc7698c [NON_LEADER]: Queue going to NON_LEADER mode. State: All replicated index: 0, Majority replicated index: 0, Committed index: 0, Last appended: 0.0, Last appended by leader: 0, Current term: 0, Majority size: -1, State: 0, Mode: NON_LEADER, active raft config: opid_index: -1 OBSOLETE_local: false peers { permanent_uuid: "3d95986924aa40769823e9ce0bc7698c" member_type: VOTER last_known_addr { host: "127.4.170.193" port: 45433 } } peers { permanent_uuid: "a8c46df4fb64434f8ec894f5ed71d387" member_type: VOTER last_known_addr { host: "127.4.170.194" port: 45217 } } peers { permanent_uuid: "398b2c4bbd9248bdacafeb7b81035a37" member_type: VOTER last_known_addr { host: "127.4.170.195" port: 43969 } }
I20260608 12:53:35.650033  5445 tablet_service.cc:1917] Received RequestConsensusVote() RPC: tablet_id: "5649fac3714744098bba73b576a0f7cd" candidate_uuid: "398b2c4bbd9248bdacafeb7b81035a37" candidate_term: 1 candidate_status { last_received { term: 0 index: 0 } } ignore_live_leader: false dest_uuid: "3d95986924aa40769823e9ce0bc7698c" is_pre_election: true
I20260608 12:53:35.651398  5639 ts_tablet_manager.cc:1434] T 40f53ea432944b67b9300e3c656b7298 P 3d95986924aa40769823e9ce0bc7698c: Time spent starting tablet: real 0.015s	user 0.008s	sys 0.000s
W20260608 12:53:35.651671  5560 leader_election.cc:343] T 5649fac3714744098bba73b576a0f7cd P 398b2c4bbd9248bdacafeb7b81035a37 [CANDIDATE]: Term 1 pre-election: Tablet error from VoteRequest() call to peer a8c46df4fb64434f8ec894f5ed71d387 (127.4.170.194:45217): Illegal state: must be running to vote when last-logged opid is not known
I20260608 12:53:35.652458  5639 tablet_bootstrap.cc:492] T 5649fac3714744098bba73b576a0f7cd P 3d95986924aa40769823e9ce0bc7698c: Bootstrap starting.
W20260608 12:53:35.652781  5557 leader_election.cc:343] T 5649fac3714744098bba73b576a0f7cd P 398b2c4bbd9248bdacafeb7b81035a37 [CANDIDATE]: Term 1 pre-election: Tablet error from VoteRequest() call to peer 3d95986924aa40769823e9ce0bc7698c (127.4.170.193:45433): Illegal state: must be running to vote when last-logged opid is not known
I20260608 12:53:35.653230  5557 leader_election.cc:304] T 5649fac3714744098bba73b576a0f7cd P 398b2c4bbd9248bdacafeb7b81035a37 [CANDIDATE]: Term 1 pre-election: Election decided. Result: candidate lost. Election summary: received 3 responses out of 3 voters: 1 yes votes; 2 no votes. yes voters: 398b2c4bbd9248bdacafeb7b81035a37; no voters: 3d95986924aa40769823e9ce0bc7698c, a8c46df4fb64434f8ec894f5ed71d387
I20260608 12:53:35.654366  5665 raft_consensus.cc:2749] T 5649fac3714744098bba73b576a0f7cd P 398b2c4bbd9248bdacafeb7b81035a37 [term 0 FOLLOWER]: Leader pre-election lost for term 1. Reason: could not achieve majority
I20260608 12:53:35.657034  5658 leader_election.cc:290] T f7240cbd24bb44b08c2f5af811a2d298 P a8c46df4fb64434f8ec894f5ed71d387 [CANDIDATE]: Term 1 election: Requested vote from peers 3d95986924aa40769823e9ce0bc7698c (127.4.170.193:45433), 398b2c4bbd9248bdacafeb7b81035a37 (127.4.170.195:43969)
I20260608 12:53:35.659044  5593 tablet_service.cc:1917] Received RequestConsensusVote() RPC: tablet_id: "f7240cbd24bb44b08c2f5af811a2d298" candidate_uuid: "a8c46df4fb64434f8ec894f5ed71d387" candidate_term: 1 candidate_status { last_received { term: 0 index: 0 } } ignore_live_leader: false dest_uuid: "398b2c4bbd9248bdacafeb7b81035a37"
I20260608 12:53:35.664435  5445 tablet_service.cc:1917] Received RequestConsensusVote() RPC: tablet_id: "f7240cbd24bb44b08c2f5af811a2d298" candidate_uuid: "a8c46df4fb64434f8ec894f5ed71d387" candidate_term: 1 candidate_status { last_received { term: 0 index: 0 } } ignore_live_leader: false dest_uuid: "3d95986924aa40769823e9ce0bc7698c"
W20260608 12:53:35.666705  5483 leader_election.cc:343] T f7240cbd24bb44b08c2f5af811a2d298 P a8c46df4fb64434f8ec894f5ed71d387 [CANDIDATE]: Term 1 election: Tablet error from VoteRequest() call to peer 3d95986924aa40769823e9ce0bc7698c (127.4.170.193:45433): Illegal state: must be running to vote when last-logged opid is not known
I20260608 12:53:35.663230  5593 raft_consensus.cc:3060] T f7240cbd24bb44b08c2f5af811a2d298 P 398b2c4bbd9248bdacafeb7b81035a37 [term 0 FOLLOWER]: Advancing to term 1
I20260608 12:53:35.669984  5643 raft_consensus.cc:493] T 2e835cb402144a5b97f6512de0789cdb P 3d95986924aa40769823e9ce0bc7698c [term 0 FOLLOWER]: Starting pre-election (no leader contacted us within the election timeout)
I20260608 12:53:35.670584  5643 raft_consensus.cc:515] T 2e835cb402144a5b97f6512de0789cdb P 3d95986924aa40769823e9ce0bc7698c [term 0 FOLLOWER]: Starting pre-election with config: opid_index: -1 OBSOLETE_local: false peers { permanent_uuid: "3d95986924aa40769823e9ce0bc7698c" member_type: VOTER last_known_addr { host: "127.4.170.193" port: 45433 } } peers { permanent_uuid: "a8c46df4fb64434f8ec894f5ed71d387" member_type: VOTER last_known_addr { host: "127.4.170.194" port: 45217 } } peers { permanent_uuid: "398b2c4bbd9248bdacafeb7b81035a37" member_type: VOTER last_known_addr { host: "127.4.170.195" port: 43969 } }
I20260608 12:53:35.673471  5639 tablet_bootstrap.cc:654] T 5649fac3714744098bba73b576a0f7cd P 3d95986924aa40769823e9ce0bc7698c: Neither blocks nor log segments found. Creating new log.
I20260608 12:53:35.676865  5643 leader_election.cc:290] T 2e835cb402144a5b97f6512de0789cdb P 3d95986924aa40769823e9ce0bc7698c [CANDIDATE]: Term 1 pre-election: Requested pre-vote from peers a8c46df4fb64434f8ec894f5ed71d387 (127.4.170.194:45217), 398b2c4bbd9248bdacafeb7b81035a37 (127.4.170.195:43969)
I20260608 12:53:35.682169  5593 raft_consensus.cc:2468] T f7240cbd24bb44b08c2f5af811a2d298 P 398b2c4bbd9248bdacafeb7b81035a37 [term 1 FOLLOWER]: Leader election vote request: Granting yes vote for candidate a8c46df4fb64434f8ec894f5ed71d387 in term 1.
I20260608 12:53:35.682065  5444 raft_consensus.cc:2468] T 5a6af6db6dfb4cff863b202e2df8abae P 3d95986924aa40769823e9ce0bc7698c [term 1 FOLLOWER]: Leader election vote request: Granting yes vote for candidate a8c46df4fb64434f8ec894f5ed71d387 in term 1.
I20260608 12:53:35.690145  5641 tablet_bootstrap.cc:492] T 2e835cb402144a5b97f6512de0789cdb P a8c46df4fb64434f8ec894f5ed71d387: No bootstrap required, opened a new log
I20260608 12:53:35.692119  5342 catalog_manager.cc:5696] T 7c4c9ed8309146c797c5cd27bfed241b P 398b2c4bbd9248bdacafeb7b81035a37 reported cstate change: term changed from 0 to 1, leader changed from <none> to 398b2c4bbd9248bdacafeb7b81035a37 (127.4.170.195). New cstate: current_term: 1 leader_uuid: "398b2c4bbd9248bdacafeb7b81035a37" committed_config { opid_index: -1 OBSOLETE_local: false peers { permanent_uuid: "3d95986924aa40769823e9ce0bc7698c" member_type: VOTER last_known_addr { host: "127.4.170.193" port: 45433 } health_report { overall_health: UNKNOWN } } peers { permanent_uuid: "a8c46df4fb64434f8ec894f5ed71d387" member_type: VOTER last_known_addr { host: "127.4.170.194" port: 45217 } health_report { overall_health: UNKNOWN } } peers { permanent_uuid: "398b2c4bbd9248bdacafeb7b81035a37" member_type: VOTER last_known_addr { host: "127.4.170.195" port: 43969 } health_report { overall_health: HEALTHY } } }
I20260608 12:53:35.693693  5641 ts_tablet_manager.cc:1403] T 2e835cb402144a5b97f6512de0789cdb P a8c46df4fb64434f8ec894f5ed71d387: Time spent bootstrapping tablet: real 0.107s	user 0.027s	sys 0.018s
I20260608 12:53:35.695784  5483 leader_election.cc:304] T 5a6af6db6dfb4cff863b202e2df8abae P a8c46df4fb64434f8ec894f5ed71d387 [CANDIDATE]: Term 1 election: Election decided. Result: candidate won. Election summary: received 3 responses out of 3 voters: 2 yes votes; 1 no votes. yes voters: 3d95986924aa40769823e9ce0bc7698c, a8c46df4fb64434f8ec894f5ed71d387; no voters: 398b2c4bbd9248bdacafeb7b81035a37
I20260608 12:53:35.696800  5486 leader_election.cc:304] T f7240cbd24bb44b08c2f5af811a2d298 P a8c46df4fb64434f8ec894f5ed71d387 [CANDIDATE]: Term 1 election: Election decided. Result: candidate won. Election summary: received 3 responses out of 3 voters: 2 yes votes; 1 no votes. yes voters: 398b2c4bbd9248bdacafeb7b81035a37, a8c46df4fb64434f8ec894f5ed71d387; no voters: 3d95986924aa40769823e9ce0bc7698c
I20260608 12:53:35.697019  5658 raft_consensus.cc:2804] T 5a6af6db6dfb4cff863b202e2df8abae P a8c46df4fb64434f8ec894f5ed71d387 [term 1 FOLLOWER]: Leader election won for term 1
I20260608 12:53:35.697086  5648 raft_consensus.cc:493] T 752fe930391f4bb7821b3917b4ce1dda P a8c46df4fb64434f8ec894f5ed71d387 [term 0 FOLLOWER]: Starting pre-election (no leader contacted us within the election timeout)
I20260608 12:53:35.699832  5666 raft_consensus.cc:2804] T f7240cbd24bb44b08c2f5af811a2d298 P a8c46df4fb64434f8ec894f5ed71d387 [term 1 FOLLOWER]: Leader election won for term 1
I20260608 12:53:35.697924  5648 raft_consensus.cc:515] T 752fe930391f4bb7821b3917b4ce1dda P a8c46df4fb64434f8ec894f5ed71d387 [term 0 FOLLOWER]: Starting pre-election with config: opid_index: -1 OBSOLETE_local: false peers { permanent_uuid: "3d95986924aa40769823e9ce0bc7698c" member_type: VOTER last_known_addr { host: "127.4.170.193" port: 45433 } } peers { permanent_uuid: "a8c46df4fb64434f8ec894f5ed71d387" member_type: VOTER last_known_addr { host: "127.4.170.194" port: 45217 } } peers { permanent_uuid: "398b2c4bbd9248bdacafeb7b81035a37" member_type: VOTER last_known_addr { host: "127.4.170.195" port: 43969 } }
I20260608 12:53:35.701869  5641 raft_consensus.cc:359] T 2e835cb402144a5b97f6512de0789cdb P a8c46df4fb64434f8ec894f5ed71d387 [term 0 FOLLOWER]: Replica starting. Triggering 0 pending ops. Active config: opid_index: -1 OBSOLETE_local: false peers { permanent_uuid: "3d95986924aa40769823e9ce0bc7698c" member_type: VOTER last_known_addr { host: "127.4.170.193" port: 45433 } } peers { permanent_uuid: "a8c46df4fb64434f8ec894f5ed71d387" member_type: VOTER last_known_addr { host: "127.4.170.194" port: 45217 } } peers { permanent_uuid: "398b2c4bbd9248bdacafeb7b81035a37" member_type: VOTER last_known_addr { host: "127.4.170.195" port: 43969 } }
I20260608 12:53:35.708624  5658 raft_consensus.cc:697] T 5a6af6db6dfb4cff863b202e2df8abae P a8c46df4fb64434f8ec894f5ed71d387 [term 1 LEADER]: Becoming Leader. State: Replica: a8c46df4fb64434f8ec894f5ed71d387, State: Running, Role: LEADER
I20260608 12:53:35.712371  5658 consensus_queue.cc:237] T 5a6af6db6dfb4cff863b202e2df8abae P a8c46df4fb64434f8ec894f5ed71d387 [LEADER]: Queue going to LEADER mode. State: All replicated index: 0, Majority replicated index: 0, Committed index: 0, Last appended: 0.0, Last appended by leader: 0, Current term: 1, Majority size: 2, State: 0, Mode: LEADER, active raft config: opid_index: -1 OBSOLETE_local: false peers { permanent_uuid: "3d95986924aa40769823e9ce0bc7698c" member_type: VOTER last_known_addr { host: "127.4.170.193" port: 45433 } } peers { permanent_uuid: "a8c46df4fb64434f8ec894f5ed71d387" member_type: VOTER last_known_addr { host: "127.4.170.194" port: 45217 } } peers { permanent_uuid: "398b2c4bbd9248bdacafeb7b81035a37" member_type: VOTER last_known_addr { host: "127.4.170.195" port: 43969 } }
I20260608 12:53:35.715046  5648 leader_election.cc:290] T 752fe930391f4bb7821b3917b4ce1dda P a8c46df4fb64434f8ec894f5ed71d387 [CANDIDATE]: Term 1 pre-election: Requested pre-vote from peers 3d95986924aa40769823e9ce0bc7698c (127.4.170.193:45433), 398b2c4bbd9248bdacafeb7b81035a37 (127.4.170.195:43969)
I20260608 12:53:35.710645  5642 tablet_bootstrap.cc:492] T 40f53ea432944b67b9300e3c656b7298 P 398b2c4bbd9248bdacafeb7b81035a37: No bootstrap required, opened a new log
I20260608 12:53:35.717089  5642 ts_tablet_manager.cc:1403] T 40f53ea432944b67b9300e3c656b7298 P 398b2c4bbd9248bdacafeb7b81035a37: Time spent bootstrapping tablet: real 0.115s	user 0.013s	sys 0.004s
I20260608 12:53:35.709885  5641 raft_consensus.cc:385] T 2e835cb402144a5b97f6512de0789cdb P a8c46df4fb64434f8ec894f5ed71d387 [term 0 FOLLOWER]: Consensus starting up: Expiring failure detector timer to make a prompt election more likely
I20260608 12:53:35.719533  5641 raft_consensus.cc:740] T 2e835cb402144a5b97f6512de0789cdb P a8c46df4fb64434f8ec894f5ed71d387 [term 0 FOLLOWER]: Becoming Follower/Learner. State: Replica: a8c46df4fb64434f8ec894f5ed71d387, State: Initialized, Role: FOLLOWER
I20260608 12:53:35.720361  5641 consensus_queue.cc:260] T 2e835cb402144a5b97f6512de0789cdb P a8c46df4fb64434f8ec894f5ed71d387 [NON_LEADER]: Queue going to NON_LEADER mode. State: All replicated index: 0, Majority replicated index: 0, Committed index: 0, Last appended: 0.0, Last appended by leader: 0, Current term: 0, Majority size: -1, State: 0, Mode: NON_LEADER, active raft config: opid_index: -1 OBSOLETE_local: false peers { permanent_uuid: "3d95986924aa40769823e9ce0bc7698c" member_type: VOTER last_known_addr { host: "127.4.170.193" port: 45433 } } peers { permanent_uuid: "a8c46df4fb64434f8ec894f5ed71d387" member_type: VOTER last_known_addr { host: "127.4.170.194" port: 45217 } } peers { permanent_uuid: "398b2c4bbd9248bdacafeb7b81035a37" member_type: VOTER last_known_addr { host: "127.4.170.195" port: 43969 } }
I20260608 12:53:35.722767  5641 ts_tablet_manager.cc:1434] T 2e835cb402144a5b97f6512de0789cdb P a8c46df4fb64434f8ec894f5ed71d387: Time spent starting tablet: real 0.028s	user 0.001s	sys 0.006s
I20260608 12:53:35.724368  5593 tablet_service.cc:1917] Received RequestConsensusVote() RPC: tablet_id: "752fe930391f4bb7821b3917b4ce1dda" candidate_uuid: "a8c46df4fb64434f8ec894f5ed71d387" candidate_term: 1 candidate_status { last_received { term: 0 index: 0 } } ignore_live_leader: false dest_uuid: "398b2c4bbd9248bdacafeb7b81035a37" is_pre_election: true
I20260608 12:53:35.710256  5444 tablet_service.cc:1917] Received RequestConsensusVote() RPC: tablet_id: "752fe930391f4bb7821b3917b4ce1dda" candidate_uuid: "a8c46df4fb64434f8ec894f5ed71d387" candidate_term: 1 candidate_status { last_received { term: 0 index: 0 } } ignore_live_leader: false dest_uuid: "3d95986924aa40769823e9ce0bc7698c" is_pre_election: true
I20260608 12:53:35.736622  5593 raft_consensus.cc:2468] T 752fe930391f4bb7821b3917b4ce1dda P 398b2c4bbd9248bdacafeb7b81035a37 [term 0 FOLLOWER]: Leader pre-election vote request: Granting yes vote for candidate a8c46df4fb64434f8ec894f5ed71d387 in term 0.
I20260608 12:53:35.738436  5444 raft_consensus.cc:2468] T 752fe930391f4bb7821b3917b4ce1dda P 3d95986924aa40769823e9ce0bc7698c [term 0 FOLLOWER]: Leader pre-election vote request: Granting yes vote for candidate a8c46df4fb64434f8ec894f5ed71d387 in term 0.
I20260608 12:53:35.740841  5486 leader_election.cc:304] T 752fe930391f4bb7821b3917b4ce1dda P a8c46df4fb64434f8ec894f5ed71d387 [CANDIDATE]: Term 1 pre-election: Election decided. Result: candidate won. Election summary: received 2 responses out of 3 voters: 2 yes votes; 0 no votes. yes voters: 398b2c4bbd9248bdacafeb7b81035a37, a8c46df4fb64434f8ec894f5ed71d387; no voters: 
I20260608 12:53:35.740617  5641 tablet_bootstrap.cc:492] T 5649fac3714744098bba73b576a0f7cd P a8c46df4fb64434f8ec894f5ed71d387: Bootstrap starting.
I20260608 12:53:35.741047  5642 raft_consensus.cc:359] T 40f53ea432944b67b9300e3c656b7298 P 398b2c4bbd9248bdacafeb7b81035a37 [term 0 FOLLOWER]: Replica starting. Triggering 0 pending ops. Active config: opid_index: -1 OBSOLETE_local: false peers { permanent_uuid: "3d95986924aa40769823e9ce0bc7698c" member_type: VOTER last_known_addr { host: "127.4.170.193" port: 45433 } } peers { permanent_uuid: "a8c46df4fb64434f8ec894f5ed71d387" member_type: VOTER last_known_addr { host: "127.4.170.194" port: 45217 } } peers { permanent_uuid: "398b2c4bbd9248bdacafeb7b81035a37" member_type: VOTER last_known_addr { host: "127.4.170.195" port: 43969 } }
I20260608 12:53:35.742323  5642 raft_consensus.cc:385] T 40f53ea432944b67b9300e3c656b7298 P 398b2c4bbd9248bdacafeb7b81035a37 [term 0 FOLLOWER]: Consensus starting up: Expiring failure detector timer to make a prompt election more likely
I20260608 12:53:35.742659  5642 raft_consensus.cc:740] T 40f53ea432944b67b9300e3c656b7298 P 398b2c4bbd9248bdacafeb7b81035a37 [term 0 FOLLOWER]: Becoming Follower/Learner. State: Replica: 398b2c4bbd9248bdacafeb7b81035a37, State: Initialized, Role: FOLLOWER
I20260608 12:53:35.743175  5671 raft_consensus.cc:2804] T 752fe930391f4bb7821b3917b4ce1dda P a8c46df4fb64434f8ec894f5ed71d387 [term 0 FOLLOWER]: Leader pre-election won for term 1
I20260608 12:53:35.744445  5666 raft_consensus.cc:697] T f7240cbd24bb44b08c2f5af811a2d298 P a8c46df4fb64434f8ec894f5ed71d387 [term 1 LEADER]: Becoming Leader. State: Replica: a8c46df4fb64434f8ec894f5ed71d387, State: Running, Role: LEADER
I20260608 12:53:35.745746  5671 raft_consensus.cc:493] T 752fe930391f4bb7821b3917b4ce1dda P a8c46df4fb64434f8ec894f5ed71d387 [term 0 FOLLOWER]: Starting leader election (no leader contacted us within the election timeout)
I20260608 12:53:35.746447  5666 consensus_queue.cc:237] T f7240cbd24bb44b08c2f5af811a2d298 P a8c46df4fb64434f8ec894f5ed71d387 [LEADER]: Queue going to LEADER mode. State: All replicated index: 0, Majority replicated index: 0, Committed index: 0, Last appended: 0.0, Last appended by leader: 0, Current term: 1, Majority size: 2, State: 0, Mode: LEADER, active raft config: opid_index: -1 OBSOLETE_local: false peers { permanent_uuid: "3d95986924aa40769823e9ce0bc7698c" member_type: VOTER last_known_addr { host: "127.4.170.193" port: 45433 } } peers { permanent_uuid: "a8c46df4fb64434f8ec894f5ed71d387" member_type: VOTER last_known_addr { host: "127.4.170.194" port: 45217 } } peers { permanent_uuid: "398b2c4bbd9248bdacafeb7b81035a37" member_type: VOTER last_known_addr { host: "127.4.170.195" port: 43969 } }
I20260608 12:53:35.744002  5642 consensus_queue.cc:260] T 40f53ea432944b67b9300e3c656b7298 P 398b2c4bbd9248bdacafeb7b81035a37 [NON_LEADER]: Queue going to NON_LEADER mode. State: All replicated index: 0, Majority replicated index: 0, Committed index: 0, Last appended: 0.0, Last appended by leader: 0, Current term: 0, Majority size: -1, State: 0, Mode: NON_LEADER, active raft config: opid_index: -1 OBSOLETE_local: false peers { permanent_uuid: "3d95986924aa40769823e9ce0bc7698c" member_type: VOTER last_known_addr { host: "127.4.170.193" port: 45433 } } peers { permanent_uuid: "a8c46df4fb64434f8ec894f5ed71d387" member_type: VOTER last_known_addr { host: "127.4.170.194" port: 45217 } } peers { permanent_uuid: "398b2c4bbd9248bdacafeb7b81035a37" member_type: VOTER last_known_addr { host: "127.4.170.195" port: 43969 } }
I20260608 12:53:35.750767  5639 tablet_bootstrap.cc:492] T 5649fac3714744098bba73b576a0f7cd P 3d95986924aa40769823e9ce0bc7698c: No bootstrap required, opened a new log
I20260608 12:53:35.751358  5639 ts_tablet_manager.cc:1403] T 5649fac3714744098bba73b576a0f7cd P 3d95986924aa40769823e9ce0bc7698c: Time spent bootstrapping tablet: real 0.099s	user 0.021s	sys 0.021s
I20260608 12:53:35.746381  5671 raft_consensus.cc:3060] T 752fe930391f4bb7821b3917b4ce1dda P a8c46df4fb64434f8ec894f5ed71d387 [term 0 FOLLOWER]: Advancing to term 1
I20260608 12:53:35.753875  5520 tablet_service.cc:1917] Received RequestConsensusVote() RPC: tablet_id: "2e835cb402144a5b97f6512de0789cdb" candidate_uuid: "3d95986924aa40769823e9ce0bc7698c" candidate_term: 1 candidate_status { last_received { term: 0 index: 0 } } ignore_live_leader: false dest_uuid: "a8c46df4fb64434f8ec894f5ed71d387" is_pre_election: true
I20260608 12:53:35.754961  5642 ts_tablet_manager.cc:1434] T 40f53ea432944b67b9300e3c656b7298 P 398b2c4bbd9248bdacafeb7b81035a37: Time spent starting tablet: real 0.037s	user 0.009s	sys 0.000s
I20260608 12:53:35.756655  5520 raft_consensus.cc:2468] T 2e835cb402144a5b97f6512de0789cdb P a8c46df4fb64434f8ec894f5ed71d387 [term 0 FOLLOWER]: Leader pre-election vote request: Granting yes vote for candidate 3d95986924aa40769823e9ce0bc7698c in term 0.
I20260608 12:53:35.758663  5411 leader_election.cc:304] T 2e835cb402144a5b97f6512de0789cdb P 3d95986924aa40769823e9ce0bc7698c [CANDIDATE]: Term 1 pre-election: Election decided. Result: candidate won. Election summary: received 2 responses out of 3 voters: 2 yes votes; 0 no votes. yes voters: 3d95986924aa40769823e9ce0bc7698c, a8c46df4fb64434f8ec894f5ed71d387; no voters: 
I20260608 12:53:35.758399  5639 raft_consensus.cc:359] T 5649fac3714744098bba73b576a0f7cd P 3d95986924aa40769823e9ce0bc7698c [term 0 FOLLOWER]: Replica starting. Triggering 0 pending ops. Active config: opid_index: -1 OBSOLETE_local: false peers { permanent_uuid: "3d95986924aa40769823e9ce0bc7698c" member_type: VOTER last_known_addr { host: "127.4.170.193" port: 45433 } } peers { permanent_uuid: "a8c46df4fb64434f8ec894f5ed71d387" member_type: VOTER last_known_addr { host: "127.4.170.194" port: 45217 } } peers { permanent_uuid: "398b2c4bbd9248bdacafeb7b81035a37" member_type: VOTER last_known_addr { host: "127.4.170.195" port: 43969 } }
I20260608 12:53:35.759424  5642 tablet_bootstrap.cc:492] T 9f8056b8b1b6442f8111f1cf3e3b7939 P 398b2c4bbd9248bdacafeb7b81035a37: Bootstrap starting.
I20260608 12:53:35.759598  5639 raft_consensus.cc:385] T 5649fac3714744098bba73b576a0f7cd P 3d95986924aa40769823e9ce0bc7698c [term 0 FOLLOWER]: Consensus starting up: Expiring failure detector timer to make a prompt election more likely
I20260608 12:53:35.759765  5643 raft_consensus.cc:2804] T 2e835cb402144a5b97f6512de0789cdb P 3d95986924aa40769823e9ce0bc7698c [term 0 FOLLOWER]: Leader pre-election won for term 1
I20260608 12:53:35.759994  5639 raft_consensus.cc:740] T 5649fac3714744098bba73b576a0f7cd P 3d95986924aa40769823e9ce0bc7698c [term 0 FOLLOWER]: Becoming Follower/Learner. State: Replica: 3d95986924aa40769823e9ce0bc7698c, State: Initialized, Role: FOLLOWER
I20260608 12:53:35.760174  5643 raft_consensus.cc:493] T 2e835cb402144a5b97f6512de0789cdb P 3d95986924aa40769823e9ce0bc7698c [term 0 FOLLOWER]: Starting leader election (no leader contacted us within the election timeout)
I20260608 12:53:35.760600  5643 raft_consensus.cc:3060] T 2e835cb402144a5b97f6512de0789cdb P 3d95986924aa40769823e9ce0bc7698c [term 0 FOLLOWER]: Advancing to term 1
I20260608 12:53:35.761344  5639 consensus_queue.cc:260] T 5649fac3714744098bba73b576a0f7cd P 3d95986924aa40769823e9ce0bc7698c [NON_LEADER]: Queue going to NON_LEADER mode. State: All replicated index: 0, Majority replicated index: 0, Committed index: 0, Last appended: 0.0, Last appended by leader: 0, Current term: 0, Majority size: -1, State: 0, Mode: NON_LEADER, active raft config: opid_index: -1 OBSOLETE_local: false peers { permanent_uuid: "3d95986924aa40769823e9ce0bc7698c" member_type: VOTER last_known_addr { host: "127.4.170.193" port: 45433 } } peers { permanent_uuid: "a8c46df4fb64434f8ec894f5ed71d387" member_type: VOTER last_known_addr { host: "127.4.170.194" port: 45217 } } peers { permanent_uuid: "398b2c4bbd9248bdacafeb7b81035a37" member_type: VOTER last_known_addr { host: "127.4.170.195" port: 43969 } }
I20260608 12:53:35.766063  5341 catalog_manager.cc:5696] T 5a6af6db6dfb4cff863b202e2df8abae P a8c46df4fb64434f8ec894f5ed71d387 reported cstate change: term changed from 0 to 1, leader changed from <none> to a8c46df4fb64434f8ec894f5ed71d387 (127.4.170.194). New cstate: current_term: 1 leader_uuid: "a8c46df4fb64434f8ec894f5ed71d387" committed_config { opid_index: -1 OBSOLETE_local: false peers { permanent_uuid: "3d95986924aa40769823e9ce0bc7698c" member_type: VOTER last_known_addr { host: "127.4.170.193" port: 45433 } health_report { overall_health: UNKNOWN } } peers { permanent_uuid: "a8c46df4fb64434f8ec894f5ed71d387" member_type: VOTER last_known_addr { host: "127.4.170.194" port: 45217 } health_report { overall_health: HEALTHY } } peers { permanent_uuid: "398b2c4bbd9248bdacafeb7b81035a37" member_type: VOTER last_known_addr { host: "127.4.170.195" port: 43969 } health_report { overall_health: UNKNOWN } } }
I20260608 12:53:35.769359  5639 ts_tablet_manager.cc:1434] T 5649fac3714744098bba73b576a0f7cd P 3d95986924aa40769823e9ce0bc7698c: Time spent starting tablet: real 0.018s	user 0.009s	sys 0.005s
I20260608 12:53:35.768697  5341 catalog_manager.cc:5696] T f7240cbd24bb44b08c2f5af811a2d298 P a8c46df4fb64434f8ec894f5ed71d387 reported cstate change: term changed from 0 to 1, leader changed from <none> to a8c46df4fb64434f8ec894f5ed71d387 (127.4.170.194). New cstate: current_term: 1 leader_uuid: "a8c46df4fb64434f8ec894f5ed71d387" committed_config { opid_index: -1 OBSOLETE_local: false peers { permanent_uuid: "3d95986924aa40769823e9ce0bc7698c" member_type: VOTER last_known_addr { host: "127.4.170.193" port: 45433 } health_report { overall_health: UNKNOWN } } peers { permanent_uuid: "a8c46df4fb64434f8ec894f5ed71d387" member_type: VOTER last_known_addr { host: "127.4.170.194" port: 45217 } health_report { overall_health: HEALTHY } } peers { permanent_uuid: "398b2c4bbd9248bdacafeb7b81035a37" member_type: VOTER last_known_addr { host: "127.4.170.195" port: 43969 } health_report { overall_health: UNKNOWN } } }
I20260608 12:53:35.775437  5639 tablet_bootstrap.cc:492] T 9f8056b8b1b6442f8111f1cf3e3b7939 P 3d95986924aa40769823e9ce0bc7698c: Bootstrap starting.
I20260608 12:53:35.778088  5641 tablet_bootstrap.cc:654] T 5649fac3714744098bba73b576a0f7cd P a8c46df4fb64434f8ec894f5ed71d387: Neither blocks nor log segments found. Creating new log.
I20260608 12:53:35.783113  5671 raft_consensus.cc:515] T 752fe930391f4bb7821b3917b4ce1dda P a8c46df4fb64434f8ec894f5ed71d387 [term 1 FOLLOWER]: Starting leader election with config: opid_index: -1 OBSOLETE_local: false peers { permanent_uuid: "3d95986924aa40769823e9ce0bc7698c" member_type: VOTER last_known_addr { host: "127.4.170.193" port: 45433 } } peers { permanent_uuid: "a8c46df4fb64434f8ec894f5ed71d387" member_type: VOTER last_known_addr { host: "127.4.170.194" port: 45217 } } peers { permanent_uuid: "398b2c4bbd9248bdacafeb7b81035a37" member_type: VOTER last_known_addr { host: "127.4.170.195" port: 43969 } }
I20260608 12:53:35.787585  5444 tablet_service.cc:1917] Received RequestConsensusVote() RPC: tablet_id: "752fe930391f4bb7821b3917b4ce1dda" candidate_uuid: "a8c46df4fb64434f8ec894f5ed71d387" candidate_term: 1 candidate_status { last_received { term: 0 index: 0 } } ignore_live_leader: false dest_uuid: "3d95986924aa40769823e9ce0bc7698c"
I20260608 12:53:35.788709  5444 raft_consensus.cc:3060] T 752fe930391f4bb7821b3917b4ce1dda P 3d95986924aa40769823e9ce0bc7698c [term 0 FOLLOWER]: Advancing to term 1
I20260608 12:53:35.790225  5671 leader_election.cc:290] T 752fe930391f4bb7821b3917b4ce1dda P a8c46df4fb64434f8ec894f5ed71d387 [CANDIDATE]: Term 1 election: Requested vote from peers 3d95986924aa40769823e9ce0bc7698c (127.4.170.193:45433), 398b2c4bbd9248bdacafeb7b81035a37 (127.4.170.195:43969)
I20260608 12:53:35.791960  5639 tablet_bootstrap.cc:654] T 9f8056b8b1b6442f8111f1cf3e3b7939 P 3d95986924aa40769823e9ce0bc7698c: Neither blocks nor log segments found. Creating new log.
I20260608 12:53:35.792182  5593 tablet_service.cc:1917] Received RequestConsensusVote() RPC: tablet_id: "752fe930391f4bb7821b3917b4ce1dda" candidate_uuid: "a8c46df4fb64434f8ec894f5ed71d387" candidate_term: 1 candidate_status { last_received { term: 0 index: 0 } } ignore_live_leader: false dest_uuid: "398b2c4bbd9248bdacafeb7b81035a37"
I20260608 12:53:35.794821  5593 raft_consensus.cc:3060] T 752fe930391f4bb7821b3917b4ce1dda P 398b2c4bbd9248bdacafeb7b81035a37 [term 0 FOLLOWER]: Advancing to term 1
I20260608 12:53:35.796506  5643 raft_consensus.cc:515] T 2e835cb402144a5b97f6512de0789cdb P 3d95986924aa40769823e9ce0bc7698c [term 1 FOLLOWER]: Starting leader election with config: opid_index: -1 OBSOLETE_local: false peers { permanent_uuid: "3d95986924aa40769823e9ce0bc7698c" member_type: VOTER last_known_addr { host: "127.4.170.193" port: 45433 } } peers { permanent_uuid: "a8c46df4fb64434f8ec894f5ed71d387" member_type: VOTER last_known_addr { host: "127.4.170.194" port: 45217 } } peers { permanent_uuid: "398b2c4bbd9248bdacafeb7b81035a37" member_type: VOTER last_known_addr { host: "127.4.170.195" port: 43969 } }
W20260608 12:53:35.797672  5541 debug-util.cc:398] Leaking SignalData structure 0x7b080005a7c0 after lost signal to thread 4782
I20260608 12:53:35.807101  5594 tablet_service.cc:1917] Received RequestConsensusVote() RPC: tablet_id: "2e835cb402144a5b97f6512de0789cdb" candidate_uuid: "3d95986924aa40769823e9ce0bc7698c" candidate_term: 1 candidate_status { last_received { term: 0 index: 0 } } ignore_live_leader: false dest_uuid: "398b2c4bbd9248bdacafeb7b81035a37" is_pre_election: true
I20260608 12:53:35.807821  5594 raft_consensus.cc:2468] T 2e835cb402144a5b97f6512de0789cdb P 398b2c4bbd9248bdacafeb7b81035a37 [term 0 FOLLOWER]: Leader pre-election vote request: Granting yes vote for candidate 3d95986924aa40769823e9ce0bc7698c in term 0.
I20260608 12:53:35.808984  5520 tablet_service.cc:1917] Received RequestConsensusVote() RPC: tablet_id: "2e835cb402144a5b97f6512de0789cdb" candidate_uuid: "3d95986924aa40769823e9ce0bc7698c" candidate_term: 1 candidate_status { last_received { term: 0 index: 0 } } ignore_live_leader: false dest_uuid: "a8c46df4fb64434f8ec894f5ed71d387"
I20260608 12:53:35.809409  5520 raft_consensus.cc:3060] T 2e835cb402144a5b97f6512de0789cdb P a8c46df4fb64434f8ec894f5ed71d387 [term 0 FOLLOWER]: Advancing to term 1
I20260608 12:53:35.815692  5641 tablet_bootstrap.cc:492] T 5649fac3714744098bba73b576a0f7cd P a8c46df4fb64434f8ec894f5ed71d387: No bootstrap required, opened a new log
I20260608 12:53:35.816269  5641 ts_tablet_manager.cc:1403] T 5649fac3714744098bba73b576a0f7cd P a8c46df4fb64434f8ec894f5ed71d387: Time spent bootstrapping tablet: real 0.076s	user 0.010s	sys 0.015s
I20260608 12:53:35.818948  5444 raft_consensus.cc:2468] T 752fe930391f4bb7821b3917b4ce1dda P 3d95986924aa40769823e9ce0bc7698c [term 1 FOLLOWER]: Leader election vote request: Granting yes vote for candidate a8c46df4fb64434f8ec894f5ed71d387 in term 1.
I20260608 12:53:35.819608  5641 raft_consensus.cc:359] T 5649fac3714744098bba73b576a0f7cd P a8c46df4fb64434f8ec894f5ed71d387 [term 0 FOLLOWER]: Replica starting. Triggering 0 pending ops. Active config: opid_index: -1 OBSOLETE_local: false peers { permanent_uuid: "3d95986924aa40769823e9ce0bc7698c" member_type: VOTER last_known_addr { host: "127.4.170.193" port: 45433 } } peers { permanent_uuid: "a8c46df4fb64434f8ec894f5ed71d387" member_type: VOTER last_known_addr { host: "127.4.170.194" port: 45217 } } peers { permanent_uuid: "398b2c4bbd9248bdacafeb7b81035a37" member_type: VOTER last_known_addr { host: "127.4.170.195" port: 43969 } }
I20260608 12:53:35.820731  5641 raft_consensus.cc:385] T 5649fac3714744098bba73b576a0f7cd P a8c46df4fb64434f8ec894f5ed71d387 [term 0 FOLLOWER]: Consensus starting up: Expiring failure detector timer to make a prompt election more likely
I20260608 12:53:35.821074  5641 raft_consensus.cc:740] T 5649fac3714744098bba73b576a0f7cd P a8c46df4fb64434f8ec894f5ed71d387 [term 0 FOLLOWER]: Becoming Follower/Learner. State: Replica: a8c46df4fb64434f8ec894f5ed71d387, State: Initialized, Role: FOLLOWER
I20260608 12:53:35.821517  5483 leader_election.cc:304] T 752fe930391f4bb7821b3917b4ce1dda P a8c46df4fb64434f8ec894f5ed71d387 [CANDIDATE]: Term 1 election: Election decided. Result: candidate won. Election summary: received 2 responses out of 3 voters: 2 yes votes; 0 no votes. yes voters: 3d95986924aa40769823e9ce0bc7698c, a8c46df4fb64434f8ec894f5ed71d387; no voters: 
I20260608 12:53:35.821956  5641 consensus_queue.cc:260] T 5649fac3714744098bba73b576a0f7cd P a8c46df4fb64434f8ec894f5ed71d387 [NON_LEADER]: Queue going to NON_LEADER mode. State: All replicated index: 0, Majority replicated index: 0, Committed index: 0, Last appended: 0.0, Last appended by leader: 0, Current term: 0, Majority size: -1, State: 0, Mode: NON_LEADER, active raft config: opid_index: -1 OBSOLETE_local: false peers { permanent_uuid: "3d95986924aa40769823e9ce0bc7698c" member_type: VOTER last_known_addr { host: "127.4.170.193" port: 45433 } } peers { permanent_uuid: "a8c46df4fb64434f8ec894f5ed71d387" member_type: VOTER last_known_addr { host: "127.4.170.194" port: 45217 } } peers { permanent_uuid: "398b2c4bbd9248bdacafeb7b81035a37" member_type: VOTER last_known_addr { host: "127.4.170.195" port: 43969 } }
I20260608 12:53:35.822597  5671 raft_consensus.cc:2804] T 752fe930391f4bb7821b3917b4ce1dda P a8c46df4fb64434f8ec894f5ed71d387 [term 1 FOLLOWER]: Leader election won for term 1
I20260608 12:53:35.814568  5593 raft_consensus.cc:2468] T 752fe930391f4bb7821b3917b4ce1dda P 398b2c4bbd9248bdacafeb7b81035a37 [term 1 FOLLOWER]: Leader election vote request: Granting yes vote for candidate a8c46df4fb64434f8ec894f5ed71d387 in term 1.
I20260608 12:53:35.823770  5671 raft_consensus.cc:697] T 752fe930391f4bb7821b3917b4ce1dda P a8c46df4fb64434f8ec894f5ed71d387 [term 1 LEADER]: Becoming Leader. State: Replica: a8c46df4fb64434f8ec894f5ed71d387, State: Running, Role: LEADER
I20260608 12:53:35.822623  5643 leader_election.cc:290] T 2e835cb402144a5b97f6512de0789cdb P 3d95986924aa40769823e9ce0bc7698c [CANDIDATE]: Term 1 election: Requested vote from peers a8c46df4fb64434f8ec894f5ed71d387 (127.4.170.194:45217), 398b2c4bbd9248bdacafeb7b81035a37 (127.4.170.195:43969)
I20260608 12:53:35.824303  5594 tablet_service.cc:1917] Received RequestConsensusVote() RPC: tablet_id: "2e835cb402144a5b97f6512de0789cdb" candidate_uuid: "3d95986924aa40769823e9ce0bc7698c" candidate_term: 1 candidate_status { last_received { term: 0 index: 0 } } ignore_live_leader: false dest_uuid: "398b2c4bbd9248bdacafeb7b81035a37"
I20260608 12:53:35.824924  5594 raft_consensus.cc:3060] T 2e835cb402144a5b97f6512de0789cdb P 398b2c4bbd9248bdacafeb7b81035a37 [term 0 FOLLOWER]: Advancing to term 1
I20260608 12:53:35.825006  5641 ts_tablet_manager.cc:1434] T 5649fac3714744098bba73b576a0f7cd P a8c46df4fb64434f8ec894f5ed71d387: Time spent starting tablet: real 0.008s	user 0.007s	sys 0.001s
I20260608 12:53:35.824798  5671 consensus_queue.cc:237] T 752fe930391f4bb7821b3917b4ce1dda P a8c46df4fb64434f8ec894f5ed71d387 [LEADER]: Queue going to LEADER mode. State: All replicated index: 0, Majority replicated index: 0, Committed index: 0, Last appended: 0.0, Last appended by leader: 0, Current term: 1, Majority size: 2, State: 0, Mode: LEADER, active raft config: opid_index: -1 OBSOLETE_local: false peers { permanent_uuid: "3d95986924aa40769823e9ce0bc7698c" member_type: VOTER last_known_addr { host: "127.4.170.193" port: 45433 } } peers { permanent_uuid: "a8c46df4fb64434f8ec894f5ed71d387" member_type: VOTER last_known_addr { host: "127.4.170.194" port: 45217 } } peers { permanent_uuid: "398b2c4bbd9248bdacafeb7b81035a37" member_type: VOTER last_known_addr { host: "127.4.170.195" port: 43969 } }
I20260608 12:53:35.828233  5520 raft_consensus.cc:2468] T 2e835cb402144a5b97f6512de0789cdb P a8c46df4fb64434f8ec894f5ed71d387 [term 1 FOLLOWER]: Leader election vote request: Granting yes vote for candidate 3d95986924aa40769823e9ce0bc7698c in term 1.
I20260608 12:53:35.828729  5641 tablet_bootstrap.cc:492] T 9f8056b8b1b6442f8111f1cf3e3b7939 P a8c46df4fb64434f8ec894f5ed71d387: Bootstrap starting.
I20260608 12:53:35.831532  5411 leader_election.cc:304] T 2e835cb402144a5b97f6512de0789cdb P 3d95986924aa40769823e9ce0bc7698c [CANDIDATE]: Term 1 election: Election decided. Result: candidate won. Election summary: received 2 responses out of 3 voters: 2 yes votes; 0 no votes. yes voters: 3d95986924aa40769823e9ce0bc7698c, a8c46df4fb64434f8ec894f5ed71d387; no voters: 
I20260608 12:53:35.832762  5643 raft_consensus.cc:2804] T 2e835cb402144a5b97f6512de0789cdb P 3d95986924aa40769823e9ce0bc7698c [term 1 FOLLOWER]: Leader election won for term 1
I20260608 12:53:35.833413  5643 raft_consensus.cc:697] T 2e835cb402144a5b97f6512de0789cdb P 3d95986924aa40769823e9ce0bc7698c [term 1 LEADER]: Becoming Leader. State: Replica: 3d95986924aa40769823e9ce0bc7698c, State: Running, Role: LEADER
I20260608 12:53:35.835273  5594 raft_consensus.cc:2468] T 2e835cb402144a5b97f6512de0789cdb P 398b2c4bbd9248bdacafeb7b81035a37 [term 1 FOLLOWER]: Leader election vote request: Granting yes vote for candidate 3d95986924aa40769823e9ce0bc7698c in term 1.
I20260608 12:53:35.834524  5643 consensus_queue.cc:237] T 2e835cb402144a5b97f6512de0789cdb P 3d95986924aa40769823e9ce0bc7698c [LEADER]: Queue going to LEADER mode. State: All replicated index: 0, Majority replicated index: 0, Committed index: 0, Last appended: 0.0, Last appended by leader: 0, Current term: 1, Majority size: 2, State: 0, Mode: LEADER, active raft config: opid_index: -1 OBSOLETE_local: false peers { permanent_uuid: "3d95986924aa40769823e9ce0bc7698c" member_type: VOTER last_known_addr { host: "127.4.170.193" port: 45433 } } peers { permanent_uuid: "a8c46df4fb64434f8ec894f5ed71d387" member_type: VOTER last_known_addr { host: "127.4.170.194" port: 45217 } } peers { permanent_uuid: "398b2c4bbd9248bdacafeb7b81035a37" member_type: VOTER last_known_addr { host: "127.4.170.195" port: 43969 } }
I20260608 12:53:35.838439  5642 tablet_bootstrap.cc:654] T 9f8056b8b1b6442f8111f1cf3e3b7939 P 398b2c4bbd9248bdacafeb7b81035a37: Neither blocks nor log segments found. Creating new log.
I20260608 12:53:35.849387  5639 tablet_bootstrap.cc:492] T 9f8056b8b1b6442f8111f1cf3e3b7939 P 3d95986924aa40769823e9ce0bc7698c: No bootstrap required, opened a new log
I20260608 12:53:35.849897  5639 ts_tablet_manager.cc:1403] T 9f8056b8b1b6442f8111f1cf3e3b7939 P 3d95986924aa40769823e9ce0bc7698c: Time spent bootstrapping tablet: real 0.078s	user 0.013s	sys 0.001s
I20260608 12:53:35.853956  5639 raft_consensus.cc:359] T 9f8056b8b1b6442f8111f1cf3e3b7939 P 3d95986924aa40769823e9ce0bc7698c [term 0 FOLLOWER]: Replica starting. Triggering 0 pending ops. Active config: opid_index: -1 OBSOLETE_local: false peers { permanent_uuid: "3d95986924aa40769823e9ce0bc7698c" member_type: VOTER last_known_addr { host: "127.4.170.193" port: 45433 } } peers { permanent_uuid: "a8c46df4fb64434f8ec894f5ed71d387" member_type: VOTER last_known_addr { host: "127.4.170.194" port: 45217 } } peers { permanent_uuid: "398b2c4bbd9248bdacafeb7b81035a37" member_type: VOTER last_known_addr { host: "127.4.170.195" port: 43969 } }
I20260608 12:53:35.854763  5639 raft_consensus.cc:385] T 9f8056b8b1b6442f8111f1cf3e3b7939 P 3d95986924aa40769823e9ce0bc7698c [term 0 FOLLOWER]: Consensus starting up: Expiring failure detector timer to make a prompt election more likely
I20260608 12:53:35.855221  5641 tablet_bootstrap.cc:654] T 9f8056b8b1b6442f8111f1cf3e3b7939 P a8c46df4fb64434f8ec894f5ed71d387: Neither blocks nor log segments found. Creating new log.
I20260608 12:53:35.855118  5639 raft_consensus.cc:740] T 9f8056b8b1b6442f8111f1cf3e3b7939 P 3d95986924aa40769823e9ce0bc7698c [term 0 FOLLOWER]: Becoming Follower/Learner. State: Replica: 3d95986924aa40769823e9ce0bc7698c, State: Initialized, Role: FOLLOWER
I20260608 12:53:35.855069  5341 catalog_manager.cc:5696] T 752fe930391f4bb7821b3917b4ce1dda P a8c46df4fb64434f8ec894f5ed71d387 reported cstate change: term changed from 0 to 1, leader changed from <none> to a8c46df4fb64434f8ec894f5ed71d387 (127.4.170.194). New cstate: current_term: 1 leader_uuid: "a8c46df4fb64434f8ec894f5ed71d387" committed_config { opid_index: -1 OBSOLETE_local: false peers { permanent_uuid: "3d95986924aa40769823e9ce0bc7698c" member_type: VOTER last_known_addr { host: "127.4.170.193" port: 45433 } health_report { overall_health: UNKNOWN } } peers { permanent_uuid: "a8c46df4fb64434f8ec894f5ed71d387" member_type: VOTER last_known_addr { host: "127.4.170.194" port: 45217 } health_report { overall_health: HEALTHY } } peers { permanent_uuid: "398b2c4bbd9248bdacafeb7b81035a37" member_type: VOTER last_known_addr { host: "127.4.170.195" port: 43969 } health_report { overall_health: UNKNOWN } } }
I20260608 12:53:35.857546  5639 consensus_queue.cc:260] T 9f8056b8b1b6442f8111f1cf3e3b7939 P 3d95986924aa40769823e9ce0bc7698c [NON_LEADER]: Queue going to NON_LEADER mode. State: All replicated index: 0, Majority replicated index: 0, Committed index: 0, Last appended: 0.0, Last appended by leader: 0, Current term: 0, Majority size: -1, State: 0, Mode: NON_LEADER, active raft config: opid_index: -1 OBSOLETE_local: false peers { permanent_uuid: "3d95986924aa40769823e9ce0bc7698c" member_type: VOTER last_known_addr { host: "127.4.170.193" port: 45433 } } peers { permanent_uuid: "a8c46df4fb64434f8ec894f5ed71d387" member_type: VOTER last_known_addr { host: "127.4.170.194" port: 45217 } } peers { permanent_uuid: "398b2c4bbd9248bdacafeb7b81035a37" member_type: VOTER last_known_addr { host: "127.4.170.195" port: 43969 } }
I20260608 12:53:35.860167  5639 ts_tablet_manager.cc:1434] T 9f8056b8b1b6442f8111f1cf3e3b7939 P 3d95986924aa40769823e9ce0bc7698c: Time spent starting tablet: real 0.010s	user 0.009s	sys 0.001s
I20260608 12:53:35.861282  5639 tablet_bootstrap.cc:492] T f7240cbd24bb44b08c2f5af811a2d298 P 3d95986924aa40769823e9ce0bc7698c: Bootstrap starting.
I20260608 12:53:35.864351  5678 raft_consensus.cc:493] T 40f53ea432944b67b9300e3c656b7298 P 3d95986924aa40769823e9ce0bc7698c [term 0 FOLLOWER]: Starting pre-election (no leader contacted us within the election timeout)
I20260608 12:53:35.864879  5678 raft_consensus.cc:515] T 40f53ea432944b67b9300e3c656b7298 P 3d95986924aa40769823e9ce0bc7698c [term 0 FOLLOWER]: Starting pre-election with config: opid_index: -1 OBSOLETE_local: false peers { permanent_uuid: "3d95986924aa40769823e9ce0bc7698c" member_type: VOTER last_known_addr { host: "127.4.170.193" port: 45433 } } peers { permanent_uuid: "a8c46df4fb64434f8ec894f5ed71d387" member_type: VOTER last_known_addr { host: "127.4.170.194" port: 45217 } } peers { permanent_uuid: "398b2c4bbd9248bdacafeb7b81035a37" member_type: VOTER last_known_addr { host: "127.4.170.195" port: 43969 } }
I20260608 12:53:35.869093  5678 leader_election.cc:290] T 40f53ea432944b67b9300e3c656b7298 P 3d95986924aa40769823e9ce0bc7698c [CANDIDATE]: Term 1 pre-election: Requested pre-vote from peers a8c46df4fb64434f8ec894f5ed71d387 (127.4.170.194:45217), 398b2c4bbd9248bdacafeb7b81035a37 (127.4.170.195:43969)
