I20260608 12:54:49.183491  7746 tablet_copy_source_session.cc:215] T 3152040587244077a43d554c9c643ccf P 7e8368a369e3446c9c1289eb0cc1eee3: Tablet Copy: opened 0 blocks and 1 log segments
I20260608 12:54:49.192691  8259 data_dirs.cc:400] Could only allocate 1 dirs of requested 3 for tablet 3152040587244077a43d554c9c643ccf. 1 dirs total, 0 dirs full, 0 dirs failed
I20260608 12:54:49.211270  8264 ts_tablet_manager.cc:933] T 188cdcad2f9c4fb2b25fafac464e11cc P e0994c67bb3142cc8c99582b6ae53c6e: Initiating tablet copy from peer 5226647eb5ce42008d601c0065eaa145 (127.4.163.3:36731)
I20260608 12:54:49.213619  7809 raft_consensus.cc:1275] T 8d96abfac53c4c648f12da3d154edfb8 P 2008a44829de48d9ac88eab52fa91a14 [term 2 FOLLOWER]: Refusing update from remote peer e0994c67bb3142cc8c99582b6ae53c6e: Log matching property violated. Preceding OpId in replica: term: 0 index: 0. Preceding OpId from leader: term: 2 index: 2. (index mismatch)
I20260608 12:54:49.216771  8181 consensus_queue.cc:1048] T 8d96abfac53c4c648f12da3d154edfb8 P e0994c67bb3142cc8c99582b6ae53c6e [LEADER]: Connected to new peer: Peer: permanent_uuid: "2008a44829de48d9ac88eab52fa91a14" member_type: VOTER last_known_addr { host: "127.4.163.2" port: 34653 }, Status: LMP_MISMATCH, Last received: 0.0, Next index: 2, Last known committed idx: 0, Time since last communication: 0.000s
I20260608 12:54:49.232545  8259 tablet_copy_client.cc:806] T 3152040587244077a43d554c9c643ccf P e0994c67bb3142cc8c99582b6ae53c6e: tablet copy: Starting download of 0 data blocks...
I20260608 12:54:49.234210  8259 tablet_copy_client.cc:670] T 3152040587244077a43d554c9c643ccf P e0994c67bb3142cc8c99582b6ae53c6e: tablet copy: Starting download of 1 WAL segments...
I20260608 12:54:49.245693  7734 raft_consensus.cc:1275] T 8d96abfac53c4c648f12da3d154edfb8 P 7e8368a369e3446c9c1289eb0cc1eee3 [term 2 FOLLOWER]: Refusing update from remote peer e0994c67bb3142cc8c99582b6ae53c6e: Log matching property violated. Preceding OpId in replica: term: 1 index: 1. Preceding OpId from leader: term: 2 index: 2. (index mismatch)
I20260608 12:54:49.249487  8181 consensus_queue.cc:1048] T 8d96abfac53c4c648f12da3d154edfb8 P e0994c67bb3142cc8c99582b6ae53c6e [LEADER]: Connected to new peer: Peer: permanent_uuid: "7e8368a369e3446c9c1289eb0cc1eee3" member_type: VOTER last_known_addr { host: "127.4.163.1" port: 42553 }, Status: LMP_MISMATCH, Last received: 0.0, Next index: 2, Last known committed idx: 0, Time since last communication: 0.000s
I20260608 12:54:49.255329  7811 raft_consensus.cc:1275] T 1b70cabf8c244fdbb36624cf2dcde741 P 2008a44829de48d9ac88eab52fa91a14 [term 2 FOLLOWER]: Refusing update from remote peer e0994c67bb3142cc8c99582b6ae53c6e: Log matching property violated. Preceding OpId in replica: term: 1 index: 1. Preceding OpId from leader: term: 2 index: 2. (index mismatch)
I20260608 12:54:49.255961  8259 tablet_copy_client.cc:538] T 3152040587244077a43d554c9c643ccf P e0994c67bb3142cc8c99582b6ae53c6e: tablet copy: Tablet Copy complete. Replacing tablet superblock.
I20260608 12:54:49.259690  8179 consensus_queue.cc:1048] T 1b70cabf8c244fdbb36624cf2dcde741 P e0994c67bb3142cc8c99582b6ae53c6e [LEADER]: Connected to new peer: Peer: permanent_uuid: "2008a44829de48d9ac88eab52fa91a14" member_type: VOTER last_known_addr { host: "127.4.163.2" port: 34653 }, Status: LMP_MISMATCH, Last received: 0.0, Next index: 2, Last known committed idx: 1, Time since last communication: 0.001s
I20260608 12:54:49.273960  8264 tablet_copy_client.cc:323] T 188cdcad2f9c4fb2b25fafac464e11cc P e0994c67bb3142cc8c99582b6ae53c6e: tablet copy: Beginning tablet copy session from remote peer at address 127.4.163.3:36731
I20260608 12:54:49.310598  7895 tablet_copy_service.cc:140] P 5226647eb5ce42008d601c0065eaa145: Received BeginTabletCopySession request for tablet 188cdcad2f9c4fb2b25fafac464e11cc from peer e0994c67bb3142cc8c99582b6ae53c6e ({username='slave'} at 127.0.0.1:33756)
I20260608 12:54:49.312002  7895 tablet_copy_service.cc:161] P 5226647eb5ce42008d601c0065eaa145: Beginning new tablet copy session on tablet 188cdcad2f9c4fb2b25fafac464e11cc from peer e0994c67bb3142cc8c99582b6ae53c6e at {username='slave'} at 127.0.0.1:33756: session id = e0994c67bb3142cc8c99582b6ae53c6e-188cdcad2f9c4fb2b25fafac464e11cc
I20260608 12:54:49.338289  7630 catalog_manager.cc:5696] T 2fc73e0efcee4f98a17124ce0508a04a P 2008a44829de48d9ac88eab52fa91a14 reported cstate change: term changed from 1 to 2, leader changed from 5226647eb5ce42008d601c0065eaa145 (127.4.163.3) to 2008a44829de48d9ac88eab52fa91a14 (127.4.163.2). New cstate: current_term: 2 leader_uuid: "2008a44829de48d9ac88eab52fa91a14" committed_config { opid_index: -1 OBSOLETE_local: false peers { permanent_uuid: "e0994c67bb3142cc8c99582b6ae53c6e" member_type: VOTER last_known_addr { host: "127.4.163.4" port: 36571 } health_report { overall_health: UNKNOWN } } peers { permanent_uuid: "5226647eb5ce42008d601c0065eaa145" member_type: VOTER last_known_addr { host: "127.4.163.3" port: 36731 } health_report { overall_health: UNKNOWN } } peers { permanent_uuid: "2008a44829de48d9ac88eab52fa91a14" member_type: VOTER last_known_addr { host: "127.4.163.2" port: 34653 } health_report { overall_health: HEALTHY } } }
I20260608 12:54:49.346861  7736 raft_consensus.cc:1275] T c67fa66a44894be3a24b0c574b844d54 P 7e8368a369e3446c9c1289eb0cc1eee3 [term 3 FOLLOWER]: Refusing update from remote peer 2008a44829de48d9ac88eab52fa91a14: Log matching property violated. Preceding OpId in replica: term: 1 index: 1. Preceding OpId from leader: term: 3 index: 2. (index mismatch)
I20260608 12:54:49.353653  8259 tablet_bootstrap.cc:492] T 3152040587244077a43d554c9c643ccf P e0994c67bb3142cc8c99582b6ae53c6e: Bootstrap starting.
I20260608 12:54:49.351255  8240 consensus_queue.cc:1048] T c67fa66a44894be3a24b0c574b844d54 P 2008a44829de48d9ac88eab52fa91a14 [LEADER]: Connected to new peer: Peer: permanent_uuid: "7e8368a369e3446c9c1289eb0cc1eee3" member_type: VOTER last_known_addr { host: "127.4.163.1" port: 42553 }, Status: LMP_MISMATCH, Last received: 0.0, Next index: 2, Last known committed idx: 1, Time since last communication: 0.004s
I20260608 12:54:49.352473  7895 tablet_copy_source_session.cc:215] T 188cdcad2f9c4fb2b25fafac464e11cc P 5226647eb5ce42008d601c0065eaa145: Tablet Copy: opened 0 blocks and 1 log segments
I20260608 12:54:49.368312  8264 data_dirs.cc:400] Could only allocate 1 dirs of requested 3 for tablet 188cdcad2f9c4fb2b25fafac464e11cc. 1 dirs total, 0 dirs full, 0 dirs failed
I20260608 12:54:49.408526  7734 raft_consensus.cc:1275] T 4a02d3ad53ff467e99c95b4263c40e39 P 7e8368a369e3446c9c1289eb0cc1eee3 [term 3 FOLLOWER]: Refusing update from remote peer 2008a44829de48d9ac88eab52fa91a14: Log matching property violated. Preceding OpId in replica: term: 2 index: 2. Preceding OpId from leader: term: 3 index: 3. (index mismatch)
I20260608 12:54:49.408905  7882 raft_consensus.cc:1275] T c67fa66a44894be3a24b0c574b844d54 P 5226647eb5ce42008d601c0065eaa145 [term 3 FOLLOWER]: Refusing update from remote peer 2008a44829de48d9ac88eab52fa91a14: Log matching property violated. Preceding OpId in replica: term: 1 index: 1. Preceding OpId from leader: term: 3 index: 2. (index mismatch)
I20260608 12:54:49.420454  7881 raft_consensus.cc:1275] T ac5795186b36467997a9aa3fd05d257f P 5226647eb5ce42008d601c0065eaa145 [term 3 FOLLOWER]: Refusing update from remote peer 7e8368a369e3446c9c1289eb0cc1eee3: Log matching property violated. Preceding OpId in replica: term: 1 index: 1. Preceding OpId from leader: term: 3 index: 2. (index mismatch)
I20260608 12:54:49.423899  8264 tablet_copy_client.cc:806] T 188cdcad2f9c4fb2b25fafac464e11cc P e0994c67bb3142cc8c99582b6ae53c6e: tablet copy: Starting download of 0 data blocks...
I20260608 12:54:49.423786  8230 consensus_queue.cc:1048] T ac5795186b36467997a9aa3fd05d257f P 7e8368a369e3446c9c1289eb0cc1eee3 [LEADER]: Connected to new peer: Peer: permanent_uuid: "5226647eb5ce42008d601c0065eaa145" member_type: VOTER last_known_addr { host: "127.4.163.3" port: 36731 }, Status: LMP_MISMATCH, Last received: 0.0, Next index: 2, Last known committed idx: 1, Time since last communication: 0.001s
I20260608 12:54:49.424610  8264 tablet_copy_client.cc:670] T 188cdcad2f9c4fb2b25fafac464e11cc P e0994c67bb3142cc8c99582b6ae53c6e: tablet copy: Starting download of 1 WAL segments...
I20260608 12:54:49.433244  8264 tablet_copy_client.cc:538] T 188cdcad2f9c4fb2b25fafac464e11cc P e0994c67bb3142cc8c99582b6ae53c6e: tablet copy: Tablet Copy complete. Replacing tablet superblock.
I20260608 12:54:49.438275  8252 consensus_queue.cc:1048] T c67fa66a44894be3a24b0c574b844d54 P 2008a44829de48d9ac88eab52fa91a14 [LEADER]: Connected to new peer: Peer: permanent_uuid: "5226647eb5ce42008d601c0065eaa145" member_type: VOTER last_known_addr { host: "127.4.163.3" port: 36731 }, Status: LMP_MISMATCH, Last received: 0.0, Next index: 2, Last known committed idx: 1, Time since last communication: 0.001s
I20260608 12:54:49.439680  8240 consensus_queue.cc:1048] T 4a02d3ad53ff467e99c95b4263c40e39 P 2008a44829de48d9ac88eab52fa91a14 [LEADER]: Connected to new peer: Peer: permanent_uuid: "7e8368a369e3446c9c1289eb0cc1eee3" member_type: VOTER last_known_addr { host: "127.4.163.1" port: 42553 }, Status: LMP_MISMATCH, Last received: 0.0, Next index: 3, Last known committed idx: 2, Time since last communication: 0.001s
I20260608 12:54:49.448055  7809 raft_consensus.cc:1275] T ac5795186b36467997a9aa3fd05d257f P 2008a44829de48d9ac88eab52fa91a14 [term 3 FOLLOWER]: Refusing update from remote peer 7e8368a369e3446c9c1289eb0cc1eee3: Log matching property violated. Preceding OpId in replica: term: 1 index: 1. Preceding OpId from leader: term: 3 index: 2. (index mismatch)
I20260608 12:54:49.455137  8230 consensus_queue.cc:1048] T ac5795186b36467997a9aa3fd05d257f P 7e8368a369e3446c9c1289eb0cc1eee3 [LEADER]: Connected to new peer: Peer: permanent_uuid: "2008a44829de48d9ac88eab52fa91a14" member_type: VOTER last_known_addr { host: "127.4.163.2" port: 34653 }, Status: LMP_MISMATCH, Last received: 0.0, Next index: 2, Last known committed idx: 1, Time since last communication: 0.001s
I20260608 12:54:49.466205  8259 tablet_bootstrap.cc:492] T 3152040587244077a43d554c9c643ccf P e0994c67bb3142cc8c99582b6ae53c6e: Bootstrap replayed 1/1 log segments. Stats: ops{read=3 overwritten=0 applied=3 ignored=0} inserts{seen=0 ignored=0} mutations{seen=0 ignored=0} orphaned_commits=0. Pending: 0 replicates
I20260608 12:54:49.471220  8259 tablet_bootstrap.cc:492] T 3152040587244077a43d554c9c643ccf P e0994c67bb3142cc8c99582b6ae53c6e: Bootstrap complete.
I20260608 12:54:49.473991  8259 ts_tablet_manager.cc:1403] T 3152040587244077a43d554c9c643ccf P e0994c67bb3142cc8c99582b6ae53c6e: Time spent bootstrapping tablet: real 0.121s	user 0.023s	sys 0.017s
I20260608 12:54:49.490592  8264 tablet_bootstrap.cc:492] T 188cdcad2f9c4fb2b25fafac464e11cc P e0994c67bb3142cc8c99582b6ae53c6e: Bootstrap starting.
I20260608 12:54:49.497684  7880 raft_consensus.cc:1275] T 4a02d3ad53ff467e99c95b4263c40e39 P 5226647eb5ce42008d601c0065eaa145 [term 3 FOLLOWER]: Refusing update from remote peer 2008a44829de48d9ac88eab52fa91a14: Log matching property violated. Preceding OpId in replica: term: 2 index: 2. Preceding OpId from leader: term: 3 index: 3. (index mismatch)
I20260608 12:54:49.502998  8252 consensus_queue.cc:1048] T 4a02d3ad53ff467e99c95b4263c40e39 P 2008a44829de48d9ac88eab52fa91a14 [LEADER]: Connected to new peer: Peer: permanent_uuid: "5226647eb5ce42008d601c0065eaa145" member_type: VOTER last_known_addr { host: "127.4.163.3" port: 36731 }, Status: LMP_MISMATCH, Last received: 0.0, Next index: 3, Last known committed idx: 2, Time since last communication: 0.000s
I20260608 12:54:49.507615  8259 raft_consensus.cc:359] T 3152040587244077a43d554c9c643ccf P e0994c67bb3142cc8c99582b6ae53c6e [term 2 LEARNER]: Replica starting. Triggering 0 pending ops. Active config: opid_index: 3 OBSOLETE_local: false peers { permanent_uuid: "2008a44829de48d9ac88eab52fa91a14" member_type: VOTER last_known_addr { host: "127.4.163.2" port: 34653 } attrs { replace: true } } peers { permanent_uuid: "7e8368a369e3446c9c1289eb0cc1eee3" member_type: VOTER last_known_addr { host: "127.4.163.1" port: 42553 } } peers { permanent_uuid: "5226647eb5ce42008d601c0065eaa145" member_type: VOTER last_known_addr { host: "127.4.163.3" port: 36731 } } peers { permanent_uuid: "e0994c67bb3142cc8c99582b6ae53c6e" member_type: NON_VOTER last_known_addr { host: "127.4.163.4" port: 36571 } attrs { promote: true } }
I20260608 12:54:49.508594  8259 raft_consensus.cc:740] T 3152040587244077a43d554c9c643ccf P e0994c67bb3142cc8c99582b6ae53c6e [term 2 LEARNER]: Becoming Follower/Learner. State: Replica: e0994c67bb3142cc8c99582b6ae53c6e, State: Initialized, Role: LEARNER
I20260608 12:54:49.509353  8259 consensus_queue.cc:260] T 3152040587244077a43d554c9c643ccf P e0994c67bb3142cc8c99582b6ae53c6e [NON_LEADER]: Queue going to NON_LEADER mode. State: All replicated index: 0, Majority replicated index: 0, Committed index: 3, Last appended: 2.3, Last appended by leader: 3, Current term: 0, Majority size: -1, State: 0, Mode: NON_LEADER, active raft config: opid_index: 3 OBSOLETE_local: false peers { permanent_uuid: "2008a44829de48d9ac88eab52fa91a14" member_type: VOTER last_known_addr { host: "127.4.163.2" port: 34653 } attrs { replace: true } } peers { permanent_uuid: "7e8368a369e3446c9c1289eb0cc1eee3" member_type: VOTER last_known_addr { host: "127.4.163.1" port: 42553 } } peers { permanent_uuid: "5226647eb5ce42008d601c0065eaa145" member_type: VOTER last_known_addr { host: "127.4.163.3" port: 36731 } } peers { permanent_uuid: "e0994c67bb3142cc8c99582b6ae53c6e" member_type: NON_VOTER last_known_addr { host: "127.4.163.4" port: 36571 } attrs { promote: true } }
I20260608 12:54:49.548411  8259 ts_tablet_manager.cc:1434] T 3152040587244077a43d554c9c643ccf P e0994c67bb3142cc8c99582b6ae53c6e: Time spent starting tablet: real 0.062s	user 0.007s	sys 0.000s
I20260608 12:54:49.558439  7746 tablet_copy_service.cc:342] P 7e8368a369e3446c9c1289eb0cc1eee3: Request end of tablet copy session e0994c67bb3142cc8c99582b6ae53c6e-3152040587244077a43d554c9c643ccf received from {username='slave'} at 127.0.0.1:54482
I20260608 12:54:49.558912  7746 tablet_copy_service.cc:434] P 7e8368a369e3446c9c1289eb0cc1eee3: ending tablet copy session e0994c67bb3142cc8c99582b6ae53c6e-3152040587244077a43d554c9c643ccf on tablet 3152040587244077a43d554c9c643ccf with peer e0994c67bb3142cc8c99582b6ae53c6e
I20260608 12:54:49.574687  8264 tablet_bootstrap.cc:492] T 188cdcad2f9c4fb2b25fafac464e11cc P e0994c67bb3142cc8c99582b6ae53c6e: Bootstrap replayed 1/1 log segments. Stats: ops{read=2 overwritten=0 applied=2 ignored=0} inserts{seen=0 ignored=0} mutations{seen=0 ignored=0} orphaned_commits=0. Pending: 0 replicates
I20260608 12:54:49.575941  8264 tablet_bootstrap.cc:492] T 188cdcad2f9c4fb2b25fafac464e11cc P e0994c67bb3142cc8c99582b6ae53c6e: Bootstrap complete.
I20260608 12:54:49.584652  8264 ts_tablet_manager.cc:1403] T 188cdcad2f9c4fb2b25fafac464e11cc P e0994c67bb3142cc8c99582b6ae53c6e: Time spent bootstrapping tablet: real 0.094s	user 0.015s	sys 0.014s
I20260608 12:54:49.590736  8264 raft_consensus.cc:359] T 188cdcad2f9c4fb2b25fafac464e11cc P e0994c67bb3142cc8c99582b6ae53c6e [term 1 LEARNER]: Replica starting. Triggering 0 pending ops. Active config: opid_index: 2 OBSOLETE_local: false peers { permanent_uuid: "7e8368a369e3446c9c1289eb0cc1eee3" member_type: VOTER last_known_addr { host: "127.4.163.1" port: 42553 } attrs { replace: true } } peers { permanent_uuid: "2008a44829de48d9ac88eab52fa91a14" member_type: VOTER last_known_addr { host: "127.4.163.2" port: 34653 } } peers { permanent_uuid: "5226647eb5ce42008d601c0065eaa145" member_type: VOTER last_known_addr { host: "127.4.163.3" port: 36731 } } peers { permanent_uuid: "e0994c67bb3142cc8c99582b6ae53c6e" member_type: NON_VOTER last_known_addr { host: "127.4.163.4" port: 36571 } attrs { promote: true } }
I20260608 12:54:49.591691  8264 raft_consensus.cc:740] T 188cdcad2f9c4fb2b25fafac464e11cc P e0994c67bb3142cc8c99582b6ae53c6e [term 1 LEARNER]: Becoming Follower/Learner. State: Replica: e0994c67bb3142cc8c99582b6ae53c6e, State: Initialized, Role: LEARNER
I20260608 12:54:49.595281  7882 raft_consensus.cc:1275] T 2fc73e0efcee4f98a17124ce0508a04a P 5226647eb5ce42008d601c0065eaa145 [term 2 FOLLOWER]: Refusing update from remote peer 2008a44829de48d9ac88eab52fa91a14: Log matching property violated. Preceding OpId in replica: term: 1 index: 1. Preceding OpId from leader: term: 2 index: 2. (index mismatch)
I20260608 12:54:49.597198  8252 consensus_queue.cc:1048] T 2fc73e0efcee4f98a17124ce0508a04a P 2008a44829de48d9ac88eab52fa91a14 [LEADER]: Connected to new peer: Peer: permanent_uuid: "5226647eb5ce42008d601c0065eaa145" member_type: VOTER last_known_addr { host: "127.4.163.3" port: 36731 }, Status: LMP_MISMATCH, Last received: 0.0, Next index: 2, Last known committed idx: 1, Time since last communication: 0.000s
I20260608 12:54:49.605489  8264 consensus_queue.cc:260] T 188cdcad2f9c4fb2b25fafac464e11cc P e0994c67bb3142cc8c99582b6ae53c6e [NON_LEADER]: Queue going to NON_LEADER mode. State: All replicated index: 0, Majority replicated index: 0, Committed index: 2, Last appended: 1.2, Last appended by leader: 2, Current term: 0, Majority size: -1, State: 0, Mode: NON_LEADER, active raft config: opid_index: 2 OBSOLETE_local: false peers { permanent_uuid: "7e8368a369e3446c9c1289eb0cc1eee3" member_type: VOTER last_known_addr { host: "127.4.163.1" port: 42553 } attrs { replace: true } } peers { permanent_uuid: "2008a44829de48d9ac88eab52fa91a14" member_type: VOTER last_known_addr { host: "127.4.163.2" port: 34653 } } peers { permanent_uuid: "5226647eb5ce42008d601c0065eaa145" member_type: VOTER last_known_addr { host: "127.4.163.3" port: 36731 } } peers { permanent_uuid: "e0994c67bb3142cc8c99582b6ae53c6e" member_type: NON_VOTER last_known_addr { host: "127.4.163.4" port: 36571 } attrs { promote: true } }
I20260608 12:54:49.625432  8264 ts_tablet_manager.cc:1434] T 188cdcad2f9c4fb2b25fafac464e11cc P e0994c67bb3142cc8c99582b6ae53c6e: Time spent starting tablet: real 0.038s	user 0.006s	sys 0.000s
I20260608 12:54:49.641461  8071 raft_consensus.cc:1275] T 2fc73e0efcee4f98a17124ce0508a04a P e0994c67bb3142cc8c99582b6ae53c6e [term 2 FOLLOWER]: Refusing update from remote peer 2008a44829de48d9ac88eab52fa91a14: Log matching property violated. Preceding OpId in replica: term: 1 index: 1. Preceding OpId from leader: term: 2 index: 2. (index mismatch)
I20260608 12:54:49.646405  8240 consensus_queue.cc:1048] T 2fc73e0efcee4f98a17124ce0508a04a P 2008a44829de48d9ac88eab52fa91a14 [LEADER]: Connected to new peer: Peer: permanent_uuid: "e0994c67bb3142cc8c99582b6ae53c6e" member_type: VOTER last_known_addr { host: "127.4.163.4" port: 36571 }, Status: LMP_MISMATCH, Last received: 0.0, Next index: 2, Last known committed idx: 1, Time since last communication: 0.000s
I20260608 12:54:49.650290  7895 tablet_copy_service.cc:342] P 5226647eb5ce42008d601c0065eaa145: Request end of tablet copy session e0994c67bb3142cc8c99582b6ae53c6e-188cdcad2f9c4fb2b25fafac464e11cc received from {username='slave'} at 127.0.0.1:33756
I20260608 12:54:49.650801  7895 tablet_copy_service.cc:434] P 5226647eb5ce42008d601c0065eaa145: ending tablet copy session e0994c67bb3142cc8c99582b6ae53c6e-188cdcad2f9c4fb2b25fafac464e11cc on tablet 188cdcad2f9c4fb2b25fafac464e11cc with peer e0994c67bb3142cc8c99582b6ae53c6e
I20260608 12:54:49.694974  8071 raft_consensus.cc:1217] T 3152040587244077a43d554c9c643ccf P e0994c67bb3142cc8c99582b6ae53c6e [term 2 LEARNER]: Deduplicated request from leader. Original: 2.2->[2.3-2.3]   Dedup: 2.3->[]
I20260608 12:54:49.760720  8071 raft_consensus.cc:1217] T 188cdcad2f9c4fb2b25fafac464e11cc P e0994c67bb3142cc8c99582b6ae53c6e [term 1 LEARNER]: Deduplicated request from leader. Original: 1.1->[1.2-1.2]   Dedup: 1.2->[]
I20260608 12:54:50.145130  8230 raft_consensus.cc:1064] T 3152040587244077a43d554c9c643ccf P 7e8368a369e3446c9c1289eb0cc1eee3: attempting to promote NON_VOTER e0994c67bb3142cc8c99582b6ae53c6e to VOTER
I20260608 12:54:50.151595  8230 consensus_queue.cc:237] T 3152040587244077a43d554c9c643ccf P 7e8368a369e3446c9c1289eb0cc1eee3 [LEADER]: Queue going to LEADER mode. State: All replicated index: 0, Majority replicated index: 3, Committed index: 3, Last appended: 2.3, Last appended by leader: 1, Current term: 2, Majority size: 3, State: 0, Mode: LEADER, active raft config: opid_index: 4 OBSOLETE_local: false peers { permanent_uuid: "2008a44829de48d9ac88eab52fa91a14" member_type: VOTER last_known_addr { host: "127.4.163.2" port: 34653 } attrs { replace: true } } peers { permanent_uuid: "7e8368a369e3446c9c1289eb0cc1eee3" member_type: VOTER last_known_addr { host: "127.4.163.1" port: 42553 } } peers { permanent_uuid: "5226647eb5ce42008d601c0065eaa145" member_type: VOTER last_known_addr { host: "127.4.163.3" port: 36731 } } peers { permanent_uuid: "e0994c67bb3142cc8c99582b6ae53c6e" member_type: VOTER last_known_addr { host: "127.4.163.4" port: 36571 } attrs { promote: false } }
I20260608 12:54:50.202868  8286 raft_consensus.cc:1064] T 188cdcad2f9c4fb2b25fafac464e11cc P 5226647eb5ce42008d601c0065eaa145: attempting to promote NON_VOTER e0994c67bb3142cc8c99582b6ae53c6e to VOTER
I20260608 12:54:50.205771  8286 consensus_queue.cc:237] T 188cdcad2f9c4fb2b25fafac464e11cc P 5226647eb5ce42008d601c0065eaa145 [LEADER]: Queue going to LEADER mode. State: All replicated index: 0, Majority replicated index: 2, Committed index: 2, Last appended: 1.2, Last appended by leader: 0, Current term: 1, Majority size: 3, State: 0, Mode: LEADER, active raft config: opid_index: 3 OBSOLETE_local: false peers { permanent_uuid: "7e8368a369e3446c9c1289eb0cc1eee3" member_type: VOTER last_known_addr { host: "127.4.163.1" port: 42553 } attrs { replace: true } } peers { permanent_uuid: "2008a44829de48d9ac88eab52fa91a14" member_type: VOTER last_known_addr { host: "127.4.163.2" port: 34653 } } peers { permanent_uuid: "5226647eb5ce42008d601c0065eaa145" member_type: VOTER last_known_addr { host: "127.4.163.3" port: 36731 } } peers { permanent_uuid: "e0994c67bb3142cc8c99582b6ae53c6e" member_type: VOTER last_known_addr { host: "127.4.163.4" port: 36571 } attrs { promote: false } }
I20260608 12:54:50.236230  8071 raft_consensus.cc:1275] T 3152040587244077a43d554c9c643ccf P e0994c67bb3142cc8c99582b6ae53c6e [term 2 LEARNER]: Refusing update from remote peer 7e8368a369e3446c9c1289eb0cc1eee3: Log matching property violated. Preceding OpId in replica: term: 2 index: 3. Preceding OpId from leader: term: 2 index: 4. (index mismatch)
I20260608 12:54:50.247189  8168 consensus_queue.cc:1048] T 3152040587244077a43d554c9c643ccf P 7e8368a369e3446c9c1289eb0cc1eee3 [LEADER]: Connected to new peer: Peer: permanent_uuid: "e0994c67bb3142cc8c99582b6ae53c6e" member_type: VOTER last_known_addr { host: "127.4.163.4" port: 36571 } attrs { promote: false }, Status: LMP_MISMATCH, Last received: 0.0, Next index: 4, Last known committed idx: 3, Time since last communication: 0.001s
I20260608 12:54:50.275693  7809 raft_consensus.cc:1275] T 3152040587244077a43d554c9c643ccf P 2008a44829de48d9ac88eab52fa91a14 [term 2 FOLLOWER]: Refusing update from remote peer 7e8368a369e3446c9c1289eb0cc1eee3: Log matching property violated. Preceding OpId in replica: term: 2 index: 3. Preceding OpId from leader: term: 2 index: 4. (index mismatch)
I20260608 12:54:50.277567  7811 raft_consensus.cc:1275] T 188cdcad2f9c4fb2b25fafac464e11cc P 2008a44829de48d9ac88eab52fa91a14 [term 1 FOLLOWER]: Refusing update from remote peer 5226647eb5ce42008d601c0065eaa145: Log matching property violated. Preceding OpId in replica: term: 1 index: 2. Preceding OpId from leader: term: 1 index: 3. (index mismatch)
I20260608 12:54:50.278165  7882 raft_consensus.cc:1275] T 3152040587244077a43d554c9c643ccf P 5226647eb5ce42008d601c0065eaa145 [term 2 FOLLOWER]: Refusing update from remote peer 7e8368a369e3446c9c1289eb0cc1eee3: Log matching property violated. Preceding OpId in replica: term: 2 index: 3. Preceding OpId from leader: term: 2 index: 4. (index mismatch)
I20260608 12:54:50.278393  7734 raft_consensus.cc:1275] T 188cdcad2f9c4fb2b25fafac464e11cc P 7e8368a369e3446c9c1289eb0cc1eee3 [term 1 FOLLOWER]: Refusing update from remote peer 5226647eb5ce42008d601c0065eaa145: Log matching property violated. Preceding OpId in replica: term: 1 index: 2. Preceding OpId from leader: term: 1 index: 3. (index mismatch)
I20260608 12:54:50.280674  8249 consensus_queue.cc:1048] T 188cdcad2f9c4fb2b25fafac464e11cc P 5226647eb5ce42008d601c0065eaa145 [LEADER]: Connected to new peer: Peer: permanent_uuid: "2008a44829de48d9ac88eab52fa91a14" member_type: VOTER last_known_addr { host: "127.4.163.2" port: 34653 }, Status: LMP_MISMATCH, Last received: 0.0, Next index: 3, Last known committed idx: 2, Time since last communication: 0.000s
I20260608 12:54:50.283557  8071 raft_consensus.cc:1275] T 188cdcad2f9c4fb2b25fafac464e11cc P e0994c67bb3142cc8c99582b6ae53c6e [term 1 LEARNER]: Refusing update from remote peer 5226647eb5ce42008d601c0065eaa145: Log matching property violated. Preceding OpId in replica: term: 1 index: 2. Preceding OpId from leader: term: 1 index: 3. (index mismatch)
I20260608 12:54:50.283717  8288 consensus_queue.cc:1048] T 3152040587244077a43d554c9c643ccf P 7e8368a369e3446c9c1289eb0cc1eee3 [LEADER]: Connected to new peer: Peer: permanent_uuid: "2008a44829de48d9ac88eab52fa91a14" member_type: VOTER last_known_addr { host: "127.4.163.2" port: 34653 } attrs { replace: true }, Status: LMP_MISMATCH, Last received: 0.0, Next index: 4, Last known committed idx: 3, Time since last communication: 0.002s
I20260608 12:54:50.287477  8288 consensus_queue.cc:1048] T 3152040587244077a43d554c9c643ccf P 7e8368a369e3446c9c1289eb0cc1eee3 [LEADER]: Connected to new peer: Peer: permanent_uuid: "5226647eb5ce42008d601c0065eaa145" member_type: VOTER last_known_addr { host: "127.4.163.3" port: 36731 }, Status: LMP_MISMATCH, Last received: 0.0, Next index: 4, Last known committed idx: 3, Time since last communication: 0.000s
W20260608 12:54:50.290557  8285 log.cc:927] Time spent T 3152040587244077a43d554c9c643ccf P 7e8368a369e3446c9c1289eb0cc1eee3: Append to log took a long time: real 0.070s	user 0.001s	sys 0.000s
I20260608 12:54:50.313508  8284 raft_consensus.cc:2955] T 3152040587244077a43d554c9c643ccf P 7e8368a369e3446c9c1289eb0cc1eee3 [term 2 LEADER]: Committing config change with OpId 2.4: config changed from index 3 to 4, e0994c67bb3142cc8c99582b6ae53c6e (127.4.163.4) changed from NON_VOTER to VOTER. New config: { opid_index: 4 OBSOLETE_local: false peers { permanent_uuid: "2008a44829de48d9ac88eab52fa91a14" member_type: VOTER last_known_addr { host: "127.4.163.2" port: 34653 } attrs { replace: true } } peers { permanent_uuid: "7e8368a369e3446c9c1289eb0cc1eee3" member_type: VOTER last_known_addr { host: "127.4.163.1" port: 42553 } } peers { permanent_uuid: "5226647eb5ce42008d601c0065eaa145" member_type: VOTER last_known_addr { host: "127.4.163.3" port: 36731 } } peers { permanent_uuid: "e0994c67bb3142cc8c99582b6ae53c6e" member_type: VOTER last_known_addr { host: "127.4.163.4" port: 36571 } attrs { promote: false } } }
I20260608 12:54:50.323886  7882 raft_consensus.cc:2955] T 3152040587244077a43d554c9c643ccf P 5226647eb5ce42008d601c0065eaa145 [term 2 FOLLOWER]: Committing config change with OpId 2.4: config changed from index 3 to 4, e0994c67bb3142cc8c99582b6ae53c6e (127.4.163.4) changed from NON_VOTER to VOTER. New config: { opid_index: 4 OBSOLETE_local: false peers { permanent_uuid: "2008a44829de48d9ac88eab52fa91a14" member_type: VOTER last_known_addr { host: "127.4.163.2" port: 34653 } attrs { replace: true } } peers { permanent_uuid: "7e8368a369e3446c9c1289eb0cc1eee3" member_type: VOTER last_known_addr { host: "127.4.163.1" port: 42553 } } peers { permanent_uuid: "5226647eb5ce42008d601c0065eaa145" member_type: VOTER last_known_addr { host: "127.4.163.3" port: 36731 } } peers { permanent_uuid: "e0994c67bb3142cc8c99582b6ae53c6e" member_type: VOTER last_known_addr { host: "127.4.163.4" port: 36571 } attrs { promote: false } } }
I20260608 12:54:50.293277  8286 consensus_queue.cc:1048] T 188cdcad2f9c4fb2b25fafac464e11cc P 5226647eb5ce42008d601c0065eaa145 [LEADER]: Connected to new peer: Peer: permanent_uuid: "7e8368a369e3446c9c1289eb0cc1eee3" member_type: VOTER last_known_addr { host: "127.4.163.1" port: 42553 } attrs { replace: true }, Status: LMP_MISMATCH, Last received: 0.0, Next index: 3, Last known committed idx: 2, Time since last communication: 0.001s
I20260608 12:54:50.334336  8249 consensus_queue.cc:1048] T 188cdcad2f9c4fb2b25fafac464e11cc P 5226647eb5ce42008d601c0065eaa145 [LEADER]: Connected to new peer: Peer: permanent_uuid: "e0994c67bb3142cc8c99582b6ae53c6e" member_type: VOTER last_known_addr { host: "127.4.163.4" port: 36571 } attrs { promote: false }, Status: LMP_MISMATCH, Last received: 0.0, Next index: 3, Last known committed idx: 2, Time since last communication: 0.001s
I20260608 12:54:50.340471  8070 raft_consensus.cc:2955] T 3152040587244077a43d554c9c643ccf P e0994c67bb3142cc8c99582b6ae53c6e [term 2 FOLLOWER]: Committing config change with OpId 2.4: config changed from index 3 to 4, e0994c67bb3142cc8c99582b6ae53c6e (127.4.163.4) changed from NON_VOTER to VOTER. New config: { opid_index: 4 OBSOLETE_local: false peers { permanent_uuid: "2008a44829de48d9ac88eab52fa91a14" member_type: VOTER last_known_addr { host: "127.4.163.2" port: 34653 } attrs { replace: true } } peers { permanent_uuid: "7e8368a369e3446c9c1289eb0cc1eee3" member_type: VOTER last_known_addr { host: "127.4.163.1" port: 42553 } } peers { permanent_uuid: "5226647eb5ce42008d601c0065eaa145" member_type: VOTER last_known_addr { host: "127.4.163.3" port: 36731 } } peers { permanent_uuid: "e0994c67bb3142cc8c99582b6ae53c6e" member_type: VOTER last_known_addr { host: "127.4.163.4" port: 36571 } attrs { promote: false } } }
I20260608 12:54:50.360905  7633 catalog_manager.cc:5696] T 3152040587244077a43d554c9c643ccf P 5226647eb5ce42008d601c0065eaa145 reported cstate change: config changed from index 3 to 4, e0994c67bb3142cc8c99582b6ae53c6e (127.4.163.4) changed from NON_VOTER to VOTER. New cstate: current_term: 2 leader_uuid: "7e8368a369e3446c9c1289eb0cc1eee3" committed_config { opid_index: 4 OBSOLETE_local: false peers { permanent_uuid: "2008a44829de48d9ac88eab52fa91a14" member_type: VOTER last_known_addr { host: "127.4.163.2" port: 34653 } attrs { replace: true } } peers { permanent_uuid: "7e8368a369e3446c9c1289eb0cc1eee3" member_type: VOTER last_known_addr { host: "127.4.163.1" port: 42553 } } peers { permanent_uuid: "5226647eb5ce42008d601c0065eaa145" member_type: VOTER last_known_addr { host: "127.4.163.3" port: 36731 } } peers { permanent_uuid: "e0994c67bb3142cc8c99582b6ae53c6e" member_type: VOTER last_known_addr { host: "127.4.163.4" port: 36571 } attrs { promote: false } } }
I20260608 12:54:50.363874  7811 raft_consensus.cc:2955] T 3152040587244077a43d554c9c643ccf P 2008a44829de48d9ac88eab52fa91a14 [term 2 FOLLOWER]: Committing config change with OpId 2.4: config changed from index 3 to 4, e0994c67bb3142cc8c99582b6ae53c6e (127.4.163.4) changed from NON_VOTER to VOTER. New config: { opid_index: 4 OBSOLETE_local: false peers { permanent_uuid: "2008a44829de48d9ac88eab52fa91a14" member_type: VOTER last_known_addr { host: "127.4.163.2" port: 34653 } attrs { replace: true } } peers { permanent_uuid: "7e8368a369e3446c9c1289eb0cc1eee3" member_type: VOTER last_known_addr { host: "127.4.163.1" port: 42553 } } peers { permanent_uuid: "5226647eb5ce42008d601c0065eaa145" member_type: VOTER last_known_addr { host: "127.4.163.3" port: 36731 } } peers { permanent_uuid: "e0994c67bb3142cc8c99582b6ae53c6e" member_type: VOTER last_known_addr { host: "127.4.163.4" port: 36571 } attrs { promote: false } } }
I20260608 12:54:50.384754  8286 raft_consensus.cc:2955] T 188cdcad2f9c4fb2b25fafac464e11cc P 5226647eb5ce42008d601c0065eaa145 [term 1 LEADER]: Committing config change with OpId 1.3: config changed from index 2 to 3, e0994c67bb3142cc8c99582b6ae53c6e (127.4.163.4) changed from NON_VOTER to VOTER. New config: { opid_index: 3 OBSOLETE_local: false peers { permanent_uuid: "7e8368a369e3446c9c1289eb0cc1eee3" member_type: VOTER last_known_addr { host: "127.4.163.1" port: 42553 } attrs { replace: true } } peers { permanent_uuid: "2008a44829de48d9ac88eab52fa91a14" member_type: VOTER last_known_addr { host: "127.4.163.2" port: 34653 } } peers { permanent_uuid: "5226647eb5ce42008d601c0065eaa145" member_type: VOTER last_known_addr { host: "127.4.163.3" port: 36731 } } peers { permanent_uuid: "e0994c67bb3142cc8c99582b6ae53c6e" member_type: VOTER last_known_addr { host: "127.4.163.4" port: 36571 } attrs { promote: false } } }
I20260608 12:54:50.392740  8071 raft_consensus.cc:2955] T 188cdcad2f9c4fb2b25fafac464e11cc P e0994c67bb3142cc8c99582b6ae53c6e [term 1 FOLLOWER]: Committing config change with OpId 1.3: config changed from index 2 to 3, e0994c67bb3142cc8c99582b6ae53c6e (127.4.163.4) changed from NON_VOTER to VOTER. New config: { opid_index: 3 OBSOLETE_local: false peers { permanent_uuid: "7e8368a369e3446c9c1289eb0cc1eee3" member_type: VOTER last_known_addr { host: "127.4.163.1" port: 42553 } attrs { replace: true } } peers { permanent_uuid: "2008a44829de48d9ac88eab52fa91a14" member_type: VOTER last_known_addr { host: "127.4.163.2" port: 34653 } } peers { permanent_uuid: "5226647eb5ce42008d601c0065eaa145" member_type: VOTER last_known_addr { host: "127.4.163.3" port: 36731 } } peers { permanent_uuid: "e0994c67bb3142cc8c99582b6ae53c6e" member_type: VOTER last_known_addr { host: "127.4.163.4" port: 36571 } attrs { promote: false } } }
I20260608 12:54:50.399590  7811 raft_consensus.cc:2955] T 188cdcad2f9c4fb2b25fafac464e11cc P 2008a44829de48d9ac88eab52fa91a14 [term 1 FOLLOWER]: Committing config change with OpId 1.3: config changed from index 2 to 3, e0994c67bb3142cc8c99582b6ae53c6e (127.4.163.4) changed from NON_VOTER to VOTER. New config: { opid_index: 3 OBSOLETE_local: false peers { permanent_uuid: "7e8368a369e3446c9c1289eb0cc1eee3" member_type: VOTER last_known_addr { host: "127.4.163.1" port: 42553 } attrs { replace: true } } peers { permanent_uuid: "2008a44829de48d9ac88eab52fa91a14" member_type: VOTER last_known_addr { host: "127.4.163.2" port: 34653 } } peers { permanent_uuid: "5226647eb5ce42008d601c0065eaa145" member_type: VOTER last_known_addr { host: "127.4.163.3" port: 36731 } } peers { permanent_uuid: "e0994c67bb3142cc8c99582b6ae53c6e" member_type: VOTER last_known_addr { host: "127.4.163.4" port: 36571 } attrs { promote: false } } }
I20260608 12:54:50.404233  7734 raft_consensus.cc:2955] T 188cdcad2f9c4fb2b25fafac464e11cc P 7e8368a369e3446c9c1289eb0cc1eee3 [term 1 FOLLOWER]: Committing config change with OpId 1.3: config changed from index 2 to 3, e0994c67bb3142cc8c99582b6ae53c6e (127.4.163.4) changed from NON_VOTER to VOTER. New config: { opid_index: 3 OBSOLETE_local: false peers { permanent_uuid: "7e8368a369e3446c9c1289eb0cc1eee3" member_type: VOTER last_known_addr { host: "127.4.163.1" port: 42553 } attrs { replace: true } } peers { permanent_uuid: "2008a44829de48d9ac88eab52fa91a14" member_type: VOTER last_known_addr { host: "127.4.163.2" port: 34653 } } peers { permanent_uuid: "5226647eb5ce42008d601c0065eaa145" member_type: VOTER last_known_addr { host: "127.4.163.3" port: 36731 } } peers { permanent_uuid: "e0994c67bb3142cc8c99582b6ae53c6e" member_type: VOTER last_known_addr { host: "127.4.163.4" port: 36571 } attrs { promote: false } } }
I20260608 12:54:50.449009  7632 catalog_manager.cc:5696] T 188cdcad2f9c4fb2b25fafac464e11cc P 5226647eb5ce42008d601c0065eaa145 reported cstate change: config changed from index 2 to 3, e0994c67bb3142cc8c99582b6ae53c6e (127.4.163.4) changed from NON_VOTER to VOTER. New cstate: current_term: 1 leader_uuid: "5226647eb5ce42008d601c0065eaa145" committed_config { opid_index: 3 OBSOLETE_local: false peers { permanent_uuid: "7e8368a369e3446c9c1289eb0cc1eee3" member_type: VOTER last_known_addr { host: "127.4.163.1" port: 42553 } attrs { replace: true } health_report { overall_health: HEALTHY } } peers { permanent_uuid: "2008a44829de48d9ac88eab52fa91a14" member_type: VOTER last_known_addr { host: "127.4.163.2" port: 34653 } health_report { overall_health: HEALTHY } } peers { permanent_uuid: "5226647eb5ce42008d601c0065eaa145" member_type: VOTER last_known_addr { host: "127.4.163.3" port: 36731 } health_report { overall_health: HEALTHY } } peers { permanent_uuid: "e0994c67bb3142cc8c99582b6ae53c6e" member_type: VOTER last_known_addr { host: "127.4.163.4" port: 36571 } attrs { promote: false } health_report { overall_health: HEALTHY } } }
I20260608 12:54:50.460958  7734 consensus_queue.cc:237] T 3152040587244077a43d554c9c643ccf P 7e8368a369e3446c9c1289eb0cc1eee3 [LEADER]: Queue going to LEADER mode. State: All replicated index: 0, Majority replicated index: 4, Committed index: 4, Last appended: 2.4, Last appended by leader: 1, Current term: 2, Majority size: 2, State: 0, Mode: LEADER, active raft config: opid_index: 5 OBSOLETE_local: false peers { permanent_uuid: "7e8368a369e3446c9c1289eb0cc1eee3" member_type: VOTER last_known_addr { host: "127.4.163.1" port: 42553 } } peers { permanent_uuid: "5226647eb5ce42008d601c0065eaa145" member_type: VOTER last_known_addr { host: "127.4.163.3" port: 36731 } } peers { permanent_uuid: "e0994c67bb3142cc8c99582b6ae53c6e" member_type: VOTER last_known_addr { host: "127.4.163.4" port: 36571 } attrs { promote: false } }
I20260608 12:54:50.473997  8071 raft_consensus.cc:1275] T 3152040587244077a43d554c9c643ccf P e0994c67bb3142cc8c99582b6ae53c6e [term 2 FOLLOWER]: Refusing update from remote peer 7e8368a369e3446c9c1289eb0cc1eee3: Log matching property violated. Preceding OpId in replica: term: 2 index: 4. Preceding OpId from leader: term: 2 index: 5. (index mismatch)
I20260608 12:54:50.476696  8288 consensus_queue.cc:1048] T 3152040587244077a43d554c9c643ccf P 7e8368a369e3446c9c1289eb0cc1eee3 [LEADER]: Connected to new peer: Peer: permanent_uuid: "e0994c67bb3142cc8c99582b6ae53c6e" member_type: VOTER last_known_addr { host: "127.4.163.4" port: 36571 } attrs { promote: false }, Status: LMP_MISMATCH, Last received: 0.0, Next index: 5, Last known committed idx: 4, Time since last communication: 0.000s
I20260608 12:54:50.486006  8168 raft_consensus.cc:2955] T 3152040587244077a43d554c9c643ccf P 7e8368a369e3446c9c1289eb0cc1eee3 [term 2 LEADER]: Committing config change with OpId 2.5: config changed from index 4 to 5, VOTER 2008a44829de48d9ac88eab52fa91a14 (127.4.163.2) evicted. New config: { opid_index: 5 OBSOLETE_local: false peers { permanent_uuid: "7e8368a369e3446c9c1289eb0cc1eee3" member_type: VOTER last_known_addr { host: "127.4.163.1" port: 42553 } } peers { permanent_uuid: "5226647eb5ce42008d601c0065eaa145" member_type: VOTER last_known_addr { host: "127.4.163.3" port: 36731 } } peers { permanent_uuid: "e0994c67bb3142cc8c99582b6ae53c6e" member_type: VOTER last_known_addr { host: "127.4.163.4" port: 36571 } attrs { promote: false } } }
I20260608 12:54:50.494650  8071 raft_consensus.cc:2955] T 3152040587244077a43d554c9c643ccf P e0994c67bb3142cc8c99582b6ae53c6e [term 2 FOLLOWER]: Committing config change with OpId 2.5: config changed from index 4 to 5, VOTER 2008a44829de48d9ac88eab52fa91a14 (127.4.163.2) evicted. New config: { opid_index: 5 OBSOLETE_local: false peers { permanent_uuid: "7e8368a369e3446c9c1289eb0cc1eee3" member_type: VOTER last_known_addr { host: "127.4.163.1" port: 42553 } } peers { permanent_uuid: "5226647eb5ce42008d601c0065eaa145" member_type: VOTER last_known_addr { host: "127.4.163.3" port: 36731 } } peers { permanent_uuid: "e0994c67bb3142cc8c99582b6ae53c6e" member_type: VOTER last_known_addr { host: "127.4.163.4" port: 36571 } attrs { promote: false } } }
I20260608 12:54:50.508407  7882 raft_consensus.cc:1275] T 3152040587244077a43d554c9c643ccf P 5226647eb5ce42008d601c0065eaa145 [term 2 FOLLOWER]: Refusing update from remote peer 7e8368a369e3446c9c1289eb0cc1eee3: Log matching property violated. Preceding OpId in replica: term: 2 index: 4. Preceding OpId from leader: term: 2 index: 5. (index mismatch)
I20260608 12:54:50.510447  8288 consensus_queue.cc:1048] T 3152040587244077a43d554c9c643ccf P 7e8368a369e3446c9c1289eb0cc1eee3 [LEADER]: Connected to new peer: Peer: permanent_uuid: "5226647eb5ce42008d601c0065eaa145" member_type: VOTER last_known_addr { host: "127.4.163.3" port: 36731 }, Status: LMP_MISMATCH, Last received: 0.0, Next index: 5, Last known committed idx: 4, Time since last communication: 0.000s
I20260608 12:54:50.517185  7882 raft_consensus.cc:2955] T 3152040587244077a43d554c9c643ccf P 5226647eb5ce42008d601c0065eaa145 [term 2 FOLLOWER]: Committing config change with OpId 2.5: config changed from index 4 to 5, VOTER 2008a44829de48d9ac88eab52fa91a14 (127.4.163.2) evicted. New config: { opid_index: 5 OBSOLETE_local: false peers { permanent_uuid: "7e8368a369e3446c9c1289eb0cc1eee3" member_type: VOTER last_known_addr { host: "127.4.163.1" port: 42553 } } peers { permanent_uuid: "5226647eb5ce42008d601c0065eaa145" member_type: VOTER last_known_addr { host: "127.4.163.3" port: 36731 } } peers { permanent_uuid: "e0994c67bb3142cc8c99582b6ae53c6e" member_type: VOTER last_known_addr { host: "127.4.163.4" port: 36571 } attrs { promote: false } } }
I20260608 12:54:50.524068  7621 catalog_manager.cc:5209] ChangeConfig:REMOVE_PEER RPC for tablet 3152040587244077a43d554c9c643ccf with cas_config_opid_index 4: ChangeConfig:REMOVE_PEER succeeded (attempt 1)
I20260608 12:54:50.554740  7632 catalog_manager.cc:5696] T 3152040587244077a43d554c9c643ccf P 5226647eb5ce42008d601c0065eaa145 reported cstate change: config changed from index 4 to 5, VOTER 2008a44829de48d9ac88eab52fa91a14 (127.4.163.2) evicted. New cstate: current_term: 2 leader_uuid: "7e8368a369e3446c9c1289eb0cc1eee3" committed_config { opid_index: 5 OBSOLETE_local: false peers { permanent_uuid: "7e8368a369e3446c9c1289eb0cc1eee3" member_type: VOTER last_known_addr { host: "127.4.163.1" port: 42553 } } peers { permanent_uuid: "5226647eb5ce42008d601c0065eaa145" member_type: VOTER last_known_addr { host: "127.4.163.3" port: 36731 } } peers { permanent_uuid: "e0994c67bb3142cc8c99582b6ae53c6e" member_type: VOTER last_known_addr { host: "127.4.163.4" port: 36571 } attrs { promote: false } } }
W20260608 12:54:50.559724  7621 catalog_manager.cc:5219] ChangeConfig:REMOVE_PEER RPC for tablet 3152040587244077a43d554c9c643ccf with cas_config_opid_index 4: ChangeConfig:REMOVE_PEER failed with leader 7e8368a369e3446c9c1289eb0cc1eee3 (127.4.163.1:42553) due to CAS failure; no further retry: Illegal state: Request specified cas_config_opid_index of 4 but the committed config has opid_index of 5
I20260608 12:54:50.558923  7882 consensus_queue.cc:237] T 188cdcad2f9c4fb2b25fafac464e11cc P 5226647eb5ce42008d601c0065eaa145 [LEADER]: Queue going to LEADER mode. State: All replicated index: 0, Majority replicated index: 3, Committed index: 3, Last appended: 1.3, Last appended by leader: 0, Current term: 1, Majority size: 2, State: 0, Mode: LEADER, active raft config: opid_index: 4 OBSOLETE_local: false peers { permanent_uuid: "2008a44829de48d9ac88eab52fa91a14" member_type: VOTER last_known_addr { host: "127.4.163.2" port: 34653 } } peers { permanent_uuid: "5226647eb5ce42008d601c0065eaa145" member_type: VOTER last_known_addr { host: "127.4.163.3" port: 36731 } } peers { permanent_uuid: "e0994c67bb3142cc8c99582b6ae53c6e" member_type: VOTER last_known_addr { host: "127.4.163.4" port: 36571 } attrs { promote: false } }
I20260608 12:54:50.580484  8071 raft_consensus.cc:1275] T 188cdcad2f9c4fb2b25fafac464e11cc P e0994c67bb3142cc8c99582b6ae53c6e [term 1 FOLLOWER]: Refusing update from remote peer 5226647eb5ce42008d601c0065eaa145: Log matching property violated. Preceding OpId in replica: term: 1 index: 3. Preceding OpId from leader: term: 1 index: 4. (index mismatch)
I20260608 12:54:50.586228  8286 consensus_queue.cc:1048] T 188cdcad2f9c4fb2b25fafac464e11cc P 5226647eb5ce42008d601c0065eaa145 [LEADER]: Connected to new peer: Peer: permanent_uuid: "e0994c67bb3142cc8c99582b6ae53c6e" member_type: VOTER last_known_addr { host: "127.4.163.4" port: 36571 } attrs { promote: false }, Status: LMP_MISMATCH, Last received: 0.0, Next index: 4, Last known committed idx: 3, Time since last communication: 0.000s
I20260608 12:54:50.588687  7797 tablet_service.cc:1558] Processing DeleteTablet for tablet 3152040587244077a43d554c9c643ccf with delete_type TABLET_DATA_TOMBSTONED (TS 2008a44829de48d9ac88eab52fa91a14 not found in new config with opid_index 5) from {username='slave'} at 127.0.0.1:53974
I20260608 12:54:50.598657  7811 raft_consensus.cc:1275] T 188cdcad2f9c4fb2b25fafac464e11cc P 2008a44829de48d9ac88eab52fa91a14 [term 1 FOLLOWER]: Refusing update from remote peer 5226647eb5ce42008d601c0065eaa145: Log matching property violated. Preceding OpId in replica: term: 1 index: 3. Preceding OpId from leader: term: 1 index: 4. (index mismatch)
I20260608 12:54:50.601825  8249 consensus_queue.cc:1048] T 188cdcad2f9c4fb2b25fafac464e11cc P 5226647eb5ce42008d601c0065eaa145 [LEADER]: Connected to new peer: Peer: permanent_uuid: "2008a44829de48d9ac88eab52fa91a14" member_type: VOTER last_known_addr { host: "127.4.163.2" port: 34653 }, Status: LMP_MISMATCH, Last received: 0.0, Next index: 4, Last known committed idx: 3, Time since last communication: 0.000s
I20260608 12:54:50.603852  8249 raft_consensus.cc:2955] T 188cdcad2f9c4fb2b25fafac464e11cc P 5226647eb5ce42008d601c0065eaa145 [term 1 LEADER]: Committing config change with OpId 1.4: config changed from index 3 to 4, VOTER 7e8368a369e3446c9c1289eb0cc1eee3 (127.4.163.1) evicted. New config: { opid_index: 4 OBSOLETE_local: false peers { permanent_uuid: "2008a44829de48d9ac88eab52fa91a14" member_type: VOTER last_known_addr { host: "127.4.163.2" port: 34653 } } peers { permanent_uuid: "5226647eb5ce42008d601c0065eaa145" member_type: VOTER last_known_addr { host: "127.4.163.3" port: 36731 } } peers { permanent_uuid: "e0994c67bb3142cc8c99582b6ae53c6e" member_type: VOTER last_known_addr { host: "127.4.163.4" port: 36571 } attrs { promote: false } } }
I20260608 12:54:50.610247  8070 raft_consensus.cc:2955] T 188cdcad2f9c4fb2b25fafac464e11cc P e0994c67bb3142cc8c99582b6ae53c6e [term 1 FOLLOWER]: Committing config change with OpId 1.4: config changed from index 3 to 4, VOTER 7e8368a369e3446c9c1289eb0cc1eee3 (127.4.163.1) evicted. New config: { opid_index: 4 OBSOLETE_local: false peers { permanent_uuid: "2008a44829de48d9ac88eab52fa91a14" member_type: VOTER last_known_addr { host: "127.4.163.2" port: 34653 } } peers { permanent_uuid: "5226647eb5ce42008d601c0065eaa145" member_type: VOTER last_known_addr { host: "127.4.163.3" port: 36731 } } peers { permanent_uuid: "e0994c67bb3142cc8c99582b6ae53c6e" member_type: VOTER last_known_addr { host: "127.4.163.4" port: 36571 } attrs { promote: false } } }
I20260608 12:54:50.633248  7811 raft_consensus.cc:2955] T 188cdcad2f9c4fb2b25fafac464e11cc P 2008a44829de48d9ac88eab52fa91a14 [term 1 FOLLOWER]: Committing config change with OpId 1.4: config changed from index 3 to 4, VOTER 7e8368a369e3446c9c1289eb0cc1eee3 (127.4.163.1) evicted. New config: { opid_index: 4 OBSOLETE_local: false peers { permanent_uuid: "2008a44829de48d9ac88eab52fa91a14" member_type: VOTER last_known_addr { host: "127.4.163.2" port: 34653 } } peers { permanent_uuid: "5226647eb5ce42008d601c0065eaa145" member_type: VOTER last_known_addr { host: "127.4.163.3" port: 36731 } } peers { permanent_uuid: "e0994c67bb3142cc8c99582b6ae53c6e" member_type: VOTER last_known_addr { host: "127.4.163.4" port: 36571 } attrs { promote: false } } }
I20260608 12:54:50.665444  7633 catalog_manager.cc:5696] T 188cdcad2f9c4fb2b25fafac464e11cc P e0994c67bb3142cc8c99582b6ae53c6e reported cstate change: config changed from index 3 to 4, VOTER 7e8368a369e3446c9c1289eb0cc1eee3 (127.4.163.1) evicted. New cstate: current_term: 1 leader_uuid: "5226647eb5ce42008d601c0065eaa145" committed_config { opid_index: 4 OBSOLETE_local: false peers { permanent_uuid: "2008a44829de48d9ac88eab52fa91a14" member_type: VOTER last_known_addr { host: "127.4.163.2" port: 34653 } } peers { permanent_uuid: "5226647eb5ce42008d601c0065eaa145" member_type: VOTER last_known_addr { host: "127.4.163.3" port: 36731 } } peers { permanent_uuid: "e0994c67bb3142cc8c99582b6ae53c6e" member_type: VOTER last_known_addr { host: "127.4.163.4" port: 36571 } attrs { promote: false } } }
I20260608 12:54:50.670483  8299 tablet_replica.cc:333] T 3152040587244077a43d554c9c643ccf P 2008a44829de48d9ac88eab52fa91a14: stopping tablet replica
I20260608 12:54:50.679351  7724 tablet_service.cc:1558] Processing DeleteTablet for tablet 188cdcad2f9c4fb2b25fafac464e11cc with delete_type TABLET_DATA_TOMBSTONED (TS 7e8368a369e3446c9c1289eb0cc1eee3 not found in new config with opid_index 4) from {username='slave'} at 127.0.0.1:40446
I20260608 12:54:50.688241  8299 raft_consensus.cc:2243] T 3152040587244077a43d554c9c643ccf P 2008a44829de48d9ac88eab52fa91a14 [term 2 FOLLOWER]: Raft consensus shutting down.
I20260608 12:54:50.689828  7620 catalog_manager.cc:5209] ChangeConfig:REMOVE_PEER RPC for tablet 188cdcad2f9c4fb2b25fafac464e11cc with cas_config_opid_index 3: ChangeConfig:REMOVE_PEER succeeded (attempt 1)
I20260608 12:54:50.710427  8299 raft_consensus.cc:2272] T 3152040587244077a43d554c9c643ccf P 2008a44829de48d9ac88eab52fa91a14 [term 2 FOLLOWER]: Raft consensus is shut down!
I20260608 12:54:50.716066  8300 tablet_replica.cc:333] T 188cdcad2f9c4fb2b25fafac464e11cc P 7e8368a369e3446c9c1289eb0cc1eee3: stopping tablet replica
I20260608 12:54:50.717296  8300 raft_consensus.cc:2243] T 188cdcad2f9c4fb2b25fafac464e11cc P 7e8368a369e3446c9c1289eb0cc1eee3 [term 1 FOLLOWER]: Raft consensus shutting down.
I20260608 12:54:50.718353  8300 raft_consensus.cc:2272] T 188cdcad2f9c4fb2b25fafac464e11cc P 7e8368a369e3446c9c1289eb0cc1eee3 [term 1 FOLLOWER]: Raft consensus is shut down!
