I20260608 12:54:38.216804  7999 data_dirs.cc:400] Could only allocate 1 dirs of requested 3 for tablet b45bcb48c9074b2b8c662b2881a04615. 1 dirs total, 0 dirs full, 0 dirs failed
I20260608 12:54:38.217177  8078 tablet_service.cc:1511] Processing CreateTablet for tablet 2e84016477ee4d05b9df181a6636f46a (DEFAULT_TABLE table=range_aware_rebalance_new_range [id=d98a4f74b68047aba3d439d2de93c2b0]), partition=HASH (key) PARTITION 1, RANGE (key) PARTITION 0 <= VALUES < 10
I20260608 12:54:38.218706  8078 data_dirs.cc:400] Could only allocate 1 dirs of requested 3 for tablet 2e84016477ee4d05b9df181a6636f46a. 1 dirs total, 0 dirs full, 0 dirs failed
I20260608 12:54:38.219506  7998 tablet_service.cc:1511] Processing CreateTablet for tablet 2df7282803bd4b758f292744db287c6c (DEFAULT_TABLE table=range_aware_rebalance_new_range [id=d98a4f74b68047aba3d439d2de93c2b0]), partition=HASH (key) PARTITION 6, RANGE (key) PARTITION 0 <= VALUES < 10
I20260608 12:54:38.219625  8000 tablet_service.cc:1511] Processing CreateTablet for tablet 61b3478d050142e281955a8de62f19f1 (DEFAULT_TABLE table=range_aware_rebalance_new_range [id=d98a4f74b68047aba3d439d2de93c2b0]), partition=HASH (key) PARTITION 4, RANGE (key) PARTITION 0 <= VALUES < 10
I20260608 12:54:38.221087  7998 data_dirs.cc:400] Could only allocate 1 dirs of requested 3 for tablet 2df7282803bd4b758f292744db287c6c. 1 dirs total, 0 dirs full, 0 dirs failed
I20260608 12:54:38.221719  8001 tablet_service.cc:1511] Processing CreateTablet for tablet e9963e0d3617473291a09f183400280b (DEFAULT_TABLE table=range_aware_rebalance_new_range [id=d98a4f74b68047aba3d439d2de93c2b0]), partition=HASH (key) PARTITION 3, RANGE (key) PARTITION 0 <= VALUES < 10
I20260608 12:54:38.223726  8002 tablet_service.cc:1511] Processing CreateTablet for tablet daf8b9e501f64e96af2e6ce772061a45 (DEFAULT_TABLE table=range_aware_rebalance_new_range [id=d98a4f74b68047aba3d439d2de93c2b0]), partition=HASH (key) PARTITION 2, RANGE (key) PARTITION 0 <= VALUES < 10
I20260608 12:54:38.225718  8003 tablet_service.cc:1511] Processing CreateTablet for tablet 2e84016477ee4d05b9df181a6636f46a (DEFAULT_TABLE table=range_aware_rebalance_new_range [id=d98a4f74b68047aba3d439d2de93c2b0]), partition=HASH (key) PARTITION 1, RANGE (key) PARTITION 0 <= VALUES < 10
I20260608 12:54:38.228184  8077 tablet_service.cc:1511] Processing CreateTablet for tablet daf8b9e501f64e96af2e6ce772061a45 (DEFAULT_TABLE table=range_aware_rebalance_new_range [id=d98a4f74b68047aba3d439d2de93c2b0]), partition=HASH (key) PARTITION 2, RANGE (key) PARTITION 0 <= VALUES < 10
I20260608 12:54:38.229652  8077 data_dirs.cc:400] Could only allocate 1 dirs of requested 3 for tablet daf8b9e501f64e96af2e6ce772061a45. 1 dirs total, 0 dirs full, 0 dirs failed
I20260608 12:54:38.229938  8001 data_dirs.cc:400] Could only allocate 1 dirs of requested 3 for tablet e9963e0d3617473291a09f183400280b. 1 dirs total, 0 dirs full, 0 dirs failed
I20260608 12:54:38.230679  8000 data_dirs.cc:400] Could only allocate 1 dirs of requested 3 for tablet 61b3478d050142e281955a8de62f19f1. 1 dirs total, 0 dirs full, 0 dirs failed
I20260608 12:54:38.231838  8003 data_dirs.cc:400] Could only allocate 1 dirs of requested 3 for tablet 2e84016477ee4d05b9df181a6636f46a. 1 dirs total, 0 dirs full, 0 dirs failed
I20260608 12:54:38.232694  7997 tablet_service.cc:1511] Processing CreateTablet for tablet 34ca80dc45144800b8e4500835a24560 (DEFAULT_TABLE table=range_aware_rebalance_new_range [id=d98a4f74b68047aba3d439d2de93c2b0]), partition=HASH (key) PARTITION 7, RANGE (key) PARTITION 0 <= VALUES < 10
I20260608 12:54:38.234068  7997 data_dirs.cc:400] Could only allocate 1 dirs of requested 3 for tablet 34ca80dc45144800b8e4500835a24560. 1 dirs total, 0 dirs full, 0 dirs failed
I20260608 12:54:38.239740  8002 data_dirs.cc:400] Could only allocate 1 dirs of requested 3 for tablet daf8b9e501f64e96af2e6ce772061a45. 1 dirs total, 0 dirs full, 0 dirs failed
I20260608 12:54:38.253394  8076 tablet_service.cc:1511] Processing CreateTablet for tablet e9963e0d3617473291a09f183400280b (DEFAULT_TABLE table=range_aware_rebalance_new_range [id=d98a4f74b68047aba3d439d2de93c2b0]), partition=HASH (key) PARTITION 3, RANGE (key) PARTITION 0 <= VALUES < 10
I20260608 12:54:38.254995  8076 data_dirs.cc:400] Could only allocate 1 dirs of requested 3 for tablet e9963e0d3617473291a09f183400280b. 1 dirs total, 0 dirs full, 0 dirs failed
I20260608 12:54:38.256953  8075 tablet_service.cc:1511] Processing CreateTablet for tablet 61b3478d050142e281955a8de62f19f1 (DEFAULT_TABLE table=range_aware_rebalance_new_range [id=d98a4f74b68047aba3d439d2de93c2b0]), partition=HASH (key) PARTITION 4, RANGE (key) PARTITION 0 <= VALUES < 10
I20260608 12:54:38.258569  8075 data_dirs.cc:400] Could only allocate 1 dirs of requested 3 for tablet 61b3478d050142e281955a8de62f19f1. 1 dirs total, 0 dirs full, 0 dirs failed
I20260608 12:54:38.258405  8072 tablet_service.cc:1511] Processing CreateTablet for tablet 34ca80dc45144800b8e4500835a24560 (DEFAULT_TABLE table=range_aware_rebalance_new_range [id=d98a4f74b68047aba3d439d2de93c2b0]), partition=HASH (key) PARTITION 7, RANGE (key) PARTITION 0 <= VALUES < 10
I20260608 12:54:38.260630  8073 tablet_service.cc:1511] Processing CreateTablet for tablet 2df7282803bd4b758f292744db287c6c (DEFAULT_TABLE table=range_aware_rebalance_new_range [id=d98a4f74b68047aba3d439d2de93c2b0]), partition=HASH (key) PARTITION 6, RANGE (key) PARTITION 0 <= VALUES < 10
I20260608 12:54:38.262717  8074 tablet_service.cc:1511] Processing CreateTablet for tablet b45bcb48c9074b2b8c662b2881a04615 (DEFAULT_TABLE table=range_aware_rebalance_new_range [id=d98a4f74b68047aba3d439d2de93c2b0]), partition=HASH (key) PARTITION 5, RANGE (key) PARTITION 0 <= VALUES < 10
I20260608 12:54:38.264298  8072 data_dirs.cc:400] Could only allocate 1 dirs of requested 3 for tablet 34ca80dc45144800b8e4500835a24560. 1 dirs total, 0 dirs full, 0 dirs failed
I20260608 12:54:38.271100  8073 data_dirs.cc:400] Could only allocate 1 dirs of requested 3 for tablet 2df7282803bd4b758f292744db287c6c. 1 dirs total, 0 dirs full, 0 dirs failed
I20260608 12:54:38.274636  8074 data_dirs.cc:400] Could only allocate 1 dirs of requested 3 for tablet b45bcb48c9074b2b8c662b2881a04615. 1 dirs total, 0 dirs full, 0 dirs failed
I20260608 12:54:38.291965  8152 tablet_service.cc:1511] Processing CreateTablet for tablet 2e84016477ee4d05b9df181a6636f46a (DEFAULT_TABLE table=range_aware_rebalance_new_range [id=d98a4f74b68047aba3d439d2de93c2b0]), partition=HASH (key) PARTITION 1, RANGE (key) PARTITION 0 <= VALUES < 10
I20260608 12:54:38.293535  8152 data_dirs.cc:400] Could only allocate 1 dirs of requested 3 for tablet 2e84016477ee4d05b9df181a6636f46a. 1 dirs total, 0 dirs full, 0 dirs failed
I20260608 12:54:38.296613  8149 tablet_service.cc:1511] Processing CreateTablet for tablet 61b3478d050142e281955a8de62f19f1 (DEFAULT_TABLE table=range_aware_rebalance_new_range [id=d98a4f74b68047aba3d439d2de93c2b0]), partition=HASH (key) PARTITION 4, RANGE (key) PARTITION 0 <= VALUES < 10
I20260608 12:54:38.298085  8149 data_dirs.cc:400] Could only allocate 1 dirs of requested 3 for tablet 61b3478d050142e281955a8de62f19f1. 1 dirs total, 0 dirs full, 0 dirs failed
I20260608 12:54:38.300607  8148 tablet_service.cc:1511] Processing CreateTablet for tablet b45bcb48c9074b2b8c662b2881a04615 (DEFAULT_TABLE table=range_aware_rebalance_new_range [id=d98a4f74b68047aba3d439d2de93c2b0]), partition=HASH (key) PARTITION 5, RANGE (key) PARTITION 0 <= VALUES < 10
I20260608 12:54:38.302098  8148 data_dirs.cc:400] Could only allocate 1 dirs of requested 3 for tablet b45bcb48c9074b2b8c662b2881a04615. 1 dirs total, 0 dirs full, 0 dirs failed
I20260608 12:54:38.302435  8151 tablet_service.cc:1511] Processing CreateTablet for tablet daf8b9e501f64e96af2e6ce772061a45 (DEFAULT_TABLE table=range_aware_rebalance_new_range [id=d98a4f74b68047aba3d439d2de93c2b0]), partition=HASH (key) PARTITION 2, RANGE (key) PARTITION 0 <= VALUES < 10
I20260608 12:54:38.303877  8151 data_dirs.cc:400] Could only allocate 1 dirs of requested 3 for tablet daf8b9e501f64e96af2e6ce772061a45. 1 dirs total, 0 dirs full, 0 dirs failed
I20260608 12:54:38.308600  8150 tablet_service.cc:1511] Processing CreateTablet for tablet e9963e0d3617473291a09f183400280b (DEFAULT_TABLE table=range_aware_rebalance_new_range [id=d98a4f74b68047aba3d439d2de93c2b0]), partition=HASH (key) PARTITION 3, RANGE (key) PARTITION 0 <= VALUES < 10
I20260608 12:54:38.310041  8150 data_dirs.cc:400] Could only allocate 1 dirs of requested 3 for tablet e9963e0d3617473291a09f183400280b. 1 dirs total, 0 dirs full, 0 dirs failed
I20260608 12:54:38.312574  8153 tablet_service.cc:1511] Processing CreateTablet for tablet 4782d691b6c04e6380b621c1e941baf6 (DEFAULT_TABLE table=range_aware_rebalance_new_range [id=d98a4f74b68047aba3d439d2de93c2b0]), partition=HASH (key) PARTITION 0, RANGE (key) PARTITION 0 <= VALUES < 10
I20260608 12:54:38.314016  8153 data_dirs.cc:400] Could only allocate 1 dirs of requested 3 for tablet 4782d691b6c04e6380b621c1e941baf6. 1 dirs total, 0 dirs full, 0 dirs failed
I20260608 12:54:38.317819  8147 tablet_service.cc:1511] Processing CreateTablet for tablet 2df7282803bd4b758f292744db287c6c (DEFAULT_TABLE table=range_aware_rebalance_new_range [id=d98a4f74b68047aba3d439d2de93c2b0]), partition=HASH (key) PARTITION 6, RANGE (key) PARTITION 0 <= VALUES < 10
I20260608 12:54:38.319272  8147 data_dirs.cc:400] Could only allocate 1 dirs of requested 3 for tablet 2df7282803bd4b758f292744db287c6c. 1 dirs total, 0 dirs full, 0 dirs failed
I20260608 12:54:38.324558  8146 tablet_service.cc:1511] Processing CreateTablet for tablet 34ca80dc45144800b8e4500835a24560 (DEFAULT_TABLE table=range_aware_rebalance_new_range [id=d98a4f74b68047aba3d439d2de93c2b0]), partition=HASH (key) PARTITION 7, RANGE (key) PARTITION 0 <= VALUES < 10
I20260608 12:54:38.326000  8146 data_dirs.cc:400] Could only allocate 1 dirs of requested 3 for tablet 34ca80dc45144800b8e4500835a24560. 1 dirs total, 0 dirs full, 0 dirs failed
I20260608 12:54:38.424971  8208 tablet_bootstrap.cc:492] T 4782d691b6c04e6380b621c1e941baf6 P ea195179b12f45f195c34f7a6e217e70: Bootstrap starting.
I20260608 12:54:38.425956  8209 tablet_bootstrap.cc:492] T e9963e0d3617473291a09f183400280b P d0c618e7e6754a33a6d41d25ece5b263: Bootstrap starting.
I20260608 12:54:38.433552  8208 tablet_bootstrap.cc:654] T 4782d691b6c04e6380b621c1e941baf6 P ea195179b12f45f195c34f7a6e217e70: Neither blocks nor log segments found. Creating new log.
I20260608 12:54:38.434932  8209 tablet_bootstrap.cc:654] T e9963e0d3617473291a09f183400280b P d0c618e7e6754a33a6d41d25ece5b263: Neither blocks nor log segments found. Creating new log.
I20260608 12:54:38.440841  8210 tablet_bootstrap.cc:492] T b45bcb48c9074b2b8c662b2881a04615 P 23e2162ee9d84997bf5f2ff69e50826c: Bootstrap starting.
I20260608 12:54:38.451174  8208 tablet_bootstrap.cc:492] T 4782d691b6c04e6380b621c1e941baf6 P ea195179b12f45f195c34f7a6e217e70: No bootstrap required, opened a new log
I20260608 12:54:38.451546  8210 tablet_bootstrap.cc:654] T b45bcb48c9074b2b8c662b2881a04615 P 23e2162ee9d84997bf5f2ff69e50826c: Neither blocks nor log segments found. Creating new log.
I20260608 12:54:38.451719  8209 tablet_bootstrap.cc:492] T e9963e0d3617473291a09f183400280b P d0c618e7e6754a33a6d41d25ece5b263: No bootstrap required, opened a new log
I20260608 12:54:38.451766  8208 ts_tablet_manager.cc:1403] T 4782d691b6c04e6380b621c1e941baf6 P ea195179b12f45f195c34f7a6e217e70: Time spent bootstrapping tablet: real 0.027s	user 0.017s	sys 0.008s
I20260608 12:54:38.452364  8209 ts_tablet_manager.cc:1403] T e9963e0d3617473291a09f183400280b P d0c618e7e6754a33a6d41d25ece5b263: Time spent bootstrapping tablet: real 0.027s	user 0.011s	sys 0.011s
I20260608 12:54:38.454416  8208 raft_consensus.cc:359] T 4782d691b6c04e6380b621c1e941baf6 P ea195179b12f45f195c34f7a6e217e70 [term 0 FOLLOWER]: Replica starting. Triggering 0 pending ops. Active config: opid_index: -1 OBSOLETE_local: false peers { permanent_uuid: "d0c618e7e6754a33a6d41d25ece5b263" member_type: VOTER last_known_addr { host: "127.4.226.66" port: 33923 } } peers { permanent_uuid: "ea195179b12f45f195c34f7a6e217e70" member_type: VOTER last_known_addr { host: "127.4.226.65" port: 40041 } } peers { permanent_uuid: "23e2162ee9d84997bf5f2ff69e50826c" member_type: VOTER last_known_addr { host: "127.4.226.67" port: 46391 } }
I20260608 12:54:38.455236  8208 raft_consensus.cc:385] T 4782d691b6c04e6380b621c1e941baf6 P ea195179b12f45f195c34f7a6e217e70 [term 0 FOLLOWER]: Consensus starting up: Expiring failure detector timer to make a prompt election more likely
I20260608 12:54:38.455571  8208 raft_consensus.cc:740] T 4782d691b6c04e6380b621c1e941baf6 P ea195179b12f45f195c34f7a6e217e70 [term 0 FOLLOWER]: Becoming Follower/Learner. State: Replica: ea195179b12f45f195c34f7a6e217e70, State: Initialized, Role: FOLLOWER
I20260608 12:54:38.455687  8209 raft_consensus.cc:359] T e9963e0d3617473291a09f183400280b P d0c618e7e6754a33a6d41d25ece5b263 [term 0 FOLLOWER]: Replica starting. Triggering 0 pending ops. Active config: opid_index: -1 OBSOLETE_local: false peers { permanent_uuid: "ea195179b12f45f195c34f7a6e217e70" member_type: VOTER last_known_addr { host: "127.4.226.65" port: 40041 } } peers { permanent_uuid: "d0c618e7e6754a33a6d41d25ece5b263" member_type: VOTER last_known_addr { host: "127.4.226.66" port: 33923 } } peers { permanent_uuid: "23e2162ee9d84997bf5f2ff69e50826c" member_type: VOTER last_known_addr { host: "127.4.226.67" port: 46391 } }
I20260608 12:54:38.456471  8209 raft_consensus.cc:385] T e9963e0d3617473291a09f183400280b P d0c618e7e6754a33a6d41d25ece5b263 [term 0 FOLLOWER]: Consensus starting up: Expiring failure detector timer to make a prompt election more likely
I20260608 12:54:38.456341  8208 consensus_queue.cc:260] T 4782d691b6c04e6380b621c1e941baf6 P ea195179b12f45f195c34f7a6e217e70 [NON_LEADER]: Queue going to NON_LEADER mode. State: All replicated index: 0, Majority replicated index: 0, Committed index: 0, Last appended: 0.0, Last appended by leader: 0, Current term: 0, Majority size: -1, State: 0, Mode: NON_LEADER, active raft config: opid_index: -1 OBSOLETE_local: false peers { permanent_uuid: "d0c618e7e6754a33a6d41d25ece5b263" member_type: VOTER last_known_addr { host: "127.4.226.66" port: 33923 } } peers { permanent_uuid: "ea195179b12f45f195c34f7a6e217e70" member_type: VOTER last_known_addr { host: "127.4.226.65" port: 40041 } } peers { permanent_uuid: "23e2162ee9d84997bf5f2ff69e50826c" member_type: VOTER last_known_addr { host: "127.4.226.67" port: 46391 } }
I20260608 12:54:38.456820  8209 raft_consensus.cc:740] T e9963e0d3617473291a09f183400280b P d0c618e7e6754a33a6d41d25ece5b263 [term 0 FOLLOWER]: Becoming Follower/Learner. State: Replica: d0c618e7e6754a33a6d41d25ece5b263, State: Initialized, Role: FOLLOWER
I20260608 12:54:38.457000  8210 tablet_bootstrap.cc:492] T b45bcb48c9074b2b8c662b2881a04615 P 23e2162ee9d84997bf5f2ff69e50826c: No bootstrap required, opened a new log
I20260608 12:54:38.457569  8210 ts_tablet_manager.cc:1403] T b45bcb48c9074b2b8c662b2881a04615 P 23e2162ee9d84997bf5f2ff69e50826c: Time spent bootstrapping tablet: real 0.017s	user 0.014s	sys 0.000s
I20260608 12:54:38.457617  8209 consensus_queue.cc:260] T e9963e0d3617473291a09f183400280b P d0c618e7e6754a33a6d41d25ece5b263 [NON_LEADER]: Queue going to NON_LEADER mode. State: All replicated index: 0, Majority replicated index: 0, Committed index: 0, Last appended: 0.0, Last appended by leader: 0, Current term: 0, Majority size: -1, State: 0, Mode: NON_LEADER, active raft config: opid_index: -1 OBSOLETE_local: false peers { permanent_uuid: "ea195179b12f45f195c34f7a6e217e70" member_type: VOTER last_known_addr { host: "127.4.226.65" port: 40041 } } peers { permanent_uuid: "d0c618e7e6754a33a6d41d25ece5b263" member_type: VOTER last_known_addr { host: "127.4.226.66" port: 33923 } } peers { permanent_uuid: "23e2162ee9d84997bf5f2ff69e50826c" member_type: VOTER last_known_addr { host: "127.4.226.67" port: 46391 } }
I20260608 12:54:38.460816  8209 ts_tablet_manager.cc:1434] T e9963e0d3617473291a09f183400280b P d0c618e7e6754a33a6d41d25ece5b263: Time spent starting tablet: real 0.008s	user 0.000s	sys 0.007s
I20260608 12:54:38.460943  8210 raft_consensus.cc:359] T b45bcb48c9074b2b8c662b2881a04615 P 23e2162ee9d84997bf5f2ff69e50826c [term 0 FOLLOWER]: Replica starting. Triggering 0 pending ops. Active config: opid_index: -1 OBSOLETE_local: false peers { permanent_uuid: "ea195179b12f45f195c34f7a6e217e70" member_type: VOTER last_known_addr { host: "127.4.226.65" port: 40041 } } peers { permanent_uuid: "d0c618e7e6754a33a6d41d25ece5b263" member_type: VOTER last_known_addr { host: "127.4.226.66" port: 33923 } } peers { permanent_uuid: "23e2162ee9d84997bf5f2ff69e50826c" member_type: VOTER last_known_addr { host: "127.4.226.67" port: 46391 } }
I20260608 12:54:38.461655  8210 raft_consensus.cc:385] T b45bcb48c9074b2b8c662b2881a04615 P 23e2162ee9d84997bf5f2ff69e50826c [term 0 FOLLOWER]: Consensus starting up: Expiring failure detector timer to make a prompt election more likely
I20260608 12:54:38.461957  8210 raft_consensus.cc:740] T b45bcb48c9074b2b8c662b2881a04615 P 23e2162ee9d84997bf5f2ff69e50826c [term 0 FOLLOWER]: Becoming Follower/Learner. State: Replica: 23e2162ee9d84997bf5f2ff69e50826c, State: Initialized, Role: FOLLOWER
I20260608 12:54:38.464069  8209 tablet_bootstrap.cc:492] T 61b3478d050142e281955a8de62f19f1 P d0c618e7e6754a33a6d41d25ece5b263: Bootstrap starting.
I20260608 12:54:38.467456  8210 consensus_queue.cc:260] T b45bcb48c9074b2b8c662b2881a04615 P 23e2162ee9d84997bf5f2ff69e50826c [NON_LEADER]: Queue going to NON_LEADER mode. State: All replicated index: 0, Majority replicated index: 0, Committed index: 0, Last appended: 0.0, Last appended by leader: 0, Current term: 0, Majority size: -1, State: 0, Mode: NON_LEADER, active raft config: opid_index: -1 OBSOLETE_local: false peers { permanent_uuid: "ea195179b12f45f195c34f7a6e217e70" member_type: VOTER last_known_addr { host: "127.4.226.65" port: 40041 } } peers { permanent_uuid: "d0c618e7e6754a33a6d41d25ece5b263" member_type: VOTER last_known_addr { host: "127.4.226.66" port: 33923 } } peers { permanent_uuid: "23e2162ee9d84997bf5f2ff69e50826c" member_type: VOTER last_known_addr { host: "127.4.226.67" port: 46391 } }
I20260608 12:54:38.472002  8208 ts_tablet_manager.cc:1434] T 4782d691b6c04e6380b621c1e941baf6 P ea195179b12f45f195c34f7a6e217e70: Time spent starting tablet: real 0.020s	user 0.011s	sys 0.008s
I20260608 12:54:38.473884  8209 tablet_bootstrap.cc:654] T 61b3478d050142e281955a8de62f19f1 P d0c618e7e6754a33a6d41d25ece5b263: Neither blocks nor log segments found. Creating new log.
I20260608 12:54:38.475651  8208 tablet_bootstrap.cc:492] T 2df7282803bd4b758f292744db287c6c P ea195179b12f45f195c34f7a6e217e70: Bootstrap starting.
I20260608 12:54:38.474938  8210 ts_tablet_manager.cc:1434] T b45bcb48c9074b2b8c662b2881a04615 P 23e2162ee9d84997bf5f2ff69e50826c: Time spent starting tablet: real 0.017s	user 0.008s	sys 0.000s
I20260608 12:54:38.479866  8209 tablet_bootstrap.cc:492] T 61b3478d050142e281955a8de62f19f1 P d0c618e7e6754a33a6d41d25ece5b263: No bootstrap required, opened a new log
I20260608 12:54:38.480365  8209 ts_tablet_manager.cc:1403] T 61b3478d050142e281955a8de62f19f1 P d0c618e7e6754a33a6d41d25ece5b263: Time spent bootstrapping tablet: real 0.016s	user 0.008s	sys 0.004s
I20260608 12:54:38.481923  8210 tablet_bootstrap.cc:492] T e9963e0d3617473291a09f183400280b P 23e2162ee9d84997bf5f2ff69e50826c: Bootstrap starting.
I20260608 12:54:38.482527  8208 tablet_bootstrap.cc:654] T 2df7282803bd4b758f292744db287c6c P ea195179b12f45f195c34f7a6e217e70: Neither blocks nor log segments found. Creating new log.
I20260608 12:54:38.483671  8209 raft_consensus.cc:359] T 61b3478d050142e281955a8de62f19f1 P d0c618e7e6754a33a6d41d25ece5b263 [term 0 FOLLOWER]: Replica starting. Triggering 0 pending ops. Active config: opid_index: -1 OBSOLETE_local: false peers { permanent_uuid: "d0c618e7e6754a33a6d41d25ece5b263" member_type: VOTER last_known_addr { host: "127.4.226.66" port: 33923 } } peers { permanent_uuid: "ea195179b12f45f195c34f7a6e217e70" member_type: VOTER last_known_addr { host: "127.4.226.65" port: 40041 } } peers { permanent_uuid: "23e2162ee9d84997bf5f2ff69e50826c" member_type: VOTER last_known_addr { host: "127.4.226.67" port: 46391 } }
I20260608 12:54:38.484490  8209 raft_consensus.cc:385] T 61b3478d050142e281955a8de62f19f1 P d0c618e7e6754a33a6d41d25ece5b263 [term 0 FOLLOWER]: Consensus starting up: Expiring failure detector timer to make a prompt election more likely
I20260608 12:54:38.484983  8209 raft_consensus.cc:740] T 61b3478d050142e281955a8de62f19f1 P d0c618e7e6754a33a6d41d25ece5b263 [term 0 FOLLOWER]: Becoming Follower/Learner. State: Replica: d0c618e7e6754a33a6d41d25ece5b263, State: Initialized, Role: FOLLOWER
I20260608 12:54:38.486076  8209 consensus_queue.cc:260] T 61b3478d050142e281955a8de62f19f1 P d0c618e7e6754a33a6d41d25ece5b263 [NON_LEADER]: Queue going to NON_LEADER mode. State: All replicated index: 0, Majority replicated index: 0, Committed index: 0, Last appended: 0.0, Last appended by leader: 0, Current term: 0, Majority size: -1, State: 0, Mode: NON_LEADER, active raft config: opid_index: -1 OBSOLETE_local: false peers { permanent_uuid: "d0c618e7e6754a33a6d41d25ece5b263" member_type: VOTER last_known_addr { host: "127.4.226.66" port: 33923 } } peers { permanent_uuid: "ea195179b12f45f195c34f7a6e217e70" member_type: VOTER last_known_addr { host: "127.4.226.65" port: 40041 } } peers { permanent_uuid: "23e2162ee9d84997bf5f2ff69e50826c" member_type: VOTER last_known_addr { host: "127.4.226.67" port: 46391 } }
I20260608 12:54:38.488690  8209 ts_tablet_manager.cc:1434] T 61b3478d050142e281955a8de62f19f1 P d0c618e7e6754a33a6d41d25ece5b263: Time spent starting tablet: real 0.008s	user 0.005s	sys 0.002s
I20260608 12:54:38.489698  8209 tablet_bootstrap.cc:492] T daf8b9e501f64e96af2e6ce772061a45 P d0c618e7e6754a33a6d41d25ece5b263: Bootstrap starting.
I20260608 12:54:38.496270  8209 tablet_bootstrap.cc:654] T daf8b9e501f64e96af2e6ce772061a45 P d0c618e7e6754a33a6d41d25ece5b263: Neither blocks nor log segments found. Creating new log.
I20260608 12:54:38.496168  8214 raft_consensus.cc:493] T 4782d691b6c04e6380b621c1e941baf6 P ea195179b12f45f195c34f7a6e217e70 [term 0 FOLLOWER]: Starting pre-election (no leader contacted us within the election timeout)
I20260608 12:54:38.497695  8214 raft_consensus.cc:515] T 4782d691b6c04e6380b621c1e941baf6 P ea195179b12f45f195c34f7a6e217e70 [term 0 FOLLOWER]: Starting pre-election with config: opid_index: -1 OBSOLETE_local: false peers { permanent_uuid: "d0c618e7e6754a33a6d41d25ece5b263" member_type: VOTER last_known_addr { host: "127.4.226.66" port: 33923 } } peers { permanent_uuid: "ea195179b12f45f195c34f7a6e217e70" member_type: VOTER last_known_addr { host: "127.4.226.65" port: 40041 } } peers { permanent_uuid: "23e2162ee9d84997bf5f2ff69e50826c" member_type: VOTER last_known_addr { host: "127.4.226.67" port: 46391 } }
I20260608 12:54:38.499656  8208 tablet_bootstrap.cc:492] T 2df7282803bd4b758f292744db287c6c P ea195179b12f45f195c34f7a6e217e70: No bootstrap required, opened a new log
I20260608 12:54:38.500203  8208 ts_tablet_manager.cc:1403] T 2df7282803bd4b758f292744db287c6c P ea195179b12f45f195c34f7a6e217e70: Time spent bootstrapping tablet: real 0.025s	user 0.012s	sys 0.008s
I20260608 12:54:38.502545  8210 tablet_bootstrap.cc:654] T e9963e0d3617473291a09f183400280b P 23e2162ee9d84997bf5f2ff69e50826c: Neither blocks nor log segments found. Creating new log.
I20260608 12:54:38.503273  8208 raft_consensus.cc:359] T 2df7282803bd4b758f292744db287c6c P ea195179b12f45f195c34f7a6e217e70 [term 0 FOLLOWER]: Replica starting. Triggering 0 pending ops. Active config: opid_index: -1 OBSOLETE_local: false peers { permanent_uuid: "ea195179b12f45f195c34f7a6e217e70" member_type: VOTER last_known_addr { host: "127.4.226.65" port: 40041 } } peers { permanent_uuid: "d0c618e7e6754a33a6d41d25ece5b263" member_type: VOTER last_known_addr { host: "127.4.226.66" port: 33923 } } peers { permanent_uuid: "23e2162ee9d84997bf5f2ff69e50826c" member_type: VOTER last_known_addr { host: "127.4.226.67" port: 46391 } }
I20260608 12:54:38.504119  8208 raft_consensus.cc:385] T 2df7282803bd4b758f292744db287c6c P ea195179b12f45f195c34f7a6e217e70 [term 0 FOLLOWER]: Consensus starting up: Expiring failure detector timer to make a prompt election more likely
I20260608 12:54:38.504487  8208 raft_consensus.cc:740] T 2df7282803bd4b758f292744db287c6c P ea195179b12f45f195c34f7a6e217e70 [term 0 FOLLOWER]: Becoming Follower/Learner. State: Replica: ea195179b12f45f195c34f7a6e217e70, State: Initialized, Role: FOLLOWER
I20260608 12:54:38.505352  8208 consensus_queue.cc:260] T 2df7282803bd4b758f292744db287c6c P ea195179b12f45f195c34f7a6e217e70 [NON_LEADER]: Queue going to NON_LEADER mode. State: All replicated index: 0, Majority replicated index: 0, Committed index: 0, Last appended: 0.0, Last appended by leader: 0, Current term: 0, Majority size: -1, State: 0, Mode: NON_LEADER, active raft config: opid_index: -1 OBSOLETE_local: false peers { permanent_uuid: "ea195179b12f45f195c34f7a6e217e70" member_type: VOTER last_known_addr { host: "127.4.226.65" port: 40041 } } peers { permanent_uuid: "d0c618e7e6754a33a6d41d25ece5b263" member_type: VOTER last_known_addr { host: "127.4.226.66" port: 33923 } } peers { permanent_uuid: "23e2162ee9d84997bf5f2ff69e50826c" member_type: VOTER last_known_addr { host: "127.4.226.67" port: 46391 } }
I20260608 12:54:38.507818  8208 ts_tablet_manager.cc:1434] T 2df7282803bd4b758f292744db287c6c P ea195179b12f45f195c34f7a6e217e70: Time spent starting tablet: real 0.007s	user 0.007s	sys 0.000s
I20260608 12:54:38.508862  8214 leader_election.cc:290] T 4782d691b6c04e6380b621c1e941baf6 P ea195179b12f45f195c34f7a6e217e70 [CANDIDATE]: Term 1 pre-election: Requested pre-vote from peers d0c618e7e6754a33a6d41d25ece5b263 (127.4.226.66:33923), 23e2162ee9d84997bf5f2ff69e50826c (127.4.226.67:46391)
I20260608 12:54:38.509186  8208 tablet_bootstrap.cc:492] T e9963e0d3617473291a09f183400280b P ea195179b12f45f195c34f7a6e217e70: Bootstrap starting.
I20260608 12:54:38.516765  8208 tablet_bootstrap.cc:654] T e9963e0d3617473291a09f183400280b P ea195179b12f45f195c34f7a6e217e70: Neither blocks nor log segments found. Creating new log.
I20260608 12:54:38.528324  8208 tablet_bootstrap.cc:492] T e9963e0d3617473291a09f183400280b P ea195179b12f45f195c34f7a6e217e70: No bootstrap required, opened a new log
I20260608 12:54:38.528918  8208 ts_tablet_manager.cc:1403] T e9963e0d3617473291a09f183400280b P ea195179b12f45f195c34f7a6e217e70: Time spent bootstrapping tablet: real 0.020s	user 0.015s	sys 0.004s
I20260608 12:54:38.532138  8208 raft_consensus.cc:359] T e9963e0d3617473291a09f183400280b P ea195179b12f45f195c34f7a6e217e70 [term 0 FOLLOWER]: Replica starting. Triggering 0 pending ops. Active config: opid_index: -1 OBSOLETE_local: false peers { permanent_uuid: "ea195179b12f45f195c34f7a6e217e70" member_type: VOTER last_known_addr { host: "127.4.226.65" port: 40041 } } peers { permanent_uuid: "d0c618e7e6754a33a6d41d25ece5b263" member_type: VOTER last_known_addr { host: "127.4.226.66" port: 33923 } } peers { permanent_uuid: "23e2162ee9d84997bf5f2ff69e50826c" member_type: VOTER last_known_addr { host: "127.4.226.67" port: 46391 } }
I20260608 12:54:38.532924  8208 raft_consensus.cc:385] T e9963e0d3617473291a09f183400280b P ea195179b12f45f195c34f7a6e217e70 [term 0 FOLLOWER]: Consensus starting up: Expiring failure detector timer to make a prompt election more likely
I20260608 12:54:38.533269  8208 raft_consensus.cc:740] T e9963e0d3617473291a09f183400280b P ea195179b12f45f195c34f7a6e217e70 [term 0 FOLLOWER]: Becoming Follower/Learner. State: Replica: ea195179b12f45f195c34f7a6e217e70, State: Initialized, Role: FOLLOWER
I20260608 12:54:38.534184  8208 consensus_queue.cc:260] T e9963e0d3617473291a09f183400280b P ea195179b12f45f195c34f7a6e217e70 [NON_LEADER]: Queue going to NON_LEADER mode. State: All replicated index: 0, Majority replicated index: 0, Committed index: 0, Last appended: 0.0, Last appended by leader: 0, Current term: 0, Majority size: -1, State: 0, Mode: NON_LEADER, active raft config: opid_index: -1 OBSOLETE_local: false peers { permanent_uuid: "ea195179b12f45f195c34f7a6e217e70" member_type: VOTER last_known_addr { host: "127.4.226.65" port: 40041 } } peers { permanent_uuid: "d0c618e7e6754a33a6d41d25ece5b263" member_type: VOTER last_known_addr { host: "127.4.226.66" port: 33923 } } peers { permanent_uuid: "23e2162ee9d84997bf5f2ff69e50826c" member_type: VOTER last_known_addr { host: "127.4.226.67" port: 46391 } }
I20260608 12:54:38.534543  8209 tablet_bootstrap.cc:492] T daf8b9e501f64e96af2e6ce772061a45 P d0c618e7e6754a33a6d41d25ece5b263: No bootstrap required, opened a new log
I20260608 12:54:38.534574  8215 raft_consensus.cc:493] T 61b3478d050142e281955a8de62f19f1 P d0c618e7e6754a33a6d41d25ece5b263 [term 0 FOLLOWER]: Starting pre-election (no leader contacted us within the election timeout)
I20260608 12:54:38.535507  8209 ts_tablet_manager.cc:1403] T daf8b9e501f64e96af2e6ce772061a45 P d0c618e7e6754a33a6d41d25ece5b263: Time spent bootstrapping tablet: real 0.046s	user 0.018s	sys 0.026s
I20260608 12:54:38.535437  8215 raft_consensus.cc:515] T 61b3478d050142e281955a8de62f19f1 P d0c618e7e6754a33a6d41d25ece5b263 [term 0 FOLLOWER]: Starting pre-election with config: opid_index: -1 OBSOLETE_local: false peers { permanent_uuid: "d0c618e7e6754a33a6d41d25ece5b263" member_type: VOTER last_known_addr { host: "127.4.226.66" port: 33923 } } peers { permanent_uuid: "ea195179b12f45f195c34f7a6e217e70" member_type: VOTER last_known_addr { host: "127.4.226.65" port: 40041 } } peers { permanent_uuid: "23e2162ee9d84997bf5f2ff69e50826c" member_type: VOTER last_known_addr { host: "127.4.226.67" port: 46391 } }
I20260608 12:54:38.536608  8208 ts_tablet_manager.cc:1434] T e9963e0d3617473291a09f183400280b P ea195179b12f45f195c34f7a6e217e70: Time spent starting tablet: real 0.007s	user 0.006s	sys 0.000s
I20260608 12:54:38.539300  8208 tablet_bootstrap.cc:492] T daf8b9e501f64e96af2e6ce772061a45 P ea195179b12f45f195c34f7a6e217e70: Bootstrap starting.
I20260608 12:54:38.539835  8209 raft_consensus.cc:359] T daf8b9e501f64e96af2e6ce772061a45 P d0c618e7e6754a33a6d41d25ece5b263 [term 0 FOLLOWER]: Replica starting. Triggering 0 pending ops. Active config: opid_index: -1 OBSOLETE_local: false peers { permanent_uuid: "ea195179b12f45f195c34f7a6e217e70" member_type: VOTER last_known_addr { host: "127.4.226.65" port: 40041 } } peers { permanent_uuid: "d0c618e7e6754a33a6d41d25ece5b263" member_type: VOTER last_known_addr { host: "127.4.226.66" port: 33923 } } peers { permanent_uuid: "23e2162ee9d84997bf5f2ff69e50826c" member_type: VOTER last_known_addr { host: "127.4.226.67" port: 46391 } }
I20260608 12:54:38.540791  8209 raft_consensus.cc:385] T daf8b9e501f64e96af2e6ce772061a45 P d0c618e7e6754a33a6d41d25ece5b263 [term 0 FOLLOWER]: Consensus starting up: Expiring failure detector timer to make a prompt election more likely
I20260608 12:54:38.541131  8209 raft_consensus.cc:740] T daf8b9e501f64e96af2e6ce772061a45 P d0c618e7e6754a33a6d41d25ece5b263 [term 0 FOLLOWER]: Becoming Follower/Learner. State: Replica: d0c618e7e6754a33a6d41d25ece5b263, State: Initialized, Role: FOLLOWER
I20260608 12:54:38.541401  8210 tablet_bootstrap.cc:492] T e9963e0d3617473291a09f183400280b P 23e2162ee9d84997bf5f2ff69e50826c: No bootstrap required, opened a new log
I20260608 12:54:38.541939  8210 ts_tablet_manager.cc:1403] T e9963e0d3617473291a09f183400280b P 23e2162ee9d84997bf5f2ff69e50826c: Time spent bootstrapping tablet: real 0.060s	user 0.007s	sys 0.009s
I20260608 12:54:38.541966  8209 consensus_queue.cc:260] T daf8b9e501f64e96af2e6ce772061a45 P d0c618e7e6754a33a6d41d25ece5b263 [NON_LEADER]: Queue going to NON_LEADER mode. State: All replicated index: 0, Majority replicated index: 0, Committed index: 0, Last appended: 0.0, Last appended by leader: 0, Current term: 0, Majority size: -1, State: 0, Mode: NON_LEADER, active raft config: opid_index: -1 OBSOLETE_local: false peers { permanent_uuid: "ea195179b12f45f195c34f7a6e217e70" member_type: VOTER last_known_addr { host: "127.4.226.65" port: 40041 } } peers { permanent_uuid: "d0c618e7e6754a33a6d41d25ece5b263" member_type: VOTER last_known_addr { host: "127.4.226.66" port: 33923 } } peers { permanent_uuid: "23e2162ee9d84997bf5f2ff69e50826c" member_type: VOTER last_known_addr { host: "127.4.226.67" port: 46391 } }
I20260608 12:54:38.545902  8210 raft_consensus.cc:359] T e9963e0d3617473291a09f183400280b P 23e2162ee9d84997bf5f2ff69e50826c [term 0 FOLLOWER]: Replica starting. Triggering 0 pending ops. Active config: opid_index: -1 OBSOLETE_local: false peers { permanent_uuid: "ea195179b12f45f195c34f7a6e217e70" member_type: VOTER last_known_addr { host: "127.4.226.65" port: 40041 } } peers { permanent_uuid: "d0c618e7e6754a33a6d41d25ece5b263" member_type: VOTER last_known_addr { host: "127.4.226.66" port: 33923 } } peers { permanent_uuid: "23e2162ee9d84997bf5f2ff69e50826c" member_type: VOTER last_known_addr { host: "127.4.226.67" port: 46391 } }
I20260608 12:54:38.546944  8210 raft_consensus.cc:385] T e9963e0d3617473291a09f183400280b P 23e2162ee9d84997bf5f2ff69e50826c [term 0 FOLLOWER]: Consensus starting up: Expiring failure detector timer to make a prompt election more likely
I20260608 12:54:38.547238  8208 tablet_bootstrap.cc:654] T daf8b9e501f64e96af2e6ce772061a45 P ea195179b12f45f195c34f7a6e217e70: Neither blocks nor log segments found. Creating new log.
I20260608 12:54:38.547446  8210 raft_consensus.cc:740] T e9963e0d3617473291a09f183400280b P 23e2162ee9d84997bf5f2ff69e50826c [term 0 FOLLOWER]: Becoming Follower/Learner. State: Replica: 23e2162ee9d84997bf5f2ff69e50826c, State: Initialized, Role: FOLLOWER
I20260608 12:54:38.548781  8210 consensus_queue.cc:260] T e9963e0d3617473291a09f183400280b P 23e2162ee9d84997bf5f2ff69e50826c [NON_LEADER]: Queue going to NON_LEADER mode. State: All replicated index: 0, Majority replicated index: 0, Committed index: 0, Last appended: 0.0, Last appended by leader: 0, Current term: 0, Majority size: -1, State: 0, Mode: NON_LEADER, active raft config: opid_index: -1 OBSOLETE_local: false peers { permanent_uuid: "ea195179b12f45f195c34f7a6e217e70" member_type: VOTER last_known_addr { host: "127.4.226.65" port: 40041 } } peers { permanent_uuid: "d0c618e7e6754a33a6d41d25ece5b263" member_type: VOTER last_known_addr { host: "127.4.226.66" port: 33923 } } peers { permanent_uuid: "23e2162ee9d84997bf5f2ff69e50826c" member_type: VOTER last_known_addr { host: "127.4.226.67" port: 46391 } }
I20260608 12:54:38.555823  8215 leader_election.cc:290] T 61b3478d050142e281955a8de62f19f1 P d0c618e7e6754a33a6d41d25ece5b263 [CANDIDATE]: Term 1 pre-election: Requested pre-vote from peers ea195179b12f45f195c34f7a6e217e70 (127.4.226.65:40041), 23e2162ee9d84997bf5f2ff69e50826c (127.4.226.67:46391)
I20260608 12:54:38.556748  8210 ts_tablet_manager.cc:1434] T e9963e0d3617473291a09f183400280b P 23e2162ee9d84997bf5f2ff69e50826c: Time spent starting tablet: real 0.014s	user 0.008s	sys 0.000s
I20260608 12:54:38.558967  8208 tablet_bootstrap.cc:492] T daf8b9e501f64e96af2e6ce772061a45 P ea195179b12f45f195c34f7a6e217e70: No bootstrap required, opened a new log
I20260608 12:54:38.559592  8208 ts_tablet_manager.cc:1403] T daf8b9e501f64e96af2e6ce772061a45 P ea195179b12f45f195c34f7a6e217e70: Time spent bootstrapping tablet: real 0.021s	user 0.010s	sys 0.008s
I20260608 12:54:38.560050  8210 tablet_bootstrap.cc:492] T 61b3478d050142e281955a8de62f19f1 P 23e2162ee9d84997bf5f2ff69e50826c: Bootstrap starting.
I20260608 12:54:38.563069  8208 raft_consensus.cc:359] T daf8b9e501f64e96af2e6ce772061a45 P ea195179b12f45f195c34f7a6e217e70 [term 0 FOLLOWER]: Replica starting. Triggering 0 pending ops. Active config: opid_index: -1 OBSOLETE_local: false peers { permanent_uuid: "ea195179b12f45f195c34f7a6e217e70" member_type: VOTER last_known_addr { host: "127.4.226.65" port: 40041 } } peers { permanent_uuid: "d0c618e7e6754a33a6d41d25ece5b263" member_type: VOTER last_known_addr { host: "127.4.226.66" port: 33923 } } peers { permanent_uuid: "23e2162ee9d84997bf5f2ff69e50826c" member_type: VOTER last_known_addr { host: "127.4.226.67" port: 46391 } }
I20260608 12:54:38.564147  8208 raft_consensus.cc:385] T daf8b9e501f64e96af2e6ce772061a45 P ea195179b12f45f195c34f7a6e217e70 [term 0 FOLLOWER]: Consensus starting up: Expiring failure detector timer to make a prompt election more likely
I20260608 12:54:38.564582  8208 raft_consensus.cc:740] T daf8b9e501f64e96af2e6ce772061a45 P ea195179b12f45f195c34f7a6e217e70 [term 0 FOLLOWER]: Becoming Follower/Learner. State: Replica: ea195179b12f45f195c34f7a6e217e70, State: Initialized, Role: FOLLOWER
I20260608 12:54:38.565574  8208 consensus_queue.cc:260] T daf8b9e501f64e96af2e6ce772061a45 P ea195179b12f45f195c34f7a6e217e70 [NON_LEADER]: Queue going to NON_LEADER mode. State: All replicated index: 0, Majority replicated index: 0, Committed index: 0, Last appended: 0.0, Last appended by leader: 0, Current term: 0, Majority size: -1, State: 0, Mode: NON_LEADER, active raft config: opid_index: -1 OBSOLETE_local: false peers { permanent_uuid: "ea195179b12f45f195c34f7a6e217e70" member_type: VOTER last_known_addr { host: "127.4.226.65" port: 40041 } } peers { permanent_uuid: "d0c618e7e6754a33a6d41d25ece5b263" member_type: VOTER last_known_addr { host: "127.4.226.66" port: 33923 } } peers { permanent_uuid: "23e2162ee9d84997bf5f2ff69e50826c" member_type: VOTER last_known_addr { host: "127.4.226.67" port: 46391 } }
I20260608 12:54:38.568853  8208 ts_tablet_manager.cc:1434] T daf8b9e501f64e96af2e6ce772061a45 P ea195179b12f45f195c34f7a6e217e70: Time spent starting tablet: real 0.009s	user 0.006s	sys 0.000s
I20260608 12:54:38.570084  8208 tablet_bootstrap.cc:492] T b45bcb48c9074b2b8c662b2881a04615 P ea195179b12f45f195c34f7a6e217e70: Bootstrap starting.
I20260608 12:54:38.573566  8209 ts_tablet_manager.cc:1434] T daf8b9e501f64e96af2e6ce772061a45 P d0c618e7e6754a33a6d41d25ece5b263: Time spent starting tablet: real 0.038s	user 0.016s	sys 0.020s
I20260608 12:54:38.574887  8209 tablet_bootstrap.cc:492] T 2e84016477ee4d05b9df181a6636f46a P d0c618e7e6754a33a6d41d25ece5b263: Bootstrap starting.
I20260608 12:54:38.577255  8208 tablet_bootstrap.cc:654] T b45bcb48c9074b2b8c662b2881a04615 P ea195179b12f45f195c34f7a6e217e70: Neither blocks nor log segments found. Creating new log.
I20260608 12:54:38.581883  8209 tablet_bootstrap.cc:654] T 2e84016477ee4d05b9df181a6636f46a P d0c618e7e6754a33a6d41d25ece5b263: Neither blocks nor log segments found. Creating new log.
I20260608 12:54:38.577306  8210 tablet_bootstrap.cc:654] T 61b3478d050142e281955a8de62f19f1 P 23e2162ee9d84997bf5f2ff69e50826c: Neither blocks nor log segments found. Creating new log.
I20260608 12:54:38.589232  8208 tablet_bootstrap.cc:492] T b45bcb48c9074b2b8c662b2881a04615 P ea195179b12f45f195c34f7a6e217e70: No bootstrap required, opened a new log
I20260608 12:54:38.589772  8208 ts_tablet_manager.cc:1403] T b45bcb48c9074b2b8c662b2881a04615 P ea195179b12f45f195c34f7a6e217e70: Time spent bootstrapping tablet: real 0.020s	user 0.014s	sys 0.004s
I20260608 12:54:38.593386  8208 raft_consensus.cc:359] T b45bcb48c9074b2b8c662b2881a04615 P ea195179b12f45f195c34f7a6e217e70 [term 0 FOLLOWER]: Replica starting. Triggering 0 pending ops. Active config: opid_index: -1 OBSOLETE_local: false peers { permanent_uuid: "ea195179b12f45f195c34f7a6e217e70" member_type: VOTER last_known_addr { host: "127.4.226.65" port: 40041 } } peers { permanent_uuid: "d0c618e7e6754a33a6d41d25ece5b263" member_type: VOTER last_known_addr { host: "127.4.226.66" port: 33923 } } peers { permanent_uuid: "23e2162ee9d84997bf5f2ff69e50826c" member_type: VOTER last_known_addr { host: "127.4.226.67" port: 46391 } }
I20260608 12:54:38.594502  8208 raft_consensus.cc:385] T b45bcb48c9074b2b8c662b2881a04615 P ea195179b12f45f195c34f7a6e217e70 [term 0 FOLLOWER]: Consensus starting up: Expiring failure detector timer to make a prompt election more likely
I20260608 12:54:38.594945  8208 raft_consensus.cc:740] T b45bcb48c9074b2b8c662b2881a04615 P ea195179b12f45f195c34f7a6e217e70 [term 0 FOLLOWER]: Becoming Follower/Learner. State: Replica: ea195179b12f45f195c34f7a6e217e70, State: Initialized, Role: FOLLOWER
I20260608 12:54:38.596112  8208 consensus_queue.cc:260] T b45bcb48c9074b2b8c662b2881a04615 P ea195179b12f45f195c34f7a6e217e70 [NON_LEADER]: Queue going to NON_LEADER mode. State: All replicated index: 0, Majority replicated index: 0, Committed index: 0, Last appended: 0.0, Last appended by leader: 0, Current term: 0, Majority size: -1, State: 0, Mode: NON_LEADER, active raft config: opid_index: -1 OBSOLETE_local: false peers { permanent_uuid: "ea195179b12f45f195c34f7a6e217e70" member_type: VOTER last_known_addr { host: "127.4.226.65" port: 40041 } } peers { permanent_uuid: "d0c618e7e6754a33a6d41d25ece5b263" member_type: VOTER last_known_addr { host: "127.4.226.66" port: 33923 } } peers { permanent_uuid: "23e2162ee9d84997bf5f2ff69e50826c" member_type: VOTER last_known_addr { host: "127.4.226.67" port: 46391 } }
I20260608 12:54:38.599123  8208 ts_tablet_manager.cc:1434] T b45bcb48c9074b2b8c662b2881a04615 P ea195179b12f45f195c34f7a6e217e70: Time spent starting tablet: real 0.009s	user 0.007s	sys 0.000s
I20260608 12:54:38.600301  8208 tablet_bootstrap.cc:492] T 2e84016477ee4d05b9df181a6636f46a P ea195179b12f45f195c34f7a6e217e70: Bootstrap starting.
I20260608 12:54:38.600528  8210 tablet_bootstrap.cc:492] T 61b3478d050142e281955a8de62f19f1 P 23e2162ee9d84997bf5f2ff69e50826c: No bootstrap required, opened a new log
I20260608 12:54:38.602867  8210 ts_tablet_manager.cc:1403] T 61b3478d050142e281955a8de62f19f1 P 23e2162ee9d84997bf5f2ff69e50826c: Time spent bootstrapping tablet: real 0.043s	user 0.013s	sys 0.002s
I20260608 12:54:38.607251  8208 tablet_bootstrap.cc:654] T 2e84016477ee4d05b9df181a6636f46a P ea195179b12f45f195c34f7a6e217e70: Neither blocks nor log segments found. Creating new log.
I20260608 12:54:38.607853  8210 raft_consensus.cc:359] T 61b3478d050142e281955a8de62f19f1 P 23e2162ee9d84997bf5f2ff69e50826c [term 0 FOLLOWER]: Replica starting. Triggering 0 pending ops. Active config: opid_index: -1 OBSOLETE_local: false peers { permanent_uuid: "d0c618e7e6754a33a6d41d25ece5b263" member_type: VOTER last_known_addr { host: "127.4.226.66" port: 33923 } } peers { permanent_uuid: "ea195179b12f45f195c34f7a6e217e70" member_type: VOTER last_known_addr { host: "127.4.226.65" port: 40041 } } peers { permanent_uuid: "23e2162ee9d84997bf5f2ff69e50826c" member_type: VOTER last_known_addr { host: "127.4.226.67" port: 46391 } }
I20260608 12:54:38.613788  8210 raft_consensus.cc:385] T 61b3478d050142e281955a8de62f19f1 P 23e2162ee9d84997bf5f2ff69e50826c [term 0 FOLLOWER]: Consensus starting up: Expiring failure detector timer to make a prompt election more likely
I20260608 12:54:38.614717  8210 raft_consensus.cc:740] T 61b3478d050142e281955a8de62f19f1 P 23e2162ee9d84997bf5f2ff69e50826c [term 0 FOLLOWER]: Becoming Follower/Learner. State: Replica: 23e2162ee9d84997bf5f2ff69e50826c, State: Initialized, Role: FOLLOWER
I20260608 12:54:38.616779  8210 consensus_queue.cc:260] T 61b3478d050142e281955a8de62f19f1 P 23e2162ee9d84997bf5f2ff69e50826c [NON_LEADER]: Queue going to NON_LEADER mode. State: All replicated index: 0, Majority replicated index: 0, Committed index: 0, Last appended: 0.0, Last appended by leader: 0, Current term: 0, Majority size: -1, State: 0, Mode: NON_LEADER, active raft config: opid_index: -1 OBSOLETE_local: false peers { permanent_uuid: "d0c618e7e6754a33a6d41d25ece5b263" member_type: VOTER last_known_addr { host: "127.4.226.66" port: 33923 } } peers { permanent_uuid: "ea195179b12f45f195c34f7a6e217e70" member_type: VOTER last_known_addr { host: "127.4.226.65" port: 40041 } } peers { permanent_uuid: "23e2162ee9d84997bf5f2ff69e50826c" member_type: VOTER last_known_addr { host: "127.4.226.67" port: 46391 } }
I20260608 12:54:38.620231  8089 tablet_service.cc:1917] Received RequestConsensusVote() RPC: tablet_id: "4782d691b6c04e6380b621c1e941baf6" candidate_uuid: "ea195179b12f45f195c34f7a6e217e70" candidate_term: 1 candidate_status { last_received { term: 0 index: 0 } } ignore_live_leader: false dest_uuid: "d0c618e7e6754a33a6d41d25ece5b263" is_pre_election: true
I20260608 12:54:38.621500  8208 tablet_bootstrap.cc:492] T 2e84016477ee4d05b9df181a6636f46a P ea195179b12f45f195c34f7a6e217e70: No bootstrap required, opened a new log
I20260608 12:54:38.622006  8208 ts_tablet_manager.cc:1403] T 2e84016477ee4d05b9df181a6636f46a P ea195179b12f45f195c34f7a6e217e70: Time spent bootstrapping tablet: real 0.022s	user 0.009s	sys 0.007s
W20260608 12:54:38.622896  7978 leader_election.cc:343] T 4782d691b6c04e6380b621c1e941baf6 P ea195179b12f45f195c34f7a6e217e70 [CANDIDATE]: Term 1 pre-election: Tablet error from VoteRequest() call to peer d0c618e7e6754a33a6d41d25ece5b263 (127.4.226.66:33923): Illegal state: must be running to vote when last-logged opid is not known
I20260608 12:54:38.625121  8208 raft_consensus.cc:359] T 2e84016477ee4d05b9df181a6636f46a P ea195179b12f45f195c34f7a6e217e70 [term 0 FOLLOWER]: Replica starting. Triggering 0 pending ops. Active config: opid_index: -1 OBSOLETE_local: false peers { permanent_uuid: "ea195179b12f45f195c34f7a6e217e70" member_type: VOTER last_known_addr { host: "127.4.226.65" port: 40041 } } peers { permanent_uuid: "d0c618e7e6754a33a6d41d25ece5b263" member_type: VOTER last_known_addr { host: "127.4.226.66" port: 33923 } } peers { permanent_uuid: "23e2162ee9d84997bf5f2ff69e50826c" member_type: VOTER last_known_addr { host: "127.4.226.67" port: 46391 } }
I20260608 12:54:38.625985  8208 raft_consensus.cc:385] T 2e84016477ee4d05b9df181a6636f46a P ea195179b12f45f195c34f7a6e217e70 [term 0 FOLLOWER]: Consensus starting up: Expiring failure detector timer to make a prompt election more likely
I20260608 12:54:38.626395  8208 raft_consensus.cc:740] T 2e84016477ee4d05b9df181a6636f46a P ea195179b12f45f195c34f7a6e217e70 [term 0 FOLLOWER]: Becoming Follower/Learner. State: Replica: ea195179b12f45f195c34f7a6e217e70, State: Initialized, Role: FOLLOWER
I20260608 12:54:38.627592  8208 consensus_queue.cc:260] T 2e84016477ee4d05b9df181a6636f46a P ea195179b12f45f195c34f7a6e217e70 [NON_LEADER]: Queue going to NON_LEADER mode. State: All replicated index: 0, Majority replicated index: 0, Committed index: 0, Last appended: 0.0, Last appended by leader: 0, Current term: 0, Majority size: -1, State: 0, Mode: NON_LEADER, active raft config: opid_index: -1 OBSOLETE_local: false peers { permanent_uuid: "ea195179b12f45f195c34f7a6e217e70" member_type: VOTER last_known_addr { host: "127.4.226.65" port: 40041 } } peers { permanent_uuid: "d0c618e7e6754a33a6d41d25ece5b263" member_type: VOTER last_known_addr { host: "127.4.226.66" port: 33923 } } peers { permanent_uuid: "23e2162ee9d84997bf5f2ff69e50826c" member_type: VOTER last_known_addr { host: "127.4.226.67" port: 46391 } }
I20260608 12:54:38.629434  8210 ts_tablet_manager.cc:1434] T 61b3478d050142e281955a8de62f19f1 P 23e2162ee9d84997bf5f2ff69e50826c: Time spent starting tablet: real 0.025s	user 0.006s	sys 0.001s
I20260608 12:54:38.630177  8208 ts_tablet_manager.cc:1434] T 2e84016477ee4d05b9df181a6636f46a P ea195179b12f45f195c34f7a6e217e70: Time spent starting tablet: real 0.008s	user 0.003s	sys 0.003s
I20260608 12:54:38.630824  8210 tablet_bootstrap.cc:492] T daf8b9e501f64e96af2e6ce772061a45 P 23e2162ee9d84997bf5f2ff69e50826c: Bootstrap starting.
I20260608 12:54:38.631224  8208 tablet_bootstrap.cc:492] T 34ca80dc45144800b8e4500835a24560 P ea195179b12f45f195c34f7a6e217e70: Bootstrap starting.
I20260608 12:54:38.641779  8208 tablet_bootstrap.cc:654] T 34ca80dc45144800b8e4500835a24560 P ea195179b12f45f195c34f7a6e217e70: Neither blocks nor log segments found. Creating new log.
I20260608 12:54:38.642230  8210 tablet_bootstrap.cc:654] T daf8b9e501f64e96af2e6ce772061a45 P 23e2162ee9d84997bf5f2ff69e50826c: Neither blocks nor log segments found. Creating new log.
I20260608 12:54:38.653507  8208 tablet_bootstrap.cc:492] T 34ca80dc45144800b8e4500835a24560 P ea195179b12f45f195c34f7a6e217e70: No bootstrap required, opened a new log
I20260608 12:54:38.654088  8208 ts_tablet_manager.cc:1403] T 34ca80dc45144800b8e4500835a24560 P ea195179b12f45f195c34f7a6e217e70: Time spent bootstrapping tablet: real 0.023s	user 0.015s	sys 0.004s
I20260608 12:54:38.657140  8208 raft_consensus.cc:359] T 34ca80dc45144800b8e4500835a24560 P ea195179b12f45f195c34f7a6e217e70 [term 0 FOLLOWER]: Replica starting. Triggering 0 pending ops. Active config: opid_index: -1 OBSOLETE_local: false peers { permanent_uuid: "d0c618e7e6754a33a6d41d25ece5b263" member_type: VOTER last_known_addr { host: "127.4.226.66" port: 33923 } } peers { permanent_uuid: "ea195179b12f45f195c34f7a6e217e70" member_type: VOTER last_known_addr { host: "127.4.226.65" port: 40041 } } peers { permanent_uuid: "23e2162ee9d84997bf5f2ff69e50826c" member_type: VOTER last_known_addr { host: "127.4.226.67" port: 46391 } }
I20260608 12:54:38.657989  8208 raft_consensus.cc:385] T 34ca80dc45144800b8e4500835a24560 P ea195179b12f45f195c34f7a6e217e70 [term 0 FOLLOWER]: Consensus starting up: Expiring failure detector timer to make a prompt election more likely
I20260608 12:54:38.658349  8208 raft_consensus.cc:740] T 34ca80dc45144800b8e4500835a24560 P ea195179b12f45f195c34f7a6e217e70 [term 0 FOLLOWER]: Becoming Follower/Learner. State: Replica: ea195179b12f45f195c34f7a6e217e70, State: Initialized, Role: FOLLOWER
