I20260608 12:54:41.362577 19906 raft_consensus.cc:2955] T 773abf45969f4f6eac44a8dd72c5039c P 38d534b0ff2d47859b368cefac1a219a [term 1 FOLLOWER]: Committing config change with OpId 1.2: config changed from index -1 to 2, NON_VOTER d427e477e9ef4430b8c0b9d324243e71 (127.16.120.131) added. New config: { opid_index: 2 OBSOLETE_local: false peers { permanent_uuid: "c544e0813b834b218c33f69274362c42" member_type: VOTER last_known_addr { host: "127.16.120.129" port: 36733 } } peers { permanent_uuid: "2e70e5116ddf4f9c831ca62de7186c26" member_type: VOTER last_known_addr { host: "127.16.120.132" port: 44863 } attrs { replace: true } } peers { permanent_uuid: "38d534b0ff2d47859b368cefac1a219a" member_type: VOTER last_known_addr { host: "127.16.120.130" port: 34337 } } peers { permanent_uuid: "d427e477e9ef4430b8c0b9d324243e71" member_type: NON_VOTER last_known_addr { host: "127.16.120.131" port: 45297 } attrs { promote: true } } }
I20260608 12:54:41.373365 19727 catalog_manager.cc:5696] T 773abf45969f4f6eac44a8dd72c5039c P 38d534b0ff2d47859b368cefac1a219a reported cstate change: config changed from index -1 to 2, NON_VOTER d427e477e9ef4430b8c0b9d324243e71 (127.16.120.131) added. New cstate: current_term: 1 leader_uuid: "c544e0813b834b218c33f69274362c42" committed_config { opid_index: 2 OBSOLETE_local: false peers { permanent_uuid: "c544e0813b834b218c33f69274362c42" member_type: VOTER last_known_addr { host: "127.16.120.129" port: 36733 } } peers { permanent_uuid: "2e70e5116ddf4f9c831ca62de7186c26" member_type: VOTER last_known_addr { host: "127.16.120.132" port: 44863 } attrs { replace: true } } peers { permanent_uuid: "38d534b0ff2d47859b368cefac1a219a" member_type: VOTER last_known_addr { host: "127.16.120.130" port: 34337 } } peers { permanent_uuid: "d427e477e9ef4430b8c0b9d324243e71" member_type: NON_VOTER last_known_addr { host: "127.16.120.131" port: 45297 } attrs { promote: true } } }
I20260608 12:54:41.371985 20142 raft_consensus.cc:2955] T 773abf45969f4f6eac44a8dd72c5039c P 2e70e5116ddf4f9c831ca62de7186c26 [term 1 FOLLOWER]: Committing config change with OpId 1.2: config changed from index -1 to 2, NON_VOTER d427e477e9ef4430b8c0b9d324243e71 (127.16.120.131) added. New config: { opid_index: 2 OBSOLETE_local: false peers { permanent_uuid: "c544e0813b834b218c33f69274362c42" member_type: VOTER last_known_addr { host: "127.16.120.129" port: 36733 } } peers { permanent_uuid: "2e70e5116ddf4f9c831ca62de7186c26" member_type: VOTER last_known_addr { host: "127.16.120.132" port: 44863 } attrs { replace: true } } peers { permanent_uuid: "38d534b0ff2d47859b368cefac1a219a" member_type: VOTER last_known_addr { host: "127.16.120.130" port: 34337 } } peers { permanent_uuid: "d427e477e9ef4430b8c0b9d324243e71" member_type: NON_VOTER last_known_addr { host: "127.16.120.131" port: 45297 } attrs { promote: true } } }
I20260608 12:54:41.382511 19906 consensus_queue.cc:237] T bde76f28bce74eee82412669e4211232 P 38d534b0ff2d47859b368cefac1a219a [LEADER]: Queue going to LEADER mode. State: All replicated index: 0, Majority replicated index: 1, Committed index: 1, Last appended: 1.1, Last appended by leader: 0, Current term: 1, Majority size: 2, State: 0, Mode: LEADER, active raft config: opid_index: 2 OBSOLETE_local: false peers { permanent_uuid: "38d534b0ff2d47859b368cefac1a219a" member_type: VOTER last_known_addr { host: "127.16.120.130" port: 34337 } } peers { permanent_uuid: "c544e0813b834b218c33f69274362c42" member_type: VOTER last_known_addr { host: "127.16.120.129" port: 36733 } } peers { permanent_uuid: "d427e477e9ef4430b8c0b9d324243e71" member_type: VOTER last_known_addr { host: "127.16.120.131" port: 45297 } attrs { replace: true } } peers { permanent_uuid: "2e70e5116ddf4f9c831ca62de7186c26" member_type: NON_VOTER last_known_addr { host: "127.16.120.132" port: 44863 } attrs { promote: true } }
I20260608 12:54:41.396771 20354 raft_consensus.cc:993] T 3f277572b1884d60a3a57bbc99cbaf78 P 38d534b0ff2d47859b368cefac1a219a: : Instructing follower 2e70e5116ddf4f9c831ca62de7186c26 to start an election
I20260608 12:54:41.398154 20354 raft_consensus.cc:1081] T 3f277572b1884d60a3a57bbc99cbaf78 P 38d534b0ff2d47859b368cefac1a219a [term 2 LEADER]: Signalling peer 2e70e5116ddf4f9c831ca62de7186c26 to start an election
I20260608 12:54:41.401665 20142 tablet_service.cc:2044] Received Run Leader Election RPC: tablet_id: "3f277572b1884d60a3a57bbc99cbaf78"
dest_uuid: "2e70e5116ddf4f9c831ca62de7186c26"
 from {username='slave'} at 127.0.0.1:48944
I20260608 12:54:41.402496 20142 raft_consensus.cc:493] T 3f277572b1884d60a3a57bbc99cbaf78 P 2e70e5116ddf4f9c831ca62de7186c26 [term 2 FOLLOWER]: Starting forced leader election (received explicit request)
I20260608 12:54:41.403193 20142 raft_consensus.cc:3060] T 3f277572b1884d60a3a57bbc99cbaf78 P 2e70e5116ddf4f9c831ca62de7186c26 [term 2 FOLLOWER]: Advancing to term 3
W20260608 12:54:41.409219 19870 consensus_peers.cc:597] T bde76f28bce74eee82412669e4211232 P 38d534b0ff2d47859b368cefac1a219a -> Peer 2e70e5116ddf4f9c831ca62de7186c26 (127.16.120.132:44863): Couldn't send request to peer 2e70e5116ddf4f9c831ca62de7186c26. Error code: TABLET_NOT_FOUND (6). Status: Not found: Tablet not found: bde76f28bce74eee82412669e4211232. This is attempt 1: this message will repeat every 5th retry.
I20260608 12:54:41.411429 19832 raft_consensus.cc:1275] T bde76f28bce74eee82412669e4211232 P c544e0813b834b218c33f69274362c42 [term 1 FOLLOWER]: Refusing update from remote peer 38d534b0ff2d47859b368cefac1a219a: Log matching property violated. Preceding OpId in replica: term: 1 index: 1. Preceding OpId from leader: term: 1 index: 2. (index mismatch)
I20260608 12:54:41.412599 19977 raft_consensus.cc:1275] T bde76f28bce74eee82412669e4211232 P d427e477e9ef4430b8c0b9d324243e71 [term 1 FOLLOWER]: Refusing update from remote peer 38d534b0ff2d47859b368cefac1a219a: Log matching property violated. Preceding OpId in replica: term: 1 index: 1. Preceding OpId from leader: term: 1 index: 2. (index mismatch)
I20260608 12:54:41.413261 20335 consensus_queue.cc:1048] T bde76f28bce74eee82412669e4211232 P 38d534b0ff2d47859b368cefac1a219a [LEADER]: Connected to new peer: Peer: permanent_uuid: "c544e0813b834b218c33f69274362c42" member_type: VOTER last_known_addr { host: "127.16.120.129" port: 36733 }, Status: LMP_MISMATCH, Last received: 0.0, Next index: 2, Last known committed idx: 1, Time since last communication: 0.001s
I20260608 12:54:41.413877 20142 raft_consensus.cc:515] T 3f277572b1884d60a3a57bbc99cbaf78 P 2e70e5116ddf4f9c831ca62de7186c26 [term 3 FOLLOWER]: Starting forced leader election with config: opid_index: 5 OBSOLETE_local: false peers { permanent_uuid: "d427e477e9ef4430b8c0b9d324243e71" member_type: VOTER last_known_addr { host: "127.16.120.131" port: 45297 } } peers { permanent_uuid: "38d534b0ff2d47859b368cefac1a219a" member_type: VOTER last_known_addr { host: "127.16.120.130" port: 34337 } } peers { permanent_uuid: "2e70e5116ddf4f9c831ca62de7186c26" member_type: VOTER last_known_addr { host: "127.16.120.132" port: 44863 } attrs { promote: false } }
I20260608 12:54:41.414726 20354 consensus_queue.cc:1048] T bde76f28bce74eee82412669e4211232 P 38d534b0ff2d47859b368cefac1a219a [LEADER]: Connected to new peer: Peer: permanent_uuid: "d427e477e9ef4430b8c0b9d324243e71" member_type: VOTER last_known_addr { host: "127.16.120.131" port: 45297 } attrs { replace: true }, Status: LMP_MISMATCH, Last received: 0.0, Next index: 2, Last known committed idx: 1, Time since last communication: 0.001s
I20260608 12:54:41.416399 20142 leader_election.cc:290] T 3f277572b1884d60a3a57bbc99cbaf78 P 2e70e5116ddf4f9c831ca62de7186c26 [CANDIDATE]: Term 3 election: Requested vote from peers d427e477e9ef4430b8c0b9d324243e71 (127.16.120.131:45297), 38d534b0ff2d47859b368cefac1a219a (127.16.120.130:34337)
I20260608 12:54:41.418200 19906 tablet_service.cc:1917] Received RequestConsensusVote() RPC: tablet_id: "3f277572b1884d60a3a57bbc99cbaf78" candidate_uuid: "2e70e5116ddf4f9c831ca62de7186c26" candidate_term: 3 candidate_status { last_received { term: 2 index: 5 } } ignore_live_leader: true dest_uuid: "38d534b0ff2d47859b368cefac1a219a"
I20260608 12:54:41.418757 19906 raft_consensus.cc:3055] T 3f277572b1884d60a3a57bbc99cbaf78 P 38d534b0ff2d47859b368cefac1a219a [term 2 LEADER]: Stepping down as leader of term 2
I20260608 12:54:41.419078 19906 raft_consensus.cc:740] T 3f277572b1884d60a3a57bbc99cbaf78 P 38d534b0ff2d47859b368cefac1a219a [term 2 LEADER]: Becoming Follower/Learner. State: Replica: 38d534b0ff2d47859b368cefac1a219a, State: Running, Role: LEADER
I20260608 12:54:41.419865 19906 consensus_queue.cc:260] T 3f277572b1884d60a3a57bbc99cbaf78 P 38d534b0ff2d47859b368cefac1a219a [NON_LEADER]: Queue going to NON_LEADER mode. State: All replicated index: 0, Majority replicated index: 5, Committed index: 5, Last appended: 2.5, Last appended by leader: 5, Current term: 2, Majority size: -1, State: 0, Mode: NON_LEADER, active raft config: opid_index: 5 OBSOLETE_local: false peers { permanent_uuid: "d427e477e9ef4430b8c0b9d324243e71" member_type: VOTER last_known_addr { host: "127.16.120.131" port: 45297 } } peers { permanent_uuid: "38d534b0ff2d47859b368cefac1a219a" member_type: VOTER last_known_addr { host: "127.16.120.130" port: 34337 } } peers { permanent_uuid: "2e70e5116ddf4f9c831ca62de7186c26" member_type: VOTER last_known_addr { host: "127.16.120.132" port: 44863 } attrs { promote: false } }
I20260608 12:54:41.421041 19906 raft_consensus.cc:3060] T 3f277572b1884d60a3a57bbc99cbaf78 P 38d534b0ff2d47859b368cefac1a219a [term 2 FOLLOWER]: Advancing to term 3
I20260608 12:54:41.422703 19978 tablet_service.cc:1917] Received RequestConsensusVote() RPC: tablet_id: "3f277572b1884d60a3a57bbc99cbaf78" candidate_uuid: "2e70e5116ddf4f9c831ca62de7186c26" candidate_term: 3 candidate_status { last_received { term: 2 index: 5 } } ignore_live_leader: true dest_uuid: "d427e477e9ef4430b8c0b9d324243e71"
I20260608 12:54:41.423267 19978 raft_consensus.cc:3060] T 3f277572b1884d60a3a57bbc99cbaf78 P d427e477e9ef4430b8c0b9d324243e71 [term 2 FOLLOWER]: Advancing to term 3
I20260608 12:54:41.431593 19978 raft_consensus.cc:2468] T 3f277572b1884d60a3a57bbc99cbaf78 P d427e477e9ef4430b8c0b9d324243e71 [term 3 FOLLOWER]: Leader election vote request: Granting yes vote for candidate 2e70e5116ddf4f9c831ca62de7186c26 in term 3.
I20260608 12:54:41.433602 20110 leader_election.cc:304] T 3f277572b1884d60a3a57bbc99cbaf78 P 2e70e5116ddf4f9c831ca62de7186c26 [CANDIDATE]: Term 3 election: Election decided. Result: candidate won. Election summary: received 2 responses out of 3 voters: 2 yes votes; 0 no votes. yes voters: 2e70e5116ddf4f9c831ca62de7186c26, d427e477e9ef4430b8c0b9d324243e71; no voters: 
I20260608 12:54:41.434535 20335 raft_consensus.cc:2955] T bde76f28bce74eee82412669e4211232 P 38d534b0ff2d47859b368cefac1a219a [term 1 LEADER]: Committing config change with OpId 1.2: config changed from index -1 to 2, NON_VOTER 2e70e5116ddf4f9c831ca62de7186c26 (127.16.120.132) added. New config: { opid_index: 2 OBSOLETE_local: false peers { permanent_uuid: "38d534b0ff2d47859b368cefac1a219a" member_type: VOTER last_known_addr { host: "127.16.120.130" port: 34337 } } peers { permanent_uuid: "c544e0813b834b218c33f69274362c42" member_type: VOTER last_known_addr { host: "127.16.120.129" port: 36733 } } peers { permanent_uuid: "d427e477e9ef4430b8c0b9d324243e71" member_type: VOTER last_known_addr { host: "127.16.120.131" port: 45297 } attrs { replace: true } } peers { permanent_uuid: "2e70e5116ddf4f9c831ca62de7186c26" member_type: NON_VOTER last_known_addr { host: "127.16.120.132" port: 44863 } attrs { promote: true } } }
I20260608 12:54:41.435647 20339 raft_consensus.cc:2804] T 3f277572b1884d60a3a57bbc99cbaf78 P 2e70e5116ddf4f9c831ca62de7186c26 [term 3 FOLLOWER]: Leader election won for term 3
I20260608 12:54:41.437268 19977 raft_consensus.cc:2955] T bde76f28bce74eee82412669e4211232 P d427e477e9ef4430b8c0b9d324243e71 [term 1 FOLLOWER]: Committing config change with OpId 1.2: config changed from index -1 to 2, NON_VOTER 2e70e5116ddf4f9c831ca62de7186c26 (127.16.120.132) added. New config: { opid_index: 2 OBSOLETE_local: false peers { permanent_uuid: "38d534b0ff2d47859b368cefac1a219a" member_type: VOTER last_known_addr { host: "127.16.120.130" port: 34337 } } peers { permanent_uuid: "c544e0813b834b218c33f69274362c42" member_type: VOTER last_known_addr { host: "127.16.120.129" port: 36733 } } peers { permanent_uuid: "d427e477e9ef4430b8c0b9d324243e71" member_type: VOTER last_known_addr { host: "127.16.120.131" port: 45297 } attrs { replace: true } } peers { permanent_uuid: "2e70e5116ddf4f9c831ca62de7186c26" member_type: NON_VOTER last_known_addr { host: "127.16.120.132" port: 44863 } attrs { promote: true } } }
I20260608 12:54:41.439275 19906 raft_consensus.cc:2468] T 3f277572b1884d60a3a57bbc99cbaf78 P 38d534b0ff2d47859b368cefac1a219a [term 3 FOLLOWER]: Leader election vote request: Granting yes vote for candidate 2e70e5116ddf4f9c831ca62de7186c26 in term 3.
I20260608 12:54:41.441115 20339 raft_consensus.cc:697] T 3f277572b1884d60a3a57bbc99cbaf78 P 2e70e5116ddf4f9c831ca62de7186c26 [term 3 LEADER]: Becoming Leader. State: Replica: 2e70e5116ddf4f9c831ca62de7186c26, State: Running, Role: LEADER
I20260608 12:54:41.442106 20339 consensus_queue.cc:237] T 3f277572b1884d60a3a57bbc99cbaf78 P 2e70e5116ddf4f9c831ca62de7186c26 [LEADER]: Queue going to LEADER mode. State: All replicated index: 0, Majority replicated index: 5, Committed index: 5, Last appended: 2.5, Last appended by leader: 5, Current term: 3, Majority size: 2, State: 0, Mode: LEADER, active raft config: opid_index: 5 OBSOLETE_local: false peers { permanent_uuid: "d427e477e9ef4430b8c0b9d324243e71" member_type: VOTER last_known_addr { host: "127.16.120.131" port: 45297 } } peers { permanent_uuid: "38d534b0ff2d47859b368cefac1a219a" member_type: VOTER last_known_addr { host: "127.16.120.130" port: 34337 } } peers { permanent_uuid: "2e70e5116ddf4f9c831ca62de7186c26" member_type: VOTER last_known_addr { host: "127.16.120.132" port: 44863 } attrs { promote: false } }
I20260608 12:54:41.443362 19832 raft_consensus.cc:2955] T bde76f28bce74eee82412669e4211232 P c544e0813b834b218c33f69274362c42 [term 1 FOLLOWER]: Committing config change with OpId 1.2: config changed from index -1 to 2, NON_VOTER 2e70e5116ddf4f9c831ca62de7186c26 (127.16.120.132) added. New config: { opid_index: 2 OBSOLETE_local: false peers { permanent_uuid: "38d534b0ff2d47859b368cefac1a219a" member_type: VOTER last_known_addr { host: "127.16.120.130" port: 34337 } } peers { permanent_uuid: "c544e0813b834b218c33f69274362c42" member_type: VOTER last_known_addr { host: "127.16.120.129" port: 36733 } } peers { permanent_uuid: "d427e477e9ef4430b8c0b9d324243e71" member_type: VOTER last_known_addr { host: "127.16.120.131" port: 45297 } attrs { replace: true } } peers { permanent_uuid: "2e70e5116ddf4f9c831ca62de7186c26" member_type: NON_VOTER last_known_addr { host: "127.16.120.132" port: 44863 } attrs { promote: true } } }
I20260608 12:54:41.449692 19830 consensus_queue.cc:237] T 6a3e7b3756ae4e6393f66b2d22fb4b53 P c544e0813b834b218c33f69274362c42 [LEADER]: Queue going to LEADER mode. State: All replicated index: 0, Majority replicated index: 1, Committed index: 1, Last appended: 1.1, Last appended by leader: 0, Current term: 1, Majority size: 2, State: 0, Mode: LEADER, active raft config: opid_index: 2 OBSOLETE_local: false peers { permanent_uuid: "d427e477e9ef4430b8c0b9d324243e71" member_type: VOTER last_known_addr { host: "127.16.120.131" port: 45297 } } peers { permanent_uuid: "c544e0813b834b218c33f69274362c42" member_type: VOTER last_known_addr { host: "127.16.120.129" port: 36733 } } peers { permanent_uuid: "2e70e5116ddf4f9c831ca62de7186c26" member_type: VOTER last_known_addr { host: "127.16.120.132" port: 44863 } attrs { replace: true } } peers { permanent_uuid: "38d534b0ff2d47859b368cefac1a219a" member_type: NON_VOTER last_known_addr { host: "127.16.120.130" port: 34337 } attrs { promote: true } }
I20260608 12:54:41.456707 19730 catalog_manager.cc:5696] T bde76f28bce74eee82412669e4211232 P d427e477e9ef4430b8c0b9d324243e71 reported cstate change: config changed from index -1 to 2, NON_VOTER 2e70e5116ddf4f9c831ca62de7186c26 (127.16.120.132) added. New cstate: current_term: 1 leader_uuid: "38d534b0ff2d47859b368cefac1a219a" committed_config { opid_index: 2 OBSOLETE_local: false peers { permanent_uuid: "38d534b0ff2d47859b368cefac1a219a" member_type: VOTER last_known_addr { host: "127.16.120.130" port: 34337 } } peers { permanent_uuid: "c544e0813b834b218c33f69274362c42" member_type: VOTER last_known_addr { host: "127.16.120.129" port: 36733 } } peers { permanent_uuid: "d427e477e9ef4430b8c0b9d324243e71" member_type: VOTER last_known_addr { host: "127.16.120.131" port: 45297 } attrs { replace: true } } peers { permanent_uuid: "2e70e5116ddf4f9c831ca62de7186c26" member_type: NON_VOTER last_known_addr { host: "127.16.120.132" port: 44863 } attrs { promote: true } } }
I20260608 12:54:41.467585 20142 raft_consensus.cc:1275] T 6a3e7b3756ae4e6393f66b2d22fb4b53 P 2e70e5116ddf4f9c831ca62de7186c26 [term 1 FOLLOWER]: Refusing update from remote peer c544e0813b834b218c33f69274362c42: Log matching property violated. Preceding OpId in replica: term: 1 index: 1. Preceding OpId from leader: term: 1 index: 2. (index mismatch)
I20260608 12:54:41.469278 20328 consensus_queue.cc:1048] T 6a3e7b3756ae4e6393f66b2d22fb4b53 P c544e0813b834b218c33f69274362c42 [LEADER]: Connected to new peer: Peer: permanent_uuid: "2e70e5116ddf4f9c831ca62de7186c26" member_type: VOTER last_known_addr { host: "127.16.120.132" port: 44863 } attrs { replace: true }, Status: LMP_MISMATCH, Last received: 0.0, Next index: 2, Last known committed idx: 1, Time since last communication: 0.000s
W20260608 12:54:41.470384 19798 consensus_peers.cc:597] T 6a3e7b3756ae4e6393f66b2d22fb4b53 P c544e0813b834b218c33f69274362c42 -> Peer 38d534b0ff2d47859b368cefac1a219a (127.16.120.130:34337): Couldn't send request to peer 38d534b0ff2d47859b368cefac1a219a. Error code: TABLET_NOT_FOUND (6). Status: Not found: Tablet not found: 6a3e7b3756ae4e6393f66b2d22fb4b53. This is attempt 1: this message will repeat every 5th retry.
I20260608 12:54:41.473255 19728 catalog_manager.cc:5696] T 3f277572b1884d60a3a57bbc99cbaf78 P 2e70e5116ddf4f9c831ca62de7186c26 reported cstate change: term changed from 2 to 3, leader changed from 38d534b0ff2d47859b368cefac1a219a (127.16.120.130) to 2e70e5116ddf4f9c831ca62de7186c26 (127.16.120.132). New cstate: current_term: 3 leader_uuid: "2e70e5116ddf4f9c831ca62de7186c26" committed_config { opid_index: 5 OBSOLETE_local: false peers { permanent_uuid: "d427e477e9ef4430b8c0b9d324243e71" member_type: VOTER last_known_addr { host: "127.16.120.131" port: 45297 } health_report { overall_health: UNKNOWN } } peers { permanent_uuid: "38d534b0ff2d47859b368cefac1a219a" member_type: VOTER last_known_addr { host: "127.16.120.130" port: 34337 } health_report { overall_health: UNKNOWN } } peers { permanent_uuid: "2e70e5116ddf4f9c831ca62de7186c26" member_type: VOTER last_known_addr { host: "127.16.120.132" port: 44863 } attrs { promote: false } health_report { overall_health: HEALTHY } } }
I20260608 12:54:41.479837 19977 raft_consensus.cc:1275] T 6a3e7b3756ae4e6393f66b2d22fb4b53 P d427e477e9ef4430b8c0b9d324243e71 [term 1 FOLLOWER]: Refusing update from remote peer c544e0813b834b218c33f69274362c42: Log matching property violated. Preceding OpId in replica: term: 1 index: 1. Preceding OpId from leader: term: 1 index: 2. (index mismatch)
I20260608 12:54:41.481994 20352 consensus_queue.cc:1048] T 6a3e7b3756ae4e6393f66b2d22fb4b53 P c544e0813b834b218c33f69274362c42 [LEADER]: Connected to new peer: Peer: permanent_uuid: "d427e477e9ef4430b8c0b9d324243e71" member_type: VOTER last_known_addr { host: "127.16.120.131" port: 45297 }, Status: LMP_MISMATCH, Last received: 0.0, Next index: 2, Last known committed idx: 1, Time since last communication: 0.000s
I20260608 12:54:41.485704 20349 raft_consensus.cc:2955] T 6a3e7b3756ae4e6393f66b2d22fb4b53 P c544e0813b834b218c33f69274362c42 [term 1 LEADER]: Committing config change with OpId 1.2: config changed from index -1 to 2, NON_VOTER 38d534b0ff2d47859b368cefac1a219a (127.16.120.130) added. New config: { opid_index: 2 OBSOLETE_local: false peers { permanent_uuid: "d427e477e9ef4430b8c0b9d324243e71" member_type: VOTER last_known_addr { host: "127.16.120.131" port: 45297 } } peers { permanent_uuid: "c544e0813b834b218c33f69274362c42" member_type: VOTER last_known_addr { host: "127.16.120.129" port: 36733 } } peers { permanent_uuid: "2e70e5116ddf4f9c831ca62de7186c26" member_type: VOTER last_known_addr { host: "127.16.120.132" port: 44863 } attrs { replace: true } } peers { permanent_uuid: "38d534b0ff2d47859b368cefac1a219a" member_type: NON_VOTER last_known_addr { host: "127.16.120.130" port: 34337 } attrs { promote: true } } }
I20260608 12:54:41.487545 20142 raft_consensus.cc:2955] T 6a3e7b3756ae4e6393f66b2d22fb4b53 P 2e70e5116ddf4f9c831ca62de7186c26 [term 1 FOLLOWER]: Committing config change with OpId 1.2: config changed from index -1 to 2, NON_VOTER 38d534b0ff2d47859b368cefac1a219a (127.16.120.130) added. New config: { opid_index: 2 OBSOLETE_local: false peers { permanent_uuid: "d427e477e9ef4430b8c0b9d324243e71" member_type: VOTER last_known_addr { host: "127.16.120.131" port: 45297 } } peers { permanent_uuid: "c544e0813b834b218c33f69274362c42" member_type: VOTER last_known_addr { host: "127.16.120.129" port: 36733 } } peers { permanent_uuid: "2e70e5116ddf4f9c831ca62de7186c26" member_type: VOTER last_known_addr { host: "127.16.120.132" port: 44863 } attrs { replace: true } } peers { permanent_uuid: "38d534b0ff2d47859b368cefac1a219a" member_type: NON_VOTER last_known_addr { host: "127.16.120.130" port: 34337 } attrs { promote: true } } }
I20260608 12:54:41.493063 19977 raft_consensus.cc:2955] T 6a3e7b3756ae4e6393f66b2d22fb4b53 P d427e477e9ef4430b8c0b9d324243e71 [term 1 FOLLOWER]: Committing config change with OpId 1.2: config changed from index -1 to 2, NON_VOTER 38d534b0ff2d47859b368cefac1a219a (127.16.120.130) added. New config: { opid_index: 2 OBSOLETE_local: false peers { permanent_uuid: "d427e477e9ef4430b8c0b9d324243e71" member_type: VOTER last_known_addr { host: "127.16.120.131" port: 45297 } } peers { permanent_uuid: "c544e0813b834b218c33f69274362c42" member_type: VOTER last_known_addr { host: "127.16.120.129" port: 36733 } } peers { permanent_uuid: "2e70e5116ddf4f9c831ca62de7186c26" member_type: VOTER last_known_addr { host: "127.16.120.132" port: 44863 } attrs { replace: true } } peers { permanent_uuid: "38d534b0ff2d47859b368cefac1a219a" member_type: NON_VOTER last_known_addr { host: "127.16.120.130" port: 34337 } attrs { promote: true } } }
I20260608 12:54:41.502687 19728 catalog_manager.cc:5696] T 6a3e7b3756ae4e6393f66b2d22fb4b53 P 2e70e5116ddf4f9c831ca62de7186c26 reported cstate change: config changed from index -1 to 2, NON_VOTER 38d534b0ff2d47859b368cefac1a219a (127.16.120.130) added. New cstate: current_term: 1 leader_uuid: "c544e0813b834b218c33f69274362c42" committed_config { opid_index: 2 OBSOLETE_local: false peers { permanent_uuid: "d427e477e9ef4430b8c0b9d324243e71" member_type: VOTER last_known_addr { host: "127.16.120.131" port: 45297 } } peers { permanent_uuid: "c544e0813b834b218c33f69274362c42" member_type: VOTER last_known_addr { host: "127.16.120.129" port: 36733 } } peers { permanent_uuid: "2e70e5116ddf4f9c831ca62de7186c26" member_type: VOTER last_known_addr { host: "127.16.120.132" port: 44863 } attrs { replace: true } } peers { permanent_uuid: "38d534b0ff2d47859b368cefac1a219a" member_type: NON_VOTER last_known_addr { host: "127.16.120.130" port: 34337 } attrs { promote: true } } }
I20260608 12:54:41.511078 20328 raft_consensus.cc:993] T 5a569a1a6e964ce0b5893c554272d53f P c544e0813b834b218c33f69274362c42: : Instructing follower 38d534b0ff2d47859b368cefac1a219a to start an election
I20260608 12:54:41.517143 20328 raft_consensus.cc:1081] T 5a569a1a6e964ce0b5893c554272d53f P c544e0813b834b218c33f69274362c42 [term 1 LEADER]: Signalling peer 38d534b0ff2d47859b368cefac1a219a to start an election
I20260608 12:54:41.518914 19906 tablet_service.cc:2044] Received Run Leader Election RPC: tablet_id: "5a569a1a6e964ce0b5893c554272d53f"
dest_uuid: "38d534b0ff2d47859b368cefac1a219a"
 from {username='slave'} at 127.0.0.1:47038
I20260608 12:54:41.519441 19906 raft_consensus.cc:493] T 5a569a1a6e964ce0b5893c554272d53f P 38d534b0ff2d47859b368cefac1a219a [term 1 FOLLOWER]: Starting forced leader election (received explicit request)
I20260608 12:54:41.519807 19906 raft_consensus.cc:3060] T 5a569a1a6e964ce0b5893c554272d53f P 38d534b0ff2d47859b368cefac1a219a [term 1 FOLLOWER]: Advancing to term 2
W20260608 12:54:41.520668 19778 auto_rebalancer.cc:591] Failed to schedule move for tablet 5a569a1a6e964ce0b5893c554272d53f: Remote error: Service unavailable: leader transfer in progress
I20260608 12:54:41.529201 19906 raft_consensus.cc:515] T 5a569a1a6e964ce0b5893c554272d53f P 38d534b0ff2d47859b368cefac1a219a [term 2 FOLLOWER]: Starting forced leader election with config: opid_index: -1 OBSOLETE_local: false peers { permanent_uuid: "c544e0813b834b218c33f69274362c42" member_type: VOTER last_known_addr { host: "127.16.120.129" port: 36733 } } peers { permanent_uuid: "38d534b0ff2d47859b368cefac1a219a" member_type: VOTER last_known_addr { host: "127.16.120.130" port: 34337 } } peers { permanent_uuid: "d427e477e9ef4430b8c0b9d324243e71" member_type: VOTER last_known_addr { host: "127.16.120.131" port: 45297 } }
I20260608 12:54:41.531615 19906 leader_election.cc:290] T 5a569a1a6e964ce0b5893c554272d53f P 38d534b0ff2d47859b368cefac1a219a [CANDIDATE]: Term 2 election: Requested vote from peers c544e0813b834b218c33f69274362c42 (127.16.120.129:36733), d427e477e9ef4430b8c0b9d324243e71 (127.16.120.131:45297)
I20260608 12:54:41.531862 19830 tablet_service.cc:1917] Received RequestConsensusVote() RPC: tablet_id: "5a569a1a6e964ce0b5893c554272d53f" candidate_uuid: "38d534b0ff2d47859b368cefac1a219a" candidate_term: 2 candidate_status { last_received { term: 1 index: 1 } } ignore_live_leader: true dest_uuid: "c544e0813b834b218c33f69274362c42"
I20260608 12:54:41.532240 19977 tablet_service.cc:1917] Received RequestConsensusVote() RPC: tablet_id: "5a569a1a6e964ce0b5893c554272d53f" candidate_uuid: "38d534b0ff2d47859b368cefac1a219a" candidate_term: 2 candidate_status { last_received { term: 1 index: 1 } } ignore_live_leader: true dest_uuid: "d427e477e9ef4430b8c0b9d324243e71"
I20260608 12:54:41.532596 19830 raft_consensus.cc:3055] T 5a569a1a6e964ce0b5893c554272d53f P c544e0813b834b218c33f69274362c42 [term 1 LEADER]: Stepping down as leader of term 1
I20260608 12:54:41.532882 19977 raft_consensus.cc:3060] T 5a569a1a6e964ce0b5893c554272d53f P d427e477e9ef4430b8c0b9d324243e71 [term 1 FOLLOWER]: Advancing to term 2
I20260608 12:54:41.533013 19830 raft_consensus.cc:740] T 5a569a1a6e964ce0b5893c554272d53f P c544e0813b834b218c33f69274362c42 [term 1 LEADER]: Becoming Follower/Learner. State: Replica: c544e0813b834b218c33f69274362c42, State: Running, Role: LEADER
I20260608 12:54:41.533957 19830 consensus_queue.cc:260] T 5a569a1a6e964ce0b5893c554272d53f P c544e0813b834b218c33f69274362c42 [NON_LEADER]: Queue going to NON_LEADER mode. State: All replicated index: 0, Majority replicated index: 1, Committed index: 1, Last appended: 1.1, Last appended by leader: 1, Current term: 1, Majority size: -1, State: 0, Mode: NON_LEADER, active raft config: opid_index: -1 OBSOLETE_local: false peers { permanent_uuid: "c544e0813b834b218c33f69274362c42" member_type: VOTER last_known_addr { host: "127.16.120.129" port: 36733 } } peers { permanent_uuid: "38d534b0ff2d47859b368cefac1a219a" member_type: VOTER last_known_addr { host: "127.16.120.130" port: 34337 } } peers { permanent_uuid: "d427e477e9ef4430b8c0b9d324243e71" member_type: VOTER last_known_addr { host: "127.16.120.131" port: 45297 } }
I20260608 12:54:41.535254 19830 raft_consensus.cc:3060] T 5a569a1a6e964ce0b5893c554272d53f P c544e0813b834b218c33f69274362c42 [term 1 FOLLOWER]: Advancing to term 2
I20260608 12:54:41.539639 19977 raft_consensus.cc:2468] T 5a569a1a6e964ce0b5893c554272d53f P d427e477e9ef4430b8c0b9d324243e71 [term 2 FOLLOWER]: Leader election vote request: Granting yes vote for candidate 38d534b0ff2d47859b368cefac1a219a in term 2.
I20260608 12:54:41.540974 19873 leader_election.cc:304] T 5a569a1a6e964ce0b5893c554272d53f P 38d534b0ff2d47859b368cefac1a219a [CANDIDATE]: Term 2 election: Election decided. Result: candidate won. Election summary: received 2 responses out of 3 voters: 2 yes votes; 0 no votes. yes voters: 38d534b0ff2d47859b368cefac1a219a, d427e477e9ef4430b8c0b9d324243e71; no voters: 
I20260608 12:54:41.541826 20357 raft_consensus.cc:2804] T 5a569a1a6e964ce0b5893c554272d53f P 38d534b0ff2d47859b368cefac1a219a [term 2 FOLLOWER]: Leader election won for term 2
I20260608 12:54:41.542014 19830 raft_consensus.cc:2468] T 5a569a1a6e964ce0b5893c554272d53f P c544e0813b834b218c33f69274362c42 [term 2 FOLLOWER]: Leader election vote request: Granting yes vote for candidate 38d534b0ff2d47859b368cefac1a219a in term 2.
I20260608 12:54:41.542387 20357 raft_consensus.cc:697] T 5a569a1a6e964ce0b5893c554272d53f P 38d534b0ff2d47859b368cefac1a219a [term 2 LEADER]: Becoming Leader. State: Replica: 38d534b0ff2d47859b368cefac1a219a, State: Running, Role: LEADER
I20260608 12:54:41.543675 20357 consensus_queue.cc:237] T 5a569a1a6e964ce0b5893c554272d53f P 38d534b0ff2d47859b368cefac1a219a [LEADER]: Queue going to LEADER mode. State: All replicated index: 0, Majority replicated index: 1, Committed index: 1, Last appended: 1.1, Last appended by leader: 1, Current term: 2, Majority size: 2, State: 0, Mode: LEADER, active raft config: opid_index: -1 OBSOLETE_local: false peers { permanent_uuid: "c544e0813b834b218c33f69274362c42" member_type: VOTER last_known_addr { host: "127.16.120.129" port: 36733 } } peers { permanent_uuid: "38d534b0ff2d47859b368cefac1a219a" member_type: VOTER last_known_addr { host: "127.16.120.130" port: 34337 } } peers { permanent_uuid: "d427e477e9ef4430b8c0b9d324243e71" member_type: VOTER last_known_addr { host: "127.16.120.131" port: 45297 } }
I20260608 12:54:41.552264 19726 catalog_manager.cc:5696] T 5a569a1a6e964ce0b5893c554272d53f P 38d534b0ff2d47859b368cefac1a219a reported cstate change: term changed from 1 to 2, leader changed from c544e0813b834b218c33f69274362c42 (127.16.120.129) to 38d534b0ff2d47859b368cefac1a219a (127.16.120.130). New cstate: current_term: 2 leader_uuid: "38d534b0ff2d47859b368cefac1a219a" committed_config { opid_index: -1 OBSOLETE_local: false peers { permanent_uuid: "c544e0813b834b218c33f69274362c42" member_type: VOTER last_known_addr { host: "127.16.120.129" port: 36733 } health_report { overall_health: UNKNOWN } } peers { permanent_uuid: "38d534b0ff2d47859b368cefac1a219a" member_type: VOTER last_known_addr { host: "127.16.120.130" port: 34337 } health_report { overall_health: HEALTHY } } peers { permanent_uuid: "d427e477e9ef4430b8c0b9d324243e71" member_type: VOTER last_known_addr { host: "127.16.120.131" port: 45297 } health_report { overall_health: UNKNOWN } } }
I20260608 12:54:41.746815 20371 ts_tablet_manager.cc:933] T 773abf45969f4f6eac44a8dd72c5039c P d427e477e9ef4430b8c0b9d324243e71: Initiating tablet copy from peer c544e0813b834b218c33f69274362c42 (127.16.120.129:36733)
I20260608 12:54:41.748698 20371 tablet_copy_client.cc:323] T 773abf45969f4f6eac44a8dd72c5039c P d427e477e9ef4430b8c0b9d324243e71: tablet copy: Beginning tablet copy session from remote peer at address 127.16.120.129:36733
I20260608 12:54:41.750492 19842 tablet_copy_service.cc:140] P c544e0813b834b218c33f69274362c42: Received BeginTabletCopySession request for tablet 773abf45969f4f6eac44a8dd72c5039c from peer d427e477e9ef4430b8c0b9d324243e71 ({username='slave'} at 127.0.0.1:40714)
I20260608 12:54:41.750993 19842 tablet_copy_service.cc:161] P c544e0813b834b218c33f69274362c42: Beginning new tablet copy session on tablet 773abf45969f4f6eac44a8dd72c5039c from peer d427e477e9ef4430b8c0b9d324243e71 at {username='slave'} at 127.0.0.1:40714: session id = d427e477e9ef4430b8c0b9d324243e71-773abf45969f4f6eac44a8dd72c5039c
I20260608 12:54:41.757901 19842 tablet_copy_source_session.cc:215] T 773abf45969f4f6eac44a8dd72c5039c P c544e0813b834b218c33f69274362c42: Tablet Copy: opened 0 blocks and 1 log segments
I20260608 12:54:41.760802 20371 data_dirs.cc:400] Could only allocate 1 dirs of requested 3 for tablet 773abf45969f4f6eac44a8dd72c5039c. 1 dirs total, 0 dirs full, 0 dirs failed
I20260608 12:54:41.772714 20371 tablet_copy_client.cc:806] T 773abf45969f4f6eac44a8dd72c5039c P d427e477e9ef4430b8c0b9d324243e71: tablet copy: Starting download of 0 data blocks...
I20260608 12:54:41.773243 20371 tablet_copy_client.cc:670] T 773abf45969f4f6eac44a8dd72c5039c P d427e477e9ef4430b8c0b9d324243e71: tablet copy: Starting download of 1 WAL segments...
I20260608 12:54:41.776930 20371 tablet_copy_client.cc:538] T 773abf45969f4f6eac44a8dd72c5039c P d427e477e9ef4430b8c0b9d324243e71: tablet copy: Tablet Copy complete. Replacing tablet superblock.
I20260608 12:54:41.784983 20371 tablet_bootstrap.cc:492] T 773abf45969f4f6eac44a8dd72c5039c P d427e477e9ef4430b8c0b9d324243e71: Bootstrap starting.
I20260608 12:54:41.801928 20371 tablet_bootstrap.cc:492] T 773abf45969f4f6eac44a8dd72c5039c P d427e477e9ef4430b8c0b9d324243e71: Bootstrap replayed 1/1 log segments. Stats: ops{read=2 overwritten=0 applied=2 ignored=0} inserts{seen=0 ignored=0} mutations{seen=0 ignored=0} orphaned_commits=0. Pending: 0 replicates
I20260608 12:54:41.802636 20371 tablet_bootstrap.cc:492] T 773abf45969f4f6eac44a8dd72c5039c P d427e477e9ef4430b8c0b9d324243e71: Bootstrap complete.
I20260608 12:54:41.803205 20371 ts_tablet_manager.cc:1403] T 773abf45969f4f6eac44a8dd72c5039c P d427e477e9ef4430b8c0b9d324243e71: Time spent bootstrapping tablet: real 0.018s	user 0.015s	sys 0.001s
I20260608 12:54:41.805572 20371 raft_consensus.cc:359] T 773abf45969f4f6eac44a8dd72c5039c P d427e477e9ef4430b8c0b9d324243e71 [term 1 LEARNER]: Replica starting. Triggering 0 pending ops. Active config: opid_index: 2 OBSOLETE_local: false peers { permanent_uuid: "c544e0813b834b218c33f69274362c42" member_type: VOTER last_known_addr { host: "127.16.120.129" port: 36733 } } peers { permanent_uuid: "2e70e5116ddf4f9c831ca62de7186c26" member_type: VOTER last_known_addr { host: "127.16.120.132" port: 44863 } attrs { replace: true } } peers { permanent_uuid: "38d534b0ff2d47859b368cefac1a219a" member_type: VOTER last_known_addr { host: "127.16.120.130" port: 34337 } } peers { permanent_uuid: "d427e477e9ef4430b8c0b9d324243e71" member_type: NON_VOTER last_known_addr { host: "127.16.120.131" port: 45297 } attrs { promote: true } }
I20260608 12:54:41.806349 20371 raft_consensus.cc:740] T 773abf45969f4f6eac44a8dd72c5039c P d427e477e9ef4430b8c0b9d324243e71 [term 1 LEARNER]: Becoming Follower/Learner. State: Replica: d427e477e9ef4430b8c0b9d324243e71, State: Initialized, Role: LEARNER
I20260608 12:54:41.807054 20371 consensus_queue.cc:260] T 773abf45969f4f6eac44a8dd72c5039c P d427e477e9ef4430b8c0b9d324243e71 [NON_LEADER]: Queue going to NON_LEADER mode. State: All replicated index: 0, Majority replicated index: 0, Committed index: 2, Last appended: 1.2, Last appended by leader: 2, Current term: 0, Majority size: -1, State: 0, Mode: NON_LEADER, active raft config: opid_index: 2 OBSOLETE_local: false peers { permanent_uuid: "c544e0813b834b218c33f69274362c42" member_type: VOTER last_known_addr { host: "127.16.120.129" port: 36733 } } peers { permanent_uuid: "2e70e5116ddf4f9c831ca62de7186c26" member_type: VOTER last_known_addr { host: "127.16.120.132" port: 44863 } attrs { replace: true } } peers { permanent_uuid: "38d534b0ff2d47859b368cefac1a219a" member_type: VOTER last_known_addr { host: "127.16.120.130" port: 34337 } } peers { permanent_uuid: "d427e477e9ef4430b8c0b9d324243e71" member_type: NON_VOTER last_known_addr { host: "127.16.120.131" port: 45297 } attrs { promote: true } }
I20260608 12:54:41.809554 20371 ts_tablet_manager.cc:1434] T 773abf45969f4f6eac44a8dd72c5039c P d427e477e9ef4430b8c0b9d324243e71: Time spent starting tablet: real 0.006s	user 0.008s	sys 0.000s
I20260608 12:54:41.811342 19842 tablet_copy_service.cc:342] P c544e0813b834b218c33f69274362c42: Request end of tablet copy session d427e477e9ef4430b8c0b9d324243e71-773abf45969f4f6eac44a8dd72c5039c received from {username='slave'} at 127.0.0.1:40714
I20260608 12:54:41.811787 19842 tablet_copy_service.cc:434] P c544e0813b834b218c33f69274362c42: ending tablet copy session d427e477e9ef4430b8c0b9d324243e71-773abf45969f4f6eac44a8dd72c5039c on tablet 773abf45969f4f6eac44a8dd72c5039c with peer d427e477e9ef4430b8c0b9d324243e71
I20260608 12:54:41.827600 19906 raft_consensus.cc:1275] T 3f277572b1884d60a3a57bbc99cbaf78 P 38d534b0ff2d47859b368cefac1a219a [term 3 FOLLOWER]: Refusing update from remote peer 2e70e5116ddf4f9c831ca62de7186c26: Log matching property violated. Preceding OpId in replica: term: 2 index: 5. Preceding OpId from leader: term: 3 index: 6. (index mismatch)
I20260608 12:54:41.828907 20339 consensus_queue.cc:1048] T 3f277572b1884d60a3a57bbc99cbaf78 P 2e70e5116ddf4f9c831ca62de7186c26 [LEADER]: Connected to new peer: Peer: permanent_uuid: "38d534b0ff2d47859b368cefac1a219a" member_type: VOTER last_known_addr { host: "127.16.120.130" port: 34337 }, Status: LMP_MISMATCH, Last received: 0.0, Next index: 6, Last known committed idx: 5, Time since last communication: 0.000s
I20260608 12:54:41.843492 19977 raft_consensus.cc:1275] T 3f277572b1884d60a3a57bbc99cbaf78 P d427e477e9ef4430b8c0b9d324243e71 [term 3 FOLLOWER]: Refusing update from remote peer 2e70e5116ddf4f9c831ca62de7186c26: Log matching property violated. Preceding OpId in replica: term: 2 index: 5. Preceding OpId from leader: term: 3 index: 6. (index mismatch)
I20260608 12:54:41.845856 20363 consensus_queue.cc:1048] T 3f277572b1884d60a3a57bbc99cbaf78 P 2e70e5116ddf4f9c831ca62de7186c26 [LEADER]: Connected to new peer: Peer: permanent_uuid: "d427e477e9ef4430b8c0b9d324243e71" member_type: VOTER last_known_addr { host: "127.16.120.131" port: 45297 }, Status: LMP_MISMATCH, Last received: 0.0, Next index: 6, Last known committed idx: 5, Time since last communication: 0.000s
I20260608 12:54:41.871435 20379 ts_tablet_manager.cc:933] T 6a3e7b3756ae4e6393f66b2d22fb4b53 P 38d534b0ff2d47859b368cefac1a219a: Initiating tablet copy from peer c544e0813b834b218c33f69274362c42 (127.16.120.129:36733)
I20260608 12:54:41.873481 20379 tablet_copy_client.cc:323] T 6a3e7b3756ae4e6393f66b2d22fb4b53 P 38d534b0ff2d47859b368cefac1a219a: tablet copy: Beginning tablet copy session from remote peer at address 127.16.120.129:36733
I20260608 12:54:41.875082 19842 tablet_copy_service.cc:140] P c544e0813b834b218c33f69274362c42: Received BeginTabletCopySession request for tablet 6a3e7b3756ae4e6393f66b2d22fb4b53 from peer 38d534b0ff2d47859b368cefac1a219a ({username='slave'} at 127.0.0.1:40712)
I20260608 12:54:41.875623 19842 tablet_copy_service.cc:161] P c544e0813b834b218c33f69274362c42: Beginning new tablet copy session on tablet 6a3e7b3756ae4e6393f66b2d22fb4b53 from peer 38d534b0ff2d47859b368cefac1a219a at {username='slave'} at 127.0.0.1:40712: session id = 38d534b0ff2d47859b368cefac1a219a-6a3e7b3756ae4e6393f66b2d22fb4b53
I20260608 12:54:41.882469 19842 tablet_copy_source_session.cc:215] T 6a3e7b3756ae4e6393f66b2d22fb4b53 P c544e0813b834b218c33f69274362c42: Tablet Copy: opened 0 blocks and 1 log segments
I20260608 12:54:41.885210 20379 data_dirs.cc:400] Could only allocate 1 dirs of requested 3 for tablet 6a3e7b3756ae4e6393f66b2d22fb4b53. 1 dirs total, 0 dirs full, 0 dirs failed
I20260608 12:54:41.897420 20379 tablet_copy_client.cc:806] T 6a3e7b3756ae4e6393f66b2d22fb4b53 P 38d534b0ff2d47859b368cefac1a219a: tablet copy: Starting download of 0 data blocks...
I20260608 12:54:41.897984 20379 tablet_copy_client.cc:670] T 6a3e7b3756ae4e6393f66b2d22fb4b53 P 38d534b0ff2d47859b368cefac1a219a: tablet copy: Starting download of 1 WAL segments...
I20260608 12:54:41.901636 20379 tablet_copy_client.cc:538] T 6a3e7b3756ae4e6393f66b2d22fb4b53 P 38d534b0ff2d47859b368cefac1a219a: tablet copy: Tablet Copy complete. Replacing tablet superblock.
I20260608 12:54:41.909054 20379 tablet_bootstrap.cc:492] T 6a3e7b3756ae4e6393f66b2d22fb4b53 P 38d534b0ff2d47859b368cefac1a219a: Bootstrap starting.
I20260608 12:54:41.926028 20379 tablet_bootstrap.cc:492] T 6a3e7b3756ae4e6393f66b2d22fb4b53 P 38d534b0ff2d47859b368cefac1a219a: Bootstrap replayed 1/1 log segments. Stats: ops{read=2 overwritten=0 applied=2 ignored=0} inserts{seen=0 ignored=0} mutations{seen=0 ignored=0} orphaned_commits=0. Pending: 0 replicates
I20260608 12:54:41.927132 20379 tablet_bootstrap.cc:492] T 6a3e7b3756ae4e6393f66b2d22fb4b53 P 38d534b0ff2d47859b368cefac1a219a: Bootstrap complete.
I20260608 12:54:41.927702 20379 ts_tablet_manager.cc:1403] T 6a3e7b3756ae4e6393f66b2d22fb4b53 P 38d534b0ff2d47859b368cefac1a219a: Time spent bootstrapping tablet: real 0.019s	user 0.015s	sys 0.000s
I20260608 12:54:41.930056 20379 raft_consensus.cc:359] T 6a3e7b3756ae4e6393f66b2d22fb4b53 P 38d534b0ff2d47859b368cefac1a219a [term 1 LEARNER]: Replica starting. Triggering 0 pending ops. Active config: opid_index: 2 OBSOLETE_local: false peers { permanent_uuid: "d427e477e9ef4430b8c0b9d324243e71" member_type: VOTER last_known_addr { host: "127.16.120.131" port: 45297 } } peers { permanent_uuid: "c544e0813b834b218c33f69274362c42" member_type: VOTER last_known_addr { host: "127.16.120.129" port: 36733 } } peers { permanent_uuid: "2e70e5116ddf4f9c831ca62de7186c26" member_type: VOTER last_known_addr { host: "127.16.120.132" port: 44863 } attrs { replace: true } } peers { permanent_uuid: "38d534b0ff2d47859b368cefac1a219a" member_type: NON_VOTER last_known_addr { host: "127.16.120.130" port: 34337 } attrs { promote: true } }
I20260608 12:54:41.930673 20379 raft_consensus.cc:740] T 6a3e7b3756ae4e6393f66b2d22fb4b53 P 38d534b0ff2d47859b368cefac1a219a [term 1 LEARNER]: Becoming Follower/Learner. State: Replica: 38d534b0ff2d47859b368cefac1a219a, State: Initialized, Role: LEARNER
I20260608 12:54:41.931228 20379 consensus_queue.cc:260] T 6a3e7b3756ae4e6393f66b2d22fb4b53 P 38d534b0ff2d47859b368cefac1a219a [NON_LEADER]: Queue going to NON_LEADER mode. State: All replicated index: 0, Majority replicated index: 0, Committed index: 2, Last appended: 1.2, Last appended by leader: 2, Current term: 0, Majority size: -1, State: 0, Mode: NON_LEADER, active raft config: opid_index: 2 OBSOLETE_local: false peers { permanent_uuid: "d427e477e9ef4430b8c0b9d324243e71" member_type: VOTER last_known_addr { host: "127.16.120.131" port: 45297 } } peers { permanent_uuid: "c544e0813b834b218c33f69274362c42" member_type: VOTER last_known_addr { host: "127.16.120.129" port: 36733 } } peers { permanent_uuid: "2e70e5116ddf4f9c831ca62de7186c26" member_type: VOTER last_known_addr { host: "127.16.120.132" port: 44863 } attrs { replace: true } } peers { permanent_uuid: "38d534b0ff2d47859b368cefac1a219a" member_type: NON_VOTER last_known_addr { host: "127.16.120.130" port: 34337 } attrs { promote: true } }
I20260608 12:54:41.933131 20379 ts_tablet_manager.cc:1434] T 6a3e7b3756ae4e6393f66b2d22fb4b53 P 38d534b0ff2d47859b368cefac1a219a: Time spent starting tablet: real 0.005s	user 0.008s	sys 0.000s
I20260608 12:54:41.935187 19842 tablet_copy_service.cc:342] P c544e0813b834b218c33f69274362c42: Request end of tablet copy session 38d534b0ff2d47859b368cefac1a219a-6a3e7b3756ae4e6393f66b2d22fb4b53 received from {username='slave'} at 127.0.0.1:40712
I20260608 12:54:41.935644 19842 tablet_copy_service.cc:434] P c544e0813b834b218c33f69274362c42: ending tablet copy session 38d534b0ff2d47859b368cefac1a219a-6a3e7b3756ae4e6393f66b2d22fb4b53 on tablet 6a3e7b3756ae4e6393f66b2d22fb4b53 with peer 38d534b0ff2d47859b368cefac1a219a
I20260608 12:54:41.956753 20382 ts_tablet_manager.cc:933] T bde76f28bce74eee82412669e4211232 P 2e70e5116ddf4f9c831ca62de7186c26: Initiating tablet copy from peer 38d534b0ff2d47859b368cefac1a219a (127.16.120.130:34337)
I20260608 12:54:41.958817 20382 tablet_copy_client.cc:323] T bde76f28bce74eee82412669e4211232 P 2e70e5116ddf4f9c831ca62de7186c26: tablet copy: Beginning tablet copy session from remote peer at address 127.16.120.130:34337
I20260608 12:54:41.959714 19830 raft_consensus.cc:1275] T 5a569a1a6e964ce0b5893c554272d53f P c544e0813b834b218c33f69274362c42 [term 2 FOLLOWER]: Refusing update from remote peer 38d534b0ff2d47859b368cefac1a219a: Log matching property violated. Preceding OpId in replica: term: 1 index: 1. Preceding OpId from leader: term: 2 index: 2. (index mismatch)
I20260608 12:54:41.960826 19917 tablet_copy_service.cc:140] P 38d534b0ff2d47859b368cefac1a219a: Received BeginTabletCopySession request for tablet bde76f28bce74eee82412669e4211232 from peer 2e70e5116ddf4f9c831ca62de7186c26 ({username='slave'} at 127.0.0.1:58726)
I20260608 12:54:41.961308 20357 consensus_queue.cc:1048] T 5a569a1a6e964ce0b5893c554272d53f P 38d534b0ff2d47859b368cefac1a219a [LEADER]: Connected to new peer: Peer: permanent_uuid: "c544e0813b834b218c33f69274362c42" member_type: VOTER last_known_addr { host: "127.16.120.129" port: 36733 }, Status: LMP_MISMATCH, Last received: 0.0, Next index: 2, Last known committed idx: 1, Time since last communication: 0.000s
I20260608 12:54:41.961516 19917 tablet_copy_service.cc:161] P 38d534b0ff2d47859b368cefac1a219a: Beginning new tablet copy session on tablet bde76f28bce74eee82412669e4211232 from peer 2e70e5116ddf4f9c831ca62de7186c26 at {username='slave'} at 127.0.0.1:58726: session id = 2e70e5116ddf4f9c831ca62de7186c26-bde76f28bce74eee82412669e4211232
I20260608 12:54:41.972862 19917 tablet_copy_source_session.cc:215] T bde76f28bce74eee82412669e4211232 P 38d534b0ff2d47859b368cefac1a219a: Tablet Copy: opened 0 blocks and 1 log segments
I20260608 12:54:41.977003 19977 raft_consensus.cc:1275] T 5a569a1a6e964ce0b5893c554272d53f P d427e477e9ef4430b8c0b9d324243e71 [term 2 FOLLOWER]: Refusing update from remote peer 38d534b0ff2d47859b368cefac1a219a: Log matching property violated. Preceding OpId in replica: term: 1 index: 1. Preceding OpId from leader: term: 2 index: 2. (index mismatch)
I20260608 12:54:41.978595 20335 consensus_queue.cc:1048] T 5a569a1a6e964ce0b5893c554272d53f P 38d534b0ff2d47859b368cefac1a219a [LEADER]: Connected to new peer: Peer: permanent_uuid: "d427e477e9ef4430b8c0b9d324243e71" member_type: VOTER last_known_addr { host: "127.16.120.131" port: 45297 }, Status: LMP_MISMATCH, Last received: 0.0, Next index: 2, Last known committed idx: 1, Time since last communication: 0.000s
I20260608 12:54:41.979683 20382 data_dirs.cc:400] Could only allocate 1 dirs of requested 3 for tablet bde76f28bce74eee82412669e4211232. 1 dirs total, 0 dirs full, 0 dirs failed
I20260608 12:54:42.014958 20382 tablet_copy_client.cc:806] T bde76f28bce74eee82412669e4211232 P 2e70e5116ddf4f9c831ca62de7186c26: tablet copy: Starting download of 0 data blocks...
I20260608 12:54:42.015595 20382 tablet_copy_client.cc:670] T bde76f28bce74eee82412669e4211232 P 2e70e5116ddf4f9c831ca62de7186c26: tablet copy: Starting download of 1 WAL segments...
I20260608 12:54:42.020205 20382 tablet_copy_client.cc:538] T bde76f28bce74eee82412669e4211232 P 2e70e5116ddf4f9c831ca62de7186c26: tablet copy: Tablet Copy complete. Replacing tablet superblock.
I20260608 12:54:42.027077 20382 tablet_bootstrap.cc:492] T bde76f28bce74eee82412669e4211232 P 2e70e5116ddf4f9c831ca62de7186c26: Bootstrap starting.
I20260608 12:54:42.046608 20382 tablet_bootstrap.cc:492] T bde76f28bce74eee82412669e4211232 P 2e70e5116ddf4f9c831ca62de7186c26: Bootstrap replayed 1/1 log segments. Stats: ops{read=2 overwritten=0 applied=2 ignored=0} inserts{seen=0 ignored=0} mutations{seen=0 ignored=0} orphaned_commits=0. Pending: 0 replicates
I20260608 12:54:42.047348 20382 tablet_bootstrap.cc:492] T bde76f28bce74eee82412669e4211232 P 2e70e5116ddf4f9c831ca62de7186c26: Bootstrap complete.
I20260608 12:54:42.047909 20382 ts_tablet_manager.cc:1403] T bde76f28bce74eee82412669e4211232 P 2e70e5116ddf4f9c831ca62de7186c26: Time spent bootstrapping tablet: real 0.021s	user 0.017s	sys 0.001s
I20260608 12:54:42.050230 20382 raft_consensus.cc:359] T bde76f28bce74eee82412669e4211232 P 2e70e5116ddf4f9c831ca62de7186c26 [term 1 LEARNER]: Replica starting. Triggering 0 pending ops. Active config: opid_index: 2 OBSOLETE_local: false peers { permanent_uuid: "38d534b0ff2d47859b368cefac1a219a" member_type: VOTER last_known_addr { host: "127.16.120.130" port: 34337 } } peers { permanent_uuid: "c544e0813b834b218c33f69274362c42" member_type: VOTER last_known_addr { host: "127.16.120.129" port: 36733 } } peers { permanent_uuid: "d427e477e9ef4430b8c0b9d324243e71" member_type: VOTER last_known_addr { host: "127.16.120.131" port: 45297 } attrs { replace: true } } peers { permanent_uuid: "2e70e5116ddf4f9c831ca62de7186c26" member_type: NON_VOTER last_known_addr { host: "127.16.120.132" port: 44863 } attrs { promote: true } }
I20260608 12:54:42.050812 20382 raft_consensus.cc:740] T bde76f28bce74eee82412669e4211232 P 2e70e5116ddf4f9c831ca62de7186c26 [term 1 LEARNER]: Becoming Follower/Learner. State: Replica: 2e70e5116ddf4f9c831ca62de7186c26, State: Initialized, Role: LEARNER
