I20260608 12:55:17.710263 21134 tablet_service.cc:1917] Received RequestConsensusVote() RPC: tablet_id: "7bdecf5e67ab46928a68bca19e85b542" candidate_uuid: "21163a82512a4a76964a0a1deaf0b121" candidate_term: 1 candidate_status { last_received { term: 0 index: 0 } } ignore_live_leader: false dest_uuid: "12161f6d5aec463badd355b31996c7e2"
I20260608 12:55:17.710574 21207 tablet_service.cc:1917] Received RequestConsensusVote() RPC: tablet_id: "7bdecf5e67ab46928a68bca19e85b542" candidate_uuid: "21163a82512a4a76964a0a1deaf0b121" candidate_term: 1 candidate_status { last_received { term: 0 index: 0 } } ignore_live_leader: false dest_uuid: "7e34c15c4b334b969f77f3fb503a2f33"
I20260608 12:55:17.710920 21134 raft_consensus.cc:3060] T 7bdecf5e67ab46928a68bca19e85b542 P 12161f6d5aec463badd355b31996c7e2 [term 0 FOLLOWER]: Advancing to term 1
I20260608 12:55:17.711161 21207 raft_consensus.cc:3060] T 7bdecf5e67ab46928a68bca19e85b542 P 7e34c15c4b334b969f77f3fb503a2f33 [term 0 FOLLOWER]: Advancing to term 1
I20260608 12:55:17.717969 21134 raft_consensus.cc:2468] T 7bdecf5e67ab46928a68bca19e85b542 P 12161f6d5aec463badd355b31996c7e2 [term 1 FOLLOWER]: Leader election vote request: Granting yes vote for candidate 21163a82512a4a76964a0a1deaf0b121 in term 1.
I20260608 12:55:17.717967 21207 raft_consensus.cc:2468] T 7bdecf5e67ab46928a68bca19e85b542 P 7e34c15c4b334b969f77f3fb503a2f33 [term 1 FOLLOWER]: Leader election vote request: Granting yes vote for candidate 21163a82512a4a76964a0a1deaf0b121 in term 1.
I20260608 12:55:17.719406 21247 leader_election.cc:304] T 7bdecf5e67ab46928a68bca19e85b542 P 21163a82512a4a76964a0a1deaf0b121 [CANDIDATE]: Term 1 election: Election decided. Result: candidate won. Election summary: received 2 responses out of 3 voters: 2 yes votes; 0 no votes. yes voters: 21163a82512a4a76964a0a1deaf0b121, 7e34c15c4b334b969f77f3fb503a2f33; no voters: 
I20260608 12:55:17.720090 21336 raft_consensus.cc:2804] T 7bdecf5e67ab46928a68bca19e85b542 P 21163a82512a4a76964a0a1deaf0b121 [term 1 FOLLOWER]: Leader election won for term 1
I20260608 12:55:17.720528 21336 raft_consensus.cc:697] T 7bdecf5e67ab46928a68bca19e85b542 P 21163a82512a4a76964a0a1deaf0b121 [term 1 LEADER]: Becoming Leader. State: Replica: 21163a82512a4a76964a0a1deaf0b121, State: Running, Role: LEADER
I20260608 12:55:17.721225 21336 consensus_queue.cc:237] T 7bdecf5e67ab46928a68bca19e85b542 P 21163a82512a4a76964a0a1deaf0b121 [LEADER]: Queue going to LEADER mode. State: All replicated index: 0, Majority replicated index: 0, Committed index: 0, Last appended: 0.0, Last appended by leader: 0, Current term: 1, Majority size: 2, State: 0, Mode: LEADER, active raft config: opid_index: -1 OBSOLETE_local: false peers { permanent_uuid: "12161f6d5aec463badd355b31996c7e2" member_type: VOTER last_known_addr { host: "127.16.59.65" port: 35511 } } peers { permanent_uuid: "7e34c15c4b334b969f77f3fb503a2f33" member_type: VOTER last_known_addr { host: "127.16.59.66" port: 41119 } } peers { permanent_uuid: "21163a82512a4a76964a0a1deaf0b121" member_type: VOTER last_known_addr { host: "127.16.59.67" port: 33385 } }
I20260608 12:55:17.728500 21032 catalog_manager.cc:5696] T 7bdecf5e67ab46928a68bca19e85b542 P 21163a82512a4a76964a0a1deaf0b121 reported cstate change: term changed from 0 to 1, leader changed from <none> to 21163a82512a4a76964a0a1deaf0b121 (127.16.59.67). New cstate: current_term: 1 leader_uuid: "21163a82512a4a76964a0a1deaf0b121" committed_config { opid_index: -1 OBSOLETE_local: false peers { permanent_uuid: "12161f6d5aec463badd355b31996c7e2" member_type: VOTER last_known_addr { host: "127.16.59.65" port: 35511 } health_report { overall_health: UNKNOWN } } peers { permanent_uuid: "7e34c15c4b334b969f77f3fb503a2f33" member_type: VOTER last_known_addr { host: "127.16.59.66" port: 41119 } health_report { overall_health: UNKNOWN } } peers { permanent_uuid: "21163a82512a4a76964a0a1deaf0b121" member_type: VOTER last_known_addr { host: "127.16.59.67" port: 33385 } health_report { overall_health: HEALTHY } } }
I20260608 12:55:17.768852 21336 raft_consensus.cc:493] T 8605c1a3aa55468fb36621360df28e10 P 21163a82512a4a76964a0a1deaf0b121 [term 0 FOLLOWER]: Starting pre-election (no leader contacted us within the election timeout)
I20260608 12:55:17.769411 21336 raft_consensus.cc:515] T 8605c1a3aa55468fb36621360df28e10 P 21163a82512a4a76964a0a1deaf0b121 [term 0 FOLLOWER]: Starting pre-election with config: opid_index: -1 OBSOLETE_local: false peers { permanent_uuid: "12161f6d5aec463badd355b31996c7e2" member_type: VOTER last_known_addr { host: "127.16.59.65" port: 35511 } } peers { permanent_uuid: "7e34c15c4b334b969f77f3fb503a2f33" member_type: VOTER last_known_addr { host: "127.16.59.66" port: 41119 } } peers { permanent_uuid: "21163a82512a4a76964a0a1deaf0b121" member_type: VOTER last_known_addr { host: "127.16.59.67" port: 33385 } }
I20260608 12:55:17.771365 21336 leader_election.cc:290] T 8605c1a3aa55468fb36621360df28e10 P 21163a82512a4a76964a0a1deaf0b121 [CANDIDATE]: Term 1 pre-election: Requested pre-vote from peers 12161f6d5aec463badd355b31996c7e2 (127.16.59.65:35511), 7e34c15c4b334b969f77f3fb503a2f33 (127.16.59.66:41119)
I20260608 12:55:17.772111 21134 tablet_service.cc:1917] Received RequestConsensusVote() RPC: tablet_id: "8605c1a3aa55468fb36621360df28e10" candidate_uuid: "21163a82512a4a76964a0a1deaf0b121" candidate_term: 1 candidate_status { last_received { term: 0 index: 0 } } ignore_live_leader: false dest_uuid: "12161f6d5aec463badd355b31996c7e2" is_pre_election: true
I20260608 12:55:17.772336 21207 tablet_service.cc:1917] Received RequestConsensusVote() RPC: tablet_id: "8605c1a3aa55468fb36621360df28e10" candidate_uuid: "21163a82512a4a76964a0a1deaf0b121" candidate_term: 1 candidate_status { last_received { term: 0 index: 0 } } ignore_live_leader: false dest_uuid: "7e34c15c4b334b969f77f3fb503a2f33" is_pre_election: true
I20260608 12:55:17.772781 21134 raft_consensus.cc:2468] T 8605c1a3aa55468fb36621360df28e10 P 12161f6d5aec463badd355b31996c7e2 [term 0 FOLLOWER]: Leader pre-election vote request: Granting yes vote for candidate 21163a82512a4a76964a0a1deaf0b121 in term 0.
I20260608 12:55:17.772915 21207 raft_consensus.cc:2468] T 8605c1a3aa55468fb36621360df28e10 P 7e34c15c4b334b969f77f3fb503a2f33 [term 0 FOLLOWER]: Leader pre-election vote request: Granting yes vote for candidate 21163a82512a4a76964a0a1deaf0b121 in term 0.
I20260608 12:55:17.773908 21248 leader_election.cc:304] T 8605c1a3aa55468fb36621360df28e10 P 21163a82512a4a76964a0a1deaf0b121 [CANDIDATE]: Term 1 pre-election: Election decided. Result: candidate won. Election summary: received 2 responses out of 3 voters: 2 yes votes; 0 no votes. yes voters: 12161f6d5aec463badd355b31996c7e2, 21163a82512a4a76964a0a1deaf0b121; no voters: 
I20260608 12:55:17.774569 21336 raft_consensus.cc:2804] T 8605c1a3aa55468fb36621360df28e10 P 21163a82512a4a76964a0a1deaf0b121 [term 0 FOLLOWER]: Leader pre-election won for term 1
I20260608 12:55:17.774890 21336 raft_consensus.cc:493] T 8605c1a3aa55468fb36621360df28e10 P 21163a82512a4a76964a0a1deaf0b121 [term 0 FOLLOWER]: Starting leader election (no leader contacted us within the election timeout)
I20260608 12:55:17.775172 21336 raft_consensus.cc:3060] T 8605c1a3aa55468fb36621360df28e10 P 21163a82512a4a76964a0a1deaf0b121 [term 0 FOLLOWER]: Advancing to term 1
I20260608 12:55:17.779721 21336 raft_consensus.cc:515] T 8605c1a3aa55468fb36621360df28e10 P 21163a82512a4a76964a0a1deaf0b121 [term 1 FOLLOWER]: Starting leader election with config: opid_index: -1 OBSOLETE_local: false peers { permanent_uuid: "12161f6d5aec463badd355b31996c7e2" member_type: VOTER last_known_addr { host: "127.16.59.65" port: 35511 } } peers { permanent_uuid: "7e34c15c4b334b969f77f3fb503a2f33" member_type: VOTER last_known_addr { host: "127.16.59.66" port: 41119 } } peers { permanent_uuid: "21163a82512a4a76964a0a1deaf0b121" member_type: VOTER last_known_addr { host: "127.16.59.67" port: 33385 } }
I20260608 12:55:17.781569 21336 leader_election.cc:290] T 8605c1a3aa55468fb36621360df28e10 P 21163a82512a4a76964a0a1deaf0b121 [CANDIDATE]: Term 1 election: Requested vote from peers 12161f6d5aec463badd355b31996c7e2 (127.16.59.65:35511), 7e34c15c4b334b969f77f3fb503a2f33 (127.16.59.66:41119)
I20260608 12:55:17.782303 21134 tablet_service.cc:1917] Received RequestConsensusVote() RPC: tablet_id: "8605c1a3aa55468fb36621360df28e10" candidate_uuid: "21163a82512a4a76964a0a1deaf0b121" candidate_term: 1 candidate_status { last_received { term: 0 index: 0 } } ignore_live_leader: false dest_uuid: "12161f6d5aec463badd355b31996c7e2"
I20260608 12:55:17.782426 21207 tablet_service.cc:1917] Received RequestConsensusVote() RPC: tablet_id: "8605c1a3aa55468fb36621360df28e10" candidate_uuid: "21163a82512a4a76964a0a1deaf0b121" candidate_term: 1 candidate_status { last_received { term: 0 index: 0 } } ignore_live_leader: false dest_uuid: "7e34c15c4b334b969f77f3fb503a2f33"
I20260608 12:55:17.782886 21134 raft_consensus.cc:3060] T 8605c1a3aa55468fb36621360df28e10 P 12161f6d5aec463badd355b31996c7e2 [term 0 FOLLOWER]: Advancing to term 1
I20260608 12:55:17.783095 21207 raft_consensus.cc:3060] T 8605c1a3aa55468fb36621360df28e10 P 7e34c15c4b334b969f77f3fb503a2f33 [term 0 FOLLOWER]: Advancing to term 1
I20260608 12:55:17.787436 21134 raft_consensus.cc:2468] T 8605c1a3aa55468fb36621360df28e10 P 12161f6d5aec463badd355b31996c7e2 [term 1 FOLLOWER]: Leader election vote request: Granting yes vote for candidate 21163a82512a4a76964a0a1deaf0b121 in term 1.
I20260608 12:55:17.787673 21207 raft_consensus.cc:2468] T 8605c1a3aa55468fb36621360df28e10 P 7e34c15c4b334b969f77f3fb503a2f33 [term 1 FOLLOWER]: Leader election vote request: Granting yes vote for candidate 21163a82512a4a76964a0a1deaf0b121 in term 1.
I20260608 12:55:17.788420 21248 leader_election.cc:304] T 8605c1a3aa55468fb36621360df28e10 P 21163a82512a4a76964a0a1deaf0b121 [CANDIDATE]: Term 1 election: Election decided. Result: candidate won. Election summary: received 2 responses out of 3 voters: 2 yes votes; 0 no votes. yes voters: 12161f6d5aec463badd355b31996c7e2, 21163a82512a4a76964a0a1deaf0b121; no voters: 
I20260608 12:55:17.789196 21336 raft_consensus.cc:2804] T 8605c1a3aa55468fb36621360df28e10 P 21163a82512a4a76964a0a1deaf0b121 [term 1 FOLLOWER]: Leader election won for term 1
I20260608 12:55:17.789655 21336 raft_consensus.cc:697] T 8605c1a3aa55468fb36621360df28e10 P 21163a82512a4a76964a0a1deaf0b121 [term 1 LEADER]: Becoming Leader. State: Replica: 21163a82512a4a76964a0a1deaf0b121, State: Running, Role: LEADER
I20260608 12:55:17.790422 21336 consensus_queue.cc:237] T 8605c1a3aa55468fb36621360df28e10 P 21163a82512a4a76964a0a1deaf0b121 [LEADER]: Queue going to LEADER mode. State: All replicated index: 0, Majority replicated index: 0, Committed index: 0, Last appended: 0.0, Last appended by leader: 0, Current term: 1, Majority size: 2, State: 0, Mode: LEADER, active raft config: opid_index: -1 OBSOLETE_local: false peers { permanent_uuid: "12161f6d5aec463badd355b31996c7e2" member_type: VOTER last_known_addr { host: "127.16.59.65" port: 35511 } } peers { permanent_uuid: "7e34c15c4b334b969f77f3fb503a2f33" member_type: VOTER last_known_addr { host: "127.16.59.66" port: 41119 } } peers { permanent_uuid: "21163a82512a4a76964a0a1deaf0b121" member_type: VOTER last_known_addr { host: "127.16.59.67" port: 33385 } }
I20260608 12:55:17.797428 21032 catalog_manager.cc:5696] T 8605c1a3aa55468fb36621360df28e10 P 21163a82512a4a76964a0a1deaf0b121 reported cstate change: term changed from 0 to 1, leader changed from <none> to 21163a82512a4a76964a0a1deaf0b121 (127.16.59.67). New cstate: current_term: 1 leader_uuid: "21163a82512a4a76964a0a1deaf0b121" committed_config { opid_index: -1 OBSOLETE_local: false peers { permanent_uuid: "12161f6d5aec463badd355b31996c7e2" member_type: VOTER last_known_addr { host: "127.16.59.65" port: 35511 } health_report { overall_health: UNKNOWN } } peers { permanent_uuid: "7e34c15c4b334b969f77f3fb503a2f33" member_type: VOTER last_known_addr { host: "127.16.59.66" port: 41119 } health_report { overall_health: UNKNOWN } } peers { permanent_uuid: "21163a82512a4a76964a0a1deaf0b121" member_type: VOTER last_known_addr { host: "127.16.59.67" port: 33385 } health_report { overall_health: HEALTHY } } }
I20260608 12:55:17.798938 21335 raft_consensus.cc:493] T 9d32a79135944efb9bfa0144f6a8faa8 P 7e34c15c4b334b969f77f3fb503a2f33 [term 0 FOLLOWER]: Starting pre-election (no leader contacted us within the election timeout)
I20260608 12:55:17.799350 21335 raft_consensus.cc:515] T 9d32a79135944efb9bfa0144f6a8faa8 P 7e34c15c4b334b969f77f3fb503a2f33 [term 0 FOLLOWER]: Starting pre-election with config: opid_index: -1 OBSOLETE_local: false peers { permanent_uuid: "12161f6d5aec463badd355b31996c7e2" member_type: VOTER last_known_addr { host: "127.16.59.65" port: 35511 } } peers { permanent_uuid: "7e34c15c4b334b969f77f3fb503a2f33" member_type: VOTER last_known_addr { host: "127.16.59.66" port: 41119 } } peers { permanent_uuid: "21163a82512a4a76964a0a1deaf0b121" member_type: VOTER last_known_addr { host: "127.16.59.67" port: 33385 } }
I20260608 12:55:17.801122 21335 leader_election.cc:290] T 9d32a79135944efb9bfa0144f6a8faa8 P 7e34c15c4b334b969f77f3fb503a2f33 [CANDIDATE]: Term 1 pre-election: Requested pre-vote from peers 12161f6d5aec463badd355b31996c7e2 (127.16.59.65:35511), 21163a82512a4a76964a0a1deaf0b121 (127.16.59.67:33385)
I20260608 12:55:17.801858 21134 tablet_service.cc:1917] Received RequestConsensusVote() RPC: tablet_id: "9d32a79135944efb9bfa0144f6a8faa8" candidate_uuid: "7e34c15c4b334b969f77f3fb503a2f33" candidate_term: 1 candidate_status { last_received { term: 0 index: 0 } } ignore_live_leader: false dest_uuid: "12161f6d5aec463badd355b31996c7e2" is_pre_election: true
I20260608 12:55:17.802193 21281 tablet_service.cc:1917] Received RequestConsensusVote() RPC: tablet_id: "9d32a79135944efb9bfa0144f6a8faa8" candidate_uuid: "7e34c15c4b334b969f77f3fb503a2f33" candidate_term: 1 candidate_status { last_received { term: 0 index: 0 } } ignore_live_leader: false dest_uuid: "21163a82512a4a76964a0a1deaf0b121" is_pre_election: true
I20260608 12:55:17.802975 21281 raft_consensus.cc:2393] T 9d32a79135944efb9bfa0144f6a8faa8 P 21163a82512a4a76964a0a1deaf0b121 [term 1 FOLLOWER]: Leader pre-election vote request: Denying vote to candidate 7e34c15c4b334b969f77f3fb503a2f33 in current term 1: Already voted for candidate 12161f6d5aec463badd355b31996c7e2 in this term.
I20260608 12:55:17.803913 21172 leader_election.cc:304] T 9d32a79135944efb9bfa0144f6a8faa8 P 7e34c15c4b334b969f77f3fb503a2f33 [CANDIDATE]: Term 1 pre-election: Election decided. Result: candidate lost. Election summary: received 3 responses out of 3 voters: 1 yes votes; 2 no votes. yes voters: 7e34c15c4b334b969f77f3fb503a2f33; no voters: 12161f6d5aec463badd355b31996c7e2, 21163a82512a4a76964a0a1deaf0b121
I20260608 12:55:17.804617 21335 raft_consensus.cc:3060] T 9d32a79135944efb9bfa0144f6a8faa8 P 7e34c15c4b334b969f77f3fb503a2f33 [term 0 FOLLOWER]: Advancing to term 1
I20260608 12:55:17.809826 21335 raft_consensus.cc:2749] T 9d32a79135944efb9bfa0144f6a8faa8 P 7e34c15c4b334b969f77f3fb503a2f33 [term 1 FOLLOWER]: Leader pre-election lost for term 1. Reason: could not achieve majority
I20260608 12:55:17.813036 21358 consensus_queue.cc:1048] T 7e28ee7103f1447a998ad5e2ecd825a7 P 7e34c15c4b334b969f77f3fb503a2f33 [LEADER]: Connected to new peer: Peer: permanent_uuid: "21163a82512a4a76964a0a1deaf0b121" member_type: VOTER last_known_addr { host: "127.16.59.67" port: 33385 }, Status: LMP_MISMATCH, Last received: 0.0, Next index: 1, Last known committed idx: 0, Time since last communication: 0.000s
I20260608 12:55:17.823897 21335 consensus_queue.cc:1048] T 7e28ee7103f1447a998ad5e2ecd825a7 P 7e34c15c4b334b969f77f3fb503a2f33 [LEADER]: Connected to new peer: Peer: permanent_uuid: "12161f6d5aec463badd355b31996c7e2" member_type: VOTER last_known_addr { host: "127.16.59.65" port: 35511 }, Status: LMP_MISMATCH, Last received: 0.0, Next index: 1, Last known committed idx: 0, Time since last communication: 0.000s
I20260608 12:55:17.833050 21281 raft_consensus.cc:1275] T 5ec4fca0c13d4dc0872cd28a23a4fca1 P 21163a82512a4a76964a0a1deaf0b121 [term 2 FOLLOWER]: Refusing update from remote peer 7e34c15c4b334b969f77f3fb503a2f33: Log matching property violated. Preceding OpId in replica: term: 0 index: 0. Preceding OpId from leader: term: 2 index: 1. (index mismatch)
I20260608 12:55:17.834489 21335 consensus_queue.cc:1048] T 5ec4fca0c13d4dc0872cd28a23a4fca1 P 7e34c15c4b334b969f77f3fb503a2f33 [LEADER]: Connected to new peer: Peer: permanent_uuid: "21163a82512a4a76964a0a1deaf0b121" member_type: VOTER last_known_addr { host: "127.16.59.67" port: 33385 }, Status: LMP_MISMATCH, Last received: 0.0, Next index: 1, Last known committed idx: 0, Time since last communication: 0.000s
I20260608 12:55:17.845497 21134 raft_consensus.cc:1275] T 5ec4fca0c13d4dc0872cd28a23a4fca1 P 12161f6d5aec463badd355b31996c7e2 [term 2 FOLLOWER]: Refusing update from remote peer 7e34c15c4b334b969f77f3fb503a2f33: Log matching property violated. Preceding OpId in replica: term: 1 index: 1. Preceding OpId from leader: term: 2 index: 1. (term mismatch)
I20260608 12:55:17.845911 21134 pending_rounds.cc:85] T 5ec4fca0c13d4dc0872cd28a23a4fca1 P 12161f6d5aec463badd355b31996c7e2: Aborting all ops after (but not including) 0
I20260608 12:55:17.846196 21134 pending_rounds.cc:107] T 5ec4fca0c13d4dc0872cd28a23a4fca1 P 12161f6d5aec463badd355b31996c7e2: Aborting uncommitted NO_OP operation due to leader change: 1.1
I20260608 12:55:17.846491 21134 raft_consensus.cc:2889] T 5ec4fca0c13d4dc0872cd28a23a4fca1 P 12161f6d5aec463badd355b31996c7e2 [term 2 FOLLOWER]: NO_OP replication failed: Aborted: Op aborted by new leader
I20260608 12:55:17.848104 21358 consensus_queue.cc:1048] T 5ec4fca0c13d4dc0872cd28a23a4fca1 P 7e34c15c4b334b969f77f3fb503a2f33 [LEADER]: Connected to new peer: Peer: permanent_uuid: "12161f6d5aec463badd355b31996c7e2" member_type: VOTER last_known_addr { host: "127.16.59.65" port: 35511 }, Status: LMP_MISMATCH, Last received: 0.0, Next index: 1, Last known committed idx: 0, Time since last communication: 0.000s
I20260608 12:55:17.890043 21334 consensus_queue.cc:1048] T 9166325586124d508e1f111e78dcd1a7 P 12161f6d5aec463badd355b31996c7e2 [LEADER]: Connected to new peer: Peer: permanent_uuid: "7e34c15c4b334b969f77f3fb503a2f33" member_type: VOTER last_known_addr { host: "127.16.59.66" port: 41119 }, Status: LMP_MISMATCH, Last received: 0.0, Next index: 1, Last known committed idx: 0, Time since last communication: 0.000s
I20260608 12:55:17.903086 21334 consensus_queue.cc:1048] T 9166325586124d508e1f111e78dcd1a7 P 12161f6d5aec463badd355b31996c7e2 [LEADER]: Connected to new peer: Peer: permanent_uuid: "21163a82512a4a76964a0a1deaf0b121" member_type: VOTER last_known_addr { host: "127.16.59.67" port: 33385 }, Status: LMP_MISMATCH, Last received: 0.0, Next index: 1, Last known committed idx: 0, Time since last communication: 0.000s
I20260608 12:55:17.904364 21335 consensus_queue.cc:1048] T 0d853dca835e4b159e022a3ec188e0cd P 7e34c15c4b334b969f77f3fb503a2f33 [LEADER]: Connected to new peer: Peer: permanent_uuid: "21163a82512a4a76964a0a1deaf0b121" member_type: VOTER last_known_addr { host: "127.16.59.67" port: 33385 }, Status: LMP_MISMATCH, Last received: 0.0, Next index: 1, Last known committed idx: 0, Time since last communication: 0.000s
I20260608 12:55:17.916736 21358 consensus_queue.cc:1048] T 0d853dca835e4b159e022a3ec188e0cd P 7e34c15c4b334b969f77f3fb503a2f33 [LEADER]: Connected to new peer: Peer: permanent_uuid: "12161f6d5aec463badd355b31996c7e2" member_type: VOTER last_known_addr { host: "127.16.59.65" port: 35511 }, Status: LMP_MISMATCH, Last received: 0.0, Next index: 1, Last known committed idx: 0, Time since last communication: 0.000s
I20260608 12:55:17.924232 21334 consensus_queue.cc:1048] T 0dcb072087da4d8c8943d11d1368d3b8 P 12161f6d5aec463badd355b31996c7e2 [LEADER]: Connected to new peer: Peer: permanent_uuid: "21163a82512a4a76964a0a1deaf0b121" member_type: VOTER last_known_addr { host: "127.16.59.67" port: 33385 }, Status: LMP_MISMATCH, Last received: 0.0, Next index: 1, Last known committed idx: 0, Time since last communication: 0.000s
I20260608 12:55:17.937120 21357 consensus_queue.cc:1048] T 0dcb072087da4d8c8943d11d1368d3b8 P 12161f6d5aec463badd355b31996c7e2 [LEADER]: Connected to new peer: Peer: permanent_uuid: "7e34c15c4b334b969f77f3fb503a2f33" member_type: VOTER last_known_addr { host: "127.16.59.66" port: 41119 }, Status: LMP_MISMATCH, Last received: 0.0, Next index: 1, Last known committed idx: 0, Time since last communication: 0.000s
I20260608 12:55:17.947396 21357 consensus_queue.cc:1048] T 9d32a79135944efb9bfa0144f6a8faa8 P 12161f6d5aec463badd355b31996c7e2 [LEADER]: Connected to new peer: Peer: permanent_uuid: "7e34c15c4b334b969f77f3fb503a2f33" member_type: VOTER last_known_addr { host: "127.16.59.66" port: 41119 }, Status: LMP_MISMATCH, Last received: 0.0, Next index: 1, Last known committed idx: 0, Time since last communication: 0.000s
I20260608 12:55:17.970826 21366 consensus_queue.cc:1048] T 9d32a79135944efb9bfa0144f6a8faa8 P 12161f6d5aec463badd355b31996c7e2 [LEADER]: Connected to new peer: Peer: permanent_uuid: "21163a82512a4a76964a0a1deaf0b121" member_type: VOTER last_known_addr { host: "127.16.59.67" port: 33385 }, Status: LMP_MISMATCH, Last received: 0.0, Next index: 1, Last known committed idx: 0, Time since last communication: 0.000s
I20260608 12:55:18.041574 21358 consensus_queue.cc:1048] T 73d38018afa0405fadd488870079acbd P 7e34c15c4b334b969f77f3fb503a2f33 [LEADER]: Connected to new peer: Peer: permanent_uuid: "12161f6d5aec463badd355b31996c7e2" member_type: VOTER last_known_addr { host: "127.16.59.65" port: 35511 }, Status: LMP_MISMATCH, Last received: 0.0, Next index: 1, Last known committed idx: 0, Time since last communication: 0.000s
I20260608 12:55:18.106086 21335 consensus_queue.cc:1048] T 73d38018afa0405fadd488870079acbd P 7e34c15c4b334b969f77f3fb503a2f33 [LEADER]: Connected to new peer: Peer: permanent_uuid: "21163a82512a4a76964a0a1deaf0b121" member_type: VOTER last_known_addr { host: "127.16.59.67" port: 33385 }, Status: LMP_MISMATCH, Last received: 0.0, Next index: 1, Last known committed idx: 0, Time since last communication: 0.000s
I20260608 12:55:18.160486 21336 consensus_queue.cc:1048] T 43e3c0cfe516443281c7a90154167c5e P 21163a82512a4a76964a0a1deaf0b121 [LEADER]: Connected to new peer: Peer: permanent_uuid: "12161f6d5aec463badd355b31996c7e2" member_type: VOTER last_known_addr { host: "127.16.59.65" port: 35511 }, Status: LMP_MISMATCH, Last received: 0.0, Next index: 1, Last known committed idx: 0, Time since last communication: 0.000s
I20260608 12:55:18.179513 21428 consensus_queue.cc:1048] T 43e3c0cfe516443281c7a90154167c5e P 21163a82512a4a76964a0a1deaf0b121 [LEADER]: Connected to new peer: Peer: permanent_uuid: "7e34c15c4b334b969f77f3fb503a2f33" member_type: VOTER last_known_addr { host: "127.16.59.66" port: 41119 }, Status: LMP_MISMATCH, Last received: 0.0, Next index: 1, Last known committed idx: 0, Time since last communication: 0.000s
I20260608 12:55:18.187183 21336 consensus_queue.cc:1048] T 8605c1a3aa55468fb36621360df28e10 P 21163a82512a4a76964a0a1deaf0b121 [LEADER]: Connected to new peer: Peer: permanent_uuid: "7e34c15c4b334b969f77f3fb503a2f33" member_type: VOTER last_known_addr { host: "127.16.59.66" port: 41119 }, Status: LMP_MISMATCH, Last received: 0.0, Next index: 1, Last known committed idx: 0, Time since last communication: 0.000s
I20260608 12:55:18.215417 21396 consensus_queue.cc:1048] T 8605c1a3aa55468fb36621360df28e10 P 21163a82512a4a76964a0a1deaf0b121 [LEADER]: Connected to new peer: Peer: permanent_uuid: "12161f6d5aec463badd355b31996c7e2" member_type: VOTER last_known_addr { host: "127.16.59.65" port: 35511 }, Status: LMP_MISMATCH, Last received: 0.0, Next index: 1, Last known committed idx: 0, Time since last communication: 0.000s
I20260608 12:55:18.269796 21428 consensus_queue.cc:1048] T 7bdecf5e67ab46928a68bca19e85b542 P 21163a82512a4a76964a0a1deaf0b121 [LEADER]: Connected to new peer: Peer: permanent_uuid: "12161f6d5aec463badd355b31996c7e2" member_type: VOTER last_known_addr { host: "127.16.59.65" port: 35511 }, Status: LMP_MISMATCH, Last received: 0.0, Next index: 1, Last known committed idx: 0, Time since last communication: 0.000s
I20260608 12:55:18.312559 21396 consensus_queue.cc:1048] T 7bdecf5e67ab46928a68bca19e85b542 P 21163a82512a4a76964a0a1deaf0b121 [LEADER]: Connected to new peer: Peer: permanent_uuid: "7e34c15c4b334b969f77f3fb503a2f33" member_type: VOTER last_known_addr { host: "127.16.59.66" port: 41119 }, Status: LMP_MISMATCH, Last received: 0.0, Next index: 1, Last known committed idx: 0, Time since last communication: 0.000s
W20260608 12:55:18.440037 21174 outbound_call.cc:321] RPC callback for RPC call kudu.consensus.ConsensusService.UpdateConsensus -> {remote=127.16.59.65:35511, user_credentials={real_user=slave}} blocked reactor thread for 67012.5us
W20260608 12:55:18.687353 21313 outbound_call.cc:321] RPC callback for RPC call kudu.tserver.TabletServerService.Write -> {remote=127.16.59.66:41119, user_credentials={real_user=slave}} blocked reactor thread for 55760.2us
W20260608 12:55:18.763620 21097 outbound_call.cc:321] RPC callback for RPC call kudu.consensus.ConsensusService.UpdateConsensus -> {remote=127.16.59.67:33385, user_credentials={real_user=slave}} blocked reactor thread for 74298.8us
W20260608 12:55:22.066632 21248 outbound_call.cc:321] RPC callback for RPC call kudu.consensus.ConsensusService.UpdateConsensus -> {remote=127.16.59.65:35511, user_credentials={real_user=slave}} blocked reactor thread for 69749.5us
I20260608 12:55:22.244307 16621 file_cache.cc:492] Constructed file cache file cache with capacity 419430
W20260608 12:55:22.250947 21509 instance_detector.cc:116] could not retrieve AWS instance metadata: Network error: curl error: HTTP response code said error: The requested URL returned error: 404
W20260608 12:55:22.251389 21510 instance_detector.cc:116] could not retrieve Azure instance metadata: Network error: curl error: HTTP response code said error: The requested URL returned error: 404
W20260608 12:55:22.252264 21512 instance_detector.cc:116] could not retrieve OpenStack instance metadata: Network error: curl error: HTTP response code said error: The requested URL returned error: 404
I20260608 12:55:22.252736 16621 server_base.cc:1061] running on GCE node
I20260608 12:55:22.255497 16621 hybrid_clock.cc:584] initializing the hybrid clock with 'system_unsync' time source
W20260608 12:55:22.255726 16621 system_unsync_time.cc:38] NTP support is disabled. Clock error bounds will not be accurate. This configuration is not suitable for distributed clusters.
I20260608 12:55:22.255892 16621 hybrid_clock.cc:648] HybridClock initialized: now 1780923322255875 us; error 0 us; skew 500 ppm
I20260608 12:55:22.256455 16621 server_base.cc:861] Flag tcmalloc_max_total_thread_cache_bytes is not working since tcmalloc is not enabled.
I20260608 12:55:22.258935 16621 webserver.cc:533] Webserver started at http://127.16.59.68:46683/ using document root <none> and password file <none>
I20260608 12:55:22.259470 16621 fs_manager.cc:362] Metadata directory not provided
I20260608 12:55:22.259652 16621 fs_manager.cc:368] Using write-ahead log directory (fs_wal_dir) as metadata directory
I20260608 12:55:22.259903 16621 server_base.cc:909] This appears to be a new deployment of Kudu; creating new FS layout
I20260608 12:55:22.260952 16621 fs_manager.cc:1068] Generated new instance metadata in path /tmp/dist-test-taskuCVsGa/test-tmp/auto_rebalancer-test.0.AutoRebalancerTest.TestMaxMovesPerServer.1780923192628718-16621-0/minicluster-data/ts-3-root/instance:
uuid: "7bfca6b5677d4720a9ee685689c6ab2d"
format_stamp: "Formatted at 2026-06-08 12:55:22 on dist-test-slave-j8bc"
I20260608 12:55:22.265393 16621 fs_manager.cc:696] Time spent creating directory manager: real 0.004s	user 0.006s	sys 0.000s
I20260608 12:55:22.268968 21517 log_block_manager.cc:4031] Time spent loading block containers with low live blocks: real 0.000s	user 0.000s	sys 0.000s
I20260608 12:55:22.269825 16621 fs_manager.cc:730] Time spent opening block manager: real 0.002s	user 0.002s	sys 0.000s
I20260608 12:55:22.270160 16621 fs_manager.cc:647] Opened local filesystem: /tmp/dist-test-taskuCVsGa/test-tmp/auto_rebalancer-test.0.AutoRebalancerTest.TestMaxMovesPerServer.1780923192628718-16621-0/minicluster-data/ts-3-root
uuid: "7bfca6b5677d4720a9ee685689c6ab2d"
format_stamp: "Formatted at 2026-06-08 12:55:22 on dist-test-slave-j8bc"
I20260608 12:55:22.270445 16621 fs_report.cc:389] FS layout report
--------------------
wal directory: /tmp/dist-test-taskuCVsGa/test-tmp/auto_rebalancer-test.0.AutoRebalancerTest.TestMaxMovesPerServer.1780923192628718-16621-0/minicluster-data/ts-3-root
metadata directory: /tmp/dist-test-taskuCVsGa/test-tmp/auto_rebalancer-test.0.AutoRebalancerTest.TestMaxMovesPerServer.1780923192628718-16621-0/minicluster-data/ts-3-root
1 data directories: /tmp/dist-test-taskuCVsGa/test-tmp/auto_rebalancer-test.0.AutoRebalancerTest.TestMaxMovesPerServer.1780923192628718-16621-0/minicluster-data/ts-3-root/data
Total live blocks: 0
Total live bytes: 0
Total live bytes (after alignment): 0
Total number of LBM containers: 0 (0 full)
Did not check for missing blocks
Did not check for orphaned blocks
Total full LBM containers with extra space: 0 (0 repaired)
Total full LBM container extra space in bytes: 0 (0 repaired)
Total incomplete LBM containers: 0 (0 repaired)
Total LBM partial records: 0 (0 repaired)
Total corrupted LBM metadata records in RocksDB: 0 (0 repaired)
I20260608 12:55:22.289060 16621 rpc_server.cc:225] running with OpenSSL 1.1.1  11 Sep 2018
I20260608 12:55:22.290304 16621 kserver.cc:163] Server-wide thread pool size limit: 3276
I20260608 12:55:22.291908 16621 txn_system_client.cc:432] TxnSystemClient initialization is disabled...
I20260608 12:55:22.294190 16621 ts_tablet_manager.cc:585] Loaded tablet metadata (0 total tablets, 0 live tablets)
I20260608 12:55:22.294447 16621 ts_tablet_manager.cc:531] Time spent load tablet metadata: real 0.000s	user 0.000s	sys 0.000s
I20260608 12:55:22.294718 16621 ts_tablet_manager.cc:616] Registered 0 tablets
I20260608 12:55:22.294934 16621 ts_tablet_manager.cc:595] Time spent register tablets: real 0.000s	user 0.000s	sys 0.000s
I20260608 12:55:22.334607 16621 rpc_server.cc:307] RPC server started. Bound to: 127.16.59.68:34213
I20260608 12:55:22.334751 21579 acceptor_pool.cc:272] collecting diagnostics on the listening RPC socket 127.16.59.68:34213 every 8 connection(s)
I20260608 12:55:22.358016 16621 file_cache.cc:492] Constructed file cache file cache with capacity 419430
W20260608 12:55:22.366101 21584 instance_detector.cc:116] could not retrieve AWS instance metadata: Network error: curl error: HTTP response code said error: The requested URL returned error: 404
W20260608 12:55:22.369831 21585 instance_detector.cc:116] could not retrieve Azure instance metadata: Network error: curl error: HTTP response code said error: The requested URL returned error: 404
I20260608 12:55:22.370894 21580 heartbeater.cc:344] Connected to a master server at 127.16.59.126:34993
I20260608 12:55:22.371403 21580 heartbeater.cc:461] Registering TS with master...
I20260608 12:55:22.372323 21580 heartbeater.cc:507] Master 127.16.59.126:34993 requested a full tablet report, sending...
W20260608 12:55:22.373318 21587 instance_detector.cc:116] could not retrieve OpenStack instance metadata: Network error: curl error: HTTP response code said error: The requested URL returned error: 404
I20260608 12:55:22.374025 16621 server_base.cc:1061] running on GCE node
I20260608 12:55:22.375056 21024 ts_manager.cc:194] Registered new tserver with Master: 7bfca6b5677d4720a9ee685689c6ab2d (127.16.59.68:34213)
I20260608 12:55:22.376315 16621 hybrid_clock.cc:584] initializing the hybrid clock with 'system_unsync' time source
W20260608 12:55:22.376579 16621 system_unsync_time.cc:38] NTP support is disabled. Clock error bounds will not be accurate. This configuration is not suitable for distributed clusters.
I20260608 12:55:22.376765 16621 hybrid_clock.cc:648] HybridClock initialized: now 1780923322376746 us; error 0 us; skew 500 ppm
I20260608 12:55:22.377105 21024 master_service.cc:502] Signed X509 certificate for tserver {username='slave'} at 127.0.0.1:56522
I20260608 12:55:22.377540 16621 server_base.cc:861] Flag tcmalloc_max_total_thread_cache_bytes is not working since tcmalloc is not enabled.
I20260608 12:55:22.382300 16621 webserver.cc:533] Webserver started at http://127.16.59.69:38061/ using document root <none> and password file <none>
I20260608 12:55:22.382851 16621 fs_manager.cc:362] Metadata directory not provided
I20260608 12:55:22.383064 16621 fs_manager.cc:368] Using write-ahead log directory (fs_wal_dir) as metadata directory
I20260608 12:55:22.383327 16621 server_base.cc:909] This appears to be a new deployment of Kudu; creating new FS layout
I20260608 12:55:22.384383 16621 fs_manager.cc:1068] Generated new instance metadata in path /tmp/dist-test-taskuCVsGa/test-tmp/auto_rebalancer-test.0.AutoRebalancerTest.TestMaxMovesPerServer.1780923192628718-16621-0/minicluster-data/ts-4-root/instance:
uuid: "6ee5c13d7b314a5fb43906d4147b27aa"
format_stamp: "Formatted at 2026-06-08 12:55:22 on dist-test-slave-j8bc"
I20260608 12:55:22.389182 16621 fs_manager.cc:696] Time spent creating directory manager: real 0.004s	user 0.003s	sys 0.003s
I20260608 12:55:22.392693 21592 log_block_manager.cc:4031] Time spent loading block containers with low live blocks: real 0.000s	user 0.000s	sys 0.000s
I20260608 12:55:22.393447 16621 fs_manager.cc:730] Time spent opening block manager: real 0.002s	user 0.001s	sys 0.000s
I20260608 12:55:22.393743 16621 fs_manager.cc:647] Opened local filesystem: /tmp/dist-test-taskuCVsGa/test-tmp/auto_rebalancer-test.0.AutoRebalancerTest.TestMaxMovesPerServer.1780923192628718-16621-0/minicluster-data/ts-4-root
uuid: "6ee5c13d7b314a5fb43906d4147b27aa"
format_stamp: "Formatted at 2026-06-08 12:55:22 on dist-test-slave-j8bc"
I20260608 12:55:22.394011 16621 fs_report.cc:389] FS layout report
--------------------
wal directory: /tmp/dist-test-taskuCVsGa/test-tmp/auto_rebalancer-test.0.AutoRebalancerTest.TestMaxMovesPerServer.1780923192628718-16621-0/minicluster-data/ts-4-root
metadata directory: /tmp/dist-test-taskuCVsGa/test-tmp/auto_rebalancer-test.0.AutoRebalancerTest.TestMaxMovesPerServer.1780923192628718-16621-0/minicluster-data/ts-4-root
1 data directories: /tmp/dist-test-taskuCVsGa/test-tmp/auto_rebalancer-test.0.AutoRebalancerTest.TestMaxMovesPerServer.1780923192628718-16621-0/minicluster-data/ts-4-root/data
Total live blocks: 0
Total live bytes: 0
Total live bytes (after alignment): 0
Total number of LBM containers: 0 (0 full)
Did not check for missing blocks
Did not check for orphaned blocks
Total full LBM containers with extra space: 0 (0 repaired)
Total full LBM container extra space in bytes: 0 (0 repaired)
Total incomplete LBM containers: 0 (0 repaired)
Total LBM partial records: 0 (0 repaired)
Total corrupted LBM metadata records in RocksDB: 0 (0 repaired)
I20260608 12:55:22.412076 16621 rpc_server.cc:225] running with OpenSSL 1.1.1  11 Sep 2018
I20260608 12:55:22.413384 16621 kserver.cc:163] Server-wide thread pool size limit: 3276
I20260608 12:55:22.414968 16621 txn_system_client.cc:432] TxnSystemClient initialization is disabled...
I20260608 12:55:22.417258 16621 ts_tablet_manager.cc:585] Loaded tablet metadata (0 total tablets, 0 live tablets)
I20260608 12:55:22.417464 16621 ts_tablet_manager.cc:531] Time spent load tablet metadata: real 0.000s	user 0.000s	sys 0.000s
I20260608 12:55:22.417698 16621 ts_tablet_manager.cc:616] Registered 0 tablets
I20260608 12:55:22.417855 16621 ts_tablet_manager.cc:595] Time spent register tablets: real 0.000s	user 0.000s	sys 0.000s
I20260608 12:55:22.478997 16621 rpc_server.cc:307] RPC server started. Bound to: 127.16.59.69:37125
I20260608 12:55:22.479105 21654 acceptor_pool.cc:272] collecting diagnostics on the listening RPC socket 127.16.59.69:37125 every 8 connection(s)
I20260608 12:55:22.485320 16621 file_cache.cc:492] Constructed file cache file cache with capacity 419430
W20260608 12:55:22.493336 21658 instance_detector.cc:116] could not retrieve AWS instance metadata: Network error: curl error: HTTP response code said error: The requested URL returned error: 404
I20260608 12:55:22.497263 21655 heartbeater.cc:344] Connected to a master server at 127.16.59.126:34993
I20260608 12:55:22.497752 21655 heartbeater.cc:461] Registering TS with master...
I20260608 12:55:22.498860 21655 heartbeater.cc:507] Master 127.16.59.126:34993 requested a full tablet report, sending...
W20260608 12:55:22.500766 21659 instance_detector.cc:116] could not retrieve Azure instance metadata: Network error: curl error: HTTP response code said error: The requested URL returned error: 404
I20260608 12:55:22.501494 21024 ts_manager.cc:194] Registered new tserver with Master: 6ee5c13d7b314a5fb43906d4147b27aa (127.16.59.69:37125)
W20260608 12:55:22.503074 21661 instance_detector.cc:116] could not retrieve OpenStack instance metadata: Network error: curl error: HTTP response code said error: The requested URL returned error: 404
I20260608 12:55:22.503731 21024 master_service.cc:502] Signed X509 certificate for tserver {username='slave'} at 127.0.0.1:56524
I20260608 12:55:22.505245 16621 server_base.cc:1061] running on GCE node
I20260608 12:55:22.506224 16621 hybrid_clock.cc:584] initializing the hybrid clock with 'system_unsync' time source
W20260608 12:55:22.506438 16621 system_unsync_time.cc:38] NTP support is disabled. Clock error bounds will not be accurate. This configuration is not suitable for distributed clusters.
I20260608 12:55:22.506628 16621 hybrid_clock.cc:648] HybridClock initialized: now 1780923322506609 us; error 0 us; skew 500 ppm
I20260608 12:55:22.507229 16621 server_base.cc:861] Flag tcmalloc_max_total_thread_cache_bytes is not working since tcmalloc is not enabled.
I20260608 12:55:22.509891 16621 webserver.cc:533] Webserver started at http://127.16.59.70:45727/ using document root <none> and password file <none>
I20260608 12:55:22.510545 16621 fs_manager.cc:362] Metadata directory not provided
I20260608 12:55:22.510784 16621 fs_manager.cc:368] Using write-ahead log directory (fs_wal_dir) as metadata directory
I20260608 12:55:22.511134 16621 server_base.cc:909] This appears to be a new deployment of Kudu; creating new FS layout
I20260608 12:55:22.512548 16621 fs_manager.cc:1068] Generated new instance metadata in path /tmp/dist-test-taskuCVsGa/test-tmp/auto_rebalancer-test.0.AutoRebalancerTest.TestMaxMovesPerServer.1780923192628718-16621-0/minicluster-data/ts-5-root/instance:
uuid: "60f3f2efb42a44a9999788dc7a9678c4"
format_stamp: "Formatted at 2026-06-08 12:55:22 on dist-test-slave-j8bc"
I20260608 12:55:22.517089 16621 fs_manager.cc:696] Time spent creating directory manager: real 0.004s	user 0.005s	sys 0.001s
I20260608 12:55:22.520943 21666 log_block_manager.cc:4031] Time spent loading block containers with low live blocks: real 0.000s	user 0.000s	sys 0.000s
I20260608 12:55:22.521759 16621 fs_manager.cc:730] Time spent opening block manager: real 0.003s	user 0.002s	sys 0.000s
I20260608 12:55:22.522044 16621 fs_manager.cc:647] Opened local filesystem: /tmp/dist-test-taskuCVsGa/test-tmp/auto_rebalancer-test.0.AutoRebalancerTest.TestMaxMovesPerServer.1780923192628718-16621-0/minicluster-data/ts-5-root
uuid: "60f3f2efb42a44a9999788dc7a9678c4"
format_stamp: "Formatted at 2026-06-08 12:55:22 on dist-test-slave-j8bc"
I20260608 12:55:22.522286 16621 fs_report.cc:389] FS layout report
--------------------
wal directory: /tmp/dist-test-taskuCVsGa/test-tmp/auto_rebalancer-test.0.AutoRebalancerTest.TestMaxMovesPerServer.1780923192628718-16621-0/minicluster-data/ts-5-root
metadata directory: /tmp/dist-test-taskuCVsGa/test-tmp/auto_rebalancer-test.0.AutoRebalancerTest.TestMaxMovesPerServer.1780923192628718-16621-0/minicluster-data/ts-5-root
1 data directories: /tmp/dist-test-taskuCVsGa/test-tmp/auto_rebalancer-test.0.AutoRebalancerTest.TestMaxMovesPerServer.1780923192628718-16621-0/minicluster-data/ts-5-root/data
Total live blocks: 0
Total live bytes: 0
Total live bytes (after alignment): 0
Total number of LBM containers: 0 (0 full)
Did not check for missing blocks
Did not check for orphaned blocks
Total full LBM containers with extra space: 0 (0 repaired)
Total full LBM container extra space in bytes: 0 (0 repaired)
Total incomplete LBM containers: 0 (0 repaired)
Total LBM partial records: 0 (0 repaired)
Total corrupted LBM metadata records in RocksDB: 0 (0 repaired)
I20260608 12:55:22.536298 16621 rpc_server.cc:225] running with OpenSSL 1.1.1  11 Sep 2018
I20260608 12:55:22.537657 16621 kserver.cc:163] Server-wide thread pool size limit: 3276
I20260608 12:55:22.539037 16621 txn_system_client.cc:432] TxnSystemClient initialization is disabled...
I20260608 12:55:22.541942 16621 ts_tablet_manager.cc:585] Loaded tablet metadata (0 total tablets, 0 live tablets)
I20260608 12:55:22.542138 16621 ts_tablet_manager.cc:531] Time spent load tablet metadata: real 0.000s	user 0.000s	sys 0.000s
I20260608 12:55:22.542374 16621 ts_tablet_manager.cc:616] Registered 0 tablets
I20260608 12:55:22.542536 16621 ts_tablet_manager.cc:595] Time spent register tablets: real 0.000s	user 0.000s	sys 0.000s
I20260608 12:55:22.621538 16621 rpc_server.cc:307] RPC server started. Bound to: 127.16.59.70:44997
I20260608 12:55:22.621680 21728 acceptor_pool.cc:272] collecting diagnostics on the listening RPC socket 127.16.59.70:44997 every 8 connection(s)
I20260608 12:55:22.639284 21729 heartbeater.cc:344] Connected to a master server at 127.16.59.126:34993
I20260608 12:55:22.639809 21729 heartbeater.cc:461] Registering TS with master...
I20260608 12:55:22.640820 21729 heartbeater.cc:507] Master 127.16.59.126:34993 requested a full tablet report, sending...
I20260608 12:55:22.643160 21024 ts_manager.cc:194] Registered new tserver with Master: 60f3f2efb42a44a9999788dc7a9678c4 (127.16.59.70:44997)
I20260608 12:55:22.645016 21024 master_service.cc:502] Signed X509 certificate for tserver {username='slave'} at 127.0.0.1:56536
I20260608 12:55:23.380752 21580 heartbeater.cc:499] Master 127.16.59.126:34993 was elected leader, sending a full tablet report...
I20260608 12:55:23.413117 21206 consensus_queue.cc:237] T 67c889e4ea414e98ac88233d6b4c4ce0 P 7e34c15c4b334b969f77f3fb503a2f33 [LEADER]: Queue going to LEADER mode. State: All replicated index: 0, Majority replicated index: 26, Committed index: 26, Last appended: 1.26, Last appended by leader: 0, Current term: 1, Majority size: 2, State: 0, Mode: LEADER, active raft config: opid_index: 27 OBSOLETE_local: false peers { permanent_uuid: "12161f6d5aec463badd355b31996c7e2" member_type: VOTER last_known_addr { host: "127.16.59.65" port: 35511 } attrs { replace: true } } peers { permanent_uuid: "7e34c15c4b334b969f77f3fb503a2f33" member_type: VOTER last_known_addr { host: "127.16.59.66" port: 41119 } } peers { permanent_uuid: "21163a82512a4a76964a0a1deaf0b121" member_type: VOTER last_known_addr { host: "127.16.59.67" port: 33385 } } peers { permanent_uuid: "6ee5c13d7b314a5fb43906d4147b27aa" member_type: NON_VOTER last_known_addr { host: "127.16.59.69" port: 37125 } attrs { promote: true } }
I20260608 12:55:23.421134 21277 raft_consensus.cc:1275] T 67c889e4ea414e98ac88233d6b4c4ce0 P 21163a82512a4a76964a0a1deaf0b121 [term 1 FOLLOWER]: Refusing update from remote peer 7e34c15c4b334b969f77f3fb503a2f33: Log matching property violated. Preceding OpId in replica: term: 1 index: 26. Preceding OpId from leader: term: 1 index: 27. (index mismatch)
I20260608 12:55:23.422974 21359 consensus_queue.cc:1048] T 67c889e4ea414e98ac88233d6b4c4ce0 P 7e34c15c4b334b969f77f3fb503a2f33 [LEADER]: Connected to new peer: Peer: permanent_uuid: "21163a82512a4a76964a0a1deaf0b121" member_type: VOTER last_known_addr { host: "127.16.59.67" port: 33385 }, Status: LMP_MISMATCH, Last received: 0.0, Next index: 27, Last known committed idx: 26, Time since last communication: 0.000s
I20260608 12:55:23.423355 21134 raft_consensus.cc:1275] T 67c889e4ea414e98ac88233d6b4c4ce0 P 12161f6d5aec463badd355b31996c7e2 [term 1 FOLLOWER]: Refusing update from remote peer 7e34c15c4b334b969f77f3fb503a2f33: Log matching property violated. Preceding OpId in replica: term: 1 index: 26. Preceding OpId from leader: term: 1 index: 27. (index mismatch)
I20260608 12:55:23.425074 21359 consensus_queue.cc:1048] T 67c889e4ea414e98ac88233d6b4c4ce0 P 7e34c15c4b334b969f77f3fb503a2f33 [LEADER]: Connected to new peer: Peer: permanent_uuid: "12161f6d5aec463badd355b31996c7e2" member_type: VOTER last_known_addr { host: "127.16.59.65" port: 35511 } attrs { replace: true }, Status: LMP_MISMATCH, Last received: 0.0, Next index: 27, Last known committed idx: 26, Time since last communication: 0.000s
W20260608 12:55:23.435262 21175 consensus_peers.cc:597] T 67c889e4ea414e98ac88233d6b4c4ce0 P 7e34c15c4b334b969f77f3fb503a2f33 -> Peer 6ee5c13d7b314a5fb43906d4147b27aa (127.16.59.69:37125): Couldn't send request to peer 6ee5c13d7b314a5fb43906d4147b27aa. Error code: TABLET_NOT_FOUND (6). Status: Not found: Tablet not found: 67c889e4ea414e98ac88233d6b4c4ce0. This is attempt 1: this message will repeat every 5th retry.
I20260608 12:55:23.434484 21736 raft_consensus.cc:2955] T 67c889e4ea414e98ac88233d6b4c4ce0 P 7e34c15c4b334b969f77f3fb503a2f33 [term 1 LEADER]: Committing config change with OpId 1.27: config changed from index -1 to 27, NON_VOTER 6ee5c13d7b314a5fb43906d4147b27aa (127.16.59.69) added. New config: { opid_index: 27 OBSOLETE_local: false peers { permanent_uuid: "12161f6d5aec463badd355b31996c7e2" member_type: VOTER last_known_addr { host: "127.16.59.65" port: 35511 } attrs { replace: true } } peers { permanent_uuid: "7e34c15c4b334b969f77f3fb503a2f33" member_type: VOTER last_known_addr { host: "127.16.59.66" port: 41119 } } peers { permanent_uuid: "21163a82512a4a76964a0a1deaf0b121" member_type: VOTER last_known_addr { host: "127.16.59.67" port: 33385 } } peers { permanent_uuid: "6ee5c13d7b314a5fb43906d4147b27aa" member_type: NON_VOTER last_known_addr { host: "127.16.59.69" port: 37125 } attrs { promote: true } } }
I20260608 12:55:23.436172 21134 raft_consensus.cc:2955] T 67c889e4ea414e98ac88233d6b4c4ce0 P 12161f6d5aec463badd355b31996c7e2 [term 1 FOLLOWER]: Committing config change with OpId 1.27: config changed from index -1 to 27, NON_VOTER 6ee5c13d7b314a5fb43906d4147b27aa (127.16.59.69) added. New config: { opid_index: 27 OBSOLETE_local: false peers { permanent_uuid: "12161f6d5aec463badd355b31996c7e2" member_type: VOTER last_known_addr { host: "127.16.59.65" port: 35511 } attrs { replace: true } } peers { permanent_uuid: "7e34c15c4b334b969f77f3fb503a2f33" member_type: VOTER last_known_addr { host: "127.16.59.66" port: 41119 } } peers { permanent_uuid: "21163a82512a4a76964a0a1deaf0b121" member_type: VOTER last_known_addr { host: "127.16.59.67" port: 33385 } } peers { permanent_uuid: "6ee5c13d7b314a5fb43906d4147b27aa" member_type: NON_VOTER last_known_addr { host: "127.16.59.69" port: 37125 } attrs { promote: true } } }
I20260608 12:55:23.436172 21277 raft_consensus.cc:2955] T 67c889e4ea414e98ac88233d6b4c4ce0 P 21163a82512a4a76964a0a1deaf0b121 [term 1 FOLLOWER]: Committing config change with OpId 1.27: config changed from index -1 to 27, NON_VOTER 6ee5c13d7b314a5fb43906d4147b27aa (127.16.59.69) added. New config: { opid_index: 27 OBSOLETE_local: false peers { permanent_uuid: "12161f6d5aec463badd355b31996c7e2" member_type: VOTER last_known_addr { host: "127.16.59.65" port: 35511 } attrs { replace: true } } peers { permanent_uuid: "7e34c15c4b334b969f77f3fb503a2f33" member_type: VOTER last_known_addr { host: "127.16.59.66" port: 41119 } } peers { permanent_uuid: "21163a82512a4a76964a0a1deaf0b121" member_type: VOTER last_known_addr { host: "127.16.59.67" port: 33385 } } peers { permanent_uuid: "6ee5c13d7b314a5fb43906d4147b27aa" member_type: NON_VOTER last_known_addr { host: "127.16.59.69" port: 37125 } attrs { promote: true } } }
I20260608 12:55:23.451278 21024 catalog_manager.cc:5696] T 67c889e4ea414e98ac88233d6b4c4ce0 P 12161f6d5aec463badd355b31996c7e2 reported cstate change: config changed from index -1 to 27, NON_VOTER 6ee5c13d7b314a5fb43906d4147b27aa (127.16.59.69) added. New cstate: current_term: 1 leader_uuid: "7e34c15c4b334b969f77f3fb503a2f33" committed_config { opid_index: 27 OBSOLETE_local: false peers { permanent_uuid: "12161f6d5aec463badd355b31996c7e2" member_type: VOTER last_known_addr { host: "127.16.59.65" port: 35511 } attrs { replace: true } } peers { permanent_uuid: "7e34c15c4b334b969f77f3fb503a2f33" member_type: VOTER last_known_addr { host: "127.16.59.66" port: 41119 } } peers { permanent_uuid: "21163a82512a4a76964a0a1deaf0b121" member_type: VOTER last_known_addr { host: "127.16.59.67" port: 33385 } } peers { permanent_uuid: "6ee5c13d7b314a5fb43906d4147b27aa" member_type: NON_VOTER last_known_addr { host: "127.16.59.69" port: 37125 } attrs { promote: true } } }
