I20260608 12:55:17.123172 21355 raft_consensus.cc:515] T b6f196c215164a4395de93a074ff30d6 P 7e34c15c4b334b969f77f3fb503a2f33 [term 1 FOLLOWER]: Starting leader election with config: opid_index: -1 OBSOLETE_local: false peers { permanent_uuid: "12161f6d5aec463badd355b31996c7e2" member_type: VOTER last_known_addr { host: "127.16.59.65" port: 35511 } } peers { permanent_uuid: "7e34c15c4b334b969f77f3fb503a2f33" member_type: VOTER last_known_addr { host: "127.16.59.66" port: 41119 } } peers { permanent_uuid: "21163a82512a4a76964a0a1deaf0b121" member_type: VOTER last_known_addr { host: "127.16.59.67" port: 33385 } }
I20260608 12:55:17.126147 21330 tablet_bootstrap.cc:654] T 0dcb072087da4d8c8943d11d1368d3b8 P 21163a82512a4a76964a0a1deaf0b121: Neither blocks nor log segments found. Creating new log.
I20260608 12:55:17.127326 21283 tablet_service.cc:1917] Received RequestConsensusVote() RPC: tablet_id: "b6f196c215164a4395de93a074ff30d6" candidate_uuid: "7e34c15c4b334b969f77f3fb503a2f33" candidate_term: 1 candidate_status { last_received { term: 0 index: 0 } } ignore_live_leader: false dest_uuid: "21163a82512a4a76964a0a1deaf0b121"
I20260608 12:55:17.118470 21334 leader_election.cc:290] T 5ec4fca0c13d4dc0872cd28a23a4fca1 P 12161f6d5aec463badd355b31996c7e2 [CANDIDATE]: Term 1 election: Requested vote from peers 21163a82512a4a76964a0a1deaf0b121 (127.16.59.67:33385), 7e34c15c4b334b969f77f3fb503a2f33 (127.16.59.66:41119)
I20260608 12:55:17.128358 21283 raft_consensus.cc:3060] T b6f196c215164a4395de93a074ff30d6 P 21163a82512a4a76964a0a1deaf0b121 [term 0 FOLLOWER]: Advancing to term 1
I20260608 12:55:17.128604 21334 raft_consensus.cc:2804] T 67c889e4ea414e98ac88233d6b4c4ce0 P 12161f6d5aec463badd355b31996c7e2 [term 0 FOLLOWER]: Leader pre-election won for term 1
I20260608 12:55:17.129024 21334 raft_consensus.cc:493] T 67c889e4ea414e98ac88233d6b4c4ce0 P 12161f6d5aec463badd355b31996c7e2 [term 0 FOLLOWER]: Starting leader election (no leader contacted us within the election timeout)
I20260608 12:55:17.129348 21334 raft_consensus.cc:3060] T 67c889e4ea414e98ac88233d6b4c4ce0 P 12161f6d5aec463badd355b31996c7e2 [term 0 FOLLOWER]: Advancing to term 1
I20260608 12:55:17.131322 21207 tablet_service.cc:1917] Received RequestConsensusVote() RPC: tablet_id: "5ec4fca0c13d4dc0872cd28a23a4fca1" candidate_uuid: "12161f6d5aec463badd355b31996c7e2" candidate_term: 1 candidate_status { last_received { term: 0 index: 0 } } ignore_live_leader: false dest_uuid: "7e34c15c4b334b969f77f3fb503a2f33"
I20260608 12:55:17.132599 21208 tablet_service.cc:1917] Received RequestConsensusVote() RPC: tablet_id: "67c889e4ea414e98ac88233d6b4c4ce0" candidate_uuid: "12161f6d5aec463badd355b31996c7e2" candidate_term: 1 candidate_status { last_received { term: 0 index: 0 } } ignore_live_leader: false dest_uuid: "7e34c15c4b334b969f77f3fb503a2f33" is_pre_election: true
I20260608 12:55:17.133183 21328 tablet_bootstrap.cc:492] T 9166325586124d508e1f111e78dcd1a7 P 12161f6d5aec463badd355b31996c7e2: No bootstrap required, opened a new log
I20260608 12:55:17.133595 21329 ts_tablet_manager.cc:1434] T 7e28ee7103f1447a998ad5e2ecd825a7 P 7e34c15c4b334b969f77f3fb503a2f33: Time spent starting tablet: real 0.034s	user 0.009s	sys 0.000s
I20260608 12:55:17.133710 21209 tablet_service.cc:1917] Received RequestConsensusVote() RPC: tablet_id: "5ec4fca0c13d4dc0872cd28a23a4fca1" candidate_uuid: "12161f6d5aec463badd355b31996c7e2" candidate_term: 1 candidate_status { last_received { term: 0 index: 0 } } ignore_live_leader: false dest_uuid: "7e34c15c4b334b969f77f3fb503a2f33" is_pre_election: true
W20260608 12:55:17.134982 21174 leader_election.cc:343] T 9166325586124d508e1f111e78dcd1a7 P 7e34c15c4b334b969f77f3fb503a2f33 [CANDIDATE]: Term 1 pre-election: Tablet error from VoteRequest() call to peer 12161f6d5aec463badd355b31996c7e2 (127.16.59.65:35511): Illegal state: must be running to vote when last-logged opid is not known
I20260608 12:55:17.135783 21174 leader_election.cc:304] T 9166325586124d508e1f111e78dcd1a7 P 7e34c15c4b334b969f77f3fb503a2f33 [CANDIDATE]: Term 1 pre-election: Election decided. Result: candidate lost. Election summary: received 3 responses out of 3 voters: 1 yes votes; 2 no votes. yes voters: 7e34c15c4b334b969f77f3fb503a2f33; no voters: 12161f6d5aec463badd355b31996c7e2, 21163a82512a4a76964a0a1deaf0b121
I20260608 12:55:17.131274 21358 raft_consensus.cc:2804] T 5ec4fca0c13d4dc0872cd28a23a4fca1 P 7e34c15c4b334b969f77f3fb503a2f33 [term 0 FOLLOWER]: Leader pre-election won for term 1
I20260608 12:55:17.127890 21335 raft_consensus.cc:515] T 67c889e4ea414e98ac88233d6b4c4ce0 P 7e34c15c4b334b969f77f3fb503a2f33 [term 1 FOLLOWER]: Starting leader election with config: opid_index: -1 OBSOLETE_local: false peers { permanent_uuid: "12161f6d5aec463badd355b31996c7e2" member_type: VOTER last_known_addr { host: "127.16.59.65" port: 35511 } } peers { permanent_uuid: "7e34c15c4b334b969f77f3fb503a2f33" member_type: VOTER last_known_addr { host: "127.16.59.66" port: 41119 } } peers { permanent_uuid: "21163a82512a4a76964a0a1deaf0b121" member_type: VOTER last_known_addr { host: "127.16.59.67" port: 33385 } }
I20260608 12:55:17.136729 21207 raft_consensus.cc:3060] T 5ec4fca0c13d4dc0872cd28a23a4fca1 P 7e34c15c4b334b969f77f3fb503a2f33 [term 0 FOLLOWER]: Advancing to term 1
I20260608 12:55:17.137432 21208 raft_consensus.cc:2393] T 67c889e4ea414e98ac88233d6b4c4ce0 P 7e34c15c4b334b969f77f3fb503a2f33 [term 1 FOLLOWER]: Leader pre-election vote request: Denying vote to candidate 12161f6d5aec463badd355b31996c7e2 in current term 1: Already voted for candidate 7e34c15c4b334b969f77f3fb503a2f33 in this term.
I20260608 12:55:17.138764 21283 raft_consensus.cc:2468] T b6f196c215164a4395de93a074ff30d6 P 21163a82512a4a76964a0a1deaf0b121 [term 1 FOLLOWER]: Leader election vote request: Granting yes vote for candidate 7e34c15c4b334b969f77f3fb503a2f33 in term 1.
I20260608 12:55:17.141222 21335 leader_election.cc:290] T 67c889e4ea414e98ac88233d6b4c4ce0 P 7e34c15c4b334b969f77f3fb503a2f33 [CANDIDATE]: Term 1 election: Requested vote from peers 12161f6d5aec463badd355b31996c7e2 (127.16.59.65:35511), 21163a82512a4a76964a0a1deaf0b121 (127.16.59.67:33385)
I20260608 12:55:17.141731 21335 raft_consensus.cc:2749] T 9166325586124d508e1f111e78dcd1a7 P 7e34c15c4b334b969f77f3fb503a2f33 [term 0 FOLLOWER]: Leader pre-election lost for term 1. Reason: could not achieve majority
I20260608 12:55:17.143291 21134 tablet_service.cc:1917] Received RequestConsensusVote() RPC: tablet_id: "b6f196c215164a4395de93a074ff30d6" candidate_uuid: "7e34c15c4b334b969f77f3fb503a2f33" candidate_term: 1 candidate_status { last_received { term: 0 index: 0 } } ignore_live_leader: false dest_uuid: "12161f6d5aec463badd355b31996c7e2"
I20260608 12:55:17.143903 21134 raft_consensus.cc:3060] T b6f196c215164a4395de93a074ff30d6 P 12161f6d5aec463badd355b31996c7e2 [term 0 FOLLOWER]: Advancing to term 1
I20260608 12:55:17.146871 21172 leader_election.cc:304] T b6f196c215164a4395de93a074ff30d6 P 7e34c15c4b334b969f77f3fb503a2f33 [CANDIDATE]: Term 1 election: Election decided. Result: candidate won. Election summary: received 2 responses out of 3 voters: 2 yes votes; 0 no votes. yes voters: 21163a82512a4a76964a0a1deaf0b121, 7e34c15c4b334b969f77f3fb503a2f33; no voters: 
I20260608 12:55:17.147245 21330 tablet_bootstrap.cc:492] T 0dcb072087da4d8c8943d11d1368d3b8 P 21163a82512a4a76964a0a1deaf0b121: No bootstrap required, opened a new log
I20260608 12:55:17.146898 21283 tablet_service.cc:1917] Received RequestConsensusVote() RPC: tablet_id: "67c889e4ea414e98ac88233d6b4c4ce0" candidate_uuid: "7e34c15c4b334b969f77f3fb503a2f33" candidate_term: 1 candidate_status { last_received { term: 0 index: 0 } } ignore_live_leader: false dest_uuid: "21163a82512a4a76964a0a1deaf0b121"
I20260608 12:55:17.147835 21283 raft_consensus.cc:3060] T 67c889e4ea414e98ac88233d6b4c4ce0 P 21163a82512a4a76964a0a1deaf0b121 [term 0 FOLLOWER]: Advancing to term 1
I20260608 12:55:17.148027 21335 raft_consensus.cc:2804] T b6f196c215164a4395de93a074ff30d6 P 7e34c15c4b334b969f77f3fb503a2f33 [term 1 FOLLOWER]: Leader election won for term 1
I20260608 12:55:17.148608 21335 raft_consensus.cc:697] T b6f196c215164a4395de93a074ff30d6 P 7e34c15c4b334b969f77f3fb503a2f33 [term 1 LEADER]: Becoming Leader. State: Replica: 7e34c15c4b334b969f77f3fb503a2f33, State: Running, Role: LEADER
I20260608 12:55:17.149565 21207 raft_consensus.cc:2468] T 5ec4fca0c13d4dc0872cd28a23a4fca1 P 7e34c15c4b334b969f77f3fb503a2f33 [term 1 FOLLOWER]: Leader election vote request: Granting yes vote for candidate 12161f6d5aec463badd355b31996c7e2 in term 1.
I20260608 12:55:17.149416 21335 consensus_queue.cc:237] T b6f196c215164a4395de93a074ff30d6 P 7e34c15c4b334b969f77f3fb503a2f33 [LEADER]: Queue going to LEADER mode. State: All replicated index: 0, Majority replicated index: 0, Committed index: 0, Last appended: 0.0, Last appended by leader: 0, Current term: 1, Majority size: 2, State: 0, Mode: LEADER, active raft config: opid_index: -1 OBSOLETE_local: false peers { permanent_uuid: "12161f6d5aec463badd355b31996c7e2" member_type: VOTER last_known_addr { host: "127.16.59.65" port: 35511 } } peers { permanent_uuid: "7e34c15c4b334b969f77f3fb503a2f33" member_type: VOTER last_known_addr { host: "127.16.59.66" port: 41119 } } peers { permanent_uuid: "21163a82512a4a76964a0a1deaf0b121" member_type: VOTER last_known_addr { host: "127.16.59.67" port: 33385 } }
I20260608 12:55:17.151469 21358 raft_consensus.cc:493] T 5ec4fca0c13d4dc0872cd28a23a4fca1 P 7e34c15c4b334b969f77f3fb503a2f33 [term 1 FOLLOWER]: Starting leader election (no leader contacted us within the election timeout)
I20260608 12:55:17.151889 21358 raft_consensus.cc:3060] T 5ec4fca0c13d4dc0872cd28a23a4fca1 P 7e34c15c4b334b969f77f3fb503a2f33 [term 1 FOLLOWER]: Advancing to term 2
I20260608 12:55:17.147859 21330 ts_tablet_manager.cc:1403] T 0dcb072087da4d8c8943d11d1368d3b8 P 21163a82512a4a76964a0a1deaf0b121: Time spent bootstrapping tablet: real 0.035s	user 0.007s	sys 0.006s
I20260608 12:55:17.157703 21330 raft_consensus.cc:359] T 0dcb072087da4d8c8943d11d1368d3b8 P 21163a82512a4a76964a0a1deaf0b121 [term 0 FOLLOWER]: Replica starting. Triggering 0 pending ops. Active config: opid_index: -1 OBSOLETE_local: false peers { permanent_uuid: "12161f6d5aec463badd355b31996c7e2" member_type: VOTER last_known_addr { host: "127.16.59.65" port: 35511 } } peers { permanent_uuid: "7e34c15c4b334b969f77f3fb503a2f33" member_type: VOTER last_known_addr { host: "127.16.59.66" port: 41119 } } peers { permanent_uuid: "21163a82512a4a76964a0a1deaf0b121" member_type: VOTER last_known_addr { host: "127.16.59.67" port: 33385 } }
I20260608 12:55:17.159526 21283 raft_consensus.cc:2468] T 67c889e4ea414e98ac88233d6b4c4ce0 P 21163a82512a4a76964a0a1deaf0b121 [term 1 FOLLOWER]: Leader election vote request: Granting yes vote for candidate 7e34c15c4b334b969f77f3fb503a2f33 in term 1.
W20260608 12:55:17.159757 21097 outbound_call.cc:321] RPC callback for RPC call kudu.consensus.ConsensusService.RequestConsensusVote -> {remote=127.16.59.67:33385, user_credentials={real_user=slave}} blocked reactor thread for 54094.4us
I20260608 12:55:17.160892 21134 raft_consensus.cc:2468] T b6f196c215164a4395de93a074ff30d6 P 12161f6d5aec463badd355b31996c7e2 [term 1 FOLLOWER]: Leader election vote request: Granting yes vote for candidate 7e34c15c4b334b969f77f3fb503a2f33 in term 1.
I20260608 12:55:17.161325 21172 leader_election.cc:304] T 67c889e4ea414e98ac88233d6b4c4ce0 P 7e34c15c4b334b969f77f3fb503a2f33 [CANDIDATE]: Term 1 election: Election decided. Result: candidate won. Election summary: received 2 responses out of 3 voters: 2 yes votes; 0 no votes. yes voters: 21163a82512a4a76964a0a1deaf0b121, 7e34c15c4b334b969f77f3fb503a2f33; no voters: 
I20260608 12:55:17.161743 21281 tablet_service.cc:1917] Received RequestConsensusVote() RPC: tablet_id: "5ec4fca0c13d4dc0872cd28a23a4fca1" candidate_uuid: "12161f6d5aec463badd355b31996c7e2" candidate_term: 1 candidate_status { last_received { term: 0 index: 0 } } ignore_live_leader: false dest_uuid: "21163a82512a4a76964a0a1deaf0b121"
I20260608 12:55:17.162365 21281 raft_consensus.cc:3060] T 5ec4fca0c13d4dc0872cd28a23a4fca1 P 21163a82512a4a76964a0a1deaf0b121 [term 0 FOLLOWER]: Advancing to term 1
I20260608 12:55:17.162861 21359 raft_consensus.cc:2804] T 67c889e4ea414e98ac88233d6b4c4ce0 P 7e34c15c4b334b969f77f3fb503a2f33 [term 1 FOLLOWER]: Leader election won for term 1
I20260608 12:55:17.163326 21359 raft_consensus.cc:697] T 67c889e4ea414e98ac88233d6b4c4ce0 P 7e34c15c4b334b969f77f3fb503a2f33 [term 1 LEADER]: Becoming Leader. State: Replica: 7e34c15c4b334b969f77f3fb503a2f33, State: Running, Role: LEADER
I20260608 12:55:17.164059 21359 consensus_queue.cc:237] T 67c889e4ea414e98ac88233d6b4c4ce0 P 7e34c15c4b334b969f77f3fb503a2f33 [LEADER]: Queue going to LEADER mode. State: All replicated index: 0, Majority replicated index: 0, Committed index: 0, Last appended: 0.0, Last appended by leader: 0, Current term: 1, Majority size: 2, State: 0, Mode: LEADER, active raft config: opid_index: -1 OBSOLETE_local: false peers { permanent_uuid: "12161f6d5aec463badd355b31996c7e2" member_type: VOTER last_known_addr { host: "127.16.59.65" port: 35511 } } peers { permanent_uuid: "7e34c15c4b334b969f77f3fb503a2f33" member_type: VOTER last_known_addr { host: "127.16.59.66" port: 41119 } } peers { permanent_uuid: "21163a82512a4a76964a0a1deaf0b121" member_type: VOTER last_known_addr { host: "127.16.59.67" port: 33385 } }
I20260608 12:55:17.133733 21328 ts_tablet_manager.cc:1403] T 9166325586124d508e1f111e78dcd1a7 P 12161f6d5aec463badd355b31996c7e2: Time spent bootstrapping tablet: real 0.068s	user 0.005s	sys 0.010s
I20260608 12:55:17.162429 21330 raft_consensus.cc:385] T 0dcb072087da4d8c8943d11d1368d3b8 P 21163a82512a4a76964a0a1deaf0b121 [term 0 FOLLOWER]: Consensus starting up: Expiring failure detector timer to make a prompt election more likely
I20260608 12:55:17.167131 21330 raft_consensus.cc:740] T 0dcb072087da4d8c8943d11d1368d3b8 P 21163a82512a4a76964a0a1deaf0b121 [term 0 FOLLOWER]: Becoming Follower/Learner. State: Replica: 21163a82512a4a76964a0a1deaf0b121, State: Initialized, Role: FOLLOWER
I20260608 12:55:17.168116 21330 consensus_queue.cc:260] T 0dcb072087da4d8c8943d11d1368d3b8 P 21163a82512a4a76964a0a1deaf0b121 [NON_LEADER]: Queue going to NON_LEADER mode. State: All replicated index: 0, Majority replicated index: 0, Committed index: 0, Last appended: 0.0, Last appended by leader: 0, Current term: 0, Majority size: -1, State: 0, Mode: NON_LEADER, active raft config: opid_index: -1 OBSOLETE_local: false peers { permanent_uuid: "12161f6d5aec463badd355b31996c7e2" member_type: VOTER last_known_addr { host: "127.16.59.65" port: 35511 } } peers { permanent_uuid: "7e34c15c4b334b969f77f3fb503a2f33" member_type: VOTER last_known_addr { host: "127.16.59.66" port: 41119 } } peers { permanent_uuid: "21163a82512a4a76964a0a1deaf0b121" member_type: VOTER last_known_addr { host: "127.16.59.67" port: 33385 } }
I20260608 12:55:17.169991 21032 catalog_manager.cc:5696] T b6f196c215164a4395de93a074ff30d6 P 7e34c15c4b334b969f77f3fb503a2f33 reported cstate change: term changed from 0 to 1, leader changed from <none> to 7e34c15c4b334b969f77f3fb503a2f33 (127.16.59.66). New cstate: current_term: 1 leader_uuid: "7e34c15c4b334b969f77f3fb503a2f33" committed_config { opid_index: -1 OBSOLETE_local: false peers { permanent_uuid: "12161f6d5aec463badd355b31996c7e2" member_type: VOTER last_known_addr { host: "127.16.59.65" port: 35511 } health_report { overall_health: UNKNOWN } } peers { permanent_uuid: "7e34c15c4b334b969f77f3fb503a2f33" member_type: VOTER last_known_addr { host: "127.16.59.66" port: 41119 } health_report { overall_health: HEALTHY } } peers { permanent_uuid: "21163a82512a4a76964a0a1deaf0b121" member_type: VOTER last_known_addr { host: "127.16.59.67" port: 33385 } health_report { overall_health: UNKNOWN } } }
I20260608 12:55:17.172210 21281 raft_consensus.cc:2468] T 5ec4fca0c13d4dc0872cd28a23a4fca1 P 21163a82512a4a76964a0a1deaf0b121 [term 1 FOLLOWER]: Leader election vote request: Granting yes vote for candidate 12161f6d5aec463badd355b31996c7e2 in term 1.
I20260608 12:55:17.173480 21330 ts_tablet_manager.cc:1434] T 0dcb072087da4d8c8943d11d1368d3b8 P 21163a82512a4a76964a0a1deaf0b121: Time spent starting tablet: real 0.019s	user 0.001s	sys 0.006s
I20260608 12:55:17.154067 21098 leader_election.cc:304] T 5ec4fca0c13d4dc0872cd28a23a4fca1 P 12161f6d5aec463badd355b31996c7e2 [CANDIDATE]: Term 1 election: Election decided. Result: candidate won. Election summary: received 2 responses out of 3 voters: 2 yes votes; 0 no votes. yes voters: 12161f6d5aec463badd355b31996c7e2, 7e34c15c4b334b969f77f3fb503a2f33; no voters: 
I20260608 12:55:17.159792 21329 tablet_bootstrap.cc:492] T 0dcb072087da4d8c8943d11d1368d3b8 P 7e34c15c4b334b969f77f3fb503a2f33: Bootstrap starting.
I20260608 12:55:17.174949 21330 tablet_bootstrap.cc:492] T 73d38018afa0405fadd488870079acbd P 21163a82512a4a76964a0a1deaf0b121: Bootstrap starting.
I20260608 12:55:17.175695 21134 tablet_service.cc:1917] Received RequestConsensusVote() RPC: tablet_id: "67c889e4ea414e98ac88233d6b4c4ce0" candidate_uuid: "7e34c15c4b334b969f77f3fb503a2f33" candidate_term: 1 candidate_status { last_received { term: 0 index: 0 } } ignore_live_leader: false dest_uuid: "12161f6d5aec463badd355b31996c7e2"
I20260608 12:55:17.178753 21357 raft_consensus.cc:2804] T 5ec4fca0c13d4dc0872cd28a23a4fca1 P 12161f6d5aec463badd355b31996c7e2 [term 1 FOLLOWER]: Leader election won for term 1
I20260608 12:55:17.182134 21328 raft_consensus.cc:359] T 9166325586124d508e1f111e78dcd1a7 P 12161f6d5aec463badd355b31996c7e2 [term 0 FOLLOWER]: Replica starting. Triggering 0 pending ops. Active config: opid_index: -1 OBSOLETE_local: false peers { permanent_uuid: "12161f6d5aec463badd355b31996c7e2" member_type: VOTER last_known_addr { host: "127.16.59.65" port: 35511 } } peers { permanent_uuid: "7e34c15c4b334b969f77f3fb503a2f33" member_type: VOTER last_known_addr { host: "127.16.59.66" port: 41119 } } peers { permanent_uuid: "21163a82512a4a76964a0a1deaf0b121" member_type: VOTER last_known_addr { host: "127.16.59.67" port: 33385 } }
I20260608 12:55:17.182590 21330 tablet_bootstrap.cc:654] T 73d38018afa0405fadd488870079acbd P 21163a82512a4a76964a0a1deaf0b121: Neither blocks nor log segments found. Creating new log.
I20260608 12:55:17.182893 21328 raft_consensus.cc:385] T 9166325586124d508e1f111e78dcd1a7 P 12161f6d5aec463badd355b31996c7e2 [term 0 FOLLOWER]: Consensus starting up: Expiring failure detector timer to make a prompt election more likely
I20260608 12:55:17.183257 21328 raft_consensus.cc:740] T 9166325586124d508e1f111e78dcd1a7 P 12161f6d5aec463badd355b31996c7e2 [term 0 FOLLOWER]: Becoming Follower/Learner. State: Replica: 12161f6d5aec463badd355b31996c7e2, State: Initialized, Role: FOLLOWER
I20260608 12:55:17.184885 21328 consensus_queue.cc:260] T 9166325586124d508e1f111e78dcd1a7 P 12161f6d5aec463badd355b31996c7e2 [NON_LEADER]: Queue going to NON_LEADER mode. State: All replicated index: 0, Majority replicated index: 0, Committed index: 0, Last appended: 0.0, Last appended by leader: 0, Current term: 0, Majority size: -1, State: 0, Mode: NON_LEADER, active raft config: opid_index: -1 OBSOLETE_local: false peers { permanent_uuid: "12161f6d5aec463badd355b31996c7e2" member_type: VOTER last_known_addr { host: "127.16.59.65" port: 35511 } } peers { permanent_uuid: "7e34c15c4b334b969f77f3fb503a2f33" member_type: VOTER last_known_addr { host: "127.16.59.66" port: 41119 } } peers { permanent_uuid: "21163a82512a4a76964a0a1deaf0b121" member_type: VOTER last_known_addr { host: "127.16.59.67" port: 33385 } }
I20260608 12:55:17.188476 21334 raft_consensus.cc:515] T 67c889e4ea414e98ac88233d6b4c4ce0 P 12161f6d5aec463badd355b31996c7e2 [term 1 FOLLOWER]: Starting leader election with config: opid_index: -1 OBSOLETE_local: false peers { permanent_uuid: "12161f6d5aec463badd355b31996c7e2" member_type: VOTER last_known_addr { host: "127.16.59.65" port: 35511 } } peers { permanent_uuid: "7e34c15c4b334b969f77f3fb503a2f33" member_type: VOTER last_known_addr { host: "127.16.59.66" port: 41119 } } peers { permanent_uuid: "21163a82512a4a76964a0a1deaf0b121" member_type: VOTER last_known_addr { host: "127.16.59.67" port: 33385 } }
I20260608 12:55:17.173776 21355 leader_election.cc:290] T b6f196c215164a4395de93a074ff30d6 P 7e34c15c4b334b969f77f3fb503a2f33 [CANDIDATE]: Term 1 election: Requested vote from peers 12161f6d5aec463badd355b31996c7e2 (127.16.59.65:35511), 21163a82512a4a76964a0a1deaf0b121 (127.16.59.67:33385)
I20260608 12:55:17.189782 21134 raft_consensus.cc:2393] T 67c889e4ea414e98ac88233d6b4c4ce0 P 12161f6d5aec463badd355b31996c7e2 [term 1 FOLLOWER]: Leader election vote request: Denying vote to candidate 7e34c15c4b334b969f77f3fb503a2f33 in current term 1: Already voted for candidate 12161f6d5aec463badd355b31996c7e2 in this term.
I20260608 12:55:17.194762 21207 tablet_service.cc:1917] Received RequestConsensusVote() RPC: tablet_id: "67c889e4ea414e98ac88233d6b4c4ce0" candidate_uuid: "12161f6d5aec463badd355b31996c7e2" candidate_term: 1 candidate_status { last_received { term: 0 index: 0 } } ignore_live_leader: false dest_uuid: "7e34c15c4b334b969f77f3fb503a2f33"
I20260608 12:55:17.197448 21281 tablet_service.cc:1917] Received RequestConsensusVote() RPC: tablet_id: "67c889e4ea414e98ac88233d6b4c4ce0" candidate_uuid: "12161f6d5aec463badd355b31996c7e2" candidate_term: 1 candidate_status { last_received { term: 0 index: 0 } } ignore_live_leader: false dest_uuid: "21163a82512a4a76964a0a1deaf0b121"
I20260608 12:55:17.198680 21281 raft_consensus.cc:2393] T 67c889e4ea414e98ac88233d6b4c4ce0 P 21163a82512a4a76964a0a1deaf0b121 [term 1 FOLLOWER]: Leader election vote request: Denying vote to candidate 12161f6d5aec463badd355b31996c7e2 in current term 1: Already voted for candidate 7e34c15c4b334b969f77f3fb503a2f33 in this term.
I20260608 12:55:17.200456 21330 tablet_bootstrap.cc:492] T 73d38018afa0405fadd488870079acbd P 21163a82512a4a76964a0a1deaf0b121: No bootstrap required, opened a new log
I20260608 12:55:17.200415 21097 leader_election.cc:304] T 67c889e4ea414e98ac88233d6b4c4ce0 P 12161f6d5aec463badd355b31996c7e2 [CANDIDATE]: Term 1 election: Election decided. Result: candidate lost. Election summary: received 3 responses out of 3 voters: 1 yes votes; 2 no votes. yes voters: 12161f6d5aec463badd355b31996c7e2; no voters: 21163a82512a4a76964a0a1deaf0b121, 7e34c15c4b334b969f77f3fb503a2f33
I20260608 12:55:17.201205 21330 ts_tablet_manager.cc:1403] T 73d38018afa0405fadd488870079acbd P 21163a82512a4a76964a0a1deaf0b121: Time spent bootstrapping tablet: real 0.026s	user 0.023s	sys 0.000s
I20260608 12:55:17.203600 21364 raft_consensus.cc:2749] T 67c889e4ea414e98ac88233d6b4c4ce0 P 12161f6d5aec463badd355b31996c7e2 [term 1 FOLLOWER]: Leader election lost for term 1. Reason: could not achieve majority
I20260608 12:55:17.194963 21334 leader_election.cc:290] T 67c889e4ea414e98ac88233d6b4c4ce0 P 12161f6d5aec463badd355b31996c7e2 [CANDIDATE]: Term 1 election: Requested vote from peers 7e34c15c4b334b969f77f3fb503a2f33 (127.16.59.66:41119), 21163a82512a4a76964a0a1deaf0b121 (127.16.59.67:33385)
I20260608 12:55:17.206285 21330 raft_consensus.cc:359] T 73d38018afa0405fadd488870079acbd P 21163a82512a4a76964a0a1deaf0b121 [term 0 FOLLOWER]: Replica starting. Triggering 0 pending ops. Active config: opid_index: -1 OBSOLETE_local: false peers { permanent_uuid: "12161f6d5aec463badd355b31996c7e2" member_type: VOTER last_known_addr { host: "127.16.59.65" port: 35511 } } peers { permanent_uuid: "7e34c15c4b334b969f77f3fb503a2f33" member_type: VOTER last_known_addr { host: "127.16.59.66" port: 41119 } } peers { permanent_uuid: "21163a82512a4a76964a0a1deaf0b121" member_type: VOTER last_known_addr { host: "127.16.59.67" port: 33385 } }
I20260608 12:55:17.207265 21330 raft_consensus.cc:385] T 73d38018afa0405fadd488870079acbd P 21163a82512a4a76964a0a1deaf0b121 [term 0 FOLLOWER]: Consensus starting up: Expiring failure detector timer to make a prompt election more likely
I20260608 12:55:17.207641 21330 raft_consensus.cc:740] T 73d38018afa0405fadd488870079acbd P 21163a82512a4a76964a0a1deaf0b121 [term 0 FOLLOWER]: Becoming Follower/Learner. State: Replica: 21163a82512a4a76964a0a1deaf0b121, State: Initialized, Role: FOLLOWER
I20260608 12:55:17.208608 21329 tablet_bootstrap.cc:654] T 0dcb072087da4d8c8943d11d1368d3b8 P 7e34c15c4b334b969f77f3fb503a2f33: Neither blocks nor log segments found. Creating new log.
I20260608 12:55:17.208779 21330 consensus_queue.cc:260] T 73d38018afa0405fadd488870079acbd P 21163a82512a4a76964a0a1deaf0b121 [NON_LEADER]: Queue going to NON_LEADER mode. State: All replicated index: 0, Majority replicated index: 0, Committed index: 0, Last appended: 0.0, Last appended by leader: 0, Current term: 0, Majority size: -1, State: 0, Mode: NON_LEADER, active raft config: opid_index: -1 OBSOLETE_local: false peers { permanent_uuid: "12161f6d5aec463badd355b31996c7e2" member_type: VOTER last_known_addr { host: "127.16.59.65" port: 35511 } } peers { permanent_uuid: "7e34c15c4b334b969f77f3fb503a2f33" member_type: VOTER last_known_addr { host: "127.16.59.66" port: 41119 } } peers { permanent_uuid: "21163a82512a4a76964a0a1deaf0b121" member_type: VOTER last_known_addr { host: "127.16.59.67" port: 33385 } }
I20260608 12:55:17.211927 21330 ts_tablet_manager.cc:1434] T 73d38018afa0405fadd488870079acbd P 21163a82512a4a76964a0a1deaf0b121: Time spent starting tablet: real 0.010s	user 0.007s	sys 0.000s
I20260608 12:55:17.213907 21330 tablet_bootstrap.cc:492] T 9166325586124d508e1f111e78dcd1a7 P 21163a82512a4a76964a0a1deaf0b121: Bootstrap starting.
I20260608 12:55:17.214550 21357 raft_consensus.cc:697] T 5ec4fca0c13d4dc0872cd28a23a4fca1 P 12161f6d5aec463badd355b31996c7e2 [term 1 LEADER]: Becoming Leader. State: Replica: 12161f6d5aec463badd355b31996c7e2, State: Running, Role: LEADER
I20260608 12:55:17.215740 21357 consensus_queue.cc:237] T 5ec4fca0c13d4dc0872cd28a23a4fca1 P 12161f6d5aec463badd355b31996c7e2 [LEADER]: Queue going to LEADER mode. State: All replicated index: 0, Majority replicated index: 0, Committed index: 0, Last appended: 0.0, Last appended by leader: 0, Current term: 1, Majority size: 2, State: 0, Mode: LEADER, active raft config: opid_index: -1 OBSOLETE_local: false peers { permanent_uuid: "12161f6d5aec463badd355b31996c7e2" member_type: VOTER last_known_addr { host: "127.16.59.65" port: 35511 } } peers { permanent_uuid: "21163a82512a4a76964a0a1deaf0b121" member_type: VOTER last_known_addr { host: "127.16.59.67" port: 33385 } } peers { permanent_uuid: "7e34c15c4b334b969f77f3fb503a2f33" member_type: VOTER last_known_addr { host: "127.16.59.66" port: 41119 } }
I20260608 12:55:17.225036 21330 tablet_bootstrap.cc:654] T 9166325586124d508e1f111e78dcd1a7 P 21163a82512a4a76964a0a1deaf0b121: Neither blocks nor log segments found. Creating new log.
I20260608 12:55:17.225222 21328 ts_tablet_manager.cc:1434] T 9166325586124d508e1f111e78dcd1a7 P 12161f6d5aec463badd355b31996c7e2: Time spent starting tablet: real 0.060s	user 0.015s	sys 0.014s
I20260608 12:55:17.226907 21328 tablet_bootstrap.cc:492] T 9d32a79135944efb9bfa0144f6a8faa8 P 12161f6d5aec463badd355b31996c7e2: Bootstrap starting.
I20260608 12:55:17.229125 21355 raft_consensus.cc:493] T 7e28ee7103f1447a998ad5e2ecd825a7 P 7e34c15c4b334b969f77f3fb503a2f33 [term 0 FOLLOWER]: Starting pre-election (no leader contacted us within the election timeout)
I20260608 12:55:17.230019 21355 raft_consensus.cc:515] T 7e28ee7103f1447a998ad5e2ecd825a7 P 7e34c15c4b334b969f77f3fb503a2f33 [term 0 FOLLOWER]: Starting pre-election with config: opid_index: -1 OBSOLETE_local: false peers { permanent_uuid: "12161f6d5aec463badd355b31996c7e2" member_type: VOTER last_known_addr { host: "127.16.59.65" port: 35511 } } peers { permanent_uuid: "7e34c15c4b334b969f77f3fb503a2f33" member_type: VOTER last_known_addr { host: "127.16.59.66" port: 41119 } } peers { permanent_uuid: "21163a82512a4a76964a0a1deaf0b121" member_type: VOTER last_known_addr { host: "127.16.59.67" port: 33385 } }
I20260608 12:55:17.213153 21358 raft_consensus.cc:515] T 5ec4fca0c13d4dc0872cd28a23a4fca1 P 7e34c15c4b334b969f77f3fb503a2f33 [term 2 FOLLOWER]: Starting leader election with config: opid_index: -1 OBSOLETE_local: false peers { permanent_uuid: "12161f6d5aec463badd355b31996c7e2" member_type: VOTER last_known_addr { host: "127.16.59.65" port: 35511 } } peers { permanent_uuid: "21163a82512a4a76964a0a1deaf0b121" member_type: VOTER last_known_addr { host: "127.16.59.67" port: 33385 } } peers { permanent_uuid: "7e34c15c4b334b969f77f3fb503a2f33" member_type: VOTER last_known_addr { host: "127.16.59.66" port: 41119 } }
I20260608 12:55:17.235001 21281 tablet_service.cc:1917] Received RequestConsensusVote() RPC: tablet_id: "7e28ee7103f1447a998ad5e2ecd825a7" candidate_uuid: "7e34c15c4b334b969f77f3fb503a2f33" candidate_term: 1 candidate_status { last_received { term: 0 index: 0 } } ignore_live_leader: false dest_uuid: "21163a82512a4a76964a0a1deaf0b121" is_pre_election: true
I20260608 12:55:17.235714 21358 leader_election.cc:290] T 5ec4fca0c13d4dc0872cd28a23a4fca1 P 7e34c15c4b334b969f77f3fb503a2f33 [CANDIDATE]: Term 2 election: Requested vote from peers 12161f6d5aec463badd355b31996c7e2 (127.16.59.65:35511), 21163a82512a4a76964a0a1deaf0b121 (127.16.59.67:33385)
I20260608 12:55:17.237243 21283 tablet_service.cc:1917] Received RequestConsensusVote() RPC: tablet_id: "5ec4fca0c13d4dc0872cd28a23a4fca1" candidate_uuid: "7e34c15c4b334b969f77f3fb503a2f33" candidate_term: 2 candidate_status { last_received { term: 0 index: 0 } } ignore_live_leader: false dest_uuid: "21163a82512a4a76964a0a1deaf0b121"
I20260608 12:55:17.237764 21133 tablet_service.cc:1917] Received RequestConsensusVote() RPC: tablet_id: "5ec4fca0c13d4dc0872cd28a23a4fca1" candidate_uuid: "7e34c15c4b334b969f77f3fb503a2f33" candidate_term: 2 candidate_status { last_received { term: 0 index: 0 } } ignore_live_leader: false dest_uuid: "12161f6d5aec463badd355b31996c7e2"
W20260608 12:55:17.238209 21172 leader_election.cc:343] T 7e28ee7103f1447a998ad5e2ecd825a7 P 7e34c15c4b334b969f77f3fb503a2f33 [CANDIDATE]: Term 1 pre-election: Tablet error from VoteRequest() call to peer 21163a82512a4a76964a0a1deaf0b121 (127.16.59.67:33385): Illegal state: must be running to vote when last-logged opid is not known
I20260608 12:55:17.237938 21283 raft_consensus.cc:3060] T 5ec4fca0c13d4dc0872cd28a23a4fca1 P 21163a82512a4a76964a0a1deaf0b121 [term 1 FOLLOWER]: Advancing to term 2
I20260608 12:55:17.234342 21134 tablet_service.cc:1917] Received RequestConsensusVote() RPC: tablet_id: "7e28ee7103f1447a998ad5e2ecd825a7" candidate_uuid: "7e34c15c4b334b969f77f3fb503a2f33" candidate_term: 1 candidate_status { last_received { term: 0 index: 0 } } ignore_live_leader: false dest_uuid: "12161f6d5aec463badd355b31996c7e2" is_pre_election: true
I20260608 12:55:17.239085 21355 leader_election.cc:290] T 7e28ee7103f1447a998ad5e2ecd825a7 P 7e34c15c4b334b969f77f3fb503a2f33 [CANDIDATE]: Term 1 pre-election: Requested pre-vote from peers 12161f6d5aec463badd355b31996c7e2 (127.16.59.65:35511), 21163a82512a4a76964a0a1deaf0b121 (127.16.59.67:33385)
I20260608 12:55:17.239436 21134 raft_consensus.cc:2468] T 7e28ee7103f1447a998ad5e2ecd825a7 P 12161f6d5aec463badd355b31996c7e2 [term 0 FOLLOWER]: Leader pre-election vote request: Granting yes vote for candidate 7e34c15c4b334b969f77f3fb503a2f33 in term 0.
I20260608 12:55:17.241750 21174 leader_election.cc:304] T 7e28ee7103f1447a998ad5e2ecd825a7 P 7e34c15c4b334b969f77f3fb503a2f33 [CANDIDATE]: Term 1 pre-election: Election decided. Result: candidate won. Election summary: received 3 responses out of 3 voters: 2 yes votes; 1 no votes. yes voters: 12161f6d5aec463badd355b31996c7e2, 7e34c15c4b334b969f77f3fb503a2f33; no voters: 21163a82512a4a76964a0a1deaf0b121
I20260608 12:55:17.243134 21355 raft_consensus.cc:2804] T 7e28ee7103f1447a998ad5e2ecd825a7 P 7e34c15c4b334b969f77f3fb503a2f33 [term 0 FOLLOWER]: Leader pre-election won for term 1
I20260608 12:55:17.243808 21355 raft_consensus.cc:493] T 7e28ee7103f1447a998ad5e2ecd825a7 P 7e34c15c4b334b969f77f3fb503a2f33 [term 0 FOLLOWER]: Starting leader election (no leader contacted us within the election timeout)
I20260608 12:55:17.244180 21355 raft_consensus.cc:3060] T 7e28ee7103f1447a998ad5e2ecd825a7 P 7e34c15c4b334b969f77f3fb503a2f33 [term 0 FOLLOWER]: Advancing to term 1
I20260608 12:55:17.246544 21283 raft_consensus.cc:2468] T 5ec4fca0c13d4dc0872cd28a23a4fca1 P 21163a82512a4a76964a0a1deaf0b121 [term 2 FOLLOWER]: Leader election vote request: Granting yes vote for candidate 7e34c15c4b334b969f77f3fb503a2f33 in term 2.
I20260608 12:55:17.249302 21172 leader_election.cc:304] T 5ec4fca0c13d4dc0872cd28a23a4fca1 P 7e34c15c4b334b969f77f3fb503a2f33 [CANDIDATE]: Term 2 election: Election decided. Result: candidate won. Election summary: received 3 responses out of 3 voters: 2 yes votes; 1 no votes. yes voters: 21163a82512a4a76964a0a1deaf0b121, 7e34c15c4b334b969f77f3fb503a2f33; no voters: 12161f6d5aec463badd355b31996c7e2
I20260608 12:55:17.249018 21032 catalog_manager.cc:5696] T 5ec4fca0c13d4dc0872cd28a23a4fca1 P 12161f6d5aec463badd355b31996c7e2 reported cstate change: term changed from 0 to 1, leader changed from <none> to 12161f6d5aec463badd355b31996c7e2 (127.16.59.65). New cstate: current_term: 1 leader_uuid: "12161f6d5aec463badd355b31996c7e2" committed_config { opid_index: -1 OBSOLETE_local: false peers { permanent_uuid: "12161f6d5aec463badd355b31996c7e2" member_type: VOTER last_known_addr { host: "127.16.59.65" port: 35511 } health_report { overall_health: HEALTHY } } peers { permanent_uuid: "21163a82512a4a76964a0a1deaf0b121" member_type: VOTER last_known_addr { host: "127.16.59.67" port: 33385 } health_report { overall_health: UNKNOWN } } peers { permanent_uuid: "7e34c15c4b334b969f77f3fb503a2f33" member_type: VOTER last_known_addr { host: "127.16.59.66" port: 41119 } health_report { overall_health: UNKNOWN } } }
I20260608 12:55:17.250910 21359 raft_consensus.cc:2804] T 5ec4fca0c13d4dc0872cd28a23a4fca1 P 7e34c15c4b334b969f77f3fb503a2f33 [term 2 FOLLOWER]: Leader election won for term 2
I20260608 12:55:17.251492 21359 raft_consensus.cc:697] T 5ec4fca0c13d4dc0872cd28a23a4fca1 P 7e34c15c4b334b969f77f3fb503a2f33 [term 2 LEADER]: Becoming Leader. State: Replica: 7e34c15c4b334b969f77f3fb503a2f33, State: Running, Role: LEADER
I20260608 12:55:17.251749 21335 raft_consensus.cc:493] T 0d853dca835e4b159e022a3ec188e0cd P 7e34c15c4b334b969f77f3fb503a2f33 [term 0 FOLLOWER]: Starting pre-election (no leader contacted us within the election timeout)
I20260608 12:55:17.252241 21335 raft_consensus.cc:515] T 0d853dca835e4b159e022a3ec188e0cd P 7e34c15c4b334b969f77f3fb503a2f33 [term 0 FOLLOWER]: Starting pre-election with config: opid_index: -1 OBSOLETE_local: false peers { permanent_uuid: "12161f6d5aec463badd355b31996c7e2" member_type: VOTER last_known_addr { host: "127.16.59.65" port: 35511 } } peers { permanent_uuid: "7e34c15c4b334b969f77f3fb503a2f33" member_type: VOTER last_known_addr { host: "127.16.59.66" port: 41119 } } peers { permanent_uuid: "21163a82512a4a76964a0a1deaf0b121" member_type: VOTER last_known_addr { host: "127.16.59.67" port: 33385 } }
I20260608 12:55:17.252343 21359 consensus_queue.cc:237] T 5ec4fca0c13d4dc0872cd28a23a4fca1 P 7e34c15c4b334b969f77f3fb503a2f33 [LEADER]: Queue going to LEADER mode. State: All replicated index: 0, Majority replicated index: 0, Committed index: 0, Last appended: 0.0, Last appended by leader: 0, Current term: 2, Majority size: 2, State: 0, Mode: LEADER, active raft config: opid_index: -1 OBSOLETE_local: false peers { permanent_uuid: "12161f6d5aec463badd355b31996c7e2" member_type: VOTER last_known_addr { host: "127.16.59.65" port: 35511 } } peers { permanent_uuid: "21163a82512a4a76964a0a1deaf0b121" member_type: VOTER last_known_addr { host: "127.16.59.67" port: 33385 } } peers { permanent_uuid: "7e34c15c4b334b969f77f3fb503a2f33" member_type: VOTER last_known_addr { host: "127.16.59.66" port: 41119 } }
I20260608 12:55:17.255268 21355 raft_consensus.cc:515] T 7e28ee7103f1447a998ad5e2ecd825a7 P 7e34c15c4b334b969f77f3fb503a2f33 [term 1 FOLLOWER]: Starting leader election with config: opid_index: -1 OBSOLETE_local: false peers { permanent_uuid: "12161f6d5aec463badd355b31996c7e2" member_type: VOTER last_known_addr { host: "127.16.59.65" port: 35511 } } peers { permanent_uuid: "7e34c15c4b334b969f77f3fb503a2f33" member_type: VOTER last_known_addr { host: "127.16.59.66" port: 41119 } } peers { permanent_uuid: "21163a82512a4a76964a0a1deaf0b121" member_type: VOTER last_known_addr { host: "127.16.59.67" port: 33385 } }
I20260608 12:55:17.256116 21134 tablet_service.cc:1917] Received RequestConsensusVote() RPC: tablet_id: "0d853dca835e4b159e022a3ec188e0cd" candidate_uuid: "7e34c15c4b334b969f77f3fb503a2f33" candidate_term: 1 candidate_status { last_received { term: 0 index: 0 } } ignore_live_leader: false dest_uuid: "12161f6d5aec463badd355b31996c7e2" is_pre_election: true
I20260608 12:55:17.256845 21134 raft_consensus.cc:2468] T 0d853dca835e4b159e022a3ec188e0cd P 12161f6d5aec463badd355b31996c7e2 [term 0 FOLLOWER]: Leader pre-election vote request: Granting yes vote for candidate 7e34c15c4b334b969f77f3fb503a2f33 in term 0.
I20260608 12:55:17.256268 21029 catalog_manager.cc:5696] T 67c889e4ea414e98ac88233d6b4c4ce0 P 7e34c15c4b334b969f77f3fb503a2f33 reported cstate change: term changed from 0 to 1, leader changed from <none> to 7e34c15c4b334b969f77f3fb503a2f33 (127.16.59.66). New cstate: current_term: 1 leader_uuid: "7e34c15c4b334b969f77f3fb503a2f33" committed_config { opid_index: -1 OBSOLETE_local: false peers { permanent_uuid: "12161f6d5aec463badd355b31996c7e2" member_type: VOTER last_known_addr { host: "127.16.59.65" port: 35511 } health_report { overall_health: UNKNOWN } } peers { permanent_uuid: "7e34c15c4b334b969f77f3fb503a2f33" member_type: VOTER last_known_addr { host: "127.16.59.66" port: 41119 } health_report { overall_health: HEALTHY } } peers { permanent_uuid: "21163a82512a4a76964a0a1deaf0b121" member_type: VOTER last_known_addr { host: "127.16.59.67" port: 33385 } health_report { overall_health: UNKNOWN } } }
I20260608 12:55:17.257887 21335 leader_election.cc:290] T 0d853dca835e4b159e022a3ec188e0cd P 7e34c15c4b334b969f77f3fb503a2f33 [CANDIDATE]: Term 1 pre-election: Requested pre-vote from peers 12161f6d5aec463badd355b31996c7e2 (127.16.59.65:35511), 21163a82512a4a76964a0a1deaf0b121 (127.16.59.67:33385)
I20260608 12:55:17.258733 21174 leader_election.cc:304] T 0d853dca835e4b159e022a3ec188e0cd P 7e34c15c4b334b969f77f3fb503a2f33 [CANDIDATE]: Term 1 pre-election: Election decided. Result: candidate won. Election summary: received 2 responses out of 3 voters: 2 yes votes; 0 no votes. yes voters: 12161f6d5aec463badd355b31996c7e2, 7e34c15c4b334b969f77f3fb503a2f33; no voters: 
I20260608 12:55:17.259038 21283 tablet_service.cc:1917] Received RequestConsensusVote() RPC: tablet_id: "0d853dca835e4b159e022a3ec188e0cd" candidate_uuid: "7e34c15c4b334b969f77f3fb503a2f33" candidate_term: 1 candidate_status { last_received { term: 0 index: 0 } } ignore_live_leader: false dest_uuid: "21163a82512a4a76964a0a1deaf0b121" is_pre_election: true
I20260608 12:55:17.259660 21335 raft_consensus.cc:2804] T 0d853dca835e4b159e022a3ec188e0cd P 7e34c15c4b334b969f77f3fb503a2f33 [term 0 FOLLOWER]: Leader pre-election won for term 1
I20260608 12:55:17.259718 21283 raft_consensus.cc:2468] T 0d853dca835e4b159e022a3ec188e0cd P 21163a82512a4a76964a0a1deaf0b121 [term 0 FOLLOWER]: Leader pre-election vote request: Granting yes vote for candidate 7e34c15c4b334b969f77f3fb503a2f33 in term 0.
I20260608 12:55:17.260337 21335 raft_consensus.cc:493] T 0d853dca835e4b159e022a3ec188e0cd P 7e34c15c4b334b969f77f3fb503a2f33 [term 0 FOLLOWER]: Starting leader election (no leader contacted us within the election timeout)
I20260608 12:55:17.260736 21335 raft_consensus.cc:3060] T 0d853dca835e4b159e022a3ec188e0cd P 7e34c15c4b334b969f77f3fb503a2f33 [term 0 FOLLOWER]: Advancing to term 1
I20260608 12:55:17.264343 21330 tablet_bootstrap.cc:492] T 9166325586124d508e1f111e78dcd1a7 P 21163a82512a4a76964a0a1deaf0b121: No bootstrap required, opened a new log
I20260608 12:55:17.266176 21330 ts_tablet_manager.cc:1403] T 9166325586124d508e1f111e78dcd1a7 P 21163a82512a4a76964a0a1deaf0b121: Time spent bootstrapping tablet: real 0.053s	user 0.016s	sys 0.012s
I20260608 12:55:17.258762 21134 tablet_service.cc:1917] Received RequestConsensusVote() RPC: tablet_id: "7e28ee7103f1447a998ad5e2ecd825a7" candidate_uuid: "7e34c15c4b334b969f77f3fb503a2f33" candidate_term: 1 candidate_status { last_received { term: 0 index: 0 } } ignore_live_leader: false dest_uuid: "12161f6d5aec463badd355b31996c7e2"
I20260608 12:55:17.267704 21134 raft_consensus.cc:3060] T 7e28ee7103f1447a998ad5e2ecd825a7 P 12161f6d5aec463badd355b31996c7e2 [term 0 FOLLOWER]: Advancing to term 1
I20260608 12:55:17.269328 21330 raft_consensus.cc:359] T 9166325586124d508e1f111e78dcd1a7 P 21163a82512a4a76964a0a1deaf0b121 [term 0 FOLLOWER]: Replica starting. Triggering 0 pending ops. Active config: opid_index: -1 OBSOLETE_local: false peers { permanent_uuid: "12161f6d5aec463badd355b31996c7e2" member_type: VOTER last_known_addr { host: "127.16.59.65" port: 35511 } } peers { permanent_uuid: "7e34c15c4b334b969f77f3fb503a2f33" member_type: VOTER last_known_addr { host: "127.16.59.66" port: 41119 } } peers { permanent_uuid: "21163a82512a4a76964a0a1deaf0b121" member_type: VOTER last_known_addr { host: "127.16.59.67" port: 33385 } }
I20260608 12:55:17.269905 21330 raft_consensus.cc:385] T 9166325586124d508e1f111e78dcd1a7 P 21163a82512a4a76964a0a1deaf0b121 [term 0 FOLLOWER]: Consensus starting up: Expiring failure detector timer to make a prompt election more likely
I20260608 12:55:17.270138 21330 raft_consensus.cc:740] T 9166325586124d508e1f111e78dcd1a7 P 21163a82512a4a76964a0a1deaf0b121 [term 0 FOLLOWER]: Becoming Follower/Learner. State: Replica: 21163a82512a4a76964a0a1deaf0b121, State: Initialized, Role: FOLLOWER
I20260608 12:55:17.270330 21329 tablet_bootstrap.cc:492] T 0dcb072087da4d8c8943d11d1368d3b8 P 7e34c15c4b334b969f77f3fb503a2f33: No bootstrap required, opened a new log
I20260608 12:55:17.270931 21329 ts_tablet_manager.cc:1403] T 0dcb072087da4d8c8943d11d1368d3b8 P 7e34c15c4b334b969f77f3fb503a2f33: Time spent bootstrapping tablet: real 0.137s	user 0.010s	sys 0.005s
I20260608 12:55:17.270923 21330 consensus_queue.cc:260] T 9166325586124d508e1f111e78dcd1a7 P 21163a82512a4a76964a0a1deaf0b121 [NON_LEADER]: Queue going to NON_LEADER mode. State: All replicated index: 0, Majority replicated index: 0, Committed index: 0, Last appended: 0.0, Last appended by leader: 0, Current term: 0, Majority size: -1, State: 0, Mode: NON_LEADER, active raft config: opid_index: -1 OBSOLETE_local: false peers { permanent_uuid: "12161f6d5aec463badd355b31996c7e2" member_type: VOTER last_known_addr { host: "127.16.59.65" port: 35511 } } peers { permanent_uuid: "7e34c15c4b334b969f77f3fb503a2f33" member_type: VOTER last_known_addr { host: "127.16.59.66" port: 41119 } } peers { permanent_uuid: "21163a82512a4a76964a0a1deaf0b121" member_type: VOTER last_known_addr { host: "127.16.59.67" port: 33385 } }
I20260608 12:55:17.273629 21330 ts_tablet_manager.cc:1434] T 9166325586124d508e1f111e78dcd1a7 P 21163a82512a4a76964a0a1deaf0b121: Time spent starting tablet: real 0.007s	user 0.000s	sys 0.004s
I20260608 12:55:17.274703 21330 tablet_bootstrap.cc:492] T 7e28ee7103f1447a998ad5e2ecd825a7 P 21163a82512a4a76964a0a1deaf0b121: Bootstrap starting.
I20260608 12:55:17.274384 21329 raft_consensus.cc:359] T 0dcb072087da4d8c8943d11d1368d3b8 P 7e34c15c4b334b969f77f3fb503a2f33 [term 0 FOLLOWER]: Replica starting. Triggering 0 pending ops. Active config: opid_index: -1 OBSOLETE_local: false peers { permanent_uuid: "12161f6d5aec463badd355b31996c7e2" member_type: VOTER last_known_addr { host: "127.16.59.65" port: 35511 } } peers { permanent_uuid: "7e34c15c4b334b969f77f3fb503a2f33" member_type: VOTER last_known_addr { host: "127.16.59.66" port: 41119 } } peers { permanent_uuid: "21163a82512a4a76964a0a1deaf0b121" member_type: VOTER last_known_addr { host: "127.16.59.67" port: 33385 } }
I20260608 12:55:17.275183 21329 raft_consensus.cc:385] T 0dcb072087da4d8c8943d11d1368d3b8 P 7e34c15c4b334b969f77f3fb503a2f33 [term 0 FOLLOWER]: Consensus starting up: Expiring failure detector timer to make a prompt election more likely
I20260608 12:55:17.275468 21329 raft_consensus.cc:740] T 0dcb072087da4d8c8943d11d1368d3b8 P 7e34c15c4b334b969f77f3fb503a2f33 [term 0 FOLLOWER]: Becoming Follower/Learner. State: Replica: 7e34c15c4b334b969f77f3fb503a2f33, State: Initialized, Role: FOLLOWER
I20260608 12:55:17.276228 21329 consensus_queue.cc:260] T 0dcb072087da4d8c8943d11d1368d3b8 P 7e34c15c4b334b969f77f3fb503a2f33 [NON_LEADER]: Queue going to NON_LEADER mode. State: All replicated index: 0, Majority replicated index: 0, Committed index: 0, Last appended: 0.0, Last appended by leader: 0, Current term: 0, Majority size: -1, State: 0, Mode: NON_LEADER, active raft config: opid_index: -1 OBSOLETE_local: false peers { permanent_uuid: "12161f6d5aec463badd355b31996c7e2" member_type: VOTER last_known_addr { host: "127.16.59.65" port: 35511 } } peers { permanent_uuid: "7e34c15c4b334b969f77f3fb503a2f33" member_type: VOTER last_known_addr { host: "127.16.59.66" port: 41119 } } peers { permanent_uuid: "21163a82512a4a76964a0a1deaf0b121" member_type: VOTER last_known_addr { host: "127.16.59.67" port: 33385 } }
I20260608 12:55:17.278752 21329 ts_tablet_manager.cc:1434] T 0dcb072087da4d8c8943d11d1368d3b8 P 7e34c15c4b334b969f77f3fb503a2f33: Time spent starting tablet: real 0.007s	user 0.004s	sys 0.004s
I20260608 12:55:17.279476 21328 tablet_bootstrap.cc:654] T 9d32a79135944efb9bfa0144f6a8faa8 P 12161f6d5aec463badd355b31996c7e2: Neither blocks nor log segments found. Creating new log.
I20260608 12:55:17.279994 21329 tablet_bootstrap.cc:492] T 73d38018afa0405fadd488870079acbd P 7e34c15c4b334b969f77f3fb503a2f33: Bootstrap starting.
I20260608 12:55:17.281556 21330 tablet_bootstrap.cc:654] T 7e28ee7103f1447a998ad5e2ecd825a7 P 21163a82512a4a76964a0a1deaf0b121: Neither blocks nor log segments found. Creating new log.
I20260608 12:55:17.284117 21134 raft_consensus.cc:2468] T 7e28ee7103f1447a998ad5e2ecd825a7 P 12161f6d5aec463badd355b31996c7e2 [term 1 FOLLOWER]: Leader election vote request: Granting yes vote for candidate 7e34c15c4b334b969f77f3fb503a2f33 in term 1.
I20260608 12:55:17.285419 21174 leader_election.cc:304] T 7e28ee7103f1447a998ad5e2ecd825a7 P 7e34c15c4b334b969f77f3fb503a2f33 [CANDIDATE]: Term 1 election: Election decided. Result: candidate won. Election summary: received 2 responses out of 3 voters: 2 yes votes; 0 no votes. yes voters: 12161f6d5aec463badd355b31996c7e2, 7e34c15c4b334b969f77f3fb503a2f33; no voters: 
I20260608 12:55:17.286315 21358 raft_consensus.cc:2804] T 7e28ee7103f1447a998ad5e2ecd825a7 P 7e34c15c4b334b969f77f3fb503a2f33 [term 1 FOLLOWER]: Leader election won for term 1
I20260608 12:55:17.278544 21335 raft_consensus.cc:515] T 0d853dca835e4b159e022a3ec188e0cd P 7e34c15c4b334b969f77f3fb503a2f33 [term 1 FOLLOWER]: Starting leader election with config: opid_index: -1 OBSOLETE_local: false peers { permanent_uuid: "12161f6d5aec463badd355b31996c7e2" member_type: VOTER last_known_addr { host: "127.16.59.65" port: 35511 } } peers { permanent_uuid: "7e34c15c4b334b969f77f3fb503a2f33" member_type: VOTER last_known_addr { host: "127.16.59.66" port: 41119 } } peers { permanent_uuid: "21163a82512a4a76964a0a1deaf0b121" member_type: VOTER last_known_addr { host: "127.16.59.67" port: 33385 } }
I20260608 12:55:17.287015 21358 raft_consensus.cc:697] T 7e28ee7103f1447a998ad5e2ecd825a7 P 7e34c15c4b334b969f77f3fb503a2f33 [term 1 LEADER]: Becoming Leader. State: Replica: 7e34c15c4b334b969f77f3fb503a2f33, State: Running, Role: LEADER
I20260608 12:55:17.288002 21358 consensus_queue.cc:237] T 7e28ee7103f1447a998ad5e2ecd825a7 P 7e34c15c4b334b969f77f3fb503a2f33 [LEADER]: Queue going to LEADER mode. State: All replicated index: 0, Majority replicated index: 0, Committed index: 0, Last appended: 0.0, Last appended by leader: 0, Current term: 1, Majority size: 2, State: 0, Mode: LEADER, active raft config: opid_index: -1 OBSOLETE_local: false peers { permanent_uuid: "12161f6d5aec463badd355b31996c7e2" member_type: VOTER last_known_addr { host: "127.16.59.65" port: 35511 } } peers { permanent_uuid: "7e34c15c4b334b969f77f3fb503a2f33" member_type: VOTER last_known_addr { host: "127.16.59.66" port: 41119 } } peers { permanent_uuid: "21163a82512a4a76964a0a1deaf0b121" member_type: VOTER last_known_addr { host: "127.16.59.67" port: 33385 } }
I20260608 12:55:17.289884 21133 tablet_service.cc:1917] Received RequestConsensusVote() RPC: tablet_id: "0d853dca835e4b159e022a3ec188e0cd" candidate_uuid: "7e34c15c4b334b969f77f3fb503a2f33" candidate_term: 1 candidate_status { last_received { term: 0 index: 0 } } ignore_live_leader: false dest_uuid: "12161f6d5aec463badd355b31996c7e2"
I20260608 12:55:17.290668 21133 raft_consensus.cc:3060] T 0d853dca835e4b159e022a3ec188e0cd P 12161f6d5aec463badd355b31996c7e2 [term 0 FOLLOWER]: Advancing to term 1
I20260608 12:55:17.291917 21355 leader_election.cc:290] T 7e28ee7103f1447a998ad5e2ecd825a7 P 7e34c15c4b334b969f77f3fb503a2f33 [CANDIDATE]: Term 1 election: Requested vote from peers 12161f6d5aec463badd355b31996c7e2 (127.16.59.65:35511), 21163a82512a4a76964a0a1deaf0b121 (127.16.59.67:33385)
I20260608 12:55:17.287041 21329 tablet_bootstrap.cc:654] T 73d38018afa0405fadd488870079acbd P 7e34c15c4b334b969f77f3fb503a2f33: Neither blocks nor log segments found. Creating new log.
I20260608 12:55:17.295229 21357 raft_consensus.cc:493] T 0dcb072087da4d8c8943d11d1368d3b8 P 12161f6d5aec463badd355b31996c7e2 [term 0 FOLLOWER]: Starting pre-election (no leader contacted us within the election timeout)
