I20260608 12:53:27.502291 18518 consensus_queue.cc:260] T 00000000000000000000000000000000 P f3fecc70dff84ea5871c130730fe17ca [NON_LEADER]: Queue going to NON_LEADER mode. State: All replicated index: 0, Majority replicated index: 0, Committed index: 0, Last appended: 0.0, Last appended by leader: 0, Current term: 0, Majority size: -1, State: 0, Mode: NON_LEADER, active raft config: opid_index: -1 OBSOLETE_local: true peers { permanent_uuid: "f3fecc70dff84ea5871c130730fe17ca" member_type: VOTER }
I20260608 12:53:27.502749 18518 raft_consensus.cc:399] T 00000000000000000000000000000000 P f3fecc70dff84ea5871c130730fe17ca [term 0 FOLLOWER]: Only one voter in the Raft config. Triggering election immediately
I20260608 12:53:27.502974 18518 raft_consensus.cc:493] T 00000000000000000000000000000000 P f3fecc70dff84ea5871c130730fe17ca [term 0 FOLLOWER]: Starting leader election (initial election of a single-replica configuration)
I20260608 12:53:27.503263 18518 raft_consensus.cc:3060] T 00000000000000000000000000000000 P f3fecc70dff84ea5871c130730fe17ca [term 0 FOLLOWER]: Advancing to term 1
I20260608 12:53:27.507373 18518 raft_consensus.cc:515] T 00000000000000000000000000000000 P f3fecc70dff84ea5871c130730fe17ca [term 1 FOLLOWER]: Starting leader election with config: opid_index: -1 OBSOLETE_local: true peers { permanent_uuid: "f3fecc70dff84ea5871c130730fe17ca" member_type: VOTER }
I20260608 12:53:27.507980 18518 leader_election.cc:304] T 00000000000000000000000000000000 P f3fecc70dff84ea5871c130730fe17ca [CANDIDATE]: Term 1 election: Election decided. Result: candidate won. Election summary: received 1 responses out of 1 voters: 1 yes votes; 0 no votes. yes voters: f3fecc70dff84ea5871c130730fe17ca; no voters: 
I20260608 12:53:27.509145 18518 leader_election.cc:290] T 00000000000000000000000000000000 P f3fecc70dff84ea5871c130730fe17ca [CANDIDATE]: Term 1 election: Requested vote from peers 
I20260608 12:53:27.509524 18521 raft_consensus.cc:2804] T 00000000000000000000000000000000 P f3fecc70dff84ea5871c130730fe17ca [term 1 FOLLOWER]: Leader election won for term 1
I20260608 12:53:27.510861 18521 raft_consensus.cc:697] T 00000000000000000000000000000000 P f3fecc70dff84ea5871c130730fe17ca [term 1 LEADER]: Becoming Leader. State: Replica: f3fecc70dff84ea5871c130730fe17ca, State: Running, Role: LEADER
I20260608 12:53:27.511575 18521 consensus_queue.cc:237] T 00000000000000000000000000000000 P f3fecc70dff84ea5871c130730fe17ca [LEADER]: Queue going to LEADER mode. State: All replicated index: 0, Majority replicated index: 0, Committed index: 0, Last appended: 0.0, Last appended by leader: 0, Current term: 1, Majority size: 1, State: 0, Mode: LEADER, active raft config: opid_index: -1 OBSOLETE_local: true peers { permanent_uuid: "f3fecc70dff84ea5871c130730fe17ca" member_type: VOTER }
I20260608 12:53:27.512207 18518 sys_catalog.cc:565] T 00000000000000000000000000000000 P f3fecc70dff84ea5871c130730fe17ca [sys.catalog]: configured and running, proceeding with master startup.
I20260608 12:53:27.514640 18523 sys_catalog.cc:455] T 00000000000000000000000000000000 P f3fecc70dff84ea5871c130730fe17ca [sys.catalog]: SysCatalogTable state changed. Reason: New leader f3fecc70dff84ea5871c130730fe17ca. Latest consensus state: current_term: 1 leader_uuid: "f3fecc70dff84ea5871c130730fe17ca" committed_config { opid_index: -1 OBSOLETE_local: true peers { permanent_uuid: "f3fecc70dff84ea5871c130730fe17ca" member_type: VOTER } }
I20260608 12:53:27.514617 18522 sys_catalog.cc:455] T 00000000000000000000000000000000 P f3fecc70dff84ea5871c130730fe17ca [sys.catalog]: SysCatalogTable state changed. Reason: RaftConsensus started. Latest consensus state: current_term: 1 leader_uuid: "f3fecc70dff84ea5871c130730fe17ca" committed_config { opid_index: -1 OBSOLETE_local: true peers { permanent_uuid: "f3fecc70dff84ea5871c130730fe17ca" member_type: VOTER } }
I20260608 12:53:27.515400 18522 sys_catalog.cc:458] T 00000000000000000000000000000000 P f3fecc70dff84ea5871c130730fe17ca [sys.catalog]: This master's current role is: LEADER
I20260608 12:53:27.515987 18523 sys_catalog.cc:458] T 00000000000000000000000000000000 P f3fecc70dff84ea5871c130730fe17ca [sys.catalog]: This master's current role is: LEADER
I20260608 12:53:27.520067 18527 catalog_manager.cc:1510] Loading table and tablet metadata into memory...
I20260608 12:53:27.524814 18527 catalog_manager.cc:1519] Initializing Kudu cluster ID...
I20260608 12:53:27.529491 16819 internal_mini_cluster.cc:184] Waiting to initialize catalog manager on master 0
I20260608 12:53:27.534335 18527 catalog_manager.cc:1382] Generated new cluster ID: ec2a6c5d4be3446fa1f7dcf35852f962
I20260608 12:53:27.534643 18527 catalog_manager.cc:1530] Initializing Kudu internal certificate authority...
I20260608 12:53:27.567030 18527 catalog_manager.cc:1405] Generated new certificate authority record
I20260608 12:53:27.568336 18527 catalog_manager.cc:1539] Loading token signing keys...
I20260608 12:53:27.580709 18527 catalog_manager.cc:6069] T 00000000000000000000000000000000 P f3fecc70dff84ea5871c130730fe17ca: Generated new TSK 0
I20260608 12:53:27.581313 18527 catalog_manager.cc:1549] Initializing in-progress tserver states...
I20260608 12:53:27.595887 16819 file_cache.cc:492] Constructed file cache file cache with capacity 419430
W20260608 12:53:27.601649 18539 instance_detector.cc:116] could not retrieve AWS instance metadata: Network error: curl error: HTTP response code said error: The requested URL returned error: 404
W20260608 12:53:27.603029 18540 instance_detector.cc:116] could not retrieve Azure instance metadata: Network error: curl error: HTTP response code said error: The requested URL returned error: 404
W20260608 12:53:27.603893 18542 instance_detector.cc:116] could not retrieve OpenStack instance metadata: Network error: curl error: HTTP response code said error: The requested URL returned error: 404
I20260608 12:53:27.604583 16819 server_base.cc:1061] running on GCE node
I20260608 12:53:27.605294 16819 hybrid_clock.cc:584] initializing the hybrid clock with 'system_unsync' time source
W20260608 12:53:27.605465 16819 system_unsync_time.cc:38] NTP support is disabled. Clock error bounds will not be accurate. This configuration is not suitable for distributed clusters.
I20260608 12:53:27.605585 16819 hybrid_clock.cc:648] HybridClock initialized: now 1780923207605575 us; error 0 us; skew 500 ppm
I20260608 12:53:27.606088 16819 server_base.cc:861] Flag tcmalloc_max_total_thread_cache_bytes is not working since tcmalloc is not enabled.
I20260608 12:53:27.608331 16819 webserver.cc:533] Webserver started at http://127.16.108.193:39057/ using document root <none> and password file <none>
I20260608 12:53:27.608871 16819 fs_manager.cc:362] Metadata directory not provided
I20260608 12:53:27.609073 16819 fs_manager.cc:368] Using write-ahead log directory (fs_wal_dir) as metadata directory
I20260608 12:53:27.609371 16819 server_base.cc:909] This appears to be a new deployment of Kudu; creating new FS layout
I20260608 12:53:27.610435 16819 fs_manager.cc:1068] Generated new instance metadata in path /tmp/dist-test-taskBoyFIa/test-tmp/auto_rebalancer-test.0.AutoRebalancerTest.MovesScheduledIfAddTserver.1780923185861152-16819-0/minicluster-data/ts-0-root/instance:
uuid: "ee626a3e225a464eab671f8e0c9f746a"
format_stamp: "Formatted at 2026-06-08 12:53:27 on dist-test-slave-j9fj"
I20260608 12:53:27.615218 16819 fs_manager.cc:696] Time spent creating directory manager: real 0.004s	user 0.004s	sys 0.003s
I20260608 12:53:27.618716 18547 log_block_manager.cc:4031] Time spent loading block containers with low live blocks: real 0.000s	user 0.000s	sys 0.000s
I20260608 12:53:27.619416 16819 fs_manager.cc:730] Time spent opening block manager: real 0.002s	user 0.002s	sys 0.000s
I20260608 12:53:27.619719 16819 fs_manager.cc:647] Opened local filesystem: /tmp/dist-test-taskBoyFIa/test-tmp/auto_rebalancer-test.0.AutoRebalancerTest.MovesScheduledIfAddTserver.1780923185861152-16819-0/minicluster-data/ts-0-root
uuid: "ee626a3e225a464eab671f8e0c9f746a"
format_stamp: "Formatted at 2026-06-08 12:53:27 on dist-test-slave-j9fj"
I20260608 12:53:27.620057 16819 fs_report.cc:389] FS layout report
--------------------
wal directory: /tmp/dist-test-taskBoyFIa/test-tmp/auto_rebalancer-test.0.AutoRebalancerTest.MovesScheduledIfAddTserver.1780923185861152-16819-0/minicluster-data/ts-0-root
metadata directory: /tmp/dist-test-taskBoyFIa/test-tmp/auto_rebalancer-test.0.AutoRebalancerTest.MovesScheduledIfAddTserver.1780923185861152-16819-0/minicluster-data/ts-0-root
1 data directories: /tmp/dist-test-taskBoyFIa/test-tmp/auto_rebalancer-test.0.AutoRebalancerTest.MovesScheduledIfAddTserver.1780923185861152-16819-0/minicluster-data/ts-0-root/data
Total live blocks: 0
Total live bytes: 0
Total live bytes (after alignment): 0
Total number of LBM containers: 0 (0 full)
Did not check for missing blocks
Did not check for orphaned blocks
Total full LBM containers with extra space: 0 (0 repaired)
Total full LBM container extra space in bytes: 0 (0 repaired)
Total incomplete LBM containers: 0 (0 repaired)
Total LBM partial records: 0 (0 repaired)
Total corrupted LBM metadata records in RocksDB: 0 (0 repaired)
I20260608 12:53:27.644908 16819 rpc_server.cc:225] running with OpenSSL 1.1.1  11 Sep 2018
I20260608 12:53:27.646620 16819 kserver.cc:163] Server-wide thread pool size limit: 3276
I20260608 12:53:27.648180 16819 txn_system_client.cc:432] TxnSystemClient initialization is disabled...
I20260608 12:53:27.650538 16819 ts_tablet_manager.cc:585] Loaded tablet metadata (0 total tablets, 0 live tablets)
I20260608 12:53:27.650763 16819 ts_tablet_manager.cc:531] Time spent load tablet metadata: real 0.000s	user 0.000s	sys 0.000s
I20260608 12:53:27.651013 16819 ts_tablet_manager.cc:616] Registered 0 tablets
I20260608 12:53:27.651186 16819 ts_tablet_manager.cc:595] Time spent register tablets: real 0.000s	user 0.000s	sys 0.000s
I20260608 12:53:27.691537 16819 rpc_server.cc:307] RPC server started. Bound to: 127.16.108.193:37635
I20260608 12:53:27.691663 18609 acceptor_pool.cc:272] collecting diagnostics on the listening RPC socket 127.16.108.193:37635 every 8 connection(s)
I20260608 12:53:27.697034 16819 file_cache.cc:492] Constructed file cache file cache with capacity 419430
W20260608 12:53:27.705443 18615 instance_detector.cc:116] could not retrieve Azure instance metadata: Network error: curl error: HTTP response code said error: The requested URL returned error: 404
W20260608 12:53:27.706323 18614 instance_detector.cc:116] could not retrieve AWS instance metadata: Network error: curl error: HTTP response code said error: The requested URL returned error: 404
W20260608 12:53:27.710327 18617 instance_detector.cc:116] could not retrieve OpenStack instance metadata: Network error: curl error: HTTP response code said error: The requested URL returned error: 404
I20260608 12:53:27.711071 16819 server_base.cc:1061] running on GCE node
I20260608 12:53:27.712051 18610 heartbeater.cc:344] Connected to a master server at 127.16.108.254:43463
I20260608 12:53:27.712092 16819 hybrid_clock.cc:584] initializing the hybrid clock with 'system_unsync' time source
W20260608 12:53:27.712613 16819 system_unsync_time.cc:38] NTP support is disabled. Clock error bounds will not be accurate. This configuration is not suitable for distributed clusters.
I20260608 12:53:27.712625 18610 heartbeater.cc:461] Registering TS with master...
I20260608 12:53:27.712952 16819 hybrid_clock.cc:648] HybridClock initialized: now 1780923207712931 us; error 0 us; skew 500 ppm
I20260608 12:53:27.713718 16819 server_base.cc:861] Flag tcmalloc_max_total_thread_cache_bytes is not working since tcmalloc is not enabled.
I20260608 12:53:27.713632 18610 heartbeater.cc:507] Master 127.16.108.254:43463 requested a full tablet report, sending...
I20260608 12:53:27.716351 18483 ts_manager.cc:194] Registered new tserver with Master: ee626a3e225a464eab671f8e0c9f746a (127.16.108.193:37635)
I20260608 12:53:27.716600 16819 webserver.cc:533] Webserver started at http://127.16.108.194:42577/ using document root <none> and password file <none>
I20260608 12:53:27.717372 16819 fs_manager.cc:362] Metadata directory not provided
I20260608 12:53:27.717614 16819 fs_manager.cc:368] Using write-ahead log directory (fs_wal_dir) as metadata directory
I20260608 12:53:27.717959 16819 server_base.cc:909] This appears to be a new deployment of Kudu; creating new FS layout
I20260608 12:53:27.718935 18483 master_service.cc:502] Signed X509 certificate for tserver {username='slave'} at 127.0.0.1:48750
I20260608 12:53:27.719448 16819 fs_manager.cc:1068] Generated new instance metadata in path /tmp/dist-test-taskBoyFIa/test-tmp/auto_rebalancer-test.0.AutoRebalancerTest.MovesScheduledIfAddTserver.1780923185861152-16819-0/minicluster-data/ts-1-root/instance:
uuid: "78b5c8a1f84849d8bfecd66b2449380a"
format_stamp: "Formatted at 2026-06-08 12:53:27 on dist-test-slave-j9fj"
I20260608 12:53:27.724385 16819 fs_manager.cc:696] Time spent creating directory manager: real 0.004s	user 0.004s	sys 0.000s
I20260608 12:53:27.727679 18622 log_block_manager.cc:4031] Time spent loading block containers with low live blocks: real 0.000s	user 0.000s	sys 0.000s
I20260608 12:53:27.728471 16819 fs_manager.cc:730] Time spent opening block manager: real 0.002s	user 0.002s	sys 0.001s
I20260608 12:53:27.728788 16819 fs_manager.cc:647] Opened local filesystem: /tmp/dist-test-taskBoyFIa/test-tmp/auto_rebalancer-test.0.AutoRebalancerTest.MovesScheduledIfAddTserver.1780923185861152-16819-0/minicluster-data/ts-1-root
uuid: "78b5c8a1f84849d8bfecd66b2449380a"
format_stamp: "Formatted at 2026-06-08 12:53:27 on dist-test-slave-j9fj"
I20260608 12:53:27.729115 16819 fs_report.cc:389] FS layout report
--------------------
wal directory: /tmp/dist-test-taskBoyFIa/test-tmp/auto_rebalancer-test.0.AutoRebalancerTest.MovesScheduledIfAddTserver.1780923185861152-16819-0/minicluster-data/ts-1-root
metadata directory: /tmp/dist-test-taskBoyFIa/test-tmp/auto_rebalancer-test.0.AutoRebalancerTest.MovesScheduledIfAddTserver.1780923185861152-16819-0/minicluster-data/ts-1-root
1 data directories: /tmp/dist-test-taskBoyFIa/test-tmp/auto_rebalancer-test.0.AutoRebalancerTest.MovesScheduledIfAddTserver.1780923185861152-16819-0/minicluster-data/ts-1-root/data
Total live blocks: 0
Total live bytes: 0
Total live bytes (after alignment): 0
Total number of LBM containers: 0 (0 full)
Did not check for missing blocks
Did not check for orphaned blocks
Total full LBM containers with extra space: 0 (0 repaired)
Total full LBM container extra space in bytes: 0 (0 repaired)
Total incomplete LBM containers: 0 (0 repaired)
Total LBM partial records: 0 (0 repaired)
Total corrupted LBM metadata records in RocksDB: 0 (0 repaired)
I20260608 12:53:27.748512 16819 rpc_server.cc:225] running with OpenSSL 1.1.1  11 Sep 2018
I20260608 12:53:27.749742 16819 kserver.cc:163] Server-wide thread pool size limit: 3276
I20260608 12:53:27.751339 16819 txn_system_client.cc:432] TxnSystemClient initialization is disabled...
I20260608 12:53:27.753819 16819 ts_tablet_manager.cc:585] Loaded tablet metadata (0 total tablets, 0 live tablets)
I20260608 12:53:27.754050 16819 ts_tablet_manager.cc:531] Time spent load tablet metadata: real 0.000s	user 0.000s	sys 0.000s
I20260608 12:53:27.754325 16819 ts_tablet_manager.cc:616] Registered 0 tablets
I20260608 12:53:27.754496 16819 ts_tablet_manager.cc:595] Time spent register tablets: real 0.000s	user 0.000s	sys 0.000s
I20260608 12:53:27.794059 16819 rpc_server.cc:307] RPC server started. Bound to: 127.16.108.194:39625
I20260608 12:53:27.794171 18684 acceptor_pool.cc:272] collecting diagnostics on the listening RPC socket 127.16.108.194:39625 every 8 connection(s)
I20260608 12:53:27.799049 16819 file_cache.cc:492] Constructed file cache file cache with capacity 419430
W20260608 12:53:27.806449 18688 instance_detector.cc:116] could not retrieve AWS instance metadata: Network error: curl error: HTTP response code said error: The requested URL returned error: 404
W20260608 12:53:27.808218 18689 instance_detector.cc:116] could not retrieve Azure instance metadata: Network error: curl error: HTTP response code said error: The requested URL returned error: 404
W20260608 12:53:27.810616 18691 instance_detector.cc:116] could not retrieve OpenStack instance metadata: Network error: curl error: HTTP response code said error: The requested URL returned error: 404
I20260608 12:53:27.811504 16819 server_base.cc:1061] running on GCE node
I20260608 12:53:27.812429 18685 heartbeater.cc:344] Connected to a master server at 127.16.108.254:43463
I20260608 12:53:27.812552 16819 hybrid_clock.cc:584] initializing the hybrid clock with 'system_unsync' time source
I20260608 12:53:27.812831 18685 heartbeater.cc:461] Registering TS with master...
W20260608 12:53:27.812865 16819 system_unsync_time.cc:38] NTP support is disabled. Clock error bounds will not be accurate. This configuration is not suitable for distributed clusters.
I20260608 12:53:27.813311 16819 hybrid_clock.cc:648] HybridClock initialized: now 1780923207813288 us; error 0 us; skew 500 ppm
I20260608 12:53:27.813995 16819 server_base.cc:861] Flag tcmalloc_max_total_thread_cache_bytes is not working since tcmalloc is not enabled.
I20260608 12:53:27.813937 18685 heartbeater.cc:507] Master 127.16.108.254:43463 requested a full tablet report, sending...
I20260608 12:53:27.816339 18483 ts_manager.cc:194] Registered new tserver with Master: 78b5c8a1f84849d8bfecd66b2449380a (127.16.108.194:39625)
I20260608 12:53:27.816892 16819 webserver.cc:533] Webserver started at http://127.16.108.195:39791/ using document root <none> and password file <none>
I20260608 12:53:27.817425 16819 fs_manager.cc:362] Metadata directory not provided
I20260608 12:53:27.817647 16819 fs_manager.cc:368] Using write-ahead log directory (fs_wal_dir) as metadata directory
I20260608 12:53:27.817827 18483 master_service.cc:502] Signed X509 certificate for tserver {username='slave'} at 127.0.0.1:48762
I20260608 12:53:27.817927 16819 server_base.cc:909] This appears to be a new deployment of Kudu; creating new FS layout
I20260608 12:53:27.819358 16819 fs_manager.cc:1068] Generated new instance metadata in path /tmp/dist-test-taskBoyFIa/test-tmp/auto_rebalancer-test.0.AutoRebalancerTest.MovesScheduledIfAddTserver.1780923185861152-16819-0/minicluster-data/ts-2-root/instance:
uuid: "051acdddd6bd4c488d88a1fdf2ce525b"
format_stamp: "Formatted at 2026-06-08 12:53:27 on dist-test-slave-j9fj"
I20260608 12:53:27.824060 16819 fs_manager.cc:696] Time spent creating directory manager: real 0.004s	user 0.003s	sys 0.000s
I20260608 12:53:27.827472 18696 log_block_manager.cc:4031] Time spent loading block containers with low live blocks: real 0.000s	user 0.000s	sys 0.000s
I20260608 12:53:27.828293 16819 fs_manager.cc:730] Time spent opening block manager: real 0.002s	user 0.003s	sys 0.000s
I20260608 12:53:27.828581 16819 fs_manager.cc:647] Opened local filesystem: /tmp/dist-test-taskBoyFIa/test-tmp/auto_rebalancer-test.0.AutoRebalancerTest.MovesScheduledIfAddTserver.1780923185861152-16819-0/minicluster-data/ts-2-root
uuid: "051acdddd6bd4c488d88a1fdf2ce525b"
format_stamp: "Formatted at 2026-06-08 12:53:27 on dist-test-slave-j9fj"
I20260608 12:53:27.828886 16819 fs_report.cc:389] FS layout report
--------------------
wal directory: /tmp/dist-test-taskBoyFIa/test-tmp/auto_rebalancer-test.0.AutoRebalancerTest.MovesScheduledIfAddTserver.1780923185861152-16819-0/minicluster-data/ts-2-root
metadata directory: /tmp/dist-test-taskBoyFIa/test-tmp/auto_rebalancer-test.0.AutoRebalancerTest.MovesScheduledIfAddTserver.1780923185861152-16819-0/minicluster-data/ts-2-root
1 data directories: /tmp/dist-test-taskBoyFIa/test-tmp/auto_rebalancer-test.0.AutoRebalancerTest.MovesScheduledIfAddTserver.1780923185861152-16819-0/minicluster-data/ts-2-root/data
Total live blocks: 0
Total live bytes: 0
Total live bytes (after alignment): 0
Total number of LBM containers: 0 (0 full)
Did not check for missing blocks
Did not check for orphaned blocks
Total full LBM containers with extra space: 0 (0 repaired)
Total full LBM container extra space in bytes: 0 (0 repaired)
Total incomplete LBM containers: 0 (0 repaired)
Total LBM partial records: 0 (0 repaired)
Total corrupted LBM metadata records in RocksDB: 0 (0 repaired)
I20260608 12:53:27.863947 16819 rpc_server.cc:225] running with OpenSSL 1.1.1  11 Sep 2018
I20260608 12:53:27.865204 16819 kserver.cc:163] Server-wide thread pool size limit: 3276
I20260608 12:53:27.866683 16819 txn_system_client.cc:432] TxnSystemClient initialization is disabled...
I20260608 12:53:27.868949 16819 ts_tablet_manager.cc:585] Loaded tablet metadata (0 total tablets, 0 live tablets)
I20260608 12:53:27.869155 16819 ts_tablet_manager.cc:531] Time spent load tablet metadata: real 0.000s	user 0.000s	sys 0.000s
I20260608 12:53:27.869444 16819 ts_tablet_manager.cc:616] Registered 0 tablets
I20260608 12:53:27.869607 16819 ts_tablet_manager.cc:595] Time spent register tablets: real 0.000s	user 0.000s	sys 0.000s
I20260608 12:53:27.909515 16819 rpc_server.cc:307] RPC server started. Bound to: 127.16.108.195:41341
I20260608 12:53:27.909636 18758 acceptor_pool.cc:272] collecting diagnostics on the listening RPC socket 127.16.108.195:41341 every 8 connection(s)
I20260608 12:53:27.924394 18759 heartbeater.cc:344] Connected to a master server at 127.16.108.254:43463
I20260608 12:53:27.924805 18759 heartbeater.cc:461] Registering TS with master...
I20260608 12:53:27.925537 18759 heartbeater.cc:507] Master 127.16.108.254:43463 requested a full tablet report, sending...
I20260608 12:53:27.927556 18483 ts_manager.cc:194] Registered new tserver with Master: 051acdddd6bd4c488d88a1fdf2ce525b (127.16.108.195:41341)
I20260608 12:53:27.928455 16819 internal_mini_cluster.cc:371] 3 TS(s) registered with all masters after 0.015587996s
I20260608 12:53:27.928988 18483 master_service.cc:502] Signed X509 certificate for tserver {username='slave'} at 127.0.0.1:48772
I20260608 12:53:28.721807 18610 heartbeater.cc:499] Master 127.16.108.254:43463 was elected leader, sending a full tablet report...
I20260608 12:53:28.820477 18685 heartbeater.cc:499] Master 127.16.108.254:43463 was elected leader, sending a full tablet report...
I20260608 12:53:28.931998 18759 heartbeater.cc:499] Master 127.16.108.254:43463 was elected leader, sending a full tablet report...
I20260608 12:53:28.984939 18483 catalog_manager.cc:2282] Servicing CreateTable request from {username='slave'} at 127.0.0.1:48778:
name: "test-workload"
schema {
  columns {
    name: "key"
    type: INT32
    is_key: true
    is_nullable: false
    encoding: AUTO_ENCODING
    compression: DEFAULT_COMPRESSION
    cfile_block_size: 0
    immutable: false
  }
  columns {
    name: "int_val"
    type: INT32
    is_key: false
    is_nullable: false
    encoding: AUTO_ENCODING
    compression: DEFAULT_COMPRESSION
    cfile_block_size: 0
    immutable: false
  }
  columns {
    name: "string_val"
    type: STRING
    is_key: false
    is_nullable: true
    encoding: AUTO_ENCODING
    compression: DEFAULT_COMPRESSION
    cfile_block_size: 0
    immutable: false
  }
}
num_replicas: 3
split_rows_range_bounds {
  rows: "\004\001\000\377\377\377?""\004\001\000\377\377\377?"
  indirect_data: """"
}
partition_schema {
  range_schema {
    columns {
      name: "key"
    }
  }
}
W20260608 12:53:28.987195 18483 catalog_manager.cc:7076] The number of live tablet servers is not enough to re-replicate a tablet replica of the newly created table test-workload in case of a server failure: 4 tablet servers would be needed, 3 are available. Consider bringing up more tablet servers.
I20260608 12:53:29.034399 18575 tablet_service.cc:1511] Processing CreateTablet for tablet d9cc6ba53c6142e499e59b16909d287f (DEFAULT_TABLE table=test-workload [id=51ca205d4c1149c283ed1c9f41cee224]), partition=RANGE (key) PARTITION VALUES < 1073741823
I20260608 12:53:29.036087 18575 data_dirs.cc:400] Could only allocate 1 dirs of requested 3 for tablet d9cc6ba53c6142e499e59b16909d287f. 1 dirs total, 0 dirs full, 0 dirs failed
I20260608 12:53:29.041584 18574 tablet_service.cc:1511] Processing CreateTablet for tablet 2fec46ba6af945b38e88230fa583a9f6 (DEFAULT_TABLE table=test-workload [id=51ca205d4c1149c283ed1c9f41cee224]), partition=RANGE (key) PARTITION 1073741823 <= VALUES
I20260608 12:53:29.043011 18574 data_dirs.cc:400] Could only allocate 1 dirs of requested 3 for tablet 2fec46ba6af945b38e88230fa583a9f6. 1 dirs total, 0 dirs full, 0 dirs failed
I20260608 12:53:29.049904 18723 tablet_service.cc:1511] Processing CreateTablet for tablet 2fec46ba6af945b38e88230fa583a9f6 (DEFAULT_TABLE table=test-workload [id=51ca205d4c1149c283ed1c9f41cee224]), partition=RANGE (key) PARTITION 1073741823 <= VALUES
I20260608 12:53:29.049904 18724 tablet_service.cc:1511] Processing CreateTablet for tablet d9cc6ba53c6142e499e59b16909d287f (DEFAULT_TABLE table=test-workload [id=51ca205d4c1149c283ed1c9f41cee224]), partition=RANGE (key) PARTITION VALUES < 1073741823
I20260608 12:53:29.051396 18723 data_dirs.cc:400] Could only allocate 1 dirs of requested 3 for tablet 2fec46ba6af945b38e88230fa583a9f6. 1 dirs total, 0 dirs full, 0 dirs failed
I20260608 12:53:29.052812 18650 tablet_service.cc:1511] Processing CreateTablet for tablet d9cc6ba53c6142e499e59b16909d287f (DEFAULT_TABLE table=test-workload [id=51ca205d4c1149c283ed1c9f41cee224]), partition=RANGE (key) PARTITION VALUES < 1073741823
I20260608 12:53:29.054194 18650 data_dirs.cc:400] Could only allocate 1 dirs of requested 3 for tablet d9cc6ba53c6142e499e59b16909d287f. 1 dirs total, 0 dirs full, 0 dirs failed
I20260608 12:53:29.060326 18724 data_dirs.cc:400] Could only allocate 1 dirs of requested 3 for tablet d9cc6ba53c6142e499e59b16909d287f. 1 dirs total, 0 dirs full, 0 dirs failed
I20260608 12:53:29.063520 18649 tablet_service.cc:1511] Processing CreateTablet for tablet 2fec46ba6af945b38e88230fa583a9f6 (DEFAULT_TABLE table=test-workload [id=51ca205d4c1149c283ed1c9f41cee224]), partition=RANGE (key) PARTITION 1073741823 <= VALUES
I20260608 12:53:29.065440 18649 data_dirs.cc:400] Could only allocate 1 dirs of requested 3 for tablet 2fec46ba6af945b38e88230fa583a9f6. 1 dirs total, 0 dirs full, 0 dirs failed
I20260608 12:53:29.081502 18780 tablet_bootstrap.cc:492] T 2fec46ba6af945b38e88230fa583a9f6 P 051acdddd6bd4c488d88a1fdf2ce525b: Bootstrap starting.
I20260608 12:53:29.087153 18780 tablet_bootstrap.cc:654] T 2fec46ba6af945b38e88230fa583a9f6 P 051acdddd6bd4c488d88a1fdf2ce525b: Neither blocks nor log segments found. Creating new log.
I20260608 12:53:29.089947 18779 tablet_bootstrap.cc:492] T d9cc6ba53c6142e499e59b16909d287f P ee626a3e225a464eab671f8e0c9f746a: Bootstrap starting.
I20260608 12:53:29.095252 18782 tablet_bootstrap.cc:492] T 2fec46ba6af945b38e88230fa583a9f6 P 78b5c8a1f84849d8bfecd66b2449380a: Bootstrap starting.
I20260608 12:53:29.098937 18779 tablet_bootstrap.cc:654] T d9cc6ba53c6142e499e59b16909d287f P ee626a3e225a464eab671f8e0c9f746a: Neither blocks nor log segments found. Creating new log.
I20260608 12:53:29.100021 18780 tablet_bootstrap.cc:492] T 2fec46ba6af945b38e88230fa583a9f6 P 051acdddd6bd4c488d88a1fdf2ce525b: No bootstrap required, opened a new log
I20260608 12:53:29.100557 18780 ts_tablet_manager.cc:1403] T 2fec46ba6af945b38e88230fa583a9f6 P 051acdddd6bd4c488d88a1fdf2ce525b: Time spent bootstrapping tablet: real 0.019s	user 0.010s	sys 0.003s
I20260608 12:53:29.101573 18782 tablet_bootstrap.cc:654] T 2fec46ba6af945b38e88230fa583a9f6 P 78b5c8a1f84849d8bfecd66b2449380a: Neither blocks nor log segments found. Creating new log.
I20260608 12:53:29.103699 18780 raft_consensus.cc:359] T 2fec46ba6af945b38e88230fa583a9f6 P 051acdddd6bd4c488d88a1fdf2ce525b [term 0 FOLLOWER]: Replica starting. Triggering 0 pending ops. Active config: opid_index: -1 OBSOLETE_local: false peers { permanent_uuid: "ee626a3e225a464eab671f8e0c9f746a" member_type: VOTER last_known_addr { host: "127.16.108.193" port: 37635 } } peers { permanent_uuid: "78b5c8a1f84849d8bfecd66b2449380a" member_type: VOTER last_known_addr { host: "127.16.108.194" port: 39625 } } peers { permanent_uuid: "051acdddd6bd4c488d88a1fdf2ce525b" member_type: VOTER last_known_addr { host: "127.16.108.195" port: 41341 } }
I20260608 12:53:29.104496 18780 raft_consensus.cc:385] T 2fec46ba6af945b38e88230fa583a9f6 P 051acdddd6bd4c488d88a1fdf2ce525b [term 0 FOLLOWER]: Consensus starting up: Expiring failure detector timer to make a prompt election more likely
I20260608 12:53:29.104887 18779 tablet_bootstrap.cc:492] T d9cc6ba53c6142e499e59b16909d287f P ee626a3e225a464eab671f8e0c9f746a: No bootstrap required, opened a new log
I20260608 12:53:29.104813 18780 raft_consensus.cc:740] T 2fec46ba6af945b38e88230fa583a9f6 P 051acdddd6bd4c488d88a1fdf2ce525b [term 0 FOLLOWER]: Becoming Follower/Learner. State: Replica: 051acdddd6bd4c488d88a1fdf2ce525b, State: Initialized, Role: FOLLOWER
I20260608 12:53:29.105501 18779 ts_tablet_manager.cc:1403] T d9cc6ba53c6142e499e59b16909d287f P ee626a3e225a464eab671f8e0c9f746a: Time spent bootstrapping tablet: real 0.016s	user 0.013s	sys 0.000s
I20260608 12:53:29.105988 18780 consensus_queue.cc:260] T 2fec46ba6af945b38e88230fa583a9f6 P 051acdddd6bd4c488d88a1fdf2ce525b [NON_LEADER]: Queue going to NON_LEADER mode. State: All replicated index: 0, Majority replicated index: 0, Committed index: 0, Last appended: 0.0, Last appended by leader: 0, Current term: 0, Majority size: -1, State: 0, Mode: NON_LEADER, active raft config: opid_index: -1 OBSOLETE_local: false peers { permanent_uuid: "ee626a3e225a464eab671f8e0c9f746a" member_type: VOTER last_known_addr { host: "127.16.108.193" port: 37635 } } peers { permanent_uuid: "78b5c8a1f84849d8bfecd66b2449380a" member_type: VOTER last_known_addr { host: "127.16.108.194" port: 39625 } } peers { permanent_uuid: "051acdddd6bd4c488d88a1fdf2ce525b" member_type: VOTER last_known_addr { host: "127.16.108.195" port: 41341 } }
I20260608 12:53:29.106863 18782 tablet_bootstrap.cc:492] T 2fec46ba6af945b38e88230fa583a9f6 P 78b5c8a1f84849d8bfecd66b2449380a: No bootstrap required, opened a new log
I20260608 12:53:29.107267 18782 ts_tablet_manager.cc:1403] T 2fec46ba6af945b38e88230fa583a9f6 P 78b5c8a1f84849d8bfecd66b2449380a: Time spent bootstrapping tablet: real 0.012s	user 0.003s	sys 0.007s
I20260608 12:53:29.109122 18780 ts_tablet_manager.cc:1434] T 2fec46ba6af945b38e88230fa583a9f6 P 051acdddd6bd4c488d88a1fdf2ce525b: Time spent starting tablet: real 0.008s	user 0.007s	sys 0.001s
I20260608 12:53:29.108774 18779 raft_consensus.cc:359] T d9cc6ba53c6142e499e59b16909d287f P ee626a3e225a464eab671f8e0c9f746a [term 0 FOLLOWER]: Replica starting. Triggering 0 pending ops. Active config: opid_index: -1 OBSOLETE_local: false peers { permanent_uuid: "ee626a3e225a464eab671f8e0c9f746a" member_type: VOTER last_known_addr { host: "127.16.108.193" port: 37635 } } peers { permanent_uuid: "051acdddd6bd4c488d88a1fdf2ce525b" member_type: VOTER last_known_addr { host: "127.16.108.195" port: 41341 } } peers { permanent_uuid: "78b5c8a1f84849d8bfecd66b2449380a" member_type: VOTER last_known_addr { host: "127.16.108.194" port: 39625 } }
I20260608 12:53:29.109489 18779 raft_consensus.cc:385] T d9cc6ba53c6142e499e59b16909d287f P ee626a3e225a464eab671f8e0c9f746a [term 0 FOLLOWER]: Consensus starting up: Expiring failure detector timer to make a prompt election more likely
I20260608 12:53:29.109791 18779 raft_consensus.cc:740] T d9cc6ba53c6142e499e59b16909d287f P ee626a3e225a464eab671f8e0c9f746a [term 0 FOLLOWER]: Becoming Follower/Learner. State: Replica: ee626a3e225a464eab671f8e0c9f746a, State: Initialized, Role: FOLLOWER
I20260608 12:53:29.110140 18780 tablet_bootstrap.cc:492] T d9cc6ba53c6142e499e59b16909d287f P 051acdddd6bd4c488d88a1fdf2ce525b: Bootstrap starting.
I20260608 12:53:29.110323 18782 raft_consensus.cc:359] T 2fec46ba6af945b38e88230fa583a9f6 P 78b5c8a1f84849d8bfecd66b2449380a [term 0 FOLLOWER]: Replica starting. Triggering 0 pending ops. Active config: opid_index: -1 OBSOLETE_local: false peers { permanent_uuid: "ee626a3e225a464eab671f8e0c9f746a" member_type: VOTER last_known_addr { host: "127.16.108.193" port: 37635 } } peers { permanent_uuid: "78b5c8a1f84849d8bfecd66b2449380a" member_type: VOTER last_known_addr { host: "127.16.108.194" port: 39625 } } peers { permanent_uuid: "051acdddd6bd4c488d88a1fdf2ce525b" member_type: VOTER last_known_addr { host: "127.16.108.195" port: 41341 } }
I20260608 12:53:29.110577 18779 consensus_queue.cc:260] T d9cc6ba53c6142e499e59b16909d287f P ee626a3e225a464eab671f8e0c9f746a [NON_LEADER]: Queue going to NON_LEADER mode. State: All replicated index: 0, Majority replicated index: 0, Committed index: 0, Last appended: 0.0, Last appended by leader: 0, Current term: 0, Majority size: -1, State: 0, Mode: NON_LEADER, active raft config: opid_index: -1 OBSOLETE_local: false peers { permanent_uuid: "ee626a3e225a464eab671f8e0c9f746a" member_type: VOTER last_known_addr { host: "127.16.108.193" port: 37635 } } peers { permanent_uuid: "051acdddd6bd4c488d88a1fdf2ce525b" member_type: VOTER last_known_addr { host: "127.16.108.195" port: 41341 } } peers { permanent_uuid: "78b5c8a1f84849d8bfecd66b2449380a" member_type: VOTER last_known_addr { host: "127.16.108.194" port: 39625 } }
I20260608 12:53:29.111059 18782 raft_consensus.cc:385] T 2fec46ba6af945b38e88230fa583a9f6 P 78b5c8a1f84849d8bfecd66b2449380a [term 0 FOLLOWER]: Consensus starting up: Expiring failure detector timer to make a prompt election more likely
I20260608 12:53:29.111471 18782 raft_consensus.cc:740] T 2fec46ba6af945b38e88230fa583a9f6 P 78b5c8a1f84849d8bfecd66b2449380a [term 0 FOLLOWER]: Becoming Follower/Learner. State: Replica: 78b5c8a1f84849d8bfecd66b2449380a, State: Initialized, Role: FOLLOWER
I20260608 12:53:29.112468 18782 consensus_queue.cc:260] T 2fec46ba6af945b38e88230fa583a9f6 P 78b5c8a1f84849d8bfecd66b2449380a [NON_LEADER]: Queue going to NON_LEADER mode. State: All replicated index: 0, Majority replicated index: 0, Committed index: 0, Last appended: 0.0, Last appended by leader: 0, Current term: 0, Majority size: -1, State: 0, Mode: NON_LEADER, active raft config: opid_index: -1 OBSOLETE_local: false peers { permanent_uuid: "ee626a3e225a464eab671f8e0c9f746a" member_type: VOTER last_known_addr { host: "127.16.108.193" port: 37635 } } peers { permanent_uuid: "78b5c8a1f84849d8bfecd66b2449380a" member_type: VOTER last_known_addr { host: "127.16.108.194" port: 39625 } } peers { permanent_uuid: "051acdddd6bd4c488d88a1fdf2ce525b" member_type: VOTER last_known_addr { host: "127.16.108.195" port: 41341 } }
I20260608 12:53:29.119194 18780 tablet_bootstrap.cc:654] T d9cc6ba53c6142e499e59b16909d287f P 051acdddd6bd4c488d88a1fdf2ce525b: Neither blocks nor log segments found. Creating new log.
I20260608 12:53:29.122009 18782 ts_tablet_manager.cc:1434] T 2fec46ba6af945b38e88230fa583a9f6 P 78b5c8a1f84849d8bfecd66b2449380a: Time spent starting tablet: real 0.014s	user 0.007s	sys 0.007s
I20260608 12:53:29.129535 18782 tablet_bootstrap.cc:492] T d9cc6ba53c6142e499e59b16909d287f P 78b5c8a1f84849d8bfecd66b2449380a: Bootstrap starting.
I20260608 12:53:29.137455 18787 raft_consensus.cc:493] T 2fec46ba6af945b38e88230fa583a9f6 P 78b5c8a1f84849d8bfecd66b2449380a [term 0 FOLLOWER]: Starting pre-election (no leader contacted us within the election timeout)
I20260608 12:53:29.138036 18787 raft_consensus.cc:515] T 2fec46ba6af945b38e88230fa583a9f6 P 78b5c8a1f84849d8bfecd66b2449380a [term 0 FOLLOWER]: Starting pre-election with config: opid_index: -1 OBSOLETE_local: false peers { permanent_uuid: "ee626a3e225a464eab671f8e0c9f746a" member_type: VOTER last_known_addr { host: "127.16.108.193" port: 37635 } } peers { permanent_uuid: "78b5c8a1f84849d8bfecd66b2449380a" member_type: VOTER last_known_addr { host: "127.16.108.194" port: 39625 } } peers { permanent_uuid: "051acdddd6bd4c488d88a1fdf2ce525b" member_type: VOTER last_known_addr { host: "127.16.108.195" port: 41341 } }
I20260608 12:53:29.148006 18779 ts_tablet_manager.cc:1434] T d9cc6ba53c6142e499e59b16909d287f P ee626a3e225a464eab671f8e0c9f746a: Time spent starting tablet: real 0.042s	user 0.021s	sys 0.020s
I20260608 12:53:29.149121 18779 tablet_bootstrap.cc:492] T 2fec46ba6af945b38e88230fa583a9f6 P ee626a3e225a464eab671f8e0c9f746a: Bootstrap starting.
I20260608 12:53:29.151798 18780 tablet_bootstrap.cc:492] T d9cc6ba53c6142e499e59b16909d287f P 051acdddd6bd4c488d88a1fdf2ce525b: No bootstrap required, opened a new log
I20260608 12:53:29.152408 18780 ts_tablet_manager.cc:1403] T d9cc6ba53c6142e499e59b16909d287f P 051acdddd6bd4c488d88a1fdf2ce525b: Time spent bootstrapping tablet: real 0.042s	user 0.021s	sys 0.014s
I20260608 12:53:29.157248 18779 tablet_bootstrap.cc:654] T 2fec46ba6af945b38e88230fa583a9f6 P ee626a3e225a464eab671f8e0c9f746a: Neither blocks nor log segments found. Creating new log.
I20260608 12:53:29.155740 18780 raft_consensus.cc:359] T d9cc6ba53c6142e499e59b16909d287f P 051acdddd6bd4c488d88a1fdf2ce525b [term 0 FOLLOWER]: Replica starting. Triggering 0 pending ops. Active config: opid_index: -1 OBSOLETE_local: false peers { permanent_uuid: "ee626a3e225a464eab671f8e0c9f746a" member_type: VOTER last_known_addr { host: "127.16.108.193" port: 37635 } } peers { permanent_uuid: "051acdddd6bd4c488d88a1fdf2ce525b" member_type: VOTER last_known_addr { host: "127.16.108.195" port: 41341 } } peers { permanent_uuid: "78b5c8a1f84849d8bfecd66b2449380a" member_type: VOTER last_known_addr { host: "127.16.108.194" port: 39625 } }
I20260608 12:53:29.158097 18780 raft_consensus.cc:385] T d9cc6ba53c6142e499e59b16909d287f P 051acdddd6bd4c488d88a1fdf2ce525b [term 0 FOLLOWER]: Consensus starting up: Expiring failure detector timer to make a prompt election more likely
I20260608 12:53:29.158452 18780 raft_consensus.cc:740] T d9cc6ba53c6142e499e59b16909d287f P 051acdddd6bd4c488d88a1fdf2ce525b [term 0 FOLLOWER]: Becoming Follower/Learner. State: Replica: 051acdddd6bd4c488d88a1fdf2ce525b, State: Initialized, Role: FOLLOWER
I20260608 12:53:29.159951 18787 leader_election.cc:290] T 2fec46ba6af945b38e88230fa583a9f6 P 78b5c8a1f84849d8bfecd66b2449380a [CANDIDATE]: Term 1 pre-election: Requested pre-vote from peers ee626a3e225a464eab671f8e0c9f746a (127.16.108.193:37635), 051acdddd6bd4c488d88a1fdf2ce525b (127.16.108.195:41341)
I20260608 12:53:29.160840 18782 tablet_bootstrap.cc:654] T d9cc6ba53c6142e499e59b16909d287f P 78b5c8a1f84849d8bfecd66b2449380a: Neither blocks nor log segments found. Creating new log.
I20260608 12:53:29.161150 18780 consensus_queue.cc:260] T d9cc6ba53c6142e499e59b16909d287f P 051acdddd6bd4c488d88a1fdf2ce525b [NON_LEADER]: Queue going to NON_LEADER mode. State: All replicated index: 0, Majority replicated index: 0, Committed index: 0, Last appended: 0.0, Last appended by leader: 0, Current term: 0, Majority size: -1, State: 0, Mode: NON_LEADER, active raft config: opid_index: -1 OBSOLETE_local: false peers { permanent_uuid: "ee626a3e225a464eab671f8e0c9f746a" member_type: VOTER last_known_addr { host: "127.16.108.193" port: 37635 } } peers { permanent_uuid: "051acdddd6bd4c488d88a1fdf2ce525b" member_type: VOTER last_known_addr { host: "127.16.108.195" port: 41341 } } peers { permanent_uuid: "78b5c8a1f84849d8bfecd66b2449380a" member_type: VOTER last_known_addr { host: "127.16.108.194" port: 39625 } }
I20260608 12:53:29.165786 18780 ts_tablet_manager.cc:1434] T d9cc6ba53c6142e499e59b16909d287f P 051acdddd6bd4c488d88a1fdf2ce525b: Time spent starting tablet: real 0.013s	user 0.003s	sys 0.004s
I20260608 12:53:29.170701 18782 tablet_bootstrap.cc:492] T d9cc6ba53c6142e499e59b16909d287f P 78b5c8a1f84849d8bfecd66b2449380a: No bootstrap required, opened a new log
I20260608 12:53:29.171851 18782 ts_tablet_manager.cc:1403] T d9cc6ba53c6142e499e59b16909d287f P 78b5c8a1f84849d8bfecd66b2449380a: Time spent bootstrapping tablet: real 0.043s	user 0.005s	sys 0.010s
I20260608 12:53:29.171790 18585 tablet_service.cc:1917] Received RequestConsensusVote() RPC: tablet_id: "2fec46ba6af945b38e88230fa583a9f6" candidate_uuid: "78b5c8a1f84849d8bfecd66b2449380a" candidate_term: 1 candidate_status { last_received { term: 0 index: 0 } } ignore_live_leader: false dest_uuid: "ee626a3e225a464eab671f8e0c9f746a" is_pre_election: true
W20260608 12:53:29.173938 18624 leader_election.cc:343] T 2fec46ba6af945b38e88230fa583a9f6 P 78b5c8a1f84849d8bfecd66b2449380a [CANDIDATE]: Term 1 pre-election: Tablet error from VoteRequest() call to peer ee626a3e225a464eab671f8e0c9f746a (127.16.108.193:37635): Illegal state: must be running to vote when last-logged opid is not known
I20260608 12:53:29.174342 18779 tablet_bootstrap.cc:492] T 2fec46ba6af945b38e88230fa583a9f6 P ee626a3e225a464eab671f8e0c9f746a: No bootstrap required, opened a new log
I20260608 12:53:29.174887 18779 ts_tablet_manager.cc:1403] T 2fec46ba6af945b38e88230fa583a9f6 P ee626a3e225a464eab671f8e0c9f746a: Time spent bootstrapping tablet: real 0.026s	user 0.011s	sys 0.001s
I20260608 12:53:29.175801 18782 raft_consensus.cc:359] T d9cc6ba53c6142e499e59b16909d287f P 78b5c8a1f84849d8bfecd66b2449380a [term 0 FOLLOWER]: Replica starting. Triggering 0 pending ops. Active config: opid_index: -1 OBSOLETE_local: false peers { permanent_uuid: "ee626a3e225a464eab671f8e0c9f746a" member_type: VOTER last_known_addr { host: "127.16.108.193" port: 37635 } } peers { permanent_uuid: "051acdddd6bd4c488d88a1fdf2ce525b" member_type: VOTER last_known_addr { host: "127.16.108.195" port: 41341 } } peers { permanent_uuid: "78b5c8a1f84849d8bfecd66b2449380a" member_type: VOTER last_known_addr { host: "127.16.108.194" port: 39625 } }
I20260608 12:53:29.178004 18779 raft_consensus.cc:359] T 2fec46ba6af945b38e88230fa583a9f6 P ee626a3e225a464eab671f8e0c9f746a [term 0 FOLLOWER]: Replica starting. Triggering 0 pending ops. Active config: opid_index: -1 OBSOLETE_local: false peers { permanent_uuid: "ee626a3e225a464eab671f8e0c9f746a" member_type: VOTER last_known_addr { host: "127.16.108.193" port: 37635 } } peers { permanent_uuid: "78b5c8a1f84849d8bfecd66b2449380a" member_type: VOTER last_known_addr { host: "127.16.108.194" port: 39625 } } peers { permanent_uuid: "051acdddd6bd4c488d88a1fdf2ce525b" member_type: VOTER last_known_addr { host: "127.16.108.195" port: 41341 } }
I20260608 12:53:29.178823 18782 raft_consensus.cc:385] T d9cc6ba53c6142e499e59b16909d287f P 78b5c8a1f84849d8bfecd66b2449380a [term 0 FOLLOWER]: Consensus starting up: Expiring failure detector timer to make a prompt election more likely
I20260608 12:53:29.178844 18734 tablet_service.cc:1917] Received RequestConsensusVote() RPC: tablet_id: "2fec46ba6af945b38e88230fa583a9f6" candidate_uuid: "78b5c8a1f84849d8bfecd66b2449380a" candidate_term: 1 candidate_status { last_received { term: 0 index: 0 } } ignore_live_leader: false dest_uuid: "051acdddd6bd4c488d88a1fdf2ce525b" is_pre_election: true
I20260608 12:53:29.178965 18779 raft_consensus.cc:385] T 2fec46ba6af945b38e88230fa583a9f6 P ee626a3e225a464eab671f8e0c9f746a [term 0 FOLLOWER]: Consensus starting up: Expiring failure detector timer to make a prompt election more likely
I20260608 12:53:29.179610 18782 raft_consensus.cc:740] T d9cc6ba53c6142e499e59b16909d287f P 78b5c8a1f84849d8bfecd66b2449380a [term 0 FOLLOWER]: Becoming Follower/Learner. State: Replica: 78b5c8a1f84849d8bfecd66b2449380a, State: Initialized, Role: FOLLOWER
I20260608 12:53:29.179658 18779 raft_consensus.cc:740] T 2fec46ba6af945b38e88230fa583a9f6 P ee626a3e225a464eab671f8e0c9f746a [term 0 FOLLOWER]: Becoming Follower/Learner. State: Replica: ee626a3e225a464eab671f8e0c9f746a, State: Initialized, Role: FOLLOWER
I20260608 12:53:29.179780 18734 raft_consensus.cc:2468] T 2fec46ba6af945b38e88230fa583a9f6 P 051acdddd6bd4c488d88a1fdf2ce525b [term 0 FOLLOWER]: Leader pre-election vote request: Granting yes vote for candidate 78b5c8a1f84849d8bfecd66b2449380a in term 0.
I20260608 12:53:29.180816 18779 consensus_queue.cc:260] T 2fec46ba6af945b38e88230fa583a9f6 P ee626a3e225a464eab671f8e0c9f746a [NON_LEADER]: Queue going to NON_LEADER mode. State: All replicated index: 0, Majority replicated index: 0, Committed index: 0, Last appended: 0.0, Last appended by leader: 0, Current term: 0, Majority size: -1, State: 0, Mode: NON_LEADER, active raft config: opid_index: -1 OBSOLETE_local: false peers { permanent_uuid: "ee626a3e225a464eab671f8e0c9f746a" member_type: VOTER last_known_addr { host: "127.16.108.193" port: 37635 } } peers { permanent_uuid: "78b5c8a1f84849d8bfecd66b2449380a" member_type: VOTER last_known_addr { host: "127.16.108.194" port: 39625 } } peers { permanent_uuid: "051acdddd6bd4c488d88a1fdf2ce525b" member_type: VOTER last_known_addr { host: "127.16.108.195" port: 41341 } }
I20260608 12:53:29.180912 18782 consensus_queue.cc:260] T d9cc6ba53c6142e499e59b16909d287f P 78b5c8a1f84849d8bfecd66b2449380a [NON_LEADER]: Queue going to NON_LEADER mode. State: All replicated index: 0, Majority replicated index: 0, Committed index: 0, Last appended: 0.0, Last appended by leader: 0, Current term: 0, Majority size: -1, State: 0, Mode: NON_LEADER, active raft config: opid_index: -1 OBSOLETE_local: false peers { permanent_uuid: "ee626a3e225a464eab671f8e0c9f746a" member_type: VOTER last_known_addr { host: "127.16.108.193" port: 37635 } } peers { permanent_uuid: "051acdddd6bd4c488d88a1fdf2ce525b" member_type: VOTER last_known_addr { host: "127.16.108.195" port: 41341 } } peers { permanent_uuid: "78b5c8a1f84849d8bfecd66b2449380a" member_type: VOTER last_known_addr { host: "127.16.108.194" port: 39625 } }
I20260608 12:53:29.181547 18623 leader_election.cc:304] T 2fec46ba6af945b38e88230fa583a9f6 P 78b5c8a1f84849d8bfecd66b2449380a [CANDIDATE]: Term 1 pre-election: Election decided. Result: candidate won. Election summary: received 3 responses out of 3 voters: 2 yes votes; 1 no votes. yes voters: 051acdddd6bd4c488d88a1fdf2ce525b, 78b5c8a1f84849d8bfecd66b2449380a; no voters: ee626a3e225a464eab671f8e0c9f746a
I20260608 12:53:29.182475 18787 raft_consensus.cc:2804] T 2fec46ba6af945b38e88230fa583a9f6 P 78b5c8a1f84849d8bfecd66b2449380a [term 0 FOLLOWER]: Leader pre-election won for term 1
I20260608 12:53:29.182868 18787 raft_consensus.cc:493] T 2fec46ba6af945b38e88230fa583a9f6 P 78b5c8a1f84849d8bfecd66b2449380a [term 0 FOLLOWER]: Starting leader election (no leader contacted us within the election timeout)
I20260608 12:53:29.183185 18779 ts_tablet_manager.cc:1434] T 2fec46ba6af945b38e88230fa583a9f6 P ee626a3e225a464eab671f8e0c9f746a: Time spent starting tablet: real 0.008s	user 0.004s	sys 0.003s
I20260608 12:53:29.183182 18787 raft_consensus.cc:3060] T 2fec46ba6af945b38e88230fa583a9f6 P 78b5c8a1f84849d8bfecd66b2449380a [term 0 FOLLOWER]: Advancing to term 1
I20260608 12:53:29.187000 18782 ts_tablet_manager.cc:1434] T d9cc6ba53c6142e499e59b16909d287f P 78b5c8a1f84849d8bfecd66b2449380a: Time spent starting tablet: real 0.014s	user 0.005s	sys 0.002s
I20260608 12:53:29.190641 18787 raft_consensus.cc:515] T 2fec46ba6af945b38e88230fa583a9f6 P 78b5c8a1f84849d8bfecd66b2449380a [term 1 FOLLOWER]: Starting leader election with config: opid_index: -1 OBSOLETE_local: false peers { permanent_uuid: "ee626a3e225a464eab671f8e0c9f746a" member_type: VOTER last_known_addr { host: "127.16.108.193" port: 37635 } } peers { permanent_uuid: "78b5c8a1f84849d8bfecd66b2449380a" member_type: VOTER last_known_addr { host: "127.16.108.194" port: 39625 } } peers { permanent_uuid: "051acdddd6bd4c488d88a1fdf2ce525b" member_type: VOTER last_known_addr { host: "127.16.108.195" port: 41341 } }
I20260608 12:53:29.193735 18585 tablet_service.cc:1917] Received RequestConsensusVote() RPC: tablet_id: "2fec46ba6af945b38e88230fa583a9f6" candidate_uuid: "78b5c8a1f84849d8bfecd66b2449380a" candidate_term: 1 candidate_status { last_received { term: 0 index: 0 } } ignore_live_leader: false dest_uuid: "ee626a3e225a464eab671f8e0c9f746a"
I20260608 12:53:29.193966 18734 tablet_service.cc:1917] Received RequestConsensusVote() RPC: tablet_id: "2fec46ba6af945b38e88230fa583a9f6" candidate_uuid: "78b5c8a1f84849d8bfecd66b2449380a" candidate_term: 1 candidate_status { last_received { term: 0 index: 0 } } ignore_live_leader: false dest_uuid: "051acdddd6bd4c488d88a1fdf2ce525b"
I20260608 12:53:29.194361 18585 raft_consensus.cc:3060] T 2fec46ba6af945b38e88230fa583a9f6 P ee626a3e225a464eab671f8e0c9f746a [term 0 FOLLOWER]: Advancing to term 1
I20260608 12:53:29.194571 18734 raft_consensus.cc:3060] T 2fec46ba6af945b38e88230fa583a9f6 P 051acdddd6bd4c488d88a1fdf2ce525b [term 0 FOLLOWER]: Advancing to term 1
I20260608 12:53:29.195464 18787 leader_election.cc:290] T 2fec46ba6af945b38e88230fa583a9f6 P 78b5c8a1f84849d8bfecd66b2449380a [CANDIDATE]: Term 1 election: Requested vote from peers ee626a3e225a464eab671f8e0c9f746a (127.16.108.193:37635), 051acdddd6bd4c488d88a1fdf2ce525b (127.16.108.195:41341)
I20260608 12:53:29.199918 18734 raft_consensus.cc:2468] T 2fec46ba6af945b38e88230fa583a9f6 P 051acdddd6bd4c488d88a1fdf2ce525b [term 1 FOLLOWER]: Leader election vote request: Granting yes vote for candidate 78b5c8a1f84849d8bfecd66b2449380a in term 1.
I20260608 12:53:29.200845 18585 raft_consensus.cc:2468] T 2fec46ba6af945b38e88230fa583a9f6 P ee626a3e225a464eab671f8e0c9f746a [term 1 FOLLOWER]: Leader election vote request: Granting yes vote for candidate 78b5c8a1f84849d8bfecd66b2449380a in term 1.
I20260608 12:53:29.201009 18623 leader_election.cc:304] T 2fec46ba6af945b38e88230fa583a9f6 P 78b5c8a1f84849d8bfecd66b2449380a [CANDIDATE]: Term 1 election: Election decided. Result: candidate won. Election summary: received 2 responses out of 3 voters: 2 yes votes; 0 no votes. yes voters: 051acdddd6bd4c488d88a1fdf2ce525b, 78b5c8a1f84849d8bfecd66b2449380a; no voters: 
I20260608 12:53:29.201851 18787 raft_consensus.cc:2804] T 2fec46ba6af945b38e88230fa583a9f6 P 78b5c8a1f84849d8bfecd66b2449380a [term 1 FOLLOWER]: Leader election won for term 1
