W20260608 12:53:11.867274 17362 instance_detector.cc:116] could not retrieve AWS instance metadata: Network error: curl error: HTTP response code said error: The requested URL returned error: 404
W20260608 12:53:11.869027 17363 instance_detector.cc:116] could not retrieve Azure instance metadata: Network error: curl error: HTTP response code said error: The requested URL returned error: 404
W20260608 12:53:11.869130 17365 instance_detector.cc:116] could not retrieve OpenStack instance metadata: Network error: curl error: HTTP response code said error: The requested URL returned error: 404
I20260608 12:53:11.869859 16819 server_base.cc:1061] running on GCE node
I20260608 12:53:11.870575 16819 hybrid_clock.cc:584] initializing the hybrid clock with 'system_unsync' time source
W20260608 12:53:11.870766 16819 system_unsync_time.cc:38] NTP support is disabled. Clock error bounds will not be accurate. This configuration is not suitable for distributed clusters.
I20260608 12:53:11.870930 16819 hybrid_clock.cc:648] HybridClock initialized: now 1780923191870898 us; error 0 us; skew 500 ppm
I20260608 12:53:11.871556 16819 server_base.cc:861] Flag tcmalloc_max_total_thread_cache_bytes is not working since tcmalloc is not enabled.
I20260608 12:53:11.873840 16819 webserver.cc:533] Webserver started at http://127.16.108.254:40523/ using document root <none> and password file <none>
I20260608 12:53:11.874330 16819 fs_manager.cc:362] Metadata directory not provided
I20260608 12:53:11.874552 16819 fs_manager.cc:368] Using write-ahead log directory (fs_wal_dir) as metadata directory
I20260608 12:53:11.874830 16819 server_base.cc:909] This appears to be a new deployment of Kudu; creating new FS layout
I20260608 12:53:11.875965 16819 fs_manager.cc:1068] Generated new instance metadata in path /tmp/dist-test-taskBoyFIa/test-tmp/auto_rebalancer-test.0.AutoRebalancerTest.AutoRebalancingTurnOffAndOn.1780923185861152-16819-0/minicluster-data/master-0-root/instance:
uuid: "9356d769d6fe48698a560376111d4c2e"
format_stamp: "Formatted at 2026-06-08 12:53:11 on dist-test-slave-j9fj"
I20260608 12:53:11.880481 16819 fs_manager.cc:696] Time spent creating directory manager: real 0.004s	user 0.001s	sys 0.003s
I20260608 12:53:11.883822 17370 log_block_manager.cc:4031] Time spent loading block containers with low live blocks: real 0.000s	user 0.000s	sys 0.000s
I20260608 12:53:11.884660 16819 fs_manager.cc:730] Time spent opening block manager: real 0.002s	user 0.002s	sys 0.001s
I20260608 12:53:11.884966 16819 fs_manager.cc:647] Opened local filesystem: /tmp/dist-test-taskBoyFIa/test-tmp/auto_rebalancer-test.0.AutoRebalancerTest.AutoRebalancingTurnOffAndOn.1780923185861152-16819-0/minicluster-data/master-0-root
uuid: "9356d769d6fe48698a560376111d4c2e"
format_stamp: "Formatted at 2026-06-08 12:53:11 on dist-test-slave-j9fj"
I20260608 12:53:11.885258 16819 fs_report.cc:389] FS layout report
--------------------
wal directory: /tmp/dist-test-taskBoyFIa/test-tmp/auto_rebalancer-test.0.AutoRebalancerTest.AutoRebalancingTurnOffAndOn.1780923185861152-16819-0/minicluster-data/master-0-root
metadata directory: /tmp/dist-test-taskBoyFIa/test-tmp/auto_rebalancer-test.0.AutoRebalancerTest.AutoRebalancingTurnOffAndOn.1780923185861152-16819-0/minicluster-data/master-0-root
1 data directories: /tmp/dist-test-taskBoyFIa/test-tmp/auto_rebalancer-test.0.AutoRebalancerTest.AutoRebalancingTurnOffAndOn.1780923185861152-16819-0/minicluster-data/master-0-root/data
Total live blocks: 0
Total live bytes: 0
Total live bytes (after alignment): 0
Total number of LBM containers: 0 (0 full)
Did not check for missing blocks
Did not check for orphaned blocks
Total full LBM containers with extra space: 0 (0 repaired)
Total full LBM container extra space in bytes: 0 (0 repaired)
Total incomplete LBM containers: 0 (0 repaired)
Total LBM partial records: 0 (0 repaired)
Total corrupted LBM metadata records in RocksDB: 0 (0 repaired)
I20260608 12:53:11.910523 16819 rpc_server.cc:225] running with OpenSSL 1.1.1  11 Sep 2018
I20260608 12:53:11.911626 16819 kserver.cc:163] Server-wide thread pool size limit: 3276
I20260608 12:53:11.946663 16819 rpc_server.cc:307] RPC server started. Bound to: 127.16.108.254:32821
I20260608 12:53:11.946754 17421 acceptor_pool.cc:272] collecting diagnostics on the listening RPC socket 127.16.108.254:32821 every 8 connection(s)
I20260608 12:53:11.950654 17422 data_dirs.cc:400] Could only allocate 1 dirs of requested 3 for tablet 00000000000000000000000000000000. 1 dirs total, 0 dirs full, 0 dirs failed
I20260608 12:53:11.959933 17422 tablet_bootstrap.cc:492] T 00000000000000000000000000000000 P 9356d769d6fe48698a560376111d4c2e: Bootstrap starting.
I20260608 12:53:11.964802 17422 tablet_bootstrap.cc:654] T 00000000000000000000000000000000 P 9356d769d6fe48698a560376111d4c2e: Neither blocks nor log segments found. Creating new log.
I20260608 12:53:11.968727 17422 tablet_bootstrap.cc:492] T 00000000000000000000000000000000 P 9356d769d6fe48698a560376111d4c2e: No bootstrap required, opened a new log
I20260608 12:53:11.970726 17422 raft_consensus.cc:359] T 00000000000000000000000000000000 P 9356d769d6fe48698a560376111d4c2e [term 0 FOLLOWER]: Replica starting. Triggering 0 pending ops. Active config: opid_index: -1 OBSOLETE_local: true peers { permanent_uuid: "9356d769d6fe48698a560376111d4c2e" member_type: VOTER }
I20260608 12:53:11.971125 17422 raft_consensus.cc:385] T 00000000000000000000000000000000 P 9356d769d6fe48698a560376111d4c2e [term 0 FOLLOWER]: Consensus starting up: Expiring failure detector timer to make a prompt election more likely
I20260608 12:53:11.971367 17422 raft_consensus.cc:740] T 00000000000000000000000000000000 P 9356d769d6fe48698a560376111d4c2e [term 0 FOLLOWER]: Becoming Follower/Learner. State: Replica: 9356d769d6fe48698a560376111d4c2e, State: Initialized, Role: FOLLOWER
I20260608 12:53:11.972049 17422 consensus_queue.cc:260] T 00000000000000000000000000000000 P 9356d769d6fe48698a560376111d4c2e [NON_LEADER]: Queue going to NON_LEADER mode. State: All replicated index: 0, Majority replicated index: 0, Committed index: 0, Last appended: 0.0, Last appended by leader: 0, Current term: 0, Majority size: -1, State: 0, Mode: NON_LEADER, active raft config: opid_index: -1 OBSOLETE_local: true peers { permanent_uuid: "9356d769d6fe48698a560376111d4c2e" member_type: VOTER }
I20260608 12:53:11.972508 17422 raft_consensus.cc:399] T 00000000000000000000000000000000 P 9356d769d6fe48698a560376111d4c2e [term 0 FOLLOWER]: Only one voter in the Raft config. Triggering election immediately
I20260608 12:53:11.972741 17422 raft_consensus.cc:493] T 00000000000000000000000000000000 P 9356d769d6fe48698a560376111d4c2e [term 0 FOLLOWER]: Starting leader election (initial election of a single-replica configuration)
I20260608 12:53:11.973021 17422 raft_consensus.cc:3060] T 00000000000000000000000000000000 P 9356d769d6fe48698a560376111d4c2e [term 0 FOLLOWER]: Advancing to term 1
I20260608 12:53:11.977010 17422 raft_consensus.cc:515] T 00000000000000000000000000000000 P 9356d769d6fe48698a560376111d4c2e [term 1 FOLLOWER]: Starting leader election with config: opid_index: -1 OBSOLETE_local: true peers { permanent_uuid: "9356d769d6fe48698a560376111d4c2e" member_type: VOTER }
I20260608 12:53:11.977543 17422 leader_election.cc:304] T 00000000000000000000000000000000 P 9356d769d6fe48698a560376111d4c2e [CANDIDATE]: Term 1 election: Election decided. Result: candidate won. Election summary: received 1 responses out of 1 voters: 1 yes votes; 0 no votes. yes voters: 9356d769d6fe48698a560376111d4c2e; no voters: 
I20260608 12:53:11.978626 17422 leader_election.cc:290] T 00000000000000000000000000000000 P 9356d769d6fe48698a560376111d4c2e [CANDIDATE]: Term 1 election: Requested vote from peers 
I20260608 12:53:11.979001 17425 raft_consensus.cc:2804] T 00000000000000000000000000000000 P 9356d769d6fe48698a560376111d4c2e [term 1 FOLLOWER]: Leader election won for term 1
I20260608 12:53:11.980345 17425 raft_consensus.cc:697] T 00000000000000000000000000000000 P 9356d769d6fe48698a560376111d4c2e [term 1 LEADER]: Becoming Leader. State: Replica: 9356d769d6fe48698a560376111d4c2e, State: Running, Role: LEADER
I20260608 12:53:11.981037 17425 consensus_queue.cc:237] T 00000000000000000000000000000000 P 9356d769d6fe48698a560376111d4c2e [LEADER]: Queue going to LEADER mode. State: All replicated index: 0, Majority replicated index: 0, Committed index: 0, Last appended: 0.0, Last appended by leader: 0, Current term: 1, Majority size: 1, State: 0, Mode: LEADER, active raft config: opid_index: -1 OBSOLETE_local: true peers { permanent_uuid: "9356d769d6fe48698a560376111d4c2e" member_type: VOTER }
I20260608 12:53:11.981648 17422 sys_catalog.cc:565] T 00000000000000000000000000000000 P 9356d769d6fe48698a560376111d4c2e [sys.catalog]: configured and running, proceeding with master startup.
I20260608 12:53:11.985450 17426 sys_catalog.cc:455] T 00000000000000000000000000000000 P 9356d769d6fe48698a560376111d4c2e [sys.catalog]: SysCatalogTable state changed. Reason: RaftConsensus started. Latest consensus state: current_term: 1 leader_uuid: "9356d769d6fe48698a560376111d4c2e" committed_config { opid_index: -1 OBSOLETE_local: true peers { permanent_uuid: "9356d769d6fe48698a560376111d4c2e" member_type: VOTER } }
I20260608 12:53:11.986063 17426 sys_catalog.cc:458] T 00000000000000000000000000000000 P 9356d769d6fe48698a560376111d4c2e [sys.catalog]: This master's current role is: LEADER
I20260608 12:53:11.986003 17427 sys_catalog.cc:455] T 00000000000000000000000000000000 P 9356d769d6fe48698a560376111d4c2e [sys.catalog]: SysCatalogTable state changed. Reason: New leader 9356d769d6fe48698a560376111d4c2e. Latest consensus state: current_term: 1 leader_uuid: "9356d769d6fe48698a560376111d4c2e" committed_config { opid_index: -1 OBSOLETE_local: true peers { permanent_uuid: "9356d769d6fe48698a560376111d4c2e" member_type: VOTER } }
I20260608 12:53:11.986718 17427 sys_catalog.cc:458] T 00000000000000000000000000000000 P 9356d769d6fe48698a560376111d4c2e [sys.catalog]: This master's current role is: LEADER
I20260608 12:53:11.989926 17433 catalog_manager.cc:1510] Loading table and tablet metadata into memory...
I20260608 12:53:11.997957 17433 catalog_manager.cc:1519] Initializing Kudu cluster ID...
I20260608 12:53:11.998943 16819 internal_mini_cluster.cc:184] Waiting to initialize catalog manager on master 0
I20260608 12:53:12.007200 17433 catalog_manager.cc:1382] Generated new cluster ID: 531aabddc2a34a5a91789fc426a4ee78
I20260608 12:53:12.007472 17433 catalog_manager.cc:1530] Initializing Kudu internal certificate authority...
I20260608 12:53:12.046576 17433 catalog_manager.cc:1405] Generated new certificate authority record
I20260608 12:53:12.047806 17433 catalog_manager.cc:1539] Loading token signing keys...
I20260608 12:53:12.059727 17433 catalog_manager.cc:6069] T 00000000000000000000000000000000 P 9356d769d6fe48698a560376111d4c2e: Generated new TSK 0
I20260608 12:53:12.060348 17433 catalog_manager.cc:1549] Initializing in-progress tserver states...
I20260608 12:53:12.065187 16819 file_cache.cc:492] Constructed file cache file cache with capacity 419430
W20260608 12:53:12.071144 17443 instance_detector.cc:116] could not retrieve AWS instance metadata: Network error: curl error: HTTP response code said error: The requested URL returned error: 404
W20260608 12:53:12.072397 17444 instance_detector.cc:116] could not retrieve Azure instance metadata: Network error: curl error: HTTP response code said error: The requested URL returned error: 404
W20260608 12:53:12.074265 17446 instance_detector.cc:116] could not retrieve OpenStack instance metadata: Network error: curl error: HTTP response code said error: The requested URL returned error: 404
I20260608 12:53:12.074299 16819 server_base.cc:1061] running on GCE node
I20260608 12:53:12.075280 16819 hybrid_clock.cc:584] initializing the hybrid clock with 'system_unsync' time source
W20260608 12:53:12.075516 16819 system_unsync_time.cc:38] NTP support is disabled. Clock error bounds will not be accurate. This configuration is not suitable for distributed clusters.
I20260608 12:53:12.075699 16819 hybrid_clock.cc:648] HybridClock initialized: now 1780923192075682 us; error 0 us; skew 500 ppm
I20260608 12:53:12.076304 16819 server_base.cc:861] Flag tcmalloc_max_total_thread_cache_bytes is not working since tcmalloc is not enabled.
I20260608 12:53:12.078621 16819 webserver.cc:533] Webserver started at http://127.16.108.193:39227/ using document root <none> and password file <none>
I20260608 12:53:12.079159 16819 fs_manager.cc:362] Metadata directory not provided
I20260608 12:53:12.079370 16819 fs_manager.cc:368] Using write-ahead log directory (fs_wal_dir) as metadata directory
I20260608 12:53:12.079660 16819 server_base.cc:909] This appears to be a new deployment of Kudu; creating new FS layout
I20260608 12:53:12.080794 16819 fs_manager.cc:1068] Generated new instance metadata in path /tmp/dist-test-taskBoyFIa/test-tmp/auto_rebalancer-test.0.AutoRebalancerTest.AutoRebalancingTurnOffAndOn.1780923185861152-16819-0/minicluster-data/ts-0-root/instance:
uuid: "7a31427860344356a07ede57d08de323"
format_stamp: "Formatted at 2026-06-08 12:53:12 on dist-test-slave-j9fj"
I20260608 12:53:12.085439 16819 fs_manager.cc:696] Time spent creating directory manager: real 0.004s	user 0.005s	sys 0.000s
I20260608 12:53:12.088852 17451 log_block_manager.cc:4031] Time spent loading block containers with low live blocks: real 0.000s	user 0.000s	sys 0.000s
I20260608 12:53:12.089744 16819 fs_manager.cc:730] Time spent opening block manager: real 0.002s	user 0.003s	sys 0.000s
I20260608 12:53:12.089993 16819 fs_manager.cc:647] Opened local filesystem: /tmp/dist-test-taskBoyFIa/test-tmp/auto_rebalancer-test.0.AutoRebalancerTest.AutoRebalancingTurnOffAndOn.1780923185861152-16819-0/minicluster-data/ts-0-root
uuid: "7a31427860344356a07ede57d08de323"
format_stamp: "Formatted at 2026-06-08 12:53:12 on dist-test-slave-j9fj"
I20260608 12:53:12.090247 16819 fs_report.cc:389] FS layout report
--------------------
wal directory: /tmp/dist-test-taskBoyFIa/test-tmp/auto_rebalancer-test.0.AutoRebalancerTest.AutoRebalancingTurnOffAndOn.1780923185861152-16819-0/minicluster-data/ts-0-root
metadata directory: /tmp/dist-test-taskBoyFIa/test-tmp/auto_rebalancer-test.0.AutoRebalancerTest.AutoRebalancingTurnOffAndOn.1780923185861152-16819-0/minicluster-data/ts-0-root
1 data directories: /tmp/dist-test-taskBoyFIa/test-tmp/auto_rebalancer-test.0.AutoRebalancerTest.AutoRebalancingTurnOffAndOn.1780923185861152-16819-0/minicluster-data/ts-0-root/data
Total live blocks: 0
Total live bytes: 0
Total live bytes (after alignment): 0
Total number of LBM containers: 0 (0 full)
Did not check for missing blocks
Did not check for orphaned blocks
Total full LBM containers with extra space: 0 (0 repaired)
Total full LBM container extra space in bytes: 0 (0 repaired)
Total incomplete LBM containers: 0 (0 repaired)
Total LBM partial records: 0 (0 repaired)
Total corrupted LBM metadata records in RocksDB: 0 (0 repaired)
I20260608 12:53:12.127800 16819 rpc_server.cc:225] running with OpenSSL 1.1.1  11 Sep 2018
I20260608 12:53:12.128844 16819 kserver.cc:163] Server-wide thread pool size limit: 3276
I20260608 12:53:12.130214 16819 txn_system_client.cc:432] TxnSystemClient initialization is disabled...
I20260608 12:53:12.132539 16819 ts_tablet_manager.cc:585] Loaded tablet metadata (0 total tablets, 0 live tablets)
I20260608 12:53:12.132764 16819 ts_tablet_manager.cc:531] Time spent load tablet metadata: real 0.000s	user 0.000s	sys 0.000s
I20260608 12:53:12.133018 16819 ts_tablet_manager.cc:616] Registered 0 tablets
I20260608 12:53:12.133229 16819 ts_tablet_manager.cc:595] Time spent register tablets: real 0.000s	user 0.000s	sys 0.000s
I20260608 12:53:12.170445 16819 rpc_server.cc:307] RPC server started. Bound to: 127.16.108.193:34569
I20260608 12:53:12.170557 17513 acceptor_pool.cc:272] collecting diagnostics on the listening RPC socket 127.16.108.193:34569 every 8 connection(s)
I20260608 12:53:12.175446 16819 file_cache.cc:492] Constructed file cache file cache with capacity 419430
W20260608 12:53:12.182868 17518 instance_detector.cc:116] could not retrieve AWS instance metadata: Network error: curl error: HTTP response code said error: The requested URL returned error: 404
W20260608 12:53:12.184846 17519 instance_detector.cc:116] could not retrieve Azure instance metadata: Network error: curl error: HTTP response code said error: The requested URL returned error: 404
W20260608 12:53:12.186103 17521 instance_detector.cc:116] could not retrieve OpenStack instance metadata: Network error: curl error: HTTP response code said error: The requested URL returned error: 404
I20260608 12:53:12.188006 16819 server_base.cc:1061] running on GCE node
I20260608 12:53:12.189029 16819 hybrid_clock.cc:584] initializing the hybrid clock with 'system_unsync' time source
I20260608 12:53:12.189248 17514 heartbeater.cc:344] Connected to a master server at 127.16.108.254:32821
W20260608 12:53:12.189317 16819 system_unsync_time.cc:38] NTP support is disabled. Clock error bounds will not be accurate. This configuration is not suitable for distributed clusters.
I20260608 12:53:12.189663 16819 hybrid_clock.cc:648] HybridClock initialized: now 1780923192189647 us; error 0 us; skew 500 ppm
I20260608 12:53:12.189736 17514 heartbeater.cc:461] Registering TS with master...
I20260608 12:53:12.190322 16819 server_base.cc:861] Flag tcmalloc_max_total_thread_cache_bytes is not working since tcmalloc is not enabled.
I20260608 12:53:12.190564 17514 heartbeater.cc:507] Master 127.16.108.254:32821 requested a full tablet report, sending...
I20260608 12:53:12.193127 17387 ts_manager.cc:194] Registered new tserver with Master: 7a31427860344356a07ede57d08de323 (127.16.108.193:34569)
I20260608 12:53:12.193334 16819 webserver.cc:533] Webserver started at http://127.16.108.194:42149/ using document root <none> and password file <none>
I20260608 12:53:12.193996 16819 fs_manager.cc:362] Metadata directory not provided
I20260608 12:53:12.194208 16819 fs_manager.cc:368] Using write-ahead log directory (fs_wal_dir) as metadata directory
I20260608 12:53:12.194509 16819 server_base.cc:909] This appears to be a new deployment of Kudu; creating new FS layout
I20260608 12:53:12.195176 17387 master_service.cc:502] Signed X509 certificate for tserver {username='slave'} at 127.0.0.1:40566
I20260608 12:53:12.195644 16819 fs_manager.cc:1068] Generated new instance metadata in path /tmp/dist-test-taskBoyFIa/test-tmp/auto_rebalancer-test.0.AutoRebalancerTest.AutoRebalancingTurnOffAndOn.1780923185861152-16819-0/minicluster-data/ts-1-root/instance:
uuid: "c10b9dd315ad4a2c8135466a6c3e33c2"
format_stamp: "Formatted at 2026-06-08 12:53:12 on dist-test-slave-j9fj"
I20260608 12:53:12.200182 16819 fs_manager.cc:696] Time spent creating directory manager: real 0.004s	user 0.001s	sys 0.002s
I20260608 12:53:12.203596 17526 log_block_manager.cc:4031] Time spent loading block containers with low live blocks: real 0.000s	user 0.000s	sys 0.000s
I20260608 12:53:12.204402 16819 fs_manager.cc:730] Time spent opening block manager: real 0.002s	user 0.002s	sys 0.001s
I20260608 12:53:12.204805 16819 fs_manager.cc:647] Opened local filesystem: /tmp/dist-test-taskBoyFIa/test-tmp/auto_rebalancer-test.0.AutoRebalancerTest.AutoRebalancingTurnOffAndOn.1780923185861152-16819-0/minicluster-data/ts-1-root
uuid: "c10b9dd315ad4a2c8135466a6c3e33c2"
format_stamp: "Formatted at 2026-06-08 12:53:12 on dist-test-slave-j9fj"
I20260608 12:53:12.205111 16819 fs_report.cc:389] FS layout report
--------------------
wal directory: /tmp/dist-test-taskBoyFIa/test-tmp/auto_rebalancer-test.0.AutoRebalancerTest.AutoRebalancingTurnOffAndOn.1780923185861152-16819-0/minicluster-data/ts-1-root
metadata directory: /tmp/dist-test-taskBoyFIa/test-tmp/auto_rebalancer-test.0.AutoRebalancerTest.AutoRebalancingTurnOffAndOn.1780923185861152-16819-0/minicluster-data/ts-1-root
1 data directories: /tmp/dist-test-taskBoyFIa/test-tmp/auto_rebalancer-test.0.AutoRebalancerTest.AutoRebalancingTurnOffAndOn.1780923185861152-16819-0/minicluster-data/ts-1-root/data
Total live blocks: 0
Total live bytes: 0
Total live bytes (after alignment): 0
Total number of LBM containers: 0 (0 full)
Did not check for missing blocks
Did not check for orphaned blocks
Total full LBM containers with extra space: 0 (0 repaired)
Total full LBM container extra space in bytes: 0 (0 repaired)
Total incomplete LBM containers: 0 (0 repaired)
Total LBM partial records: 0 (0 repaired)
Total corrupted LBM metadata records in RocksDB: 0 (0 repaired)
I20260608 12:53:12.222641 16819 rpc_server.cc:225] running with OpenSSL 1.1.1  11 Sep 2018
I20260608 12:53:12.223816 16819 kserver.cc:163] Server-wide thread pool size limit: 3276
I20260608 12:53:12.225279 16819 txn_system_client.cc:432] TxnSystemClient initialization is disabled...
I20260608 12:53:12.227521 16819 ts_tablet_manager.cc:585] Loaded tablet metadata (0 total tablets, 0 live tablets)
I20260608 12:53:12.227752 16819 ts_tablet_manager.cc:531] Time spent load tablet metadata: real 0.000s	user 0.000s	sys 0.000s
I20260608 12:53:12.228037 16819 ts_tablet_manager.cc:616] Registered 0 tablets
I20260608 12:53:12.228227 16819 ts_tablet_manager.cc:595] Time spent register tablets: real 0.000s	user 0.000s	sys 0.000s
I20260608 12:53:12.264272 16819 rpc_server.cc:307] RPC server started. Bound to: 127.16.108.194:43549
I20260608 12:53:12.264384 17588 acceptor_pool.cc:272] collecting diagnostics on the listening RPC socket 127.16.108.194:43549 every 8 connection(s)
I20260608 12:53:12.269393 16819 file_cache.cc:492] Constructed file cache file cache with capacity 419430
W20260608 12:53:12.277397 17592 instance_detector.cc:116] could not retrieve AWS instance metadata: Network error: curl error: HTTP response code said error: The requested URL returned error: 404
W20260608 12:53:12.278687 17593 instance_detector.cc:116] could not retrieve Azure instance metadata: Network error: curl error: HTTP response code said error: The requested URL returned error: 404
I20260608 12:53:12.282677 17589 heartbeater.cc:344] Connected to a master server at 127.16.108.254:32821
I20260608 12:53:12.282804 16819 server_base.cc:1061] running on GCE node
W20260608 12:53:12.282609 17595 instance_detector.cc:116] could not retrieve OpenStack instance metadata: Network error: curl error: HTTP response code said error: The requested URL returned error: 404
I20260608 12:53:12.283386 17589 heartbeater.cc:461] Registering TS with master...
I20260608 12:53:12.284148 16819 hybrid_clock.cc:584] initializing the hybrid clock with 'system_unsync' time source
W20260608 12:53:12.284399 16819 system_unsync_time.cc:38] NTP support is disabled. Clock error bounds will not be accurate. This configuration is not suitable for distributed clusters.
I20260608 12:53:12.284343 17589 heartbeater.cc:507] Master 127.16.108.254:32821 requested a full tablet report, sending...
I20260608 12:53:12.284787 16819 hybrid_clock.cc:648] HybridClock initialized: now 1780923192284766 us; error 0 us; skew 500 ppm
I20260608 12:53:12.285535 16819 server_base.cc:861] Flag tcmalloc_max_total_thread_cache_bytes is not working since tcmalloc is not enabled.
I20260608 12:53:12.286844 17387 ts_manager.cc:194] Registered new tserver with Master: c10b9dd315ad4a2c8135466a6c3e33c2 (127.16.108.194:43549)
I20260608 12:53:12.288290 16819 webserver.cc:533] Webserver started at http://127.16.108.195:44967/ using document root <none> and password file <none>
I20260608 12:53:12.288492 17387 master_service.cc:502] Signed X509 certificate for tserver {username='slave'} at 127.0.0.1:40568
I20260608 12:53:12.288924 16819 fs_manager.cc:362] Metadata directory not provided
I20260608 12:53:12.289178 16819 fs_manager.cc:368] Using write-ahead log directory (fs_wal_dir) as metadata directory
I20260608 12:53:12.289502 16819 server_base.cc:909] This appears to be a new deployment of Kudu; creating new FS layout
I20260608 12:53:12.290640 16819 fs_manager.cc:1068] Generated new instance metadata in path /tmp/dist-test-taskBoyFIa/test-tmp/auto_rebalancer-test.0.AutoRebalancerTest.AutoRebalancingTurnOffAndOn.1780923185861152-16819-0/minicluster-data/ts-2-root/instance:
uuid: "9d3c8f61ee04493281092e5527bf27fc"
format_stamp: "Formatted at 2026-06-08 12:53:12 on dist-test-slave-j9fj"
I20260608 12:53:12.295315 16819 fs_manager.cc:696] Time spent creating directory manager: real 0.004s	user 0.000s	sys 0.007s
I20260608 12:53:12.298708 17600 log_block_manager.cc:4031] Time spent loading block containers with low live blocks: real 0.000s	user 0.000s	sys 0.000s
I20260608 12:53:12.299474 16819 fs_manager.cc:730] Time spent opening block manager: real 0.002s	user 0.002s	sys 0.000s
I20260608 12:53:12.299779 16819 fs_manager.cc:647] Opened local filesystem: /tmp/dist-test-taskBoyFIa/test-tmp/auto_rebalancer-test.0.AutoRebalancerTest.AutoRebalancingTurnOffAndOn.1780923185861152-16819-0/minicluster-data/ts-2-root
uuid: "9d3c8f61ee04493281092e5527bf27fc"
format_stamp: "Formatted at 2026-06-08 12:53:12 on dist-test-slave-j9fj"
I20260608 12:53:12.300137 16819 fs_report.cc:389] FS layout report
--------------------
wal directory: /tmp/dist-test-taskBoyFIa/test-tmp/auto_rebalancer-test.0.AutoRebalancerTest.AutoRebalancingTurnOffAndOn.1780923185861152-16819-0/minicluster-data/ts-2-root
metadata directory: /tmp/dist-test-taskBoyFIa/test-tmp/auto_rebalancer-test.0.AutoRebalancerTest.AutoRebalancingTurnOffAndOn.1780923185861152-16819-0/minicluster-data/ts-2-root
1 data directories: /tmp/dist-test-taskBoyFIa/test-tmp/auto_rebalancer-test.0.AutoRebalancerTest.AutoRebalancingTurnOffAndOn.1780923185861152-16819-0/minicluster-data/ts-2-root/data
Total live blocks: 0
Total live bytes: 0
Total live bytes (after alignment): 0
Total number of LBM containers: 0 (0 full)
Did not check for missing blocks
Did not check for orphaned blocks
Total full LBM containers with extra space: 0 (0 repaired)
Total full LBM container extra space in bytes: 0 (0 repaired)
Total incomplete LBM containers: 0 (0 repaired)
Total LBM partial records: 0 (0 repaired)
Total corrupted LBM metadata records in RocksDB: 0 (0 repaired)
I20260608 12:53:12.319381 16819 rpc_server.cc:225] running with OpenSSL 1.1.1  11 Sep 2018
I20260608 12:53:12.320569 16819 kserver.cc:163] Server-wide thread pool size limit: 3276
I20260608 12:53:12.321956 16819 txn_system_client.cc:432] TxnSystemClient initialization is disabled...
I20260608 12:53:12.324254 16819 ts_tablet_manager.cc:585] Loaded tablet metadata (0 total tablets, 0 live tablets)
I20260608 12:53:12.324563 16819 ts_tablet_manager.cc:531] Time spent load tablet metadata: real 0.000s	user 0.000s	sys 0.000s
I20260608 12:53:12.324806 16819 ts_tablet_manager.cc:616] Registered 0 tablets
I20260608 12:53:12.324986 16819 ts_tablet_manager.cc:595] Time spent register tablets: real 0.000s	user 0.000s	sys 0.000s
I20260608 12:53:12.367667 16819 rpc_server.cc:307] RPC server started. Bound to: 127.16.108.195:34753
I20260608 12:53:12.367799 17662 acceptor_pool.cc:272] collecting diagnostics on the listening RPC socket 127.16.108.195:34753 every 8 connection(s)
I20260608 12:53:12.381551 17663 heartbeater.cc:344] Connected to a master server at 127.16.108.254:32821
I20260608 12:53:12.381966 17663 heartbeater.cc:461] Registering TS with master...
I20260608 12:53:12.382728 17663 heartbeater.cc:507] Master 127.16.108.254:32821 requested a full tablet report, sending...
I20260608 12:53:12.384835 17387 ts_manager.cc:194] Registered new tserver with Master: 9d3c8f61ee04493281092e5527bf27fc (127.16.108.195:34753)
I20260608 12:53:12.385687 16819 internal_mini_cluster.cc:371] 3 TS(s) registered with all masters after 0.014552277s
I20260608 12:53:12.386225 17387 master_service.cc:502] Signed X509 certificate for tserver {username='slave'} at 127.0.0.1:40582
I20260608 12:53:13.197784 17514 heartbeater.cc:499] Master 127.16.108.254:32821 was elected leader, sending a full tablet report...
I20260608 12:53:13.290989 17589 heartbeater.cc:499] Master 127.16.108.254:32821 was elected leader, sending a full tablet report...
I20260608 12:53:13.388979 17663 heartbeater.cc:499] Master 127.16.108.254:32821 was elected leader, sending a full tablet report...
I20260608 12:53:13.449525 17387 catalog_manager.cc:2282] Servicing CreateTable request from {username='slave'} at 127.0.0.1:40590:
name: "test-workload"
schema {
  columns {
    name: "key"
    type: INT32
    is_key: true
    is_nullable: false
    encoding: AUTO_ENCODING
    compression: DEFAULT_COMPRESSION
    cfile_block_size: 0
    immutable: false
  }
  columns {
    name: "int_val"
    type: INT32
    is_key: false
    is_nullable: false
    encoding: AUTO_ENCODING
    compression: DEFAULT_COMPRESSION
    cfile_block_size: 0
    immutable: false
  }
  columns {
    name: "string_val"
    type: STRING
    is_key: false
    is_nullable: true
    encoding: AUTO_ENCODING
    compression: DEFAULT_COMPRESSION
    cfile_block_size: 0
    immutable: false
  }
}
num_replicas: 3
split_rows_range_bounds {
  rows: "\004\001\000\377\377\377\017\004\001\000\376\377\377\037\004\001\000\375\377\377/\004\001\000\374\377\377?\004\001\000\373\377\377O\004\001\000\372\377\377_\004\001\000\371\377\377o""\004\001\000\377\377\377\017\004\001\000\376\377\377\037\004\001\000\375\377\377/\004\001\000\374\377\377?\004\001\000\373\377\377O\004\001\000\372\377\377_\004\001\000\371\377\377o"
  indirect_data: """"
}
partition_schema {
  range_schema {
    columns {
      name: "key"
    }
  }
}
W20260608 12:53:13.452054 17387 catalog_manager.cc:7076] The number of live tablet servers is not enough to re-replicate a tablet replica of the newly created table test-workload in case of a server failure: 4 tablet servers would be needed, 3 are available. Consider bringing up more tablet servers.
I20260608 12:53:13.532482 17477 tablet_service.cc:1511] Processing CreateTablet for tablet c9a3decef5674e779b1c7f0375d6dd5f (DEFAULT_TABLE table=test-workload [id=bdd518ae52de4f79a529c9b7556b41c6]), partition=RANGE (key) PARTITION 536870910 <= VALUES < 805306365
I20260608 12:53:13.533180 17478 tablet_service.cc:1511] Processing CreateTablet for tablet d162657959d34b728c1b0166021ffde6 (DEFAULT_TABLE table=test-workload [id=bdd518ae52de4f79a529c9b7556b41c6]), partition=RANGE (key) PARTITION 268435455 <= VALUES < 536870910
I20260608 12:53:13.534031 17477 data_dirs.cc:400] Could only allocate 1 dirs of requested 3 for tablet c9a3decef5674e779b1c7f0375d6dd5f. 1 dirs total, 0 dirs full, 0 dirs failed
I20260608 12:53:13.535682 17479 tablet_service.cc:1511] Processing CreateTablet for tablet 03d434db789d4792b93f6794e1f72810 (DEFAULT_TABLE table=test-workload [id=bdd518ae52de4f79a529c9b7556b41c6]), partition=RANGE (key) PARTITION VALUES < 268435455
I20260608 12:53:13.536366 17478 data_dirs.cc:400] Could only allocate 1 dirs of requested 3 for tablet d162657959d34b728c1b0166021ffde6. 1 dirs total, 0 dirs full, 0 dirs failed
I20260608 12:53:13.532485 17476 tablet_service.cc:1511] Processing CreateTablet for tablet 36a175173d62453f8763020414de3df9 (DEFAULT_TABLE table=test-workload [id=bdd518ae52de4f79a529c9b7556b41c6]), partition=RANGE (key) PARTITION 805306365 <= VALUES < 1073741820
I20260608 12:53:13.537102 17479 data_dirs.cc:400] Could only allocate 1 dirs of requested 3 for tablet 03d434db789d4792b93f6794e1f72810. 1 dirs total, 0 dirs full, 0 dirs failed
I20260608 12:53:13.538050 17476 data_dirs.cc:400] Could only allocate 1 dirs of requested 3 for tablet 36a175173d62453f8763020414de3df9. 1 dirs total, 0 dirs full, 0 dirs failed
I20260608 12:53:13.539414 17475 tablet_service.cc:1511] Processing CreateTablet for tablet b3322d2328ef4254baf3a5c95f767386 (DEFAULT_TABLE table=test-workload [id=bdd518ae52de4f79a529c9b7556b41c6]), partition=RANGE (key) PARTITION 1073741820 <= VALUES < 1342177275
I20260608 12:53:13.540797 17475 data_dirs.cc:400] Could only allocate 1 dirs of requested 3 for tablet b3322d2328ef4254baf3a5c95f767386. 1 dirs total, 0 dirs full, 0 dirs failed
I20260608 12:53:13.545145 17474 tablet_service.cc:1511] Processing CreateTablet for tablet aa5c34d879b24c0f80e33bf9ff4be6b6 (DEFAULT_TABLE table=test-workload [id=bdd518ae52de4f79a529c9b7556b41c6]), partition=RANGE (key) PARTITION 1342177275 <= VALUES < 1610612730
I20260608 12:53:13.546577 17474 data_dirs.cc:400] Could only allocate 1 dirs of requested 3 for tablet aa5c34d879b24c0f80e33bf9ff4be6b6. 1 dirs total, 0 dirs full, 0 dirs failed
I20260608 12:53:13.549239 17473 tablet_service.cc:1511] Processing CreateTablet for tablet d6f1c492d5f740bfb0123363df2e0762 (DEFAULT_TABLE table=test-workload [id=bdd518ae52de4f79a529c9b7556b41c6]), partition=RANGE (key) PARTITION 1610612730 <= VALUES < 1879048185
I20260608 12:53:13.550668 17473 data_dirs.cc:400] Could only allocate 1 dirs of requested 3 for tablet d6f1c492d5f740bfb0123363df2e0762. 1 dirs total, 0 dirs full, 0 dirs failed
I20260608 12:53:13.553123 17472 tablet_service.cc:1511] Processing CreateTablet for tablet b0059e6e706b4cb98fb9f20358cf88fc (DEFAULT_TABLE table=test-workload [id=bdd518ae52de4f79a529c9b7556b41c6]), partition=RANGE (key) PARTITION 1879048185 <= VALUES
I20260608 12:53:13.554497 17472 data_dirs.cc:400] Could only allocate 1 dirs of requested 3 for tablet b0059e6e706b4cb98fb9f20358cf88fc. 1 dirs total, 0 dirs full, 0 dirs failed
I20260608 12:53:13.557124 17554 tablet_service.cc:1511] Processing CreateTablet for tablet 03d434db789d4792b93f6794e1f72810 (DEFAULT_TABLE table=test-workload [id=bdd518ae52de4f79a529c9b7556b41c6]), partition=RANGE (key) PARTITION VALUES < 268435455
I20260608 12:53:13.558444 17554 data_dirs.cc:400] Could only allocate 1 dirs of requested 3 for tablet 03d434db789d4792b93f6794e1f72810. 1 dirs total, 0 dirs full, 0 dirs failed
I20260608 12:53:13.561123 17553 tablet_service.cc:1511] Processing CreateTablet for tablet d162657959d34b728c1b0166021ffde6 (DEFAULT_TABLE table=test-workload [id=bdd518ae52de4f79a529c9b7556b41c6]), partition=RANGE (key) PARTITION 268435455 <= VALUES < 536870910
I20260608 12:53:13.562500 17553 data_dirs.cc:400] Could only allocate 1 dirs of requested 3 for tablet d162657959d34b728c1b0166021ffde6. 1 dirs total, 0 dirs full, 0 dirs failed
I20260608 12:53:13.567246 17552 tablet_service.cc:1511] Processing CreateTablet for tablet c9a3decef5674e779b1c7f0375d6dd5f (DEFAULT_TABLE table=test-workload [id=bdd518ae52de4f79a529c9b7556b41c6]), partition=RANGE (key) PARTITION 536870910 <= VALUES < 805306365
I20260608 12:53:13.568712 17552 data_dirs.cc:400] Could only allocate 1 dirs of requested 3 for tablet c9a3decef5674e779b1c7f0375d6dd5f. 1 dirs total, 0 dirs full, 0 dirs failed
I20260608 12:53:13.573115 17551 tablet_service.cc:1511] Processing CreateTablet for tablet 36a175173d62453f8763020414de3df9 (DEFAULT_TABLE table=test-workload [id=bdd518ae52de4f79a529c9b7556b41c6]), partition=RANGE (key) PARTITION 805306365 <= VALUES < 1073741820
I20260608 12:53:13.574499 17551 data_dirs.cc:400] Could only allocate 1 dirs of requested 3 for tablet 36a175173d62453f8763020414de3df9. 1 dirs total, 0 dirs full, 0 dirs failed
I20260608 12:53:13.577807 17549 tablet_service.cc:1511] Processing CreateTablet for tablet aa5c34d879b24c0f80e33bf9ff4be6b6 (DEFAULT_TABLE table=test-workload [id=bdd518ae52de4f79a529c9b7556b41c6]), partition=RANGE (key) PARTITION 1342177275 <= VALUES < 1610612730
I20260608 12:53:13.578081 17550 tablet_service.cc:1511] Processing CreateTablet for tablet b3322d2328ef4254baf3a5c95f767386 (DEFAULT_TABLE table=test-workload [id=bdd518ae52de4f79a529c9b7556b41c6]), partition=RANGE (key) PARTITION 1073741820 <= VALUES < 1342177275
I20260608 12:53:13.580018 17548 tablet_service.cc:1511] Processing CreateTablet for tablet d6f1c492d5f740bfb0123363df2e0762 (DEFAULT_TABLE table=test-workload [id=bdd518ae52de4f79a529c9b7556b41c6]), partition=RANGE (key) PARTITION 1610612730 <= VALUES < 1879048185
I20260608 12:53:13.581115 17628 tablet_service.cc:1511] Processing CreateTablet for tablet 03d434db789d4792b93f6794e1f72810 (DEFAULT_TABLE table=test-workload [id=bdd518ae52de4f79a529c9b7556b41c6]), partition=RANGE (key) PARTITION VALUES < 268435455
I20260608 12:53:13.582630 17628 data_dirs.cc:400] Could only allocate 1 dirs of requested 3 for tablet 03d434db789d4792b93f6794e1f72810. 1 dirs total, 0 dirs full, 0 dirs failed
I20260608 12:53:13.582898 17547 tablet_service.cc:1511] Processing CreateTablet for tablet b0059e6e706b4cb98fb9f20358cf88fc (DEFAULT_TABLE table=test-workload [id=bdd518ae52de4f79a529c9b7556b41c6]), partition=RANGE (key) PARTITION 1879048185 <= VALUES
I20260608 12:53:13.585878 17627 tablet_service.cc:1511] Processing CreateTablet for tablet d162657959d34b728c1b0166021ffde6 (DEFAULT_TABLE table=test-workload [id=bdd518ae52de4f79a529c9b7556b41c6]), partition=RANGE (key) PARTITION 268435455 <= VALUES < 536870910
I20260608 12:53:13.587329 17627 data_dirs.cc:400] Could only allocate 1 dirs of requested 3 for tablet d162657959d34b728c1b0166021ffde6. 1 dirs total, 0 dirs full, 0 dirs failed
I20260608 12:53:13.592861 17623 tablet_service.cc:1511] Processing CreateTablet for tablet aa5c34d879b24c0f80e33bf9ff4be6b6 (DEFAULT_TABLE table=test-workload [id=bdd518ae52de4f79a529c9b7556b41c6]), partition=RANGE (key) PARTITION 1342177275 <= VALUES < 1610612730
I20260608 12:53:13.594359 17623 data_dirs.cc:400] Could only allocate 1 dirs of requested 3 for tablet aa5c34d879b24c0f80e33bf9ff4be6b6. 1 dirs total, 0 dirs full, 0 dirs failed
I20260608 12:53:13.597832 17625 tablet_service.cc:1511] Processing CreateTablet for tablet 36a175173d62453f8763020414de3df9 (DEFAULT_TABLE table=test-workload [id=bdd518ae52de4f79a529c9b7556b41c6]), partition=RANGE (key) PARTITION 805306365 <= VALUES < 1073741820
I20260608 12:53:13.604892 17626 tablet_service.cc:1511] Processing CreateTablet for tablet c9a3decef5674e779b1c7f0375d6dd5f (DEFAULT_TABLE table=test-workload [id=bdd518ae52de4f79a529c9b7556b41c6]), partition=RANGE (key) PARTITION 536870910 <= VALUES < 805306365
I20260608 12:53:13.607012 17624 tablet_service.cc:1511] Processing CreateTablet for tablet b3322d2328ef4254baf3a5c95f767386 (DEFAULT_TABLE table=test-workload [id=bdd518ae52de4f79a529c9b7556b41c6]), partition=RANGE (key) PARTITION 1073741820 <= VALUES < 1342177275
I20260608 12:53:13.608861 17549 data_dirs.cc:400] Could only allocate 1 dirs of requested 3 for tablet aa5c34d879b24c0f80e33bf9ff4be6b6. 1 dirs total, 0 dirs full, 0 dirs failed
I20260608 12:53:13.609652 17550 data_dirs.cc:400] Could only allocate 1 dirs of requested 3 for tablet b3322d2328ef4254baf3a5c95f767386. 1 dirs total, 0 dirs full, 0 dirs failed
I20260608 12:53:13.612232 17548 data_dirs.cc:400] Could only allocate 1 dirs of requested 3 for tablet d6f1c492d5f740bfb0123363df2e0762. 1 dirs total, 0 dirs full, 0 dirs failed
I20260608 12:53:13.615782 17622 tablet_service.cc:1511] Processing CreateTablet for tablet d6f1c492d5f740bfb0123363df2e0762 (DEFAULT_TABLE table=test-workload [id=bdd518ae52de4f79a529c9b7556b41c6]), partition=RANGE (key) PARTITION 1610612730 <= VALUES < 1879048185
I20260608 12:53:13.616832 17621 tablet_service.cc:1511] Processing CreateTablet for tablet b0059e6e706b4cb98fb9f20358cf88fc (DEFAULT_TABLE table=test-workload [id=bdd518ae52de4f79a529c9b7556b41c6]), partition=RANGE (key) PARTITION 1879048185 <= VALUES
I20260608 12:53:13.617981 17547 data_dirs.cc:400] Could only allocate 1 dirs of requested 3 for tablet b0059e6e706b4cb98fb9f20358cf88fc. 1 dirs total, 0 dirs full, 0 dirs failed
I20260608 12:53:13.599808 17625 data_dirs.cc:400] Could only allocate 1 dirs of requested 3 for tablet 36a175173d62453f8763020414de3df9. 1 dirs total, 0 dirs full, 0 dirs failed
I20260608 12:53:13.624931 17626 data_dirs.cc:400] Could only allocate 1 dirs of requested 3 for tablet c9a3decef5674e779b1c7f0375d6dd5f. 1 dirs total, 0 dirs full, 0 dirs failed
I20260608 12:53:13.628199 17621 data_dirs.cc:400] Could only allocate 1 dirs of requested 3 for tablet b0059e6e706b4cb98fb9f20358cf88fc. 1 dirs total, 0 dirs full, 0 dirs failed
I20260608 12:53:13.630223 17622 data_dirs.cc:400] Could only allocate 1 dirs of requested 3 for tablet d6f1c492d5f740bfb0123363df2e0762. 1 dirs total, 0 dirs full, 0 dirs failed
I20260608 12:53:13.631968 17624 data_dirs.cc:400] Could only allocate 1 dirs of requested 3 for tablet b3322d2328ef4254baf3a5c95f767386. 1 dirs total, 0 dirs full, 0 dirs failed
I20260608 12:53:13.654070 17683 tablet_bootstrap.cc:492] T d162657959d34b728c1b0166021ffde6 P 7a31427860344356a07ede57d08de323: Bootstrap starting.
I20260608 12:53:13.691427 17684 tablet_bootstrap.cc:492] T d162657959d34b728c1b0166021ffde6 P c10b9dd315ad4a2c8135466a6c3e33c2: Bootstrap starting.
I20260608 12:53:13.693361 17685 tablet_bootstrap.cc:492] T 03d434db789d4792b93f6794e1f72810 P 9d3c8f61ee04493281092e5527bf27fc: Bootstrap starting.
I20260608 12:53:13.702195 17685 tablet_bootstrap.cc:654] T 03d434db789d4792b93f6794e1f72810 P 9d3c8f61ee04493281092e5527bf27fc: Neither blocks nor log segments found. Creating new log.
I20260608 12:53:13.703675 17683 tablet_bootstrap.cc:654] T d162657959d34b728c1b0166021ffde6 P 7a31427860344356a07ede57d08de323: Neither blocks nor log segments found. Creating new log.
I20260608 12:53:13.712349 17684 tablet_bootstrap.cc:654] T d162657959d34b728c1b0166021ffde6 P c10b9dd315ad4a2c8135466a6c3e33c2: Neither blocks nor log segments found. Creating new log.
I20260608 12:53:13.716850 17685 tablet_bootstrap.cc:492] T 03d434db789d4792b93f6794e1f72810 P 9d3c8f61ee04493281092e5527bf27fc: No bootstrap required, opened a new log
I20260608 12:53:13.717346 17685 ts_tablet_manager.cc:1403] T 03d434db789d4792b93f6794e1f72810 P 9d3c8f61ee04493281092e5527bf27fc: Time spent bootstrapping tablet: real 0.024s	user 0.007s	sys 0.007s
I20260608 12:53:13.717656 17683 tablet_bootstrap.cc:492] T d162657959d34b728c1b0166021ffde6 P 7a31427860344356a07ede57d08de323: No bootstrap required, opened a new log
I20260608 12:53:13.718119 17683 ts_tablet_manager.cc:1403] T d162657959d34b728c1b0166021ffde6 P 7a31427860344356a07ede57d08de323: Time spent bootstrapping tablet: real 0.064s	user 0.011s	sys 0.004s
I20260608 12:53:13.720402 17685 raft_consensus.cc:359] T 03d434db789d4792b93f6794e1f72810 P 9d3c8f61ee04493281092e5527bf27fc [term 0 FOLLOWER]: Replica starting. Triggering 0 pending ops. Active config: opid_index: -1 OBSOLETE_local: false peers { permanent_uuid: "7a31427860344356a07ede57d08de323" member_type: VOTER last_known_addr { host: "127.16.108.193" port: 34569 } } peers { permanent_uuid: "9d3c8f61ee04493281092e5527bf27fc" member_type: VOTER last_known_addr { host: "127.16.108.195" port: 34753 } } peers { permanent_uuid: "c10b9dd315ad4a2c8135466a6c3e33c2" member_type: VOTER last_known_addr { host: "127.16.108.194" port: 43549 } }
I20260608 12:53:13.721199 17685 raft_consensus.cc:385] T 03d434db789d4792b93f6794e1f72810 P 9d3c8f61ee04493281092e5527bf27fc [term 0 FOLLOWER]: Consensus starting up: Expiring failure detector timer to make a prompt election more likely
I20260608 12:53:13.721552 17685 raft_consensus.cc:740] T 03d434db789d4792b93f6794e1f72810 P 9d3c8f61ee04493281092e5527bf27fc [term 0 FOLLOWER]: Becoming Follower/Learner. State: Replica: 9d3c8f61ee04493281092e5527bf27fc, State: Initialized, Role: FOLLOWER
I20260608 12:53:13.722594 17685 consensus_queue.cc:260] T 03d434db789d4792b93f6794e1f72810 P 9d3c8f61ee04493281092e5527bf27fc [NON_LEADER]: Queue going to NON_LEADER mode. State: All replicated index: 0, Majority replicated index: 0, Committed index: 0, Last appended: 0.0, Last appended by leader: 0, Current term: 0, Majority size: -1, State: 0, Mode: NON_LEADER, active raft config: opid_index: -1 OBSOLETE_local: false peers { permanent_uuid: "7a31427860344356a07ede57d08de323" member_type: VOTER last_known_addr { host: "127.16.108.193" port: 34569 } } peers { permanent_uuid: "9d3c8f61ee04493281092e5527bf27fc" member_type: VOTER last_known_addr { host: "127.16.108.195" port: 34753 } } peers { permanent_uuid: "c10b9dd315ad4a2c8135466a6c3e33c2" member_type: VOTER last_known_addr { host: "127.16.108.194" port: 43549 } }
I20260608 12:53:13.720894 17683 raft_consensus.cc:359] T d162657959d34b728c1b0166021ffde6 P 7a31427860344356a07ede57d08de323 [term 0 FOLLOWER]: Replica starting. Triggering 0 pending ops. Active config: opid_index: -1 OBSOLETE_local: false peers { permanent_uuid: "7a31427860344356a07ede57d08de323" member_type: VOTER last_known_addr { host: "127.16.108.193" port: 34569 } } peers { permanent_uuid: "c10b9dd315ad4a2c8135466a6c3e33c2" member_type: VOTER last_known_addr { host: "127.16.108.194" port: 43549 } } peers { permanent_uuid: "9d3c8f61ee04493281092e5527bf27fc" member_type: VOTER last_known_addr { host: "127.16.108.195" port: 34753 } }
I20260608 12:53:13.723794 17683 raft_consensus.cc:385] T d162657959d34b728c1b0166021ffde6 P 7a31427860344356a07ede57d08de323 [term 0 FOLLOWER]: Consensus starting up: Expiring failure detector timer to make a prompt election more likely
I20260608 12:53:13.724174 17683 raft_consensus.cc:740] T d162657959d34b728c1b0166021ffde6 P 7a31427860344356a07ede57d08de323 [term 0 FOLLOWER]: Becoming Follower/Learner. State: Replica: 7a31427860344356a07ede57d08de323, State: Initialized, Role: FOLLOWER
I20260608 12:53:13.725128 17683 consensus_queue.cc:260] T d162657959d34b728c1b0166021ffde6 P 7a31427860344356a07ede57d08de323 [NON_LEADER]: Queue going to NON_LEADER mode. State: All replicated index: 0, Majority replicated index: 0, Committed index: 0, Last appended: 0.0, Last appended by leader: 0, Current term: 0, Majority size: -1, State: 0, Mode: NON_LEADER, active raft config: opid_index: -1 OBSOLETE_local: false peers { permanent_uuid: "7a31427860344356a07ede57d08de323" member_type: VOTER last_known_addr { host: "127.16.108.193" port: 34569 } } peers { permanent_uuid: "c10b9dd315ad4a2c8135466a6c3e33c2" member_type: VOTER last_known_addr { host: "127.16.108.194" port: 43549 } } peers { permanent_uuid: "9d3c8f61ee04493281092e5527bf27fc" member_type: VOTER last_known_addr { host: "127.16.108.195" port: 34753 } }
I20260608 12:53:13.725950 17685 ts_tablet_manager.cc:1434] T 03d434db789d4792b93f6794e1f72810 P 9d3c8f61ee04493281092e5527bf27fc: Time spent starting tablet: real 0.008s	user 0.006s	sys 0.003s
I20260608 12:53:13.728679 17684 tablet_bootstrap.cc:492] T d162657959d34b728c1b0166021ffde6 P c10b9dd315ad4a2c8135466a6c3e33c2: No bootstrap required, opened a new log
I20260608 12:53:13.729156 17684 ts_tablet_manager.cc:1403] T d162657959d34b728c1b0166021ffde6 P c10b9dd315ad4a2c8135466a6c3e33c2: Time spent bootstrapping tablet: real 0.038s	user 0.008s	sys 0.004s
I20260608 12:53:13.727144 17685 tablet_bootstrap.cc:492] T d6f1c492d5f740bfb0123363df2e0762 P 9d3c8f61ee04493281092e5527bf27fc: Bootstrap starting.
I20260608 12:53:13.732151 17684 raft_consensus.cc:359] T d162657959d34b728c1b0166021ffde6 P c10b9dd315ad4a2c8135466a6c3e33c2 [term 0 FOLLOWER]: Replica starting. Triggering 0 pending ops. Active config: opid_index: -1 OBSOLETE_local: false peers { permanent_uuid: "7a31427860344356a07ede57d08de323" member_type: VOTER last_known_addr { host: "127.16.108.193" port: 34569 } } peers { permanent_uuid: "c10b9dd315ad4a2c8135466a6c3e33c2" member_type: VOTER last_known_addr { host: "127.16.108.194" port: 43549 } } peers { permanent_uuid: "9d3c8f61ee04493281092e5527bf27fc" member_type: VOTER last_known_addr { host: "127.16.108.195" port: 34753 } }
I20260608 12:53:13.732897 17684 raft_consensus.cc:385] T d162657959d34b728c1b0166021ffde6 P c10b9dd315ad4a2c8135466a6c3e33c2 [term 0 FOLLOWER]: Consensus starting up: Expiring failure detector timer to make a prompt election more likely
I20260608 12:53:13.733196 17684 raft_consensus.cc:740] T d162657959d34b728c1b0166021ffde6 P c10b9dd315ad4a2c8135466a6c3e33c2 [term 0 FOLLOWER]: Becoming Follower/Learner. State: Replica: c10b9dd315ad4a2c8135466a6c3e33c2, State: Initialized, Role: FOLLOWER
I20260608 12:53:13.734035 17684 consensus_queue.cc:260] T d162657959d34b728c1b0166021ffde6 P c10b9dd315ad4a2c8135466a6c3e33c2 [NON_LEADER]: Queue going to NON_LEADER mode. State: All replicated index: 0, Majority replicated index: 0, Committed index: 0, Last appended: 0.0, Last appended by leader: 0, Current term: 0, Majority size: -1, State: 0, Mode: NON_LEADER, active raft config: opid_index: -1 OBSOLETE_local: false peers { permanent_uuid: "7a31427860344356a07ede57d08de323" member_type: VOTER last_known_addr { host: "127.16.108.193" port: 34569 } } peers { permanent_uuid: "c10b9dd315ad4a2c8135466a6c3e33c2" member_type: VOTER last_known_addr { host: "127.16.108.194" port: 43549 } } peers { permanent_uuid: "9d3c8f61ee04493281092e5527bf27fc" member_type: VOTER last_known_addr { host: "127.16.108.195" port: 34753 } }
I20260608 12:53:13.735935 17685 tablet_bootstrap.cc:654] T d6f1c492d5f740bfb0123363df2e0762 P 9d3c8f61ee04493281092e5527bf27fc: Neither blocks nor log segments found. Creating new log.
I20260608 12:53:13.736763 17683 ts_tablet_manager.cc:1434] T d162657959d34b728c1b0166021ffde6 P 7a31427860344356a07ede57d08de323: Time spent starting tablet: real 0.018s	user 0.006s	sys 0.003s
I20260608 12:53:13.737821 17683 tablet_bootstrap.cc:492] T 36a175173d62453f8763020414de3df9 P 7a31427860344356a07ede57d08de323: Bootstrap starting.
I20260608 12:53:13.743443 17684 ts_tablet_manager.cc:1434] T d162657959d34b728c1b0166021ffde6 P c10b9dd315ad4a2c8135466a6c3e33c2: Time spent starting tablet: real 0.014s	user 0.007s	sys 0.000s
I20260608 12:53:13.744859 17684 tablet_bootstrap.cc:492] T 03d434db789d4792b93f6794e1f72810 P c10b9dd315ad4a2c8135466a6c3e33c2: Bootstrap starting.
I20260608 12:53:13.747254 17685 tablet_bootstrap.cc:492] T d6f1c492d5f740bfb0123363df2e0762 P 9d3c8f61ee04493281092e5527bf27fc: No bootstrap required, opened a new log
I20260608 12:53:13.747766 17685 ts_tablet_manager.cc:1403] T d6f1c492d5f740bfb0123363df2e0762 P 9d3c8f61ee04493281092e5527bf27fc: Time spent bootstrapping tablet: real 0.021s	user 0.012s	sys 0.004s
