I20260608 12:39:22.376911  3301 catalog_manager.cc:5696] T ac4763c1413742c091b96c69f7f113e2 P 356b3d0616f9401da5c064bfa553e9d9 reported cstate change: term changed from 0 to 1, leader changed from <none> to 356b3d0616f9401da5c064bfa553e9d9 (127.0.108.3). New cstate: current_term: 1 leader_uuid: "356b3d0616f9401da5c064bfa553e9d9" committed_config { opid_index: -1 OBSOLETE_local: false peers { permanent_uuid: "7b47fa7b040147ccb86afd937505391a" member_type: VOTER last_known_addr { host: "127.0.108.4" port: 41295 } health_report { overall_health: UNKNOWN } } peers { permanent_uuid: "356b3d0616f9401da5c064bfa553e9d9" member_type: VOTER last_known_addr { host: "127.0.108.3" port: 37101 } health_report { overall_health: HEALTHY } } peers { permanent_uuid: "b687b34f4b0f42ac830d006484ad125f" member_type: VOTER last_known_addr { host: "127.0.108.1" port: 45149 } health_report { overall_health: UNKNOWN } } }
I20260608 12:39:22.378465  3639 raft_consensus.cc:515] T d265f15cdf034bd7ba673002eba87729 P 948a7955e2b34ed6b0b1b177bef14b33 [term 1 FOLLOWER]: Starting leader election with config: opid_index: -1 OBSOLETE_local: false peers { permanent_uuid: "b687b34f4b0f42ac830d006484ad125f" member_type: VOTER last_known_addr { host: "127.0.108.1" port: 45149 } } peers { permanent_uuid: "948a7955e2b34ed6b0b1b177bef14b33" member_type: VOTER last_known_addr { host: "127.0.108.2" port: 41187 } } peers { permanent_uuid: "7b47fa7b040147ccb86afd937505391a" member_type: VOTER last_known_addr { host: "127.0.108.4" port: 41295 } }
I20260608 12:39:22.380589  3639 leader_election.cc:290] T d265f15cdf034bd7ba673002eba87729 P 948a7955e2b34ed6b0b1b177bef14b33 [CANDIDATE]: Term 1 election: Requested vote from peers b687b34f4b0f42ac830d006484ad125f (127.0.108.1:45149), 7b47fa7b040147ccb86afd937505391a (127.0.108.4:41295)
I20260608 12:39:22.381382  3404 tablet_service.cc:1917] Received RequestConsensusVote() RPC: tablet_id: "d265f15cdf034bd7ba673002eba87729" candidate_uuid: "948a7955e2b34ed6b0b1b177bef14b33" candidate_term: 1 candidate_status { last_received { term: 0 index: 0 } } ignore_live_leader: false dest_uuid: "b687b34f4b0f42ac830d006484ad125f"
I20260608 12:39:22.381579  3734 tablet_service.cc:1917] Received RequestConsensusVote() RPC: tablet_id: "d265f15cdf034bd7ba673002eba87729" candidate_uuid: "948a7955e2b34ed6b0b1b177bef14b33" candidate_term: 1 candidate_status { last_received { term: 0 index: 0 } } ignore_live_leader: false dest_uuid: "7b47fa7b040147ccb86afd937505391a"
I20260608 12:39:22.381976  3404 raft_consensus.cc:3060] T d265f15cdf034bd7ba673002eba87729 P b687b34f4b0f42ac830d006484ad125f [term 0 FOLLOWER]: Advancing to term 1
I20260608 12:39:22.382314  3734 raft_consensus.cc:3060] T d265f15cdf034bd7ba673002eba87729 P 7b47fa7b040147ccb86afd937505391a [term 0 FOLLOWER]: Advancing to term 1
I20260608 12:39:22.388214  3404 raft_consensus.cc:2468] T d265f15cdf034bd7ba673002eba87729 P b687b34f4b0f42ac830d006484ad125f [term 1 FOLLOWER]: Leader election vote request: Granting yes vote for candidate 948a7955e2b34ed6b0b1b177bef14b33 in term 1.
I20260608 12:39:22.388301  3734 raft_consensus.cc:2468] T d265f15cdf034bd7ba673002eba87729 P 7b47fa7b040147ccb86afd937505391a [term 1 FOLLOWER]: Leader election vote request: Granting yes vote for candidate 948a7955e2b34ed6b0b1b177bef14b33 in term 1.
I20260608 12:39:22.389362  3447 leader_election.cc:304] T d265f15cdf034bd7ba673002eba87729 P 948a7955e2b34ed6b0b1b177bef14b33 [CANDIDATE]: Term 1 election: Election decided. Result: candidate won. Election summary: received 2 responses out of 3 voters: 2 yes votes; 0 no votes. yes voters: 948a7955e2b34ed6b0b1b177bef14b33, b687b34f4b0f42ac830d006484ad125f; no voters: 
I20260608 12:39:22.390071  3639 raft_consensus.cc:2804] T d265f15cdf034bd7ba673002eba87729 P 948a7955e2b34ed6b0b1b177bef14b33 [term 1 FOLLOWER]: Leader election won for term 1
I20260608 12:39:22.390573  3639 raft_consensus.cc:697] T d265f15cdf034bd7ba673002eba87729 P 948a7955e2b34ed6b0b1b177bef14b33 [term 1 LEADER]: Becoming Leader. State: Replica: 948a7955e2b34ed6b0b1b177bef14b33, State: Running, Role: LEADER
I20260608 12:39:22.391801  3639 consensus_queue.cc:237] T d265f15cdf034bd7ba673002eba87729 P 948a7955e2b34ed6b0b1b177bef14b33 [LEADER]: Queue going to LEADER mode. State: All replicated index: 0, Majority replicated index: 0, Committed index: 0, Last appended: 0.0, Last appended by leader: 0, Current term: 1, Majority size: 2, State: 0, Mode: LEADER, active raft config: opid_index: -1 OBSOLETE_local: false peers { permanent_uuid: "b687b34f4b0f42ac830d006484ad125f" member_type: VOTER last_known_addr { host: "127.0.108.1" port: 45149 } } peers { permanent_uuid: "948a7955e2b34ed6b0b1b177bef14b33" member_type: VOTER last_known_addr { host: "127.0.108.2" port: 41187 } } peers { permanent_uuid: "7b47fa7b040147ccb86afd937505391a" member_type: VOTER last_known_addr { host: "127.0.108.4" port: 41295 } }
I20260608 12:39:22.399642  3301 catalog_manager.cc:5696] T d265f15cdf034bd7ba673002eba87729 P 948a7955e2b34ed6b0b1b177bef14b33 reported cstate change: term changed from 0 to 1, leader changed from <none> to 948a7955e2b34ed6b0b1b177bef14b33 (127.0.108.2). New cstate: current_term: 1 leader_uuid: "948a7955e2b34ed6b0b1b177bef14b33" committed_config { opid_index: -1 OBSOLETE_local: false peers { permanent_uuid: "b687b34f4b0f42ac830d006484ad125f" member_type: VOTER last_known_addr { host: "127.0.108.1" port: 45149 } health_report { overall_health: UNKNOWN } } peers { permanent_uuid: "948a7955e2b34ed6b0b1b177bef14b33" member_type: VOTER last_known_addr { host: "127.0.108.2" port: 41187 } health_report { overall_health: HEALTHY } } peers { permanent_uuid: "7b47fa7b040147ccb86afd937505391a" member_type: VOTER last_known_addr { host: "127.0.108.4" port: 41295 } health_report { overall_health: UNKNOWN } } }
I20260608 12:39:22.405273  3778 raft_consensus.cc:493] T 209f7351c07d49e5a8020de8558dd1c5 P 356b3d0616f9401da5c064bfa553e9d9 [term 0 FOLLOWER]: Starting pre-election (no leader contacted us within the election timeout)
I20260608 12:39:22.405970  3778 raft_consensus.cc:515] T 209f7351c07d49e5a8020de8558dd1c5 P 356b3d0616f9401da5c064bfa553e9d9 [term 0 FOLLOWER]: Starting pre-election with config: opid_index: -1 OBSOLETE_local: false peers { permanent_uuid: "948a7955e2b34ed6b0b1b177bef14b33" member_type: VOTER last_known_addr { host: "127.0.108.2" port: 41187 } } peers { permanent_uuid: "7b47fa7b040147ccb86afd937505391a" member_type: VOTER last_known_addr { host: "127.0.108.4" port: 41295 } } peers { permanent_uuid: "356b3d0616f9401da5c064bfa553e9d9" member_type: VOTER last_known_addr { host: "127.0.108.3" port: 37101 } }
I20260608 12:39:22.409938  3478 tablet_service.cc:1917] Received RequestConsensusVote() RPC: tablet_id: "209f7351c07d49e5a8020de8558dd1c5" candidate_uuid: "356b3d0616f9401da5c064bfa553e9d9" candidate_term: 1 candidate_status { last_received { term: 0 index: 0 } } ignore_live_leader: false dest_uuid: "948a7955e2b34ed6b0b1b177bef14b33" is_pre_election: true
I20260608 12:39:22.409970  3778 leader_election.cc:290] T 209f7351c07d49e5a8020de8558dd1c5 P 356b3d0616f9401da5c064bfa553e9d9 [CANDIDATE]: Term 1 pre-election: Requested pre-vote from peers 948a7955e2b34ed6b0b1b177bef14b33 (127.0.108.2:41187), 7b47fa7b040147ccb86afd937505391a (127.0.108.4:41295)
I20260608 12:39:22.410713  3478 raft_consensus.cc:2468] T 209f7351c07d49e5a8020de8558dd1c5 P 948a7955e2b34ed6b0b1b177bef14b33 [term 0 FOLLOWER]: Leader pre-election vote request: Granting yes vote for candidate 356b3d0616f9401da5c064bfa553e9d9 in term 0.
I20260608 12:39:22.411083  3639 consensus_queue.cc:1048] T cee0168dc03d456697fbbb03521ec3b2 P 948a7955e2b34ed6b0b1b177bef14b33 [LEADER]: Connected to new peer: Peer: permanent_uuid: "b687b34f4b0f42ac830d006484ad125f" member_type: VOTER last_known_addr { host: "127.0.108.1" port: 45149 }, Status: LMP_MISMATCH, Last received: 0.0, Next index: 1, Last known committed idx: 0, Time since last communication: 0.000s
I20260608 12:39:22.411258  3734 tablet_service.cc:1917] Received RequestConsensusVote() RPC: tablet_id: "209f7351c07d49e5a8020de8558dd1c5" candidate_uuid: "356b3d0616f9401da5c064bfa553e9d9" candidate_term: 1 candidate_status { last_received { term: 0 index: 0 } } ignore_live_leader: false dest_uuid: "7b47fa7b040147ccb86afd937505391a" is_pre_election: true
I20260608 12:39:22.411940  3734 raft_consensus.cc:2468] T 209f7351c07d49e5a8020de8558dd1c5 P 7b47fa7b040147ccb86afd937505391a [term 0 FOLLOWER]: Leader pre-election vote request: Granting yes vote for candidate 356b3d0616f9401da5c064bfa553e9d9 in term 0.
I20260608 12:39:22.411880  3520 leader_election.cc:304] T 209f7351c07d49e5a8020de8558dd1c5 P 356b3d0616f9401da5c064bfa553e9d9 [CANDIDATE]: Term 1 pre-election: Election decided. Result: candidate won. Election summary: received 2 responses out of 3 voters: 2 yes votes; 0 no votes. yes voters: 356b3d0616f9401da5c064bfa553e9d9, 948a7955e2b34ed6b0b1b177bef14b33; no voters: 
I20260608 12:39:22.412868  3778 raft_consensus.cc:2804] T 209f7351c07d49e5a8020de8558dd1c5 P 356b3d0616f9401da5c064bfa553e9d9 [term 0 FOLLOWER]: Leader pre-election won for term 1
I20260608 12:39:22.413271  3778 raft_consensus.cc:493] T 209f7351c07d49e5a8020de8558dd1c5 P 356b3d0616f9401da5c064bfa553e9d9 [term 0 FOLLOWER]: Starting leader election (no leader contacted us within the election timeout)
I20260608 12:39:22.413618  3778 raft_consensus.cc:3060] T 209f7351c07d49e5a8020de8558dd1c5 P 356b3d0616f9401da5c064bfa553e9d9 [term 0 FOLLOWER]: Advancing to term 1
I20260608 12:39:22.420603  3778 raft_consensus.cc:515] T 209f7351c07d49e5a8020de8558dd1c5 P 356b3d0616f9401da5c064bfa553e9d9 [term 1 FOLLOWER]: Starting leader election with config: opid_index: -1 OBSOLETE_local: false peers { permanent_uuid: "948a7955e2b34ed6b0b1b177bef14b33" member_type: VOTER last_known_addr { host: "127.0.108.2" port: 41187 } } peers { permanent_uuid: "7b47fa7b040147ccb86afd937505391a" member_type: VOTER last_known_addr { host: "127.0.108.4" port: 41295 } } peers { permanent_uuid: "356b3d0616f9401da5c064bfa553e9d9" member_type: VOTER last_known_addr { host: "127.0.108.3" port: 37101 } }
I20260608 12:39:22.424486  3778 leader_election.cc:290] T 209f7351c07d49e5a8020de8558dd1c5 P 356b3d0616f9401da5c064bfa553e9d9 [CANDIDATE]: Term 1 election: Requested vote from peers 948a7955e2b34ed6b0b1b177bef14b33 (127.0.108.2:41187), 7b47fa7b040147ccb86afd937505391a (127.0.108.4:41295)
I20260608 12:39:22.426172  3734 tablet_service.cc:1917] Received RequestConsensusVote() RPC: tablet_id: "209f7351c07d49e5a8020de8558dd1c5" candidate_uuid: "356b3d0616f9401da5c064bfa553e9d9" candidate_term: 1 candidate_status { last_received { term: 0 index: 0 } } ignore_live_leader: false dest_uuid: "7b47fa7b040147ccb86afd937505391a"
I20260608 12:39:22.426810  3357 auto_leader_rebalancer.cc:140] leader rebalance for table range_aware_rebalance_new_range
I20260608 12:39:22.427266  3734 raft_consensus.cc:3060] T 209f7351c07d49e5a8020de8558dd1c5 P 7b47fa7b040147ccb86afd937505391a [term 0 FOLLOWER]: Advancing to term 1
I20260608 12:39:22.430085  3685 consensus_queue.cc:1048] T cee0168dc03d456697fbbb03521ec3b2 P 948a7955e2b34ed6b0b1b177bef14b33 [LEADER]: Connected to new peer: Peer: permanent_uuid: "7b47fa7b040147ccb86afd937505391a" member_type: VOTER last_known_addr { host: "127.0.108.4" port: 41295 }, Status: LMP_MISMATCH, Last received: 0.0, Next index: 1, Last known committed idx: 0, Time since last communication: 0.001s
I20260608 12:39:22.430415  3478 tablet_service.cc:1917] Received RequestConsensusVote() RPC: tablet_id: "209f7351c07d49e5a8020de8558dd1c5" candidate_uuid: "356b3d0616f9401da5c064bfa553e9d9" candidate_term: 1 candidate_status { last_received { term: 0 index: 0 } } ignore_live_leader: false dest_uuid: "948a7955e2b34ed6b0b1b177bef14b33"
I20260608 12:39:22.431063  3478 raft_consensus.cc:3060] T 209f7351c07d49e5a8020de8558dd1c5 P 948a7955e2b34ed6b0b1b177bef14b33 [term 0 FOLLOWER]: Advancing to term 1
I20260608 12:39:22.438031  3734 raft_consensus.cc:2468] T 209f7351c07d49e5a8020de8558dd1c5 P 7b47fa7b040147ccb86afd937505391a [term 1 FOLLOWER]: Leader election vote request: Granting yes vote for candidate 356b3d0616f9401da5c064bfa553e9d9 in term 1.
I20260608 12:39:22.439824  3521 leader_election.cc:304] T 209f7351c07d49e5a8020de8558dd1c5 P 356b3d0616f9401da5c064bfa553e9d9 [CANDIDATE]: Term 1 election: Election decided. Result: candidate won. Election summary: received 2 responses out of 3 voters: 2 yes votes; 0 no votes. yes voters: 356b3d0616f9401da5c064bfa553e9d9, 7b47fa7b040147ccb86afd937505391a; no voters: 
I20260608 12:39:22.460978  3478 raft_consensus.cc:2468] T 209f7351c07d49e5a8020de8558dd1c5 P 948a7955e2b34ed6b0b1b177bef14b33 [term 1 FOLLOWER]: Leader election vote request: Granting yes vote for candidate 356b3d0616f9401da5c064bfa553e9d9 in term 1.
I20260608 12:39:22.462343  3778 raft_consensus.cc:2804] T 209f7351c07d49e5a8020de8558dd1c5 P 356b3d0616f9401da5c064bfa553e9d9 [term 1 FOLLOWER]: Leader election won for term 1
I20260608 12:39:22.463037  3778 raft_consensus.cc:697] T 209f7351c07d49e5a8020de8558dd1c5 P 356b3d0616f9401da5c064bfa553e9d9 [term 1 LEADER]: Becoming Leader. State: Replica: 356b3d0616f9401da5c064bfa553e9d9, State: Running, Role: LEADER
I20260608 12:39:22.465005  3778 consensus_queue.cc:237] T 209f7351c07d49e5a8020de8558dd1c5 P 356b3d0616f9401da5c064bfa553e9d9 [LEADER]: Queue going to LEADER mode. State: All replicated index: 0, Majority replicated index: 0, Committed index: 0, Last appended: 0.0, Last appended by leader: 0, Current term: 1, Majority size: 2, State: 0, Mode: LEADER, active raft config: opid_index: -1 OBSOLETE_local: false peers { permanent_uuid: "948a7955e2b34ed6b0b1b177bef14b33" member_type: VOTER last_known_addr { host: "127.0.108.2" port: 41187 } } peers { permanent_uuid: "7b47fa7b040147ccb86afd937505391a" member_type: VOTER last_known_addr { host: "127.0.108.4" port: 41295 } } peers { permanent_uuid: "356b3d0616f9401da5c064bfa553e9d9" member_type: VOTER last_known_addr { host: "127.0.108.3" port: 37101 } }
W20260608 12:39:22.477056  3357 auto_leader_rebalancer.cc:460] the master instance isn't leader: Service unavailable: Tablet not running
W20260608 12:39:22.482012  3352 auto_rebalancer.cc:259] Could not retrieve cluster info: Service unavailable: Tablet not running
I20260608 12:39:22.490020  3301 catalog_manager.cc:5696] T 209f7351c07d49e5a8020de8558dd1c5 P 356b3d0616f9401da5c064bfa553e9d9 reported cstate change: term changed from 0 to 1, leader changed from <none> to 356b3d0616f9401da5c064bfa553e9d9 (127.0.108.3). New cstate: current_term: 1 leader_uuid: "356b3d0616f9401da5c064bfa553e9d9" committed_config { opid_index: -1 OBSOLETE_local: false peers { permanent_uuid: "948a7955e2b34ed6b0b1b177bef14b33" member_type: VOTER last_known_addr { host: "127.0.108.2" port: 41187 } health_report { overall_health: UNKNOWN } } peers { permanent_uuid: "7b47fa7b040147ccb86afd937505391a" member_type: VOTER last_known_addr { host: "127.0.108.4" port: 41295 } health_report { overall_health: UNKNOWN } } peers { permanent_uuid: "356b3d0616f9401da5c064bfa553e9d9" member_type: VOTER last_known_addr { host: "127.0.108.3" port: 37101 } health_report { overall_health: HEALTHY } } }
I20260608 12:39:22.524179  3794 consensus_queue.cc:1048] T 90a35532f92645699d3165db7e058f16 P 7b47fa7b040147ccb86afd937505391a [LEADER]: Connected to new peer: Peer: permanent_uuid: "b687b34f4b0f42ac830d006484ad125f" member_type: VOTER last_known_addr { host: "127.0.108.1" port: 45149 }, Status: LMP_MISMATCH, Last received: 0.0, Next index: 1, Last known committed idx: 0, Time since last communication: 0.000s
I20260608 12:39:22.538671  3793 consensus_queue.cc:1048] T 90a35532f92645699d3165db7e058f16 P 7b47fa7b040147ccb86afd937505391a [LEADER]: Connected to new peer: Peer: permanent_uuid: "356b3d0616f9401da5c064bfa553e9d9" member_type: VOTER last_known_addr { host: "127.0.108.3" port: 37101 }, Status: LMP_MISMATCH, Last received: 0.0, Next index: 1, Last known committed idx: 0, Time since last communication: 0.001s
I20260608 12:39:22.644634  3793 consensus_queue.cc:1048] T 3fbd4e6aa2ea4bd085c8ee605b375fed P 7b47fa7b040147ccb86afd937505391a [LEADER]: Connected to new peer: Peer: permanent_uuid: "948a7955e2b34ed6b0b1b177bef14b33" member_type: VOTER last_known_addr { host: "127.0.108.2" port: 41187 }, Status: LMP_MISMATCH, Last received: 0.0, Next index: 1, Last known committed idx: 0, Time since last communication: 0.000s
I20260608 12:39:22.660738  3794 consensus_queue.cc:1048] T 3fbd4e6aa2ea4bd085c8ee605b375fed P 7b47fa7b040147ccb86afd937505391a [LEADER]: Connected to new peer: Peer: permanent_uuid: "356b3d0616f9401da5c064bfa553e9d9" member_type: VOTER last_known_addr { host: "127.0.108.3" port: 37101 }, Status: LMP_MISMATCH, Last received: 0.0, Next index: 1, Last known committed idx: 0, Time since last communication: 0.000s
I20260608 12:39:22.679801  3794 consensus_queue.cc:1048] T 7bb0b5b0e70541aa9b5ae253c43e9b1b P 7b47fa7b040147ccb86afd937505391a [LEADER]: Connected to new peer: Peer: permanent_uuid: "b687b34f4b0f42ac830d006484ad125f" member_type: VOTER last_known_addr { host: "127.0.108.1" port: 45149 }, Status: LMP_MISMATCH, Last received: 0.0, Next index: 1, Last known committed idx: 0, Time since last communication: 0.000s
I20260608 12:39:22.688021  3794 consensus_queue.cc:1048] T 7bb0b5b0e70541aa9b5ae253c43e9b1b P 7b47fa7b040147ccb86afd937505391a [LEADER]: Connected to new peer: Peer: permanent_uuid: "356b3d0616f9401da5c064bfa553e9d9" member_type: VOTER last_known_addr { host: "127.0.108.3" port: 37101 }, Status: LMP_MISMATCH, Last received: 0.0, Next index: 1, Last known committed idx: 0, Time since last communication: 0.000s
I20260608 12:39:22.795536  3787 consensus_queue.cc:1048] T 00b9bf4c9bc3489c951382fa5748a74d P b687b34f4b0f42ac830d006484ad125f [LEADER]: Connected to new peer: Peer: permanent_uuid: "948a7955e2b34ed6b0b1b177bef14b33" member_type: VOTER last_known_addr { host: "127.0.108.2" port: 41187 }, Status: LMP_MISMATCH, Last received: 0.0, Next index: 1, Last known committed idx: 0, Time since last communication: 0.000s
I20260608 12:39:22.806262  3814 consensus_queue.cc:1048] T 00b9bf4c9bc3489c951382fa5748a74d P b687b34f4b0f42ac830d006484ad125f [LEADER]: Connected to new peer: Peer: permanent_uuid: "7b47fa7b040147ccb86afd937505391a" member_type: VOTER last_known_addr { host: "127.0.108.4" port: 41295 }, Status: LMP_MISMATCH, Last received: 0.0, Next index: 1, Last known committed idx: 0, Time since last communication: 0.000s
I20260608 12:39:22.812724  3685 consensus_queue.cc:1048] T d265f15cdf034bd7ba673002eba87729 P 948a7955e2b34ed6b0b1b177bef14b33 [LEADER]: Connected to new peer: Peer: permanent_uuid: "b687b34f4b0f42ac830d006484ad125f" member_type: VOTER last_known_addr { host: "127.0.108.1" port: 45149 }, Status: LMP_MISMATCH, Last received: 0.0, Next index: 1, Last known committed idx: 0, Time since last communication: 0.001s
I20260608 12:39:22.826743  3639 consensus_queue.cc:1048] T d265f15cdf034bd7ba673002eba87729 P 948a7955e2b34ed6b0b1b177bef14b33 [LEADER]: Connected to new peer: Peer: permanent_uuid: "7b47fa7b040147ccb86afd937505391a" member_type: VOTER last_known_addr { host: "127.0.108.4" port: 41295 }, Status: LMP_MISMATCH, Last received: 0.0, Next index: 1, Last known committed idx: 0, Time since last communication: 0.000s
I20260608 12:39:22.849766  3778 consensus_queue.cc:1048] T ac4763c1413742c091b96c69f7f113e2 P 356b3d0616f9401da5c064bfa553e9d9 [LEADER]: Connected to new peer: Peer: permanent_uuid: "b687b34f4b0f42ac830d006484ad125f" member_type: VOTER last_known_addr { host: "127.0.108.1" port: 45149 }, Status: LMP_MISMATCH, Last received: 0.0, Next index: 1, Last known committed idx: 0, Time since last communication: 0.000s
I20260608 12:39:22.862840  3734 raft_consensus.cc:3060] T ac4763c1413742c091b96c69f7f113e2 P 7b47fa7b040147ccb86afd937505391a [term 0 FOLLOWER]: Advancing to term 1
I20260608 12:39:22.870064  3778 consensus_queue.cc:1048] T ac4763c1413742c091b96c69f7f113e2 P 356b3d0616f9401da5c064bfa553e9d9 [LEADER]: Connected to new peer: Peer: permanent_uuid: "7b47fa7b040147ccb86afd937505391a" member_type: VOTER last_known_addr { host: "127.0.108.4" port: 41295 }, Status: LMP_MISMATCH, Last received: 0.0, Next index: 1, Last known committed idx: 0, Time since last communication: 0.001s
I20260608 12:39:22.877946  3778 consensus_queue.cc:1048] T 209f7351c07d49e5a8020de8558dd1c5 P 356b3d0616f9401da5c064bfa553e9d9 [LEADER]: Connected to new peer: Peer: permanent_uuid: "7b47fa7b040147ccb86afd937505391a" member_type: VOTER last_known_addr { host: "127.0.108.4" port: 41295 }, Status: LMP_MISMATCH, Last received: 0.0, Next index: 1, Last known committed idx: 0, Time since last communication: 0.000s
I20260608 12:39:22.892891  3839 consensus_queue.cc:1048] T 209f7351c07d49e5a8020de8558dd1c5 P 356b3d0616f9401da5c064bfa553e9d9 [LEADER]: Connected to new peer: Peer: permanent_uuid: "948a7955e2b34ed6b0b1b177bef14b33" member_type: VOTER last_known_addr { host: "127.0.108.2" port: 41187 }, Status: LMP_MISMATCH, Last received: 0.0, Next index: 1, Last known committed idx: 0, Time since last communication: 0.000s
I20260608 12:39:23.529172  3478 consensus_queue.cc:237] T 965bdcf25d1643ff9935c6fcdf73bcf7 P 948a7955e2b34ed6b0b1b177bef14b33 [LEADER]: Queue going to LEADER mode. State: All replicated index: 0, Majority replicated index: 1, Committed index: 1, Last appended: 1.1, Last appended by leader: 0, Current term: 1, Majority size: 2, State: 0, Mode: LEADER, active raft config: opid_index: 2 OBSOLETE_local: false peers { permanent_uuid: "b687b34f4b0f42ac830d006484ad125f" member_type: VOTER last_known_addr { host: "127.0.108.1" port: 45149 } attrs { replace: true } } peers { permanent_uuid: "948a7955e2b34ed6b0b1b177bef14b33" member_type: VOTER last_known_addr { host: "127.0.108.2" port: 41187 } } peers { permanent_uuid: "356b3d0616f9401da5c064bfa553e9d9" member_type: VOTER last_known_addr { host: "127.0.108.3" port: 37101 } } peers { permanent_uuid: "7b47fa7b040147ccb86afd937505391a" member_type: NON_VOTER last_known_addr { host: "127.0.108.4" port: 41295 } attrs { promote: true } }
I20260608 12:39:23.536362  3555 raft_consensus.cc:1275] T 965bdcf25d1643ff9935c6fcdf73bcf7 P 356b3d0616f9401da5c064bfa553e9d9 [term 1 FOLLOWER]: Refusing update from remote peer 948a7955e2b34ed6b0b1b177bef14b33: Log matching property violated. Preceding OpId in replica: term: 1 index: 1. Preceding OpId from leader: term: 1 index: 2. (index mismatch)
W20260608 12:39:23.536816  3447 consensus_peers.cc:597] T 965bdcf25d1643ff9935c6fcdf73bcf7 P 948a7955e2b34ed6b0b1b177bef14b33 -> Peer 7b47fa7b040147ccb86afd937505391a (127.0.108.4:41295): Couldn't send request to peer 7b47fa7b040147ccb86afd937505391a. Error code: TABLET_NOT_FOUND (6). Status: Not found: Tablet not found: 965bdcf25d1643ff9935c6fcdf73bcf7. This is attempt 1: this message will repeat every 5th retry.
I20260608 12:39:23.536393  3404 raft_consensus.cc:1275] T 965bdcf25d1643ff9935c6fcdf73bcf7 P b687b34f4b0f42ac830d006484ad125f [term 1 FOLLOWER]: Refusing update from remote peer 948a7955e2b34ed6b0b1b177bef14b33: Log matching property violated. Preceding OpId in replica: term: 1 index: 1. Preceding OpId from leader: term: 1 index: 2. (index mismatch)
I20260608 12:39:23.538103  3822 consensus_queue.cc:1048] T 965bdcf25d1643ff9935c6fcdf73bcf7 P 948a7955e2b34ed6b0b1b177bef14b33 [LEADER]: Connected to new peer: Peer: permanent_uuid: "356b3d0616f9401da5c064bfa553e9d9" member_type: VOTER last_known_addr { host: "127.0.108.3" port: 37101 }, Status: LMP_MISMATCH, Last received: 0.0, Next index: 2, Last known committed idx: 1, Time since last communication: 0.001s
I20260608 12:39:23.539345  3639 consensus_queue.cc:1048] T 965bdcf25d1643ff9935c6fcdf73bcf7 P 948a7955e2b34ed6b0b1b177bef14b33 [LEADER]: Connected to new peer: Peer: permanent_uuid: "b687b34f4b0f42ac830d006484ad125f" member_type: VOTER last_known_addr { host: "127.0.108.1" port: 45149 } attrs { replace: true }, Status: LMP_MISMATCH, Last received: 0.0, Next index: 2, Last known committed idx: 1, Time since last communication: 0.000s
I20260608 12:39:23.554858  3685 raft_consensus.cc:2955] T 965bdcf25d1643ff9935c6fcdf73bcf7 P 948a7955e2b34ed6b0b1b177bef14b33 [term 1 LEADER]: Committing config change with OpId 1.2: config changed from index -1 to 2, NON_VOTER 7b47fa7b040147ccb86afd937505391a (127.0.108.4) added. New config: { opid_index: 2 OBSOLETE_local: false peers { permanent_uuid: "b687b34f4b0f42ac830d006484ad125f" member_type: VOTER last_known_addr { host: "127.0.108.1" port: 45149 } attrs { replace: true } } peers { permanent_uuid: "948a7955e2b34ed6b0b1b177bef14b33" member_type: VOTER last_known_addr { host: "127.0.108.2" port: 41187 } } peers { permanent_uuid: "356b3d0616f9401da5c064bfa553e9d9" member_type: VOTER last_known_addr { host: "127.0.108.3" port: 37101 } } peers { permanent_uuid: "7b47fa7b040147ccb86afd937505391a" member_type: NON_VOTER last_known_addr { host: "127.0.108.4" port: 41295 } attrs { promote: true } } }
I20260608 12:39:23.556727  3555 raft_consensus.cc:2955] T 965bdcf25d1643ff9935c6fcdf73bcf7 P 356b3d0616f9401da5c064bfa553e9d9 [term 1 FOLLOWER]: Committing config change with OpId 1.2: config changed from index -1 to 2, NON_VOTER 7b47fa7b040147ccb86afd937505391a (127.0.108.4) added. New config: { opid_index: 2 OBSOLETE_local: false peers { permanent_uuid: "b687b34f4b0f42ac830d006484ad125f" member_type: VOTER last_known_addr { host: "127.0.108.1" port: 45149 } attrs { replace: true } } peers { permanent_uuid: "948a7955e2b34ed6b0b1b177bef14b33" member_type: VOTER last_known_addr { host: "127.0.108.2" port: 41187 } } peers { permanent_uuid: "356b3d0616f9401da5c064bfa553e9d9" member_type: VOTER last_known_addr { host: "127.0.108.3" port: 37101 } } peers { permanent_uuid: "7b47fa7b040147ccb86afd937505391a" member_type: NON_VOTER last_known_addr { host: "127.0.108.4" port: 41295 } attrs { promote: true } } }
I20260608 12:39:23.557032  3404 raft_consensus.cc:2955] T 965bdcf25d1643ff9935c6fcdf73bcf7 P b687b34f4b0f42ac830d006484ad125f [term 1 FOLLOWER]: Committing config change with OpId 1.2: config changed from index -1 to 2, NON_VOTER 7b47fa7b040147ccb86afd937505391a (127.0.108.4) added. New config: { opid_index: 2 OBSOLETE_local: false peers { permanent_uuid: "b687b34f4b0f42ac830d006484ad125f" member_type: VOTER last_known_addr { host: "127.0.108.1" port: 45149 } attrs { replace: true } } peers { permanent_uuid: "948a7955e2b34ed6b0b1b177bef14b33" member_type: VOTER last_known_addr { host: "127.0.108.2" port: 41187 } } peers { permanent_uuid: "356b3d0616f9401da5c064bfa553e9d9" member_type: VOTER last_known_addr { host: "127.0.108.3" port: 37101 } } peers { permanent_uuid: "7b47fa7b040147ccb86afd937505391a" member_type: NON_VOTER last_known_addr { host: "127.0.108.4" port: 41295 } attrs { promote: true } } }
I20260608 12:39:23.573753  3301 catalog_manager.cc:5696] T 965bdcf25d1643ff9935c6fcdf73bcf7 P 356b3d0616f9401da5c064bfa553e9d9 reported cstate change: config changed from index -1 to 2, NON_VOTER 7b47fa7b040147ccb86afd937505391a (127.0.108.4) added. New cstate: current_term: 1 leader_uuid: "948a7955e2b34ed6b0b1b177bef14b33" committed_config { opid_index: 2 OBSOLETE_local: false peers { permanent_uuid: "b687b34f4b0f42ac830d006484ad125f" member_type: VOTER last_known_addr { host: "127.0.108.1" port: 45149 } attrs { replace: true } } peers { permanent_uuid: "948a7955e2b34ed6b0b1b177bef14b33" member_type: VOTER last_known_addr { host: "127.0.108.2" port: 41187 } } peers { permanent_uuid: "356b3d0616f9401da5c064bfa553e9d9" member_type: VOTER last_known_addr { host: "127.0.108.3" port: 37101 } } peers { permanent_uuid: "7b47fa7b040147ccb86afd937505391a" member_type: NON_VOTER last_known_addr { host: "127.0.108.4" port: 41295 } attrs { promote: true } } }
I20260608 12:39:23.583735  3404 consensus_queue.cc:237] T f39417391edc4b3eafaaa4d5337e11d7 P b687b34f4b0f42ac830d006484ad125f [LEADER]: Queue going to LEADER mode. State: All replicated index: 0, Majority replicated index: 1, Committed index: 1, Last appended: 1.1, Last appended by leader: 0, Current term: 1, Majority size: 2, State: 0, Mode: LEADER, active raft config: opid_index: 2 OBSOLETE_local: false peers { permanent_uuid: "948a7955e2b34ed6b0b1b177bef14b33" member_type: VOTER last_known_addr { host: "127.0.108.2" port: 41187 } attrs { replace: true } } peers { permanent_uuid: "b687b34f4b0f42ac830d006484ad125f" member_type: VOTER last_known_addr { host: "127.0.108.1" port: 45149 } } peers { permanent_uuid: "356b3d0616f9401da5c064bfa553e9d9" member_type: VOTER last_known_addr { host: "127.0.108.3" port: 37101 } } peers { permanent_uuid: "7b47fa7b040147ccb86afd937505391a" member_type: NON_VOTER last_known_addr { host: "127.0.108.4" port: 41295 } attrs { promote: true } }
I20260608 12:39:23.591845  3555 raft_consensus.cc:1275] T f39417391edc4b3eafaaa4d5337e11d7 P 356b3d0616f9401da5c064bfa553e9d9 [term 1 FOLLOWER]: Refusing update from remote peer b687b34f4b0f42ac830d006484ad125f: Log matching property violated. Preceding OpId in replica: term: 1 index: 1. Preceding OpId from leader: term: 1 index: 2. (index mismatch)
I20260608 12:39:23.593456  3478 raft_consensus.cc:1275] T f39417391edc4b3eafaaa4d5337e11d7 P 948a7955e2b34ed6b0b1b177bef14b33 [term 1 FOLLOWER]: Refusing update from remote peer b687b34f4b0f42ac830d006484ad125f: Log matching property violated. Preceding OpId in replica: term: 1 index: 1. Preceding OpId from leader: term: 1 index: 2. (index mismatch)
I20260608 12:39:23.593564  3644 consensus_queue.cc:1048] T f39417391edc4b3eafaaa4d5337e11d7 P b687b34f4b0f42ac830d006484ad125f [LEADER]: Connected to new peer: Peer: permanent_uuid: "356b3d0616f9401da5c064bfa553e9d9" member_type: VOTER last_known_addr { host: "127.0.108.3" port: 37101 }, Status: LMP_MISMATCH, Last received: 0.0, Next index: 2, Last known committed idx: 1, Time since last communication: 0.000s
I20260608 12:39:23.595247  3814 consensus_queue.cc:1048] T f39417391edc4b3eafaaa4d5337e11d7 P b687b34f4b0f42ac830d006484ad125f [LEADER]: Connected to new peer: Peer: permanent_uuid: "948a7955e2b34ed6b0b1b177bef14b33" member_type: VOTER last_known_addr { host: "127.0.108.2" port: 41187 } attrs { replace: true }, Status: LMP_MISMATCH, Last received: 0.0, Next index: 2, Last known committed idx: 1, Time since last communication: 0.000s
W20260608 12:39:23.599889  3372 consensus_peers.cc:597] T f39417391edc4b3eafaaa4d5337e11d7 P b687b34f4b0f42ac830d006484ad125f -> Peer 7b47fa7b040147ccb86afd937505391a (127.0.108.4:41295): Couldn't send request to peer 7b47fa7b040147ccb86afd937505391a. Error code: TABLET_NOT_FOUND (6). Status: Not found: Tablet not found: f39417391edc4b3eafaaa4d5337e11d7. This is attempt 1: this message will repeat every 5th retry.
I20260608 12:39:23.605247  3845 raft_consensus.cc:2955] T f39417391edc4b3eafaaa4d5337e11d7 P b687b34f4b0f42ac830d006484ad125f [term 1 LEADER]: Committing config change with OpId 1.2: config changed from index -1 to 2, NON_VOTER 7b47fa7b040147ccb86afd937505391a (127.0.108.4) added. New config: { opid_index: 2 OBSOLETE_local: false peers { permanent_uuid: "948a7955e2b34ed6b0b1b177bef14b33" member_type: VOTER last_known_addr { host: "127.0.108.2" port: 41187 } attrs { replace: true } } peers { permanent_uuid: "b687b34f4b0f42ac830d006484ad125f" member_type: VOTER last_known_addr { host: "127.0.108.1" port: 45149 } } peers { permanent_uuid: "356b3d0616f9401da5c064bfa553e9d9" member_type: VOTER last_known_addr { host: "127.0.108.3" port: 37101 } } peers { permanent_uuid: "7b47fa7b040147ccb86afd937505391a" member_type: NON_VOTER last_known_addr { host: "127.0.108.4" port: 41295 } attrs { promote: true } } }
I20260608 12:39:23.607553  3555 raft_consensus.cc:2955] T f39417391edc4b3eafaaa4d5337e11d7 P 356b3d0616f9401da5c064bfa553e9d9 [term 1 FOLLOWER]: Committing config change with OpId 1.2: config changed from index -1 to 2, NON_VOTER 7b47fa7b040147ccb86afd937505391a (127.0.108.4) added. New config: { opid_index: 2 OBSOLETE_local: false peers { permanent_uuid: "948a7955e2b34ed6b0b1b177bef14b33" member_type: VOTER last_known_addr { host: "127.0.108.2" port: 41187 } attrs { replace: true } } peers { permanent_uuid: "b687b34f4b0f42ac830d006484ad125f" member_type: VOTER last_known_addr { host: "127.0.108.1" port: 45149 } } peers { permanent_uuid: "356b3d0616f9401da5c064bfa553e9d9" member_type: VOTER last_known_addr { host: "127.0.108.3" port: 37101 } } peers { permanent_uuid: "7b47fa7b040147ccb86afd937505391a" member_type: NON_VOTER last_known_addr { host: "127.0.108.4" port: 41295 } attrs { promote: true } } }
I20260608 12:39:23.607762  3481 raft_consensus.cc:2955] T f39417391edc4b3eafaaa4d5337e11d7 P 948a7955e2b34ed6b0b1b177bef14b33 [term 1 FOLLOWER]: Committing config change with OpId 1.2: config changed from index -1 to 2, NON_VOTER 7b47fa7b040147ccb86afd937505391a (127.0.108.4) added. New config: { opid_index: 2 OBSOLETE_local: false peers { permanent_uuid: "948a7955e2b34ed6b0b1b177bef14b33" member_type: VOTER last_known_addr { host: "127.0.108.2" port: 41187 } attrs { replace: true } } peers { permanent_uuid: "b687b34f4b0f42ac830d006484ad125f" member_type: VOTER last_known_addr { host: "127.0.108.1" port: 45149 } } peers { permanent_uuid: "356b3d0616f9401da5c064bfa553e9d9" member_type: VOTER last_known_addr { host: "127.0.108.3" port: 37101 } } peers { permanent_uuid: "7b47fa7b040147ccb86afd937505391a" member_type: NON_VOTER last_known_addr { host: "127.0.108.4" port: 41295 } attrs { promote: true } } }
I20260608 12:39:23.619799  3302 catalog_manager.cc:5696] T f39417391edc4b3eafaaa4d5337e11d7 P 356b3d0616f9401da5c064bfa553e9d9 reported cstate change: config changed from index -1 to 2, NON_VOTER 7b47fa7b040147ccb86afd937505391a (127.0.108.4) added. New cstate: current_term: 1 leader_uuid: "b687b34f4b0f42ac830d006484ad125f" committed_config { opid_index: 2 OBSOLETE_local: false peers { permanent_uuid: "948a7955e2b34ed6b0b1b177bef14b33" member_type: VOTER last_known_addr { host: "127.0.108.2" port: 41187 } attrs { replace: true } } peers { permanent_uuid: "b687b34f4b0f42ac830d006484ad125f" member_type: VOTER last_known_addr { host: "127.0.108.1" port: 45149 } } peers { permanent_uuid: "356b3d0616f9401da5c064bfa553e9d9" member_type: VOTER last_known_addr { host: "127.0.108.3" port: 37101 } } peers { permanent_uuid: "7b47fa7b040147ccb86afd937505391a" member_type: NON_VOTER last_known_addr { host: "127.0.108.4" port: 41295 } attrs { promote: true } } }
I20260608 12:39:23.622830  3404 consensus_queue.cc:237] T b0c2c85e5972496ca3a4eac7e25ace62 P b687b34f4b0f42ac830d006484ad125f [LEADER]: Queue going to LEADER mode. State: All replicated index: 0, Majority replicated index: 1, Committed index: 1, Last appended: 1.1, Last appended by leader: 0, Current term: 1, Majority size: 2, State: 0, Mode: LEADER, active raft config: opid_index: 2 OBSOLETE_local: false peers { permanent_uuid: "b687b34f4b0f42ac830d006484ad125f" member_type: VOTER last_known_addr { host: "127.0.108.1" port: 45149 } } peers { permanent_uuid: "948a7955e2b34ed6b0b1b177bef14b33" member_type: VOTER last_known_addr { host: "127.0.108.2" port: 41187 } } peers { permanent_uuid: "356b3d0616f9401da5c064bfa553e9d9" member_type: VOTER last_known_addr { host: "127.0.108.3" port: 37101 } attrs { replace: true } } peers { permanent_uuid: "7b47fa7b040147ccb86afd937505391a" member_type: NON_VOTER last_known_addr { host: "127.0.108.4" port: 41295 } attrs { promote: true } }
I20260608 12:39:23.631497  3481 raft_consensus.cc:1275] T b0c2c85e5972496ca3a4eac7e25ace62 P 948a7955e2b34ed6b0b1b177bef14b33 [term 1 FOLLOWER]: Refusing update from remote peer b687b34f4b0f42ac830d006484ad125f: Log matching property violated. Preceding OpId in replica: term: 1 index: 1. Preceding OpId from leader: term: 1 index: 2. (index mismatch)
I20260608 12:39:23.631901  3555 raft_consensus.cc:1275] T b0c2c85e5972496ca3a4eac7e25ace62 P 356b3d0616f9401da5c064bfa553e9d9 [term 1 FOLLOWER]: Refusing update from remote peer b687b34f4b0f42ac830d006484ad125f: Log matching property violated. Preceding OpId in replica: term: 1 index: 1. Preceding OpId from leader: term: 1 index: 2. (index mismatch)
W20260608 12:39:23.633132  3372 consensus_peers.cc:597] T b0c2c85e5972496ca3a4eac7e25ace62 P b687b34f4b0f42ac830d006484ad125f -> Peer 7b47fa7b040147ccb86afd937505391a (127.0.108.4:41295): Couldn't send request to peer 7b47fa7b040147ccb86afd937505391a. Error code: TABLET_NOT_FOUND (6). Status: Not found: Tablet not found: b0c2c85e5972496ca3a4eac7e25ace62. This is attempt 1: this message will repeat every 5th retry.
I20260608 12:39:23.633464  3845 consensus_queue.cc:1048] T b0c2c85e5972496ca3a4eac7e25ace62 P b687b34f4b0f42ac830d006484ad125f [LEADER]: Connected to new peer: Peer: permanent_uuid: "948a7955e2b34ed6b0b1b177bef14b33" member_type: VOTER last_known_addr { host: "127.0.108.2" port: 41187 }, Status: LMP_MISMATCH, Last received: 0.0, Next index: 2, Last known committed idx: 1, Time since last communication: 0.000s
I20260608 12:39:23.634284  3644 consensus_queue.cc:1048] T b0c2c85e5972496ca3a4eac7e25ace62 P b687b34f4b0f42ac830d006484ad125f [LEADER]: Connected to new peer: Peer: permanent_uuid: "356b3d0616f9401da5c064bfa553e9d9" member_type: VOTER last_known_addr { host: "127.0.108.3" port: 37101 } attrs { replace: true }, Status: LMP_MISMATCH, Last received: 0.0, Next index: 2, Last known committed idx: 1, Time since last communication: 0.000s
I20260608 12:39:23.650058  3644 raft_consensus.cc:2955] T b0c2c85e5972496ca3a4eac7e25ace62 P b687b34f4b0f42ac830d006484ad125f [term 1 LEADER]: Committing config change with OpId 1.2: config changed from index -1 to 2, NON_VOTER 7b47fa7b040147ccb86afd937505391a (127.0.108.4) added. New config: { opid_index: 2 OBSOLETE_local: false peers { permanent_uuid: "b687b34f4b0f42ac830d006484ad125f" member_type: VOTER last_known_addr { host: "127.0.108.1" port: 45149 } } peers { permanent_uuid: "948a7955e2b34ed6b0b1b177bef14b33" member_type: VOTER last_known_addr { host: "127.0.108.2" port: 41187 } } peers { permanent_uuid: "356b3d0616f9401da5c064bfa553e9d9" member_type: VOTER last_known_addr { host: "127.0.108.3" port: 37101 } attrs { replace: true } } peers { permanent_uuid: "7b47fa7b040147ccb86afd937505391a" member_type: NON_VOTER last_known_addr { host: "127.0.108.4" port: 41295 } attrs { promote: true } } }
I20260608 12:39:23.652215  3481 raft_consensus.cc:2955] T b0c2c85e5972496ca3a4eac7e25ace62 P 948a7955e2b34ed6b0b1b177bef14b33 [term 1 FOLLOWER]: Committing config change with OpId 1.2: config changed from index -1 to 2, NON_VOTER 7b47fa7b040147ccb86afd937505391a (127.0.108.4) added. New config: { opid_index: 2 OBSOLETE_local: false peers { permanent_uuid: "b687b34f4b0f42ac830d006484ad125f" member_type: VOTER last_known_addr { host: "127.0.108.1" port: 45149 } } peers { permanent_uuid: "948a7955e2b34ed6b0b1b177bef14b33" member_type: VOTER last_known_addr { host: "127.0.108.2" port: 41187 } } peers { permanent_uuid: "356b3d0616f9401da5c064bfa553e9d9" member_type: VOTER last_known_addr { host: "127.0.108.3" port: 37101 } attrs { replace: true } } peers { permanent_uuid: "7b47fa7b040147ccb86afd937505391a" member_type: NON_VOTER last_known_addr { host: "127.0.108.4" port: 41295 } attrs { promote: true } } }
I20260608 12:39:23.654470  3555 raft_consensus.cc:2955] T b0c2c85e5972496ca3a4eac7e25ace62 P 356b3d0616f9401da5c064bfa553e9d9 [term 1 FOLLOWER]: Committing config change with OpId 1.2: config changed from index -1 to 2, NON_VOTER 7b47fa7b040147ccb86afd937505391a (127.0.108.4) added. New config: { opid_index: 2 OBSOLETE_local: false peers { permanent_uuid: "b687b34f4b0f42ac830d006484ad125f" member_type: VOTER last_known_addr { host: "127.0.108.1" port: 45149 } } peers { permanent_uuid: "948a7955e2b34ed6b0b1b177bef14b33" member_type: VOTER last_known_addr { host: "127.0.108.2" port: 41187 } } peers { permanent_uuid: "356b3d0616f9401da5c064bfa553e9d9" member_type: VOTER last_known_addr { host: "127.0.108.3" port: 37101 } attrs { replace: true } } peers { permanent_uuid: "7b47fa7b040147ccb86afd937505391a" member_type: NON_VOTER last_known_addr { host: "127.0.108.4" port: 41295 } attrs { promote: true } } }
I20260608 12:39:23.664551  3303 catalog_manager.cc:5696] T b0c2c85e5972496ca3a4eac7e25ace62 P b687b34f4b0f42ac830d006484ad125f reported cstate change: config changed from index -1 to 2, NON_VOTER 7b47fa7b040147ccb86afd937505391a (127.0.108.4) added. New cstate: current_term: 1 leader_uuid: "b687b34f4b0f42ac830d006484ad125f" committed_config { opid_index: 2 OBSOLETE_local: false peers { permanent_uuid: "b687b34f4b0f42ac830d006484ad125f" member_type: VOTER last_known_addr { host: "127.0.108.1" port: 45149 } health_report { overall_health: HEALTHY } } peers { permanent_uuid: "948a7955e2b34ed6b0b1b177bef14b33" member_type: VOTER last_known_addr { host: "127.0.108.2" port: 41187 } health_report { overall_health: HEALTHY } } peers { permanent_uuid: "356b3d0616f9401da5c064bfa553e9d9" member_type: VOTER last_known_addr { host: "127.0.108.3" port: 37101 } attrs { replace: true } health_report { overall_health: HEALTHY } } peers { permanent_uuid: "7b47fa7b040147ccb86afd937505391a" member_type: NON_VOTER last_known_addr { host: "127.0.108.4" port: 41295 } attrs { promote: true } health_report { overall_health: UNKNOWN } } }
I20260608 12:39:23.671005  3478 consensus_queue.cc:237] T c382c39ae7ea4eb7ab4fb01a4bbc06f7 P 948a7955e2b34ed6b0b1b177bef14b33 [LEADER]: Queue going to LEADER mode. State: All replicated index: 0, Majority replicated index: 1, Committed index: 1, Last appended: 1.1, Last appended by leader: 0, Current term: 1, Majority size: 2, State: 0, Mode: LEADER, active raft config: opid_index: 2 OBSOLETE_local: false peers { permanent_uuid: "b687b34f4b0f42ac830d006484ad125f" member_type: VOTER last_known_addr { host: "127.0.108.1" port: 45149 } attrs { replace: true } } peers { permanent_uuid: "948a7955e2b34ed6b0b1b177bef14b33" member_type: VOTER last_known_addr { host: "127.0.108.2" port: 41187 } } peers { permanent_uuid: "356b3d0616f9401da5c064bfa553e9d9" member_type: VOTER last_known_addr { host: "127.0.108.3" port: 37101 } } peers { permanent_uuid: "7b47fa7b040147ccb86afd937505391a" member_type: NON_VOTER last_known_addr { host: "127.0.108.4" port: 41295 } attrs { promote: true } }
I20260608 12:39:23.680598  3404 raft_consensus.cc:1275] T c382c39ae7ea4eb7ab4fb01a4bbc06f7 P b687b34f4b0f42ac830d006484ad125f [term 1 FOLLOWER]: Refusing update from remote peer 948a7955e2b34ed6b0b1b177bef14b33: Log matching property violated. Preceding OpId in replica: term: 1 index: 1. Preceding OpId from leader: term: 1 index: 2. (index mismatch)
I20260608 12:39:23.679163  3555 raft_consensus.cc:1275] T c382c39ae7ea4eb7ab4fb01a4bbc06f7 P 356b3d0616f9401da5c064bfa553e9d9 [term 1 FOLLOWER]: Refusing update from remote peer 948a7955e2b34ed6b0b1b177bef14b33: Log matching property violated. Preceding OpId in replica: term: 1 index: 1. Preceding OpId from leader: term: 1 index: 2. (index mismatch)
W20260608 12:39:23.682114  3447 consensus_peers.cc:597] T c382c39ae7ea4eb7ab4fb01a4bbc06f7 P 948a7955e2b34ed6b0b1b177bef14b33 -> Peer 7b47fa7b040147ccb86afd937505391a (127.0.108.4:41295): Couldn't send request to peer 7b47fa7b040147ccb86afd937505391a. Error code: TABLET_NOT_FOUND (6). Status: Not found: Tablet not found: c382c39ae7ea4eb7ab4fb01a4bbc06f7. This is attempt 1: this message will repeat every 5th retry.
I20260608 12:39:23.682484  3685 consensus_queue.cc:1048] T c382c39ae7ea4eb7ab4fb01a4bbc06f7 P 948a7955e2b34ed6b0b1b177bef14b33 [LEADER]: Connected to new peer: Peer: permanent_uuid: "356b3d0616f9401da5c064bfa553e9d9" member_type: VOTER last_known_addr { host: "127.0.108.3" port: 37101 }, Status: LMP_MISMATCH, Last received: 0.0, Next index: 2, Last known committed idx: 1, Time since last communication: 0.000s
I20260608 12:39:23.683296  3822 consensus_queue.cc:1048] T c382c39ae7ea4eb7ab4fb01a4bbc06f7 P 948a7955e2b34ed6b0b1b177bef14b33 [LEADER]: Connected to new peer: Peer: permanent_uuid: "b687b34f4b0f42ac830d006484ad125f" member_type: VOTER last_known_addr { host: "127.0.108.1" port: 45149 } attrs { replace: true }, Status: LMP_MISMATCH, Last received: 0.0, Next index: 2, Last known committed idx: 1, Time since last communication: 0.000s
I20260608 12:39:23.692248  3822 raft_consensus.cc:2955] T c382c39ae7ea4eb7ab4fb01a4bbc06f7 P 948a7955e2b34ed6b0b1b177bef14b33 [term 1 LEADER]: Committing config change with OpId 1.2: config changed from index -1 to 2, NON_VOTER 7b47fa7b040147ccb86afd937505391a (127.0.108.4) added. New config: { opid_index: 2 OBSOLETE_local: false peers { permanent_uuid: "b687b34f4b0f42ac830d006484ad125f" member_type: VOTER last_known_addr { host: "127.0.108.1" port: 45149 } attrs { replace: true } } peers { permanent_uuid: "948a7955e2b34ed6b0b1b177bef14b33" member_type: VOTER last_known_addr { host: "127.0.108.2" port: 41187 } } peers { permanent_uuid: "356b3d0616f9401da5c064bfa553e9d9" member_type: VOTER last_known_addr { host: "127.0.108.3" port: 37101 } } peers { permanent_uuid: "7b47fa7b040147ccb86afd937505391a" member_type: NON_VOTER last_known_addr { host: "127.0.108.4" port: 41295 } attrs { promote: true } } }
I20260608 12:39:23.695043  3404 raft_consensus.cc:2955] T c382c39ae7ea4eb7ab4fb01a4bbc06f7 P b687b34f4b0f42ac830d006484ad125f [term 1 FOLLOWER]: Committing config change with OpId 1.2: config changed from index -1 to 2, NON_VOTER 7b47fa7b040147ccb86afd937505391a (127.0.108.4) added. New config: { opid_index: 2 OBSOLETE_local: false peers { permanent_uuid: "b687b34f4b0f42ac830d006484ad125f" member_type: VOTER last_known_addr { host: "127.0.108.1" port: 45149 } attrs { replace: true } } peers { permanent_uuid: "948a7955e2b34ed6b0b1b177bef14b33" member_type: VOTER last_known_addr { host: "127.0.108.2" port: 41187 } } peers { permanent_uuid: "356b3d0616f9401da5c064bfa553e9d9" member_type: VOTER last_known_addr { host: "127.0.108.3" port: 37101 } } peers { permanent_uuid: "7b47fa7b040147ccb86afd937505391a" member_type: NON_VOTER last_known_addr { host: "127.0.108.4" port: 41295 } attrs { promote: true } } }
I20260608 12:39:23.695638  3555 raft_consensus.cc:2955] T c382c39ae7ea4eb7ab4fb01a4bbc06f7 P 356b3d0616f9401da5c064bfa553e9d9 [term 1 FOLLOWER]: Committing config change with OpId 1.2: config changed from index -1 to 2, NON_VOTER 7b47fa7b040147ccb86afd937505391a (127.0.108.4) added. New config: { opid_index: 2 OBSOLETE_local: false peers { permanent_uuid: "b687b34f4b0f42ac830d006484ad125f" member_type: VOTER last_known_addr { host: "127.0.108.1" port: 45149 } attrs { replace: true } } peers { permanent_uuid: "948a7955e2b34ed6b0b1b177bef14b33" member_type: VOTER last_known_addr { host: "127.0.108.2" port: 41187 } } peers { permanent_uuid: "356b3d0616f9401da5c064bfa553e9d9" member_type: VOTER last_known_addr { host: "127.0.108.3" port: 37101 } } peers { permanent_uuid: "7b47fa7b040147ccb86afd937505391a" member_type: NON_VOTER last_known_addr { host: "127.0.108.4" port: 41295 } attrs { promote: true } } }
I20260608 12:39:23.708086  3301 catalog_manager.cc:5696] T c382c39ae7ea4eb7ab4fb01a4bbc06f7 P 948a7955e2b34ed6b0b1b177bef14b33 reported cstate change: config changed from index -1 to 2, NON_VOTER 7b47fa7b040147ccb86afd937505391a (127.0.108.4) added. New cstate: current_term: 1 leader_uuid: "948a7955e2b34ed6b0b1b177bef14b33" committed_config { opid_index: 2 OBSOLETE_local: false peers { permanent_uuid: "b687b34f4b0f42ac830d006484ad125f" member_type: VOTER last_known_addr { host: "127.0.108.1" port: 45149 } attrs { replace: true } health_report { overall_health: HEALTHY } } peers { permanent_uuid: "948a7955e2b34ed6b0b1b177bef14b33" member_type: VOTER last_known_addr { host: "127.0.108.2" port: 41187 } health_report { overall_health: HEALTHY } } peers { permanent_uuid: "356b3d0616f9401da5c064bfa553e9d9" member_type: VOTER last_known_addr { host: "127.0.108.3" port: 37101 } health_report { overall_health: HEALTHY } } peers { permanent_uuid: "7b47fa7b040147ccb86afd937505391a" member_type: NON_VOTER last_known_addr { host: "127.0.108.4" port: 41295 } attrs { promote: true } health_report { overall_health: UNKNOWN } } }
I20260608 12:39:23.963734  3865 ts_tablet_manager.cc:933] T 965bdcf25d1643ff9935c6fcdf73bcf7 P 7b47fa7b040147ccb86afd937505391a: Initiating tablet copy from peer 948a7955e2b34ed6b0b1b177bef14b33 (127.0.108.2:41187)
I20260608 12:39:23.965687  3865 tablet_copy_client.cc:323] T 965bdcf25d1643ff9935c6fcdf73bcf7 P 7b47fa7b040147ccb86afd937505391a: tablet copy: Beginning tablet copy session from remote peer at address 127.0.108.2:41187
I20260608 12:39:23.967579  3491 tablet_copy_service.cc:140] P 948a7955e2b34ed6b0b1b177bef14b33: Received BeginTabletCopySession request for tablet 965bdcf25d1643ff9935c6fcdf73bcf7 from peer 7b47fa7b040147ccb86afd937505391a ({username='slave'} at 127.0.0.1:45924)
I20260608 12:39:23.968226  3491 tablet_copy_service.cc:161] P 948a7955e2b34ed6b0b1b177bef14b33: Beginning new tablet copy session on tablet 965bdcf25d1643ff9935c6fcdf73bcf7 from peer 7b47fa7b040147ccb86afd937505391a at {username='slave'} at 127.0.0.1:45924: session id = 7b47fa7b040147ccb86afd937505391a-965bdcf25d1643ff9935c6fcdf73bcf7
I20260608 12:39:23.973609  3491 tablet_copy_source_session.cc:215] T 965bdcf25d1643ff9935c6fcdf73bcf7 P 948a7955e2b34ed6b0b1b177bef14b33: Tablet Copy: opened 0 blocks and 1 log segments
I20260608 12:39:23.976581  3865 data_dirs.cc:400] Could only allocate 1 dirs of requested 3 for tablet 965bdcf25d1643ff9935c6fcdf73bcf7. 1 dirs total, 0 dirs full, 0 dirs failed
I20260608 12:39:23.988971  3865 tablet_copy_client.cc:806] T 965bdcf25d1643ff9935c6fcdf73bcf7 P 7b47fa7b040147ccb86afd937505391a: tablet copy: Starting download of 0 data blocks...
I20260608 12:39:23.989565  3865 tablet_copy_client.cc:670] T 965bdcf25d1643ff9935c6fcdf73bcf7 P 7b47fa7b040147ccb86afd937505391a: tablet copy: Starting download of 1 WAL segments...
