I20260608 12:39:18.273828  3601 raft_consensus.cc:740] T b0c2c85e5972496ca3a4eac7e25ace62 P 356b3d0616f9401da5c064bfa553e9d9 [term 0 FOLLOWER]: Becoming Follower/Learner. State: Replica: 356b3d0616f9401da5c064bfa553e9d9, State: Initialized, Role: FOLLOWER
I20260608 12:39:18.274914  3601 consensus_queue.cc:260] T b0c2c85e5972496ca3a4eac7e25ace62 P 356b3d0616f9401da5c064bfa553e9d9 [NON_LEADER]: Queue going to NON_LEADER mode. State: All replicated index: 0, Majority replicated index: 0, Committed index: 0, Last appended: 0.0, Last appended by leader: 0, Current term: 0, Majority size: -1, State: 0, Mode: NON_LEADER, active raft config: opid_index: -1 OBSOLETE_local: false peers { permanent_uuid: "b687b34f4b0f42ac830d006484ad125f" member_type: VOTER last_known_addr { host: "127.0.108.1" port: 45149 } } peers { permanent_uuid: "948a7955e2b34ed6b0b1b177bef14b33" member_type: VOTER last_known_addr { host: "127.0.108.2" port: 41187 } } peers { permanent_uuid: "356b3d0616f9401da5c064bfa553e9d9" member_type: VOTER last_known_addr { host: "127.0.108.3" port: 37101 } }
I20260608 12:39:18.277742  3601 ts_tablet_manager.cc:1434] T b0c2c85e5972496ca3a4eac7e25ace62 P 356b3d0616f9401da5c064bfa553e9d9: Time spent starting tablet: real 0.014s	user 0.006s	sys 0.000s
I20260608 12:39:18.278632  3406 tablet_service.cc:1917] Received RequestConsensusVote() RPC: tablet_id: "f39417391edc4b3eafaaa4d5337e11d7" candidate_uuid: "356b3d0616f9401da5c064bfa553e9d9" candidate_term: 1 candidate_status { last_received { term: 0 index: 0 } } ignore_live_leader: false dest_uuid: "b687b34f4b0f42ac830d006484ad125f" is_pre_election: true
I20260608 12:39:18.277386  3605 raft_consensus.cc:359] T c382c39ae7ea4eb7ab4fb01a4bbc06f7 P b687b34f4b0f42ac830d006484ad125f [term 0 FOLLOWER]: Replica starting. Triggering 0 pending ops. Active config: opid_index: -1 OBSOLETE_local: false peers { permanent_uuid: "b687b34f4b0f42ac830d006484ad125f" member_type: VOTER last_known_addr { host: "127.0.108.1" port: 45149 } } peers { permanent_uuid: "948a7955e2b34ed6b0b1b177bef14b33" member_type: VOTER last_known_addr { host: "127.0.108.2" port: 41187 } } peers { permanent_uuid: "356b3d0616f9401da5c064bfa553e9d9" member_type: VOTER last_known_addr { host: "127.0.108.3" port: 37101 } }
I20260608 12:39:18.279421  3605 raft_consensus.cc:385] T c382c39ae7ea4eb7ab4fb01a4bbc06f7 P b687b34f4b0f42ac830d006484ad125f [term 0 FOLLOWER]: Consensus starting up: Expiring failure detector timer to make a prompt election more likely
I20260608 12:39:18.279752  3605 raft_consensus.cc:740] T c382c39ae7ea4eb7ab4fb01a4bbc06f7 P b687b34f4b0f42ac830d006484ad125f [term 0 FOLLOWER]: Becoming Follower/Learner. State: Replica: b687b34f4b0f42ac830d006484ad125f, State: Initialized, Role: FOLLOWER
I20260608 12:39:18.280555  3605 consensus_queue.cc:260] T c382c39ae7ea4eb7ab4fb01a4bbc06f7 P b687b34f4b0f42ac830d006484ad125f [NON_LEADER]: Queue going to NON_LEADER mode. State: All replicated index: 0, Majority replicated index: 0, Committed index: 0, Last appended: 0.0, Last appended by leader: 0, Current term: 0, Majority size: -1, State: 0, Mode: NON_LEADER, active raft config: opid_index: -1 OBSOLETE_local: false peers { permanent_uuid: "b687b34f4b0f42ac830d006484ad125f" member_type: VOTER last_known_addr { host: "127.0.108.1" port: 45149 } } peers { permanent_uuid: "948a7955e2b34ed6b0b1b177bef14b33" member_type: VOTER last_known_addr { host: "127.0.108.2" port: 41187 } } peers { permanent_uuid: "356b3d0616f9401da5c064bfa553e9d9" member_type: VOTER last_known_addr { host: "127.0.108.3" port: 37101 } }
W20260608 12:39:18.280956  3521 leader_election.cc:343] T f39417391edc4b3eafaaa4d5337e11d7 P 356b3d0616f9401da5c064bfa553e9d9 [CANDIDATE]: Term 1 pre-election: Tablet error from VoteRequest() call to peer b687b34f4b0f42ac830d006484ad125f (127.0.108.1:45149): Illegal state: must be running to vote when last-logged opid is not known
I20260608 12:39:18.283205  3605 ts_tablet_manager.cc:1434] T c382c39ae7ea4eb7ab4fb01a4bbc06f7 P b687b34f4b0f42ac830d006484ad125f: Time spent starting tablet: real 0.009s	user 0.003s	sys 0.004s
I20260608 12:39:18.284370  3605 tablet_bootstrap.cc:492] T b0c2c85e5972496ca3a4eac7e25ace62 P b687b34f4b0f42ac830d006484ad125f: Bootstrap starting.
I20260608 12:39:18.286904  3601 tablet_bootstrap.cc:492] T c382c39ae7ea4eb7ab4fb01a4bbc06f7 P 356b3d0616f9401da5c064bfa553e9d9: Bootstrap starting.
I20260608 12:39:18.290468  3481 tablet_service.cc:1917] Received RequestConsensusVote() RPC: tablet_id: "f39417391edc4b3eafaaa4d5337e11d7" candidate_uuid: "356b3d0616f9401da5c064bfa553e9d9" candidate_term: 1 candidate_status { last_received { term: 0 index: 0 } } ignore_live_leader: false dest_uuid: "948a7955e2b34ed6b0b1b177bef14b33" is_pre_election: true
I20260608 12:39:18.291669  3605 tablet_bootstrap.cc:654] T b0c2c85e5972496ca3a4eac7e25ace62 P b687b34f4b0f42ac830d006484ad125f: Neither blocks nor log segments found. Creating new log.
W20260608 12:39:18.292641  3520 leader_election.cc:343] T f39417391edc4b3eafaaa4d5337e11d7 P 356b3d0616f9401da5c064bfa553e9d9 [CANDIDATE]: Term 1 pre-election: Tablet error from VoteRequest() call to peer 948a7955e2b34ed6b0b1b177bef14b33 (127.0.108.2:41187): Illegal state: must be running to vote when last-logged opid is not known
I20260608 12:39:18.293223  3520 leader_election.cc:304] T f39417391edc4b3eafaaa4d5337e11d7 P 356b3d0616f9401da5c064bfa553e9d9 [CANDIDATE]: Term 1 pre-election: Election decided. Result: candidate lost. Election summary: received 3 responses out of 3 voters: 1 yes votes; 2 no votes. yes voters: 356b3d0616f9401da5c064bfa553e9d9; no voters: 948a7955e2b34ed6b0b1b177bef14b33, b687b34f4b0f42ac830d006484ad125f
I20260608 12:39:18.294607  3608 raft_consensus.cc:2749] T f39417391edc4b3eafaaa4d5337e11d7 P 356b3d0616f9401da5c064bfa553e9d9 [term 0 FOLLOWER]: Leader pre-election lost for term 1. Reason: could not achieve majority
I20260608 12:39:18.295629  3601 tablet_bootstrap.cc:654] T c382c39ae7ea4eb7ab4fb01a4bbc06f7 P 356b3d0616f9401da5c064bfa553e9d9: Neither blocks nor log segments found. Creating new log.
I20260608 12:39:18.301832  3600 tablet_bootstrap.cc:492] T b0c2c85e5972496ca3a4eac7e25ace62 P 948a7955e2b34ed6b0b1b177bef14b33: No bootstrap required, opened a new log
I20260608 12:39:18.302368  3600 ts_tablet_manager.cc:1403] T b0c2c85e5972496ca3a4eac7e25ace62 P 948a7955e2b34ed6b0b1b177bef14b33: Time spent bootstrapping tablet: real 0.041s	user 0.011s	sys 0.003s
I20260608 12:39:18.304735  3601 tablet_bootstrap.cc:492] T c382c39ae7ea4eb7ab4fb01a4bbc06f7 P 356b3d0616f9401da5c064bfa553e9d9: No bootstrap required, opened a new log
I20260608 12:39:18.305131  3601 ts_tablet_manager.cc:1403] T c382c39ae7ea4eb7ab4fb01a4bbc06f7 P 356b3d0616f9401da5c064bfa553e9d9: Time spent bootstrapping tablet: real 0.019s	user 0.016s	sys 0.000s
I20260608 12:39:18.305382  3600 raft_consensus.cc:359] T b0c2c85e5972496ca3a4eac7e25ace62 P 948a7955e2b34ed6b0b1b177bef14b33 [term 0 FOLLOWER]: Replica starting. Triggering 0 pending ops. Active config: opid_index: -1 OBSOLETE_local: false peers { permanent_uuid: "b687b34f4b0f42ac830d006484ad125f" member_type: VOTER last_known_addr { host: "127.0.108.1" port: 45149 } } peers { permanent_uuid: "948a7955e2b34ed6b0b1b177bef14b33" member_type: VOTER last_known_addr { host: "127.0.108.2" port: 41187 } } peers { permanent_uuid: "356b3d0616f9401da5c064bfa553e9d9" member_type: VOTER last_known_addr { host: "127.0.108.3" port: 37101 } }
I20260608 12:39:18.306145  3600 raft_consensus.cc:385] T b0c2c85e5972496ca3a4eac7e25ace62 P 948a7955e2b34ed6b0b1b177bef14b33 [term 0 FOLLOWER]: Consensus starting up: Expiring failure detector timer to make a prompt election more likely
I20260608 12:39:18.306641  3600 raft_consensus.cc:740] T b0c2c85e5972496ca3a4eac7e25ace62 P 948a7955e2b34ed6b0b1b177bef14b33 [term 0 FOLLOWER]: Becoming Follower/Learner. State: Replica: 948a7955e2b34ed6b0b1b177bef14b33, State: Initialized, Role: FOLLOWER
I20260608 12:39:18.307699  3600 consensus_queue.cc:260] T b0c2c85e5972496ca3a4eac7e25ace62 P 948a7955e2b34ed6b0b1b177bef14b33 [NON_LEADER]: Queue going to NON_LEADER mode. State: All replicated index: 0, Majority replicated index: 0, Committed index: 0, Last appended: 0.0, Last appended by leader: 0, Current term: 0, Majority size: -1, State: 0, Mode: NON_LEADER, active raft config: opid_index: -1 OBSOLETE_local: false peers { permanent_uuid: "b687b34f4b0f42ac830d006484ad125f" member_type: VOTER last_known_addr { host: "127.0.108.1" port: 45149 } } peers { permanent_uuid: "948a7955e2b34ed6b0b1b177bef14b33" member_type: VOTER last_known_addr { host: "127.0.108.2" port: 41187 } } peers { permanent_uuid: "356b3d0616f9401da5c064bfa553e9d9" member_type: VOTER last_known_addr { host: "127.0.108.3" port: 37101 } }
I20260608 12:39:18.308560  3605 tablet_bootstrap.cc:492] T b0c2c85e5972496ca3a4eac7e25ace62 P b687b34f4b0f42ac830d006484ad125f: No bootstrap required, opened a new log
I20260608 12:39:18.308192  3601 raft_consensus.cc:359] T c382c39ae7ea4eb7ab4fb01a4bbc06f7 P 356b3d0616f9401da5c064bfa553e9d9 [term 0 FOLLOWER]: Replica starting. Triggering 0 pending ops. Active config: opid_index: -1 OBSOLETE_local: false peers { permanent_uuid: "b687b34f4b0f42ac830d006484ad125f" member_type: VOTER last_known_addr { host: "127.0.108.1" port: 45149 } } peers { permanent_uuid: "948a7955e2b34ed6b0b1b177bef14b33" member_type: VOTER last_known_addr { host: "127.0.108.2" port: 41187 } } peers { permanent_uuid: "356b3d0616f9401da5c064bfa553e9d9" member_type: VOTER last_known_addr { host: "127.0.108.3" port: 37101 } }
I20260608 12:39:18.309028  3601 raft_consensus.cc:385] T c382c39ae7ea4eb7ab4fb01a4bbc06f7 P 356b3d0616f9401da5c064bfa553e9d9 [term 0 FOLLOWER]: Consensus starting up: Expiring failure detector timer to make a prompt election more likely
I20260608 12:39:18.309114  3605 ts_tablet_manager.cc:1403] T b0c2c85e5972496ca3a4eac7e25ace62 P b687b34f4b0f42ac830d006484ad125f: Time spent bootstrapping tablet: real 0.025s	user 0.018s	sys 0.000s
I20260608 12:39:18.309432  3601 raft_consensus.cc:740] T c382c39ae7ea4eb7ab4fb01a4bbc06f7 P 356b3d0616f9401da5c064bfa553e9d9 [term 0 FOLLOWER]: Becoming Follower/Learner. State: Replica: 356b3d0616f9401da5c064bfa553e9d9, State: Initialized, Role: FOLLOWER
I20260608 12:39:18.310348  3601 consensus_queue.cc:260] T c382c39ae7ea4eb7ab4fb01a4bbc06f7 P 356b3d0616f9401da5c064bfa553e9d9 [NON_LEADER]: Queue going to NON_LEADER mode. State: All replicated index: 0, Majority replicated index: 0, Committed index: 0, Last appended: 0.0, Last appended by leader: 0, Current term: 0, Majority size: -1, State: 0, Mode: NON_LEADER, active raft config: opid_index: -1 OBSOLETE_local: false peers { permanent_uuid: "b687b34f4b0f42ac830d006484ad125f" member_type: VOTER last_known_addr { host: "127.0.108.1" port: 45149 } } peers { permanent_uuid: "948a7955e2b34ed6b0b1b177bef14b33" member_type: VOTER last_known_addr { host: "127.0.108.2" port: 41187 } } peers { permanent_uuid: "356b3d0616f9401da5c064bfa553e9d9" member_type: VOTER last_known_addr { host: "127.0.108.3" port: 37101 } }
I20260608 12:39:18.311888  3600 ts_tablet_manager.cc:1434] T b0c2c85e5972496ca3a4eac7e25ace62 P 948a7955e2b34ed6b0b1b177bef14b33: Time spent starting tablet: real 0.009s	user 0.007s	sys 0.000s
I20260608 12:39:18.312520  3605 raft_consensus.cc:359] T b0c2c85e5972496ca3a4eac7e25ace62 P b687b34f4b0f42ac830d006484ad125f [term 0 FOLLOWER]: Replica starting. Triggering 0 pending ops. Active config: opid_index: -1 OBSOLETE_local: false peers { permanent_uuid: "b687b34f4b0f42ac830d006484ad125f" member_type: VOTER last_known_addr { host: "127.0.108.1" port: 45149 } } peers { permanent_uuid: "948a7955e2b34ed6b0b1b177bef14b33" member_type: VOTER last_known_addr { host: "127.0.108.2" port: 41187 } } peers { permanent_uuid: "356b3d0616f9401da5c064bfa553e9d9" member_type: VOTER last_known_addr { host: "127.0.108.3" port: 37101 } }
I20260608 12:39:18.313299  3600 tablet_bootstrap.cc:492] T f39417391edc4b3eafaaa4d5337e11d7 P 948a7955e2b34ed6b0b1b177bef14b33: Bootstrap starting.
I20260608 12:39:18.313333  3605 raft_consensus.cc:385] T b0c2c85e5972496ca3a4eac7e25ace62 P b687b34f4b0f42ac830d006484ad125f [term 0 FOLLOWER]: Consensus starting up: Expiring failure detector timer to make a prompt election more likely
I20260608 12:39:18.313923  3605 raft_consensus.cc:740] T b0c2c85e5972496ca3a4eac7e25ace62 P b687b34f4b0f42ac830d006484ad125f [term 0 FOLLOWER]: Becoming Follower/Learner. State: Replica: b687b34f4b0f42ac830d006484ad125f, State: Initialized, Role: FOLLOWER
I20260608 12:39:18.315191  3605 consensus_queue.cc:260] T b0c2c85e5972496ca3a4eac7e25ace62 P b687b34f4b0f42ac830d006484ad125f [NON_LEADER]: Queue going to NON_LEADER mode. State: All replicated index: 0, Majority replicated index: 0, Committed index: 0, Last appended: 0.0, Last appended by leader: 0, Current term: 0, Majority size: -1, State: 0, Mode: NON_LEADER, active raft config: opid_index: -1 OBSOLETE_local: false peers { permanent_uuid: "b687b34f4b0f42ac830d006484ad125f" member_type: VOTER last_known_addr { host: "127.0.108.1" port: 45149 } } peers { permanent_uuid: "948a7955e2b34ed6b0b1b177bef14b33" member_type: VOTER last_known_addr { host: "127.0.108.2" port: 41187 } } peers { permanent_uuid: "356b3d0616f9401da5c064bfa553e9d9" member_type: VOTER last_known_addr { host: "127.0.108.3" port: 37101 } }
I20260608 12:39:18.317843  3605 ts_tablet_manager.cc:1434] T b0c2c85e5972496ca3a4eac7e25ace62 P b687b34f4b0f42ac830d006484ad125f: Time spent starting tablet: real 0.008s	user 0.005s	sys 0.000s
I20260608 12:39:18.319289  3605 tablet_bootstrap.cc:492] T baf038a6dc324af0ac1ec4d7ede2d23d P b687b34f4b0f42ac830d006484ad125f: Bootstrap starting.
I20260608 12:39:18.322621  3600 tablet_bootstrap.cc:654] T f39417391edc4b3eafaaa4d5337e11d7 P 948a7955e2b34ed6b0b1b177bef14b33: Neither blocks nor log segments found. Creating new log.
I20260608 12:39:18.327010  3601 ts_tablet_manager.cc:1434] T c382c39ae7ea4eb7ab4fb01a4bbc06f7 P 356b3d0616f9401da5c064bfa553e9d9: Time spent starting tablet: real 0.022s	user 0.005s	sys 0.004s
I20260608 12:39:18.328408  3601 tablet_bootstrap.cc:492] T 2bf963f3e45f47098d6a988130f61dfc P 356b3d0616f9401da5c064bfa553e9d9: Bootstrap starting.
I20260608 12:39:18.334740  3605 tablet_bootstrap.cc:654] T baf038a6dc324af0ac1ec4d7ede2d23d P b687b34f4b0f42ac830d006484ad125f: Neither blocks nor log segments found. Creating new log.
I20260608 12:39:18.335398  3601 tablet_bootstrap.cc:654] T 2bf963f3e45f47098d6a988130f61dfc P 356b3d0616f9401da5c064bfa553e9d9: Neither blocks nor log segments found. Creating new log.
I20260608 12:39:18.341269  3600 tablet_bootstrap.cc:492] T f39417391edc4b3eafaaa4d5337e11d7 P 948a7955e2b34ed6b0b1b177bef14b33: No bootstrap required, opened a new log
I20260608 12:39:18.341956  3600 ts_tablet_manager.cc:1403] T f39417391edc4b3eafaaa4d5337e11d7 P 948a7955e2b34ed6b0b1b177bef14b33: Time spent bootstrapping tablet: real 0.029s	user 0.013s	sys 0.009s
I20260608 12:39:18.344316  3605 tablet_bootstrap.cc:492] T baf038a6dc324af0ac1ec4d7ede2d23d P b687b34f4b0f42ac830d006484ad125f: No bootstrap required, opened a new log
I20260608 12:39:18.344779  3605 ts_tablet_manager.cc:1403] T baf038a6dc324af0ac1ec4d7ede2d23d P b687b34f4b0f42ac830d006484ad125f: Time spent bootstrapping tablet: real 0.026s	user 0.009s	sys 0.005s
I20260608 12:39:18.345331  3600 raft_consensus.cc:359] T f39417391edc4b3eafaaa4d5337e11d7 P 948a7955e2b34ed6b0b1b177bef14b33 [term 0 FOLLOWER]: Replica starting. Triggering 0 pending ops. Active config: opid_index: -1 OBSOLETE_local: false peers { permanent_uuid: "948a7955e2b34ed6b0b1b177bef14b33" member_type: VOTER last_known_addr { host: "127.0.108.2" port: 41187 } } peers { permanent_uuid: "b687b34f4b0f42ac830d006484ad125f" member_type: VOTER last_known_addr { host: "127.0.108.1" port: 45149 } } peers { permanent_uuid: "356b3d0616f9401da5c064bfa553e9d9" member_type: VOTER last_known_addr { host: "127.0.108.3" port: 37101 } }
I20260608 12:39:18.346101  3600 raft_consensus.cc:385] T f39417391edc4b3eafaaa4d5337e11d7 P 948a7955e2b34ed6b0b1b177bef14b33 [term 0 FOLLOWER]: Consensus starting up: Expiring failure detector timer to make a prompt election more likely
I20260608 12:39:18.346518  3601 tablet_bootstrap.cc:492] T 2bf963f3e45f47098d6a988130f61dfc P 356b3d0616f9401da5c064bfa553e9d9: No bootstrap required, opened a new log
I20260608 12:39:18.346470  3600 raft_consensus.cc:740] T f39417391edc4b3eafaaa4d5337e11d7 P 948a7955e2b34ed6b0b1b177bef14b33 [term 0 FOLLOWER]: Becoming Follower/Learner. State: Replica: 948a7955e2b34ed6b0b1b177bef14b33, State: Initialized, Role: FOLLOWER
I20260608 12:39:18.347112  3601 ts_tablet_manager.cc:1403] T 2bf963f3e45f47098d6a988130f61dfc P 356b3d0616f9401da5c064bfa553e9d9: Time spent bootstrapping tablet: real 0.019s	user 0.006s	sys 0.010s
I20260608 12:39:18.347527  3605 raft_consensus.cc:359] T baf038a6dc324af0ac1ec4d7ede2d23d P b687b34f4b0f42ac830d006484ad125f [term 0 FOLLOWER]: Replica starting. Triggering 0 pending ops. Active config: opid_index: -1 OBSOLETE_local: false peers { permanent_uuid: "b687b34f4b0f42ac830d006484ad125f" member_type: VOTER last_known_addr { host: "127.0.108.1" port: 45149 } } peers { permanent_uuid: "948a7955e2b34ed6b0b1b177bef14b33" member_type: VOTER last_known_addr { host: "127.0.108.2" port: 41187 } } peers { permanent_uuid: "356b3d0616f9401da5c064bfa553e9d9" member_type: VOTER last_known_addr { host: "127.0.108.3" port: 37101 } }
I20260608 12:39:18.347442  3600 consensus_queue.cc:260] T f39417391edc4b3eafaaa4d5337e11d7 P 948a7955e2b34ed6b0b1b177bef14b33 [NON_LEADER]: Queue going to NON_LEADER mode. State: All replicated index: 0, Majority replicated index: 0, Committed index: 0, Last appended: 0.0, Last appended by leader: 0, Current term: 0, Majority size: -1, State: 0, Mode: NON_LEADER, active raft config: opid_index: -1 OBSOLETE_local: false peers { permanent_uuid: "948a7955e2b34ed6b0b1b177bef14b33" member_type: VOTER last_known_addr { host: "127.0.108.2" port: 41187 } } peers { permanent_uuid: "b687b34f4b0f42ac830d006484ad125f" member_type: VOTER last_known_addr { host: "127.0.108.1" port: 45149 } } peers { permanent_uuid: "356b3d0616f9401da5c064bfa553e9d9" member_type: VOTER last_known_addr { host: "127.0.108.3" port: 37101 } }
I20260608 12:39:18.348208  3605 raft_consensus.cc:385] T baf038a6dc324af0ac1ec4d7ede2d23d P b687b34f4b0f42ac830d006484ad125f [term 0 FOLLOWER]: Consensus starting up: Expiring failure detector timer to make a prompt election more likely
I20260608 12:39:18.348572  3605 raft_consensus.cc:740] T baf038a6dc324af0ac1ec4d7ede2d23d P b687b34f4b0f42ac830d006484ad125f [term 0 FOLLOWER]: Becoming Follower/Learner. State: Replica: b687b34f4b0f42ac830d006484ad125f, State: Initialized, Role: FOLLOWER
I20260608 12:39:18.349432  3605 consensus_queue.cc:260] T baf038a6dc324af0ac1ec4d7ede2d23d P b687b34f4b0f42ac830d006484ad125f [NON_LEADER]: Queue going to NON_LEADER mode. State: All replicated index: 0, Majority replicated index: 0, Committed index: 0, Last appended: 0.0, Last appended by leader: 0, Current term: 0, Majority size: -1, State: 0, Mode: NON_LEADER, active raft config: opid_index: -1 OBSOLETE_local: false peers { permanent_uuid: "b687b34f4b0f42ac830d006484ad125f" member_type: VOTER last_known_addr { host: "127.0.108.1" port: 45149 } } peers { permanent_uuid: "948a7955e2b34ed6b0b1b177bef14b33" member_type: VOTER last_known_addr { host: "127.0.108.2" port: 41187 } } peers { permanent_uuid: "356b3d0616f9401da5c064bfa553e9d9" member_type: VOTER last_known_addr { host: "127.0.108.3" port: 37101 } }
I20260608 12:39:18.350497  3601 raft_consensus.cc:359] T 2bf963f3e45f47098d6a988130f61dfc P 356b3d0616f9401da5c064bfa553e9d9 [term 0 FOLLOWER]: Replica starting. Triggering 0 pending ops. Active config: opid_index: -1 OBSOLETE_local: false peers { permanent_uuid: "948a7955e2b34ed6b0b1b177bef14b33" member_type: VOTER last_known_addr { host: "127.0.108.2" port: 41187 } } peers { permanent_uuid: "b687b34f4b0f42ac830d006484ad125f" member_type: VOTER last_known_addr { host: "127.0.108.1" port: 45149 } } peers { permanent_uuid: "356b3d0616f9401da5c064bfa553e9d9" member_type: VOTER last_known_addr { host: "127.0.108.3" port: 37101 } }
I20260608 12:39:18.351238  3601 raft_consensus.cc:385] T 2bf963f3e45f47098d6a988130f61dfc P 356b3d0616f9401da5c064bfa553e9d9 [term 0 FOLLOWER]: Consensus starting up: Expiring failure detector timer to make a prompt election more likely
I20260608 12:39:18.351574  3605 ts_tablet_manager.cc:1434] T baf038a6dc324af0ac1ec4d7ede2d23d P b687b34f4b0f42ac830d006484ad125f: Time spent starting tablet: real 0.007s	user 0.007s	sys 0.000s
I20260608 12:39:18.351588  3601 raft_consensus.cc:740] T 2bf963f3e45f47098d6a988130f61dfc P 356b3d0616f9401da5c064bfa553e9d9 [term 0 FOLLOWER]: Becoming Follower/Learner. State: Replica: 356b3d0616f9401da5c064bfa553e9d9, State: Initialized, Role: FOLLOWER
I20260608 12:39:18.353111  3605 tablet_bootstrap.cc:492] T adcd2e38473348ef906aa4d97591e872 P b687b34f4b0f42ac830d006484ad125f: Bootstrap starting.
I20260608 12:39:18.352876  3601 consensus_queue.cc:260] T 2bf963f3e45f47098d6a988130f61dfc P 356b3d0616f9401da5c064bfa553e9d9 [NON_LEADER]: Queue going to NON_LEADER mode. State: All replicated index: 0, Majority replicated index: 0, Committed index: 0, Last appended: 0.0, Last appended by leader: 0, Current term: 0, Majority size: -1, State: 0, Mode: NON_LEADER, active raft config: opid_index: -1 OBSOLETE_local: false peers { permanent_uuid: "948a7955e2b34ed6b0b1b177bef14b33" member_type: VOTER last_known_addr { host: "127.0.108.2" port: 41187 } } peers { permanent_uuid: "b687b34f4b0f42ac830d006484ad125f" member_type: VOTER last_known_addr { host: "127.0.108.1" port: 45149 } } peers { permanent_uuid: "356b3d0616f9401da5c064bfa553e9d9" member_type: VOTER last_known_addr { host: "127.0.108.3" port: 37101 } }
I20260608 12:39:18.355340  3601 ts_tablet_manager.cc:1434] T 2bf963f3e45f47098d6a988130f61dfc P 356b3d0616f9401da5c064bfa553e9d9: Time spent starting tablet: real 0.008s	user 0.006s	sys 0.000s
I20260608 12:39:18.356724  3600 ts_tablet_manager.cc:1434] T f39417391edc4b3eafaaa4d5337e11d7 P 948a7955e2b34ed6b0b1b177bef14b33: Time spent starting tablet: real 0.014s	user 0.006s	sys 0.001s
I20260608 12:39:18.357815  3600 tablet_bootstrap.cc:492] T 53a4c0bbe35a4ebeae9de38f7eecf9a2 P 948a7955e2b34ed6b0b1b177bef14b33: Bootstrap starting.
I20260608 12:39:18.359026  3601 tablet_bootstrap.cc:492] T 965bdcf25d1643ff9935c6fcdf73bcf7 P 356b3d0616f9401da5c064bfa553e9d9: Bootstrap starting.
I20260608 12:39:18.360275  3605 tablet_bootstrap.cc:654] T adcd2e38473348ef906aa4d97591e872 P b687b34f4b0f42ac830d006484ad125f: Neither blocks nor log segments found. Creating new log.
I20260608 12:39:18.364900  3600 tablet_bootstrap.cc:654] T 53a4c0bbe35a4ebeae9de38f7eecf9a2 P 948a7955e2b34ed6b0b1b177bef14b33: Neither blocks nor log segments found. Creating new log.
I20260608 12:39:18.365058  3605 tablet_bootstrap.cc:492] T adcd2e38473348ef906aa4d97591e872 P b687b34f4b0f42ac830d006484ad125f: No bootstrap required, opened a new log
I20260608 12:39:18.365670  3605 ts_tablet_manager.cc:1403] T adcd2e38473348ef906aa4d97591e872 P b687b34f4b0f42ac830d006484ad125f: Time spent bootstrapping tablet: real 0.013s	user 0.008s	sys 0.004s
I20260608 12:39:18.369557  3605 raft_consensus.cc:359] T adcd2e38473348ef906aa4d97591e872 P b687b34f4b0f42ac830d006484ad125f [term 0 FOLLOWER]: Replica starting. Triggering 0 pending ops. Active config: opid_index: -1 OBSOLETE_local: false peers { permanent_uuid: "948a7955e2b34ed6b0b1b177bef14b33" member_type: VOTER last_known_addr { host: "127.0.108.2" port: 41187 } } peers { permanent_uuid: "b687b34f4b0f42ac830d006484ad125f" member_type: VOTER last_known_addr { host: "127.0.108.1" port: 45149 } } peers { permanent_uuid: "356b3d0616f9401da5c064bfa553e9d9" member_type: VOTER last_known_addr { host: "127.0.108.3" port: 37101 } }
I20260608 12:39:18.370406  3605 raft_consensus.cc:385] T adcd2e38473348ef906aa4d97591e872 P b687b34f4b0f42ac830d006484ad125f [term 0 FOLLOWER]: Consensus starting up: Expiring failure detector timer to make a prompt election more likely
I20260608 12:39:18.370762  3605 raft_consensus.cc:740] T adcd2e38473348ef906aa4d97591e872 P b687b34f4b0f42ac830d006484ad125f [term 0 FOLLOWER]: Becoming Follower/Learner. State: Replica: b687b34f4b0f42ac830d006484ad125f, State: Initialized, Role: FOLLOWER
I20260608 12:39:18.371742  3605 consensus_queue.cc:260] T adcd2e38473348ef906aa4d97591e872 P b687b34f4b0f42ac830d006484ad125f [NON_LEADER]: Queue going to NON_LEADER mode. State: All replicated index: 0, Majority replicated index: 0, Committed index: 0, Last appended: 0.0, Last appended by leader: 0, Current term: 0, Majority size: -1, State: 0, Mode: NON_LEADER, active raft config: opid_index: -1 OBSOLETE_local: false peers { permanent_uuid: "948a7955e2b34ed6b0b1b177bef14b33" member_type: VOTER last_known_addr { host: "127.0.108.2" port: 41187 } } peers { permanent_uuid: "b687b34f4b0f42ac830d006484ad125f" member_type: VOTER last_known_addr { host: "127.0.108.1" port: 45149 } } peers { permanent_uuid: "356b3d0616f9401da5c064bfa553e9d9" member_type: VOTER last_known_addr { host: "127.0.108.3" port: 37101 } }
I20260608 12:39:18.374478  3605 ts_tablet_manager.cc:1434] T adcd2e38473348ef906aa4d97591e872 P b687b34f4b0f42ac830d006484ad125f: Time spent starting tablet: real 0.008s	user 0.008s	sys 0.000s
I20260608 12:39:18.374568  3601 tablet_bootstrap.cc:654] T 965bdcf25d1643ff9935c6fcdf73bcf7 P 356b3d0616f9401da5c064bfa553e9d9: Neither blocks nor log segments found. Creating new log.
I20260608 12:39:18.376024  3605 tablet_bootstrap.cc:492] T 53a4c0bbe35a4ebeae9de38f7eecf9a2 P b687b34f4b0f42ac830d006484ad125f: Bootstrap starting.
I20260608 12:39:18.377166  3600 tablet_bootstrap.cc:492] T 53a4c0bbe35a4ebeae9de38f7eecf9a2 P 948a7955e2b34ed6b0b1b177bef14b33: No bootstrap required, opened a new log
I20260608 12:39:18.377743  3600 ts_tablet_manager.cc:1403] T 53a4c0bbe35a4ebeae9de38f7eecf9a2 P 948a7955e2b34ed6b0b1b177bef14b33: Time spent bootstrapping tablet: real 0.020s	user 0.018s	sys 0.001s
I20260608 12:39:18.384069  3605 tablet_bootstrap.cc:654] T 53a4c0bbe35a4ebeae9de38f7eecf9a2 P b687b34f4b0f42ac830d006484ad125f: Neither blocks nor log segments found. Creating new log.
I20260608 12:39:18.389119  3601 tablet_bootstrap.cc:492] T 965bdcf25d1643ff9935c6fcdf73bcf7 P 356b3d0616f9401da5c064bfa553e9d9: No bootstrap required, opened a new log
I20260608 12:39:18.389676  3601 ts_tablet_manager.cc:1403] T 965bdcf25d1643ff9935c6fcdf73bcf7 P 356b3d0616f9401da5c064bfa553e9d9: Time spent bootstrapping tablet: real 0.033s	user 0.011s	sys 0.012s
I20260608 12:39:18.391618  3600 raft_consensus.cc:359] T 53a4c0bbe35a4ebeae9de38f7eecf9a2 P 948a7955e2b34ed6b0b1b177bef14b33 [term 0 FOLLOWER]: Replica starting. Triggering 0 pending ops. Active config: opid_index: -1 OBSOLETE_local: false peers { permanent_uuid: "b687b34f4b0f42ac830d006484ad125f" member_type: VOTER last_known_addr { host: "127.0.108.1" port: 45149 } } peers { permanent_uuid: "948a7955e2b34ed6b0b1b177bef14b33" member_type: VOTER last_known_addr { host: "127.0.108.2" port: 41187 } } peers { permanent_uuid: "356b3d0616f9401da5c064bfa553e9d9" member_type: VOTER last_known_addr { host: "127.0.108.3" port: 37101 } }
I20260608 12:39:18.392055  3605 tablet_bootstrap.cc:492] T 53a4c0bbe35a4ebeae9de38f7eecf9a2 P b687b34f4b0f42ac830d006484ad125f: No bootstrap required, opened a new log
I20260608 12:39:18.392221  3600 raft_consensus.cc:385] T 53a4c0bbe35a4ebeae9de38f7eecf9a2 P 948a7955e2b34ed6b0b1b177bef14b33 [term 0 FOLLOWER]: Consensus starting up: Expiring failure detector timer to make a prompt election more likely
I20260608 12:39:18.392594  3600 raft_consensus.cc:740] T 53a4c0bbe35a4ebeae9de38f7eecf9a2 P 948a7955e2b34ed6b0b1b177bef14b33 [term 0 FOLLOWER]: Becoming Follower/Learner. State: Replica: 948a7955e2b34ed6b0b1b177bef14b33, State: Initialized, Role: FOLLOWER
I20260608 12:39:18.392606  3605 ts_tablet_manager.cc:1403] T 53a4c0bbe35a4ebeae9de38f7eecf9a2 P b687b34f4b0f42ac830d006484ad125f: Time spent bootstrapping tablet: real 0.017s	user 0.010s	sys 0.004s
I20260608 12:39:18.392833  3601 raft_consensus.cc:359] T 965bdcf25d1643ff9935c6fcdf73bcf7 P 356b3d0616f9401da5c064bfa553e9d9 [term 0 FOLLOWER]: Replica starting. Triggering 0 pending ops. Active config: opid_index: -1 OBSOLETE_local: false peers { permanent_uuid: "b687b34f4b0f42ac830d006484ad125f" member_type: VOTER last_known_addr { host: "127.0.108.1" port: 45149 } } peers { permanent_uuid: "948a7955e2b34ed6b0b1b177bef14b33" member_type: VOTER last_known_addr { host: "127.0.108.2" port: 41187 } } peers { permanent_uuid: "356b3d0616f9401da5c064bfa553e9d9" member_type: VOTER last_known_addr { host: "127.0.108.3" port: 37101 } }
I20260608 12:39:18.393671  3601 raft_consensus.cc:385] T 965bdcf25d1643ff9935c6fcdf73bcf7 P 356b3d0616f9401da5c064bfa553e9d9 [term 0 FOLLOWER]: Consensus starting up: Expiring failure detector timer to make a prompt election more likely
I20260608 12:39:18.393448  3600 consensus_queue.cc:260] T 53a4c0bbe35a4ebeae9de38f7eecf9a2 P 948a7955e2b34ed6b0b1b177bef14b33 [NON_LEADER]: Queue going to NON_LEADER mode. State: All replicated index: 0, Majority replicated index: 0, Committed index: 0, Last appended: 0.0, Last appended by leader: 0, Current term: 0, Majority size: -1, State: 0, Mode: NON_LEADER, active raft config: opid_index: -1 OBSOLETE_local: false peers { permanent_uuid: "b687b34f4b0f42ac830d006484ad125f" member_type: VOTER last_known_addr { host: "127.0.108.1" port: 45149 } } peers { permanent_uuid: "948a7955e2b34ed6b0b1b177bef14b33" member_type: VOTER last_known_addr { host: "127.0.108.2" port: 41187 } } peers { permanent_uuid: "356b3d0616f9401da5c064bfa553e9d9" member_type: VOTER last_known_addr { host: "127.0.108.3" port: 37101 } }
I20260608 12:39:18.394047  3601 raft_consensus.cc:740] T 965bdcf25d1643ff9935c6fcdf73bcf7 P 356b3d0616f9401da5c064bfa553e9d9 [term 0 FOLLOWER]: Becoming Follower/Learner. State: Replica: 356b3d0616f9401da5c064bfa553e9d9, State: Initialized, Role: FOLLOWER
I20260608 12:39:18.395133  3601 consensus_queue.cc:260] T 965bdcf25d1643ff9935c6fcdf73bcf7 P 356b3d0616f9401da5c064bfa553e9d9 [NON_LEADER]: Queue going to NON_LEADER mode. State: All replicated index: 0, Majority replicated index: 0, Committed index: 0, Last appended: 0.0, Last appended by leader: 0, Current term: 0, Majority size: -1, State: 0, Mode: NON_LEADER, active raft config: opid_index: -1 OBSOLETE_local: false peers { permanent_uuid: "b687b34f4b0f42ac830d006484ad125f" member_type: VOTER last_known_addr { host: "127.0.108.1" port: 45149 } } peers { permanent_uuid: "948a7955e2b34ed6b0b1b177bef14b33" member_type: VOTER last_known_addr { host: "127.0.108.2" port: 41187 } } peers { permanent_uuid: "356b3d0616f9401da5c064bfa553e9d9" member_type: VOTER last_known_addr { host: "127.0.108.3" port: 37101 } }
I20260608 12:39:18.395787  3600 ts_tablet_manager.cc:1434] T 53a4c0bbe35a4ebeae9de38f7eecf9a2 P 948a7955e2b34ed6b0b1b177bef14b33: Time spent starting tablet: real 0.018s	user 0.002s	sys 0.003s
I20260608 12:39:18.396032  3605 raft_consensus.cc:359] T 53a4c0bbe35a4ebeae9de38f7eecf9a2 P b687b34f4b0f42ac830d006484ad125f [term 0 FOLLOWER]: Replica starting. Triggering 0 pending ops. Active config: opid_index: -1 OBSOLETE_local: false peers { permanent_uuid: "b687b34f4b0f42ac830d006484ad125f" member_type: VOTER last_known_addr { host: "127.0.108.1" port: 45149 } } peers { permanent_uuid: "948a7955e2b34ed6b0b1b177bef14b33" member_type: VOTER last_known_addr { host: "127.0.108.2" port: 41187 } } peers { permanent_uuid: "356b3d0616f9401da5c064bfa553e9d9" member_type: VOTER last_known_addr { host: "127.0.108.3" port: 37101 } }
I20260608 12:39:18.398085  3605 raft_consensus.cc:385] T 53a4c0bbe35a4ebeae9de38f7eecf9a2 P b687b34f4b0f42ac830d006484ad125f [term 0 FOLLOWER]: Consensus starting up: Expiring failure detector timer to make a prompt election more likely
I20260608 12:39:18.398517  3605 raft_consensus.cc:740] T 53a4c0bbe35a4ebeae9de38f7eecf9a2 P b687b34f4b0f42ac830d006484ad125f [term 0 FOLLOWER]: Becoming Follower/Learner. State: Replica: b687b34f4b0f42ac830d006484ad125f, State: Initialized, Role: FOLLOWER
I20260608 12:39:18.398998  3600 tablet_bootstrap.cc:492] T 965bdcf25d1643ff9935c6fcdf73bcf7 P 948a7955e2b34ed6b0b1b177bef14b33: Bootstrap starting.
I20260608 12:39:18.399422  3605 consensus_queue.cc:260] T 53a4c0bbe35a4ebeae9de38f7eecf9a2 P b687b34f4b0f42ac830d006484ad125f [NON_LEADER]: Queue going to NON_LEADER mode. State: All replicated index: 0, Majority replicated index: 0, Committed index: 0, Last appended: 0.0, Last appended by leader: 0, Current term: 0, Majority size: -1, State: 0, Mode: NON_LEADER, active raft config: opid_index: -1 OBSOLETE_local: false peers { permanent_uuid: "b687b34f4b0f42ac830d006484ad125f" member_type: VOTER last_known_addr { host: "127.0.108.1" port: 45149 } } peers { permanent_uuid: "948a7955e2b34ed6b0b1b177bef14b33" member_type: VOTER last_known_addr { host: "127.0.108.2" port: 41187 } } peers { permanent_uuid: "356b3d0616f9401da5c064bfa553e9d9" member_type: VOTER last_known_addr { host: "127.0.108.3" port: 37101 } }
I20260608 12:39:18.401859  3605 ts_tablet_manager.cc:1434] T 53a4c0bbe35a4ebeae9de38f7eecf9a2 P b687b34f4b0f42ac830d006484ad125f: Time spent starting tablet: real 0.009s	user 0.005s	sys 0.000s
I20260608 12:39:18.397338  3601 ts_tablet_manager.cc:1434] T 965bdcf25d1643ff9935c6fcdf73bcf7 P 356b3d0616f9401da5c064bfa553e9d9: Time spent starting tablet: real 0.007s	user 0.003s	sys 0.003s
I20260608 12:39:18.403168  3601 tablet_bootstrap.cc:492] T adcd2e38473348ef906aa4d97591e872 P 356b3d0616f9401da5c064bfa553e9d9: Bootstrap starting.
I20260608 12:39:18.408552  3605 tablet_bootstrap.cc:492] T f39417391edc4b3eafaaa4d5337e11d7 P b687b34f4b0f42ac830d006484ad125f: Bootstrap starting.
I20260608 12:39:18.410486  3601 tablet_bootstrap.cc:654] T adcd2e38473348ef906aa4d97591e872 P 356b3d0616f9401da5c064bfa553e9d9: Neither blocks nor log segments found. Creating new log.
W20260608 12:39:18.416297  3352 auto_rebalancer.cc:259] Could not retrieve cluster info: Service unavailable: Tablet not running
I20260608 12:39:18.416539  3600 tablet_bootstrap.cc:654] T 965bdcf25d1643ff9935c6fcdf73bcf7 P 948a7955e2b34ed6b0b1b177bef14b33: Neither blocks nor log segments found. Creating new log.
I20260608 12:39:18.419169  3357 auto_leader_rebalancer.cc:140] leader rebalance for table range_aware_rebalance_new_range
W20260608 12:39:18.420257  3357 auto_leader_rebalancer.cc:460] the master instance isn't leader: Service unavailable: Tablet not running
I20260608 12:39:18.421972  3601 tablet_bootstrap.cc:492] T adcd2e38473348ef906aa4d97591e872 P 356b3d0616f9401da5c064bfa553e9d9: No bootstrap required, opened a new log
I20260608 12:39:18.422550  3601 ts_tablet_manager.cc:1403] T adcd2e38473348ef906aa4d97591e872 P 356b3d0616f9401da5c064bfa553e9d9: Time spent bootstrapping tablet: real 0.020s	user 0.009s	sys 0.009s
I20260608 12:39:18.424329  3600 tablet_bootstrap.cc:492] T 965bdcf25d1643ff9935c6fcdf73bcf7 P 948a7955e2b34ed6b0b1b177bef14b33: No bootstrap required, opened a new log
I20260608 12:39:18.424810  3605 tablet_bootstrap.cc:654] T f39417391edc4b3eafaaa4d5337e11d7 P b687b34f4b0f42ac830d006484ad125f: Neither blocks nor log segments found. Creating new log.
I20260608 12:39:18.424832  3600 ts_tablet_manager.cc:1403] T 965bdcf25d1643ff9935c6fcdf73bcf7 P 948a7955e2b34ed6b0b1b177bef14b33: Time spent bootstrapping tablet: real 0.026s	user 0.003s	sys 0.007s
I20260608 12:39:18.425025  3601 raft_consensus.cc:359] T adcd2e38473348ef906aa4d97591e872 P 356b3d0616f9401da5c064bfa553e9d9 [term 0 FOLLOWER]: Replica starting. Triggering 0 pending ops. Active config: opid_index: -1 OBSOLETE_local: false peers { permanent_uuid: "948a7955e2b34ed6b0b1b177bef14b33" member_type: VOTER last_known_addr { host: "127.0.108.2" port: 41187 } } peers { permanent_uuid: "b687b34f4b0f42ac830d006484ad125f" member_type: VOTER last_known_addr { host: "127.0.108.1" port: 45149 } } peers { permanent_uuid: "356b3d0616f9401da5c064bfa553e9d9" member_type: VOTER last_known_addr { host: "127.0.108.3" port: 37101 } }
I20260608 12:39:18.425977  3601 raft_consensus.cc:385] T adcd2e38473348ef906aa4d97591e872 P 356b3d0616f9401da5c064bfa553e9d9 [term 0 FOLLOWER]: Consensus starting up: Expiring failure detector timer to make a prompt election more likely
I20260608 12:39:18.426316  3601 raft_consensus.cc:740] T adcd2e38473348ef906aa4d97591e872 P 356b3d0616f9401da5c064bfa553e9d9 [term 0 FOLLOWER]: Becoming Follower/Learner. State: Replica: 356b3d0616f9401da5c064bfa553e9d9, State: Initialized, Role: FOLLOWER
I20260608 12:39:18.427048  3601 consensus_queue.cc:260] T adcd2e38473348ef906aa4d97591e872 P 356b3d0616f9401da5c064bfa553e9d9 [NON_LEADER]: Queue going to NON_LEADER mode. State: All replicated index: 0, Majority replicated index: 0, Committed index: 0, Last appended: 0.0, Last appended by leader: 0, Current term: 0, Majority size: -1, State: 0, Mode: NON_LEADER, active raft config: opid_index: -1 OBSOLETE_local: false peers { permanent_uuid: "948a7955e2b34ed6b0b1b177bef14b33" member_type: VOTER last_known_addr { host: "127.0.108.2" port: 41187 } } peers { permanent_uuid: "b687b34f4b0f42ac830d006484ad125f" member_type: VOTER last_known_addr { host: "127.0.108.1" port: 45149 } } peers { permanent_uuid: "356b3d0616f9401da5c064bfa553e9d9" member_type: VOTER last_known_addr { host: "127.0.108.3" port: 37101 } }
I20260608 12:39:18.428752  3600 raft_consensus.cc:359] T 965bdcf25d1643ff9935c6fcdf73bcf7 P 948a7955e2b34ed6b0b1b177bef14b33 [term 0 FOLLOWER]: Replica starting. Triggering 0 pending ops. Active config: opid_index: -1 OBSOLETE_local: false peers { permanent_uuid: "b687b34f4b0f42ac830d006484ad125f" member_type: VOTER last_known_addr { host: "127.0.108.1" port: 45149 } } peers { permanent_uuid: "948a7955e2b34ed6b0b1b177bef14b33" member_type: VOTER last_known_addr { host: "127.0.108.2" port: 41187 } } peers { permanent_uuid: "356b3d0616f9401da5c064bfa553e9d9" member_type: VOTER last_known_addr { host: "127.0.108.3" port: 37101 } }
I20260608 12:39:18.430132  3600 raft_consensus.cc:385] T 965bdcf25d1643ff9935c6fcdf73bcf7 P 948a7955e2b34ed6b0b1b177bef14b33 [term 0 FOLLOWER]: Consensus starting up: Expiring failure detector timer to make a prompt election more likely
I20260608 12:39:18.430630  3600 raft_consensus.cc:740] T 965bdcf25d1643ff9935c6fcdf73bcf7 P 948a7955e2b34ed6b0b1b177bef14b33 [term 0 FOLLOWER]: Becoming Follower/Learner. State: Replica: 948a7955e2b34ed6b0b1b177bef14b33, State: Initialized, Role: FOLLOWER
I20260608 12:39:18.431090  3601 ts_tablet_manager.cc:1434] T adcd2e38473348ef906aa4d97591e872 P 356b3d0616f9401da5c064bfa553e9d9: Time spent starting tablet: real 0.006s	user 0.002s	sys 0.004s
I20260608 12:39:18.432483  3601 tablet_bootstrap.cc:492] T baf038a6dc324af0ac1ec4d7ede2d23d P 356b3d0616f9401da5c064bfa553e9d9: Bootstrap starting.
I20260608 12:39:18.431998  3600 consensus_queue.cc:260] T 965bdcf25d1643ff9935c6fcdf73bcf7 P 948a7955e2b34ed6b0b1b177bef14b33 [NON_LEADER]: Queue going to NON_LEADER mode. State: All replicated index: 0, Majority replicated index: 0, Committed index: 0, Last appended: 0.0, Last appended by leader: 0, Current term: 0, Majority size: -1, State: 0, Mode: NON_LEADER, active raft config: opid_index: -1 OBSOLETE_local: false peers { permanent_uuid: "b687b34f4b0f42ac830d006484ad125f" member_type: VOTER last_known_addr { host: "127.0.108.1" port: 45149 } } peers { permanent_uuid: "948a7955e2b34ed6b0b1b177bef14b33" member_type: VOTER last_known_addr { host: "127.0.108.2" port: 41187 } } peers { permanent_uuid: "356b3d0616f9401da5c064bfa553e9d9" member_type: VOTER last_known_addr { host: "127.0.108.3" port: 37101 } }
I20260608 12:39:18.439404  3600 ts_tablet_manager.cc:1434] T 965bdcf25d1643ff9935c6fcdf73bcf7 P 948a7955e2b34ed6b0b1b177bef14b33: Time spent starting tablet: real 0.014s	user 0.009s	sys 0.000s
I20260608 12:39:18.441042  3601 tablet_bootstrap.cc:654] T baf038a6dc324af0ac1ec4d7ede2d23d P 356b3d0616f9401da5c064bfa553e9d9: Neither blocks nor log segments found. Creating new log.
I20260608 12:39:18.441203  3600 tablet_bootstrap.cc:492] T adcd2e38473348ef906aa4d97591e872 P 948a7955e2b34ed6b0b1b177bef14b33: Bootstrap starting.
I20260608 12:39:18.444664  3605 tablet_bootstrap.cc:492] T f39417391edc4b3eafaaa4d5337e11d7 P b687b34f4b0f42ac830d006484ad125f: No bootstrap required, opened a new log
I20260608 12:39:18.445226  3605 ts_tablet_manager.cc:1403] T f39417391edc4b3eafaaa4d5337e11d7 P b687b34f4b0f42ac830d006484ad125f: Time spent bootstrapping tablet: real 0.037s	user 0.022s	sys 0.004s
I20260608 12:39:18.448421  3605 raft_consensus.cc:359] T f39417391edc4b3eafaaa4d5337e11d7 P b687b34f4b0f42ac830d006484ad125f [term 0 FOLLOWER]: Replica starting. Triggering 0 pending ops. Active config: opid_index: -1 OBSOLETE_local: false peers { permanent_uuid: "948a7955e2b34ed6b0b1b177bef14b33" member_type: VOTER last_known_addr { host: "127.0.108.2" port: 41187 } } peers { permanent_uuid: "b687b34f4b0f42ac830d006484ad125f" member_type: VOTER last_known_addr { host: "127.0.108.1" port: 45149 } } peers { permanent_uuid: "356b3d0616f9401da5c064bfa553e9d9" member_type: VOTER last_known_addr { host: "127.0.108.3" port: 37101 } }
I20260608 12:39:18.449275  3605 raft_consensus.cc:385] T f39417391edc4b3eafaaa4d5337e11d7 P b687b34f4b0f42ac830d006484ad125f [term 0 FOLLOWER]: Consensus starting up: Expiring failure detector timer to make a prompt election more likely
I20260608 12:39:18.449625  3605 raft_consensus.cc:740] T f39417391edc4b3eafaaa4d5337e11d7 P b687b34f4b0f42ac830d006484ad125f [term 0 FOLLOWER]: Becoming Follower/Learner. State: Replica: b687b34f4b0f42ac830d006484ad125f, State: Initialized, Role: FOLLOWER
I20260608 12:39:18.450471  3605 consensus_queue.cc:260] T f39417391edc4b3eafaaa4d5337e11d7 P b687b34f4b0f42ac830d006484ad125f [NON_LEADER]: Queue going to NON_LEADER mode. State: All replicated index: 0, Majority replicated index: 0, Committed index: 0, Last appended: 0.0, Last appended by leader: 0, Current term: 0, Majority size: -1, State: 0, Mode: NON_LEADER, active raft config: opid_index: -1 OBSOLETE_local: false peers { permanent_uuid: "948a7955e2b34ed6b0b1b177bef14b33" member_type: VOTER last_known_addr { host: "127.0.108.2" port: 41187 } } peers { permanent_uuid: "b687b34f4b0f42ac830d006484ad125f" member_type: VOTER last_known_addr { host: "127.0.108.1" port: 45149 } } peers { permanent_uuid: "356b3d0616f9401da5c064bfa553e9d9" member_type: VOTER last_known_addr { host: "127.0.108.3" port: 37101 } }
I20260608 12:39:18.452600  3605 ts_tablet_manager.cc:1434] T f39417391edc4b3eafaaa4d5337e11d7 P b687b34f4b0f42ac830d006484ad125f: Time spent starting tablet: real 0.007s	user 0.005s	sys 0.000s
I20260608 12:39:18.453706  3605 tablet_bootstrap.cc:492] T 965bdcf25d1643ff9935c6fcdf73bcf7 P b687b34f4b0f42ac830d006484ad125f: Bootstrap starting.
I20260608 12:39:18.456283  3606 raft_consensus.cc:493] T 965bdcf25d1643ff9935c6fcdf73bcf7 P 948a7955e2b34ed6b0b1b177bef14b33 [term 0 FOLLOWER]: Starting pre-election (no leader contacted us within the election timeout)
I20260608 12:39:18.457226  3606 raft_consensus.cc:515] T 965bdcf25d1643ff9935c6fcdf73bcf7 P 948a7955e2b34ed6b0b1b177bef14b33 [term 0 FOLLOWER]: Starting pre-election with config: opid_index: -1 OBSOLETE_local: false peers { permanent_uuid: "b687b34f4b0f42ac830d006484ad125f" member_type: VOTER last_known_addr { host: "127.0.108.1" port: 45149 } } peers { permanent_uuid: "948a7955e2b34ed6b0b1b177bef14b33" member_type: VOTER last_known_addr { host: "127.0.108.2" port: 41187 } } peers { permanent_uuid: "356b3d0616f9401da5c064bfa553e9d9" member_type: VOTER last_known_addr { host: "127.0.108.3" port: 37101 } }
I20260608 12:39:18.461658  3605 tablet_bootstrap.cc:654] T 965bdcf25d1643ff9935c6fcdf73bcf7 P b687b34f4b0f42ac830d006484ad125f: Neither blocks nor log segments found. Creating new log.
I20260608 12:39:18.467382  3611 raft_consensus.cc:493] T b0c2c85e5972496ca3a4eac7e25ace62 P b687b34f4b0f42ac830d006484ad125f [term 0 FOLLOWER]: Starting pre-election (no leader contacted us within the election timeout)
I20260608 12:39:18.469476  3606 leader_election.cc:290] T 965bdcf25d1643ff9935c6fcdf73bcf7 P 948a7955e2b34ed6b0b1b177bef14b33 [CANDIDATE]: Term 1 pre-election: Requested pre-vote from peers b687b34f4b0f42ac830d006484ad125f (127.0.108.1:45149), 356b3d0616f9401da5c064bfa553e9d9 (127.0.108.3:37101)
I20260608 12:39:18.468354  3611 raft_consensus.cc:515] T b0c2c85e5972496ca3a4eac7e25ace62 P b687b34f4b0f42ac830d006484ad125f [term 0 FOLLOWER]: Starting pre-election with config: opid_index: -1 OBSOLETE_local: false peers { permanent_uuid: "b687b34f4b0f42ac830d006484ad125f" member_type: VOTER last_known_addr { host: "127.0.108.1" port: 45149 } } peers { permanent_uuid: "948a7955e2b34ed6b0b1b177bef14b33" member_type: VOTER last_known_addr { host: "127.0.108.2" port: 41187 } } peers { permanent_uuid: "356b3d0616f9401da5c064bfa553e9d9" member_type: VOTER last_known_addr { host: "127.0.108.3" port: 37101 } }
I20260608 12:39:18.488231  3601 tablet_bootstrap.cc:492] T baf038a6dc324af0ac1ec4d7ede2d23d P 356b3d0616f9401da5c064bfa553e9d9: No bootstrap required, opened a new log
I20260608 12:39:18.488730  3611 leader_election.cc:290] T b0c2c85e5972496ca3a4eac7e25ace62 P b687b34f4b0f42ac830d006484ad125f [CANDIDATE]: Term 1 pre-election: Requested pre-vote from peers 948a7955e2b34ed6b0b1b177bef14b33 (127.0.108.2:41187), 356b3d0616f9401da5c064bfa553e9d9 (127.0.108.3:37101)
I20260608 12:39:18.488873  3601 ts_tablet_manager.cc:1403] T baf038a6dc324af0ac1ec4d7ede2d23d P 356b3d0616f9401da5c064bfa553e9d9: Time spent bootstrapping tablet: real 0.057s	user 0.022s	sys 0.013s
I20260608 12:39:18.491020  3611 raft_consensus.cc:493] T baf038a6dc324af0ac1ec4d7ede2d23d P b687b34f4b0f42ac830d006484ad125f [term 0 FOLLOWER]: Starting pre-election (no leader contacted us within the election timeout)
I20260608 12:39:18.493357  3611 raft_consensus.cc:515] T baf038a6dc324af0ac1ec4d7ede2d23d P b687b34f4b0f42ac830d006484ad125f [term 0 FOLLOWER]: Starting pre-election with config: opid_index: -1 OBSOLETE_local: false peers { permanent_uuid: "b687b34f4b0f42ac830d006484ad125f" member_type: VOTER last_known_addr { host: "127.0.108.1" port: 45149 } } peers { permanent_uuid: "948a7955e2b34ed6b0b1b177bef14b33" member_type: VOTER last_known_addr { host: "127.0.108.2" port: 41187 } } peers { permanent_uuid: "356b3d0616f9401da5c064bfa553e9d9" member_type: VOTER last_known_addr { host: "127.0.108.3" port: 37101 } }
I20260608 12:39:18.496665  3611 leader_election.cc:290] T baf038a6dc324af0ac1ec4d7ede2d23d P b687b34f4b0f42ac830d006484ad125f [CANDIDATE]: Term 1 pre-election: Requested pre-vote from peers 948a7955e2b34ed6b0b1b177bef14b33 (127.0.108.2:41187), 356b3d0616f9401da5c064bfa553e9d9 (127.0.108.3:37101)
I20260608 12:39:18.504071  3605 tablet_bootstrap.cc:492] T 965bdcf25d1643ff9935c6fcdf73bcf7 P b687b34f4b0f42ac830d006484ad125f: No bootstrap required, opened a new log
I20260608 12:39:18.504776  3605 ts_tablet_manager.cc:1403] T 965bdcf25d1643ff9935c6fcdf73bcf7 P b687b34f4b0f42ac830d006484ad125f: Time spent bootstrapping tablet: real 0.051s	user 0.018s	sys 0.008s
I20260608 12:39:18.505728  3600 tablet_bootstrap.cc:654] T adcd2e38473348ef906aa4d97591e872 P 948a7955e2b34ed6b0b1b177bef14b33: Neither blocks nor log segments found. Creating new log.
I20260608 12:39:18.510588  3606 raft_consensus.cc:493] T c382c39ae7ea4eb7ab4fb01a4bbc06f7 P 948a7955e2b34ed6b0b1b177bef14b33 [term 0 FOLLOWER]: Starting pre-election (no leader contacted us within the election timeout)
I20260608 12:39:18.514137  3606 raft_consensus.cc:515] T c382c39ae7ea4eb7ab4fb01a4bbc06f7 P 948a7955e2b34ed6b0b1b177bef14b33 [term 0 FOLLOWER]: Starting pre-election with config: opid_index: -1 OBSOLETE_local: false peers { permanent_uuid: "b687b34f4b0f42ac830d006484ad125f" member_type: VOTER last_known_addr { host: "127.0.108.1" port: 45149 } } peers { permanent_uuid: "948a7955e2b34ed6b0b1b177bef14b33" member_type: VOTER last_known_addr { host: "127.0.108.2" port: 41187 } } peers { permanent_uuid: "356b3d0616f9401da5c064bfa553e9d9" member_type: VOTER last_known_addr { host: "127.0.108.3" port: 37101 } }
I20260608 12:39:18.520319  3606 leader_election.cc:290] T c382c39ae7ea4eb7ab4fb01a4bbc06f7 P 948a7955e2b34ed6b0b1b177bef14b33 [CANDIDATE]: Term 1 pre-election: Requested pre-vote from peers b687b34f4b0f42ac830d006484ad125f (127.0.108.1:45149), 356b3d0616f9401da5c064bfa553e9d9 (127.0.108.3:37101)
I20260608 12:39:18.528371  3605 raft_consensus.cc:359] T 965bdcf25d1643ff9935c6fcdf73bcf7 P b687b34f4b0f42ac830d006484ad125f [term 0 FOLLOWER]: Replica starting. Triggering 0 pending ops. Active config: opid_index: -1 OBSOLETE_local: false peers { permanent_uuid: "b687b34f4b0f42ac830d006484ad125f" member_type: VOTER last_known_addr { host: "127.0.108.1" port: 45149 } } peers { permanent_uuid: "948a7955e2b34ed6b0b1b177bef14b33" member_type: VOTER last_known_addr { host: "127.0.108.2" port: 41187 } } peers { permanent_uuid: "356b3d0616f9401da5c064bfa553e9d9" member_type: VOTER last_known_addr { host: "127.0.108.3" port: 37101 } }
I20260608 12:39:18.529320  3605 raft_consensus.cc:385] T 965bdcf25d1643ff9935c6fcdf73bcf7 P b687b34f4b0f42ac830d006484ad125f [term 0 FOLLOWER]: Consensus starting up: Expiring failure detector timer to make a prompt election more likely
I20260608 12:39:18.529664  3605 raft_consensus.cc:740] T 965bdcf25d1643ff9935c6fcdf73bcf7 P b687b34f4b0f42ac830d006484ad125f [term 0 FOLLOWER]: Becoming Follower/Learner. State: Replica: b687b34f4b0f42ac830d006484ad125f, State: Initialized, Role: FOLLOWER
I20260608 12:39:18.531682  3634 raft_consensus.cc:493] T adcd2e38473348ef906aa4d97591e872 P b687b34f4b0f42ac830d006484ad125f [term 0 FOLLOWER]: Starting pre-election (no leader contacted us within the election timeout)
