I20260608 12:37:48.056494  3256 raft_consensus.cc:385] T b517cedf50334ccca56c727ea87c7275 P 9cbcc5ad84704319808725971fef3997 [term 0 FOLLOWER]: Consensus starting up: Expiring failure detector timer to make a prompt election more likely
I20260608 12:37:48.056942  3256 raft_consensus.cc:740] T b517cedf50334ccca56c727ea87c7275 P 9cbcc5ad84704319808725971fef3997 [term 0 FOLLOWER]: Becoming Follower/Learner. State: Replica: 9cbcc5ad84704319808725971fef3997, State: Initialized, Role: FOLLOWER
I20260608 12:37:48.057263  3260 consensus_queue.cc:260] T 5113d589939e4455addf0b945024190d P 3a759044f3cf44cf9a94e88cd62cf2f9 [NON_LEADER]: Queue going to NON_LEADER mode. State: All replicated index: 0, Majority replicated index: 0, Committed index: 0, Last appended: 0.0, Last appended by leader: 0, Current term: 0, Majority size: -1, State: 0, Mode: NON_LEADER, active raft config: opid_index: -1 OBSOLETE_local: false peers { permanent_uuid: "820d22e6d5d545d3bf732864d53af6b4" member_type: VOTER last_known_addr { host: "127.0.107.193" port: 44111 } } peers { permanent_uuid: "3a759044f3cf44cf9a94e88cd62cf2f9" member_type: VOTER last_known_addr { host: "127.0.107.194" port: 34083 } } peers { permanent_uuid: "9cbcc5ad84704319808725971fef3997" member_type: VOTER last_known_addr { host: "127.0.107.195" port: 44181 } }
I20260608 12:37:48.057834  3256 consensus_queue.cc:260] T b517cedf50334ccca56c727ea87c7275 P 9cbcc5ad84704319808725971fef3997 [NON_LEADER]: Queue going to NON_LEADER mode. State: All replicated index: 0, Majority replicated index: 0, Committed index: 0, Last appended: 0.0, Last appended by leader: 0, Current term: 0, Majority size: -1, State: 0, Mode: NON_LEADER, active raft config: opid_index: -1 OBSOLETE_local: false peers { permanent_uuid: "820d22e6d5d545d3bf732864d53af6b4" member_type: VOTER last_known_addr { host: "127.0.107.193" port: 44111 } } peers { permanent_uuid: "3a759044f3cf44cf9a94e88cd62cf2f9" member_type: VOTER last_known_addr { host: "127.0.107.194" port: 34083 } } peers { permanent_uuid: "9cbcc5ad84704319808725971fef3997" member_type: VOTER last_known_addr { host: "127.0.107.195" port: 44181 } }
I20260608 12:37:48.059800  3259 tablet_bootstrap.cc:654] T efd87b1675a445388bbbab439132887b P 820d22e6d5d545d3bf732864d53af6b4: Neither blocks nor log segments found. Creating new log.
I20260608 12:37:48.062561  3256 ts_tablet_manager.cc:1434] T b517cedf50334ccca56c727ea87c7275 P 9cbcc5ad84704319808725971fef3997: Time spent starting tablet: real 0.010s	user 0.003s	sys 0.004s
I20260608 12:37:48.063688  3256 tablet_bootstrap.cc:492] T efd87b1675a445388bbbab439132887b P 9cbcc5ad84704319808725971fef3997: Bootstrap starting.
I20260608 12:37:48.070662  3256 tablet_bootstrap.cc:654] T efd87b1675a445388bbbab439132887b P 9cbcc5ad84704319808725971fef3997: Neither blocks nor log segments found. Creating new log.
I20260608 12:37:48.078090  3260 ts_tablet_manager.cc:1434] T 5113d589939e4455addf0b945024190d P 3a759044f3cf44cf9a94e88cd62cf2f9: Time spent starting tablet: real 0.026s	user 0.007s	sys 0.013s
I20260608 12:37:48.079931  3259 tablet_bootstrap.cc:492] T efd87b1675a445388bbbab439132887b P 820d22e6d5d545d3bf732864d53af6b4: No bootstrap required, opened a new log
I20260608 12:37:48.080513  3259 ts_tablet_manager.cc:1403] T efd87b1675a445388bbbab439132887b P 820d22e6d5d545d3bf732864d53af6b4: Time spent bootstrapping tablet: real 0.029s	user 0.012s	sys 0.015s
I20260608 12:37:48.080569  3260 tablet_bootstrap.cc:492] T fc80b3d4b6f74f209617d70b7834e9f5 P 3a759044f3cf44cf9a94e88cd62cf2f9: Bootstrap starting.
I20260608 12:37:48.081763  3256 tablet_bootstrap.cc:492] T efd87b1675a445388bbbab439132887b P 9cbcc5ad84704319808725971fef3997: No bootstrap required, opened a new log
I20260608 12:37:48.082334  3256 ts_tablet_manager.cc:1403] T efd87b1675a445388bbbab439132887b P 9cbcc5ad84704319808725971fef3997: Time spent bootstrapping tablet: real 0.019s	user 0.009s	sys 0.009s
I20260608 12:37:48.084029  3259 raft_consensus.cc:359] T efd87b1675a445388bbbab439132887b P 820d22e6d5d545d3bf732864d53af6b4 [term 0 FOLLOWER]: Replica starting. Triggering 0 pending ops. Active config: opid_index: -1 OBSOLETE_local: false peers { permanent_uuid: "820d22e6d5d545d3bf732864d53af6b4" member_type: VOTER last_known_addr { host: "127.0.107.193" port: 44111 } } peers { permanent_uuid: "3a759044f3cf44cf9a94e88cd62cf2f9" member_type: VOTER last_known_addr { host: "127.0.107.194" port: 34083 } } peers { permanent_uuid: "9cbcc5ad84704319808725971fef3997" member_type: VOTER last_known_addr { host: "127.0.107.195" port: 44181 } }
I20260608 12:37:48.084920  3259 raft_consensus.cc:385] T efd87b1675a445388bbbab439132887b P 820d22e6d5d545d3bf732864d53af6b4 [term 0 FOLLOWER]: Consensus starting up: Expiring failure detector timer to make a prompt election more likely
I20260608 12:37:48.085310  3259 raft_consensus.cc:740] T efd87b1675a445388bbbab439132887b P 820d22e6d5d545d3bf732864d53af6b4 [term 0 FOLLOWER]: Becoming Follower/Learner. State: Replica: 820d22e6d5d545d3bf732864d53af6b4, State: Initialized, Role: FOLLOWER
I20260608 12:37:48.085485  3256 raft_consensus.cc:359] T efd87b1675a445388bbbab439132887b P 9cbcc5ad84704319808725971fef3997 [term 0 FOLLOWER]: Replica starting. Triggering 0 pending ops. Active config: opid_index: -1 OBSOLETE_local: false peers { permanent_uuid: "820d22e6d5d545d3bf732864d53af6b4" member_type: VOTER last_known_addr { host: "127.0.107.193" port: 44111 } } peers { permanent_uuid: "3a759044f3cf44cf9a94e88cd62cf2f9" member_type: VOTER last_known_addr { host: "127.0.107.194" port: 34083 } } peers { permanent_uuid: "9cbcc5ad84704319808725971fef3997" member_type: VOTER last_known_addr { host: "127.0.107.195" port: 44181 } }
I20260608 12:37:48.086338  3256 raft_consensus.cc:385] T efd87b1675a445388bbbab439132887b P 9cbcc5ad84704319808725971fef3997 [term 0 FOLLOWER]: Consensus starting up: Expiring failure detector timer to make a prompt election more likely
I20260608 12:37:48.087064  3256 raft_consensus.cc:740] T efd87b1675a445388bbbab439132887b P 9cbcc5ad84704319808725971fef3997 [term 0 FOLLOWER]: Becoming Follower/Learner. State: Replica: 9cbcc5ad84704319808725971fef3997, State: Initialized, Role: FOLLOWER
I20260608 12:37:48.086306  3259 consensus_queue.cc:260] T efd87b1675a445388bbbab439132887b P 820d22e6d5d545d3bf732864d53af6b4 [NON_LEADER]: Queue going to NON_LEADER mode. State: All replicated index: 0, Majority replicated index: 0, Committed index: 0, Last appended: 0.0, Last appended by leader: 0, Current term: 0, Majority size: -1, State: 0, Mode: NON_LEADER, active raft config: opid_index: -1 OBSOLETE_local: false peers { permanent_uuid: "820d22e6d5d545d3bf732864d53af6b4" member_type: VOTER last_known_addr { host: "127.0.107.193" port: 44111 } } peers { permanent_uuid: "3a759044f3cf44cf9a94e88cd62cf2f9" member_type: VOTER last_known_addr { host: "127.0.107.194" port: 34083 } } peers { permanent_uuid: "9cbcc5ad84704319808725971fef3997" member_type: VOTER last_known_addr { host: "127.0.107.195" port: 44181 } }
I20260608 12:37:48.087993  3256 consensus_queue.cc:260] T efd87b1675a445388bbbab439132887b P 9cbcc5ad84704319808725971fef3997 [NON_LEADER]: Queue going to NON_LEADER mode. State: All replicated index: 0, Majority replicated index: 0, Committed index: 0, Last appended: 0.0, Last appended by leader: 0, Current term: 0, Majority size: -1, State: 0, Mode: NON_LEADER, active raft config: opid_index: -1 OBSOLETE_local: false peers { permanent_uuid: "820d22e6d5d545d3bf732864d53af6b4" member_type: VOTER last_known_addr { host: "127.0.107.193" port: 44111 } } peers { permanent_uuid: "3a759044f3cf44cf9a94e88cd62cf2f9" member_type: VOTER last_known_addr { host: "127.0.107.194" port: 34083 } } peers { permanent_uuid: "9cbcc5ad84704319808725971fef3997" member_type: VOTER last_known_addr { host: "127.0.107.195" port: 44181 } }
I20260608 12:37:48.090446  3256 ts_tablet_manager.cc:1434] T efd87b1675a445388bbbab439132887b P 9cbcc5ad84704319808725971fef3997: Time spent starting tablet: real 0.008s	user 0.007s	sys 0.000s
I20260608 12:37:48.091545  3256 tablet_bootstrap.cc:492] T 5113d589939e4455addf0b945024190d P 9cbcc5ad84704319808725971fef3997: Bootstrap starting.
I20260608 12:37:48.092921  3260 tablet_bootstrap.cc:654] T fc80b3d4b6f74f209617d70b7834e9f5 P 3a759044f3cf44cf9a94e88cd62cf2f9: Neither blocks nor log segments found. Creating new log.
I20260608 12:37:48.097626  3259 ts_tablet_manager.cc:1434] T efd87b1675a445388bbbab439132887b P 820d22e6d5d545d3bf732864d53af6b4: Time spent starting tablet: real 0.017s	user 0.006s	sys 0.000s
I20260608 12:37:48.099222  3256 tablet_bootstrap.cc:654] T 5113d589939e4455addf0b945024190d P 9cbcc5ad84704319808725971fef3997: Neither blocks nor log segments found. Creating new log.
I20260608 12:37:48.099918  3259 tablet_bootstrap.cc:492] T 5113d589939e4455addf0b945024190d P 820d22e6d5d545d3bf732864d53af6b4: Bootstrap starting.
I20260608 12:37:48.102741  3260 tablet_bootstrap.cc:492] T fc80b3d4b6f74f209617d70b7834e9f5 P 3a759044f3cf44cf9a94e88cd62cf2f9: No bootstrap required, opened a new log
I20260608 12:37:48.103375  3260 ts_tablet_manager.cc:1403] T fc80b3d4b6f74f209617d70b7834e9f5 P 3a759044f3cf44cf9a94e88cd62cf2f9: Time spent bootstrapping tablet: real 0.023s	user 0.007s	sys 0.009s
I20260608 12:37:48.106702  3260 raft_consensus.cc:359] T fc80b3d4b6f74f209617d70b7834e9f5 P 3a759044f3cf44cf9a94e88cd62cf2f9 [term 0 FOLLOWER]: Replica starting. Triggering 0 pending ops. Active config: opid_index: -1 OBSOLETE_local: false peers { permanent_uuid: "9cbcc5ad84704319808725971fef3997" member_type: VOTER last_known_addr { host: "127.0.107.195" port: 44181 } } peers { permanent_uuid: "820d22e6d5d545d3bf732864d53af6b4" member_type: VOTER last_known_addr { host: "127.0.107.193" port: 44111 } } peers { permanent_uuid: "3a759044f3cf44cf9a94e88cd62cf2f9" member_type: VOTER last_known_addr { host: "127.0.107.194" port: 34083 } }
I20260608 12:37:48.107280  3260 raft_consensus.cc:385] T fc80b3d4b6f74f209617d70b7834e9f5 P 3a759044f3cf44cf9a94e88cd62cf2f9 [term 0 FOLLOWER]: Consensus starting up: Expiring failure detector timer to make a prompt election more likely
I20260608 12:37:48.107543  3260 raft_consensus.cc:740] T fc80b3d4b6f74f209617d70b7834e9f5 P 3a759044f3cf44cf9a94e88cd62cf2f9 [term 0 FOLLOWER]: Becoming Follower/Learner. State: Replica: 3a759044f3cf44cf9a94e88cd62cf2f9, State: Initialized, Role: FOLLOWER
I20260608 12:37:48.108083  3256 tablet_bootstrap.cc:492] T 5113d589939e4455addf0b945024190d P 9cbcc5ad84704319808725971fef3997: No bootstrap required, opened a new log
I20260608 12:37:48.108536  3259 tablet_bootstrap.cc:654] T 5113d589939e4455addf0b945024190d P 820d22e6d5d545d3bf732864d53af6b4: Neither blocks nor log segments found. Creating new log.
I20260608 12:37:48.108255  3260 consensus_queue.cc:260] T fc80b3d4b6f74f209617d70b7834e9f5 P 3a759044f3cf44cf9a94e88cd62cf2f9 [NON_LEADER]: Queue going to NON_LEADER mode. State: All replicated index: 0, Majority replicated index: 0, Committed index: 0, Last appended: 0.0, Last appended by leader: 0, Current term: 0, Majority size: -1, State: 0, Mode: NON_LEADER, active raft config: opid_index: -1 OBSOLETE_local: false peers { permanent_uuid: "9cbcc5ad84704319808725971fef3997" member_type: VOTER last_known_addr { host: "127.0.107.195" port: 44181 } } peers { permanent_uuid: "820d22e6d5d545d3bf732864d53af6b4" member_type: VOTER last_known_addr { host: "127.0.107.193" port: 44111 } } peers { permanent_uuid: "3a759044f3cf44cf9a94e88cd62cf2f9" member_type: VOTER last_known_addr { host: "127.0.107.194" port: 34083 } }
I20260608 12:37:48.108716  3256 ts_tablet_manager.cc:1403] T 5113d589939e4455addf0b945024190d P 9cbcc5ad84704319808725971fef3997: Time spent bootstrapping tablet: real 0.017s	user 0.014s	sys 0.000s
I20260608 12:37:48.110615  3260 ts_tablet_manager.cc:1434] T fc80b3d4b6f74f209617d70b7834e9f5 P 3a759044f3cf44cf9a94e88cd62cf2f9: Time spent starting tablet: real 0.007s	user 0.006s	sys 0.000s
I20260608 12:37:48.111696  3260 tablet_bootstrap.cc:492] T b517cedf50334ccca56c727ea87c7275 P 3a759044f3cf44cf9a94e88cd62cf2f9: Bootstrap starting.
I20260608 12:37:48.113587  3256 raft_consensus.cc:359] T 5113d589939e4455addf0b945024190d P 9cbcc5ad84704319808725971fef3997 [term 0 FOLLOWER]: Replica starting. Triggering 0 pending ops. Active config: opid_index: -1 OBSOLETE_local: false peers { permanent_uuid: "820d22e6d5d545d3bf732864d53af6b4" member_type: VOTER last_known_addr { host: "127.0.107.193" port: 44111 } } peers { permanent_uuid: "3a759044f3cf44cf9a94e88cd62cf2f9" member_type: VOTER last_known_addr { host: "127.0.107.194" port: 34083 } } peers { permanent_uuid: "9cbcc5ad84704319808725971fef3997" member_type: VOTER last_known_addr { host: "127.0.107.195" port: 44181 } }
I20260608 12:37:48.114526  3256 raft_consensus.cc:385] T 5113d589939e4455addf0b945024190d P 9cbcc5ad84704319808725971fef3997 [term 0 FOLLOWER]: Consensus starting up: Expiring failure detector timer to make a prompt election more likely
I20260608 12:37:48.115087  3256 raft_consensus.cc:740] T 5113d589939e4455addf0b945024190d P 9cbcc5ad84704319808725971fef3997 [term 0 FOLLOWER]: Becoming Follower/Learner. State: Replica: 9cbcc5ad84704319808725971fef3997, State: Initialized, Role: FOLLOWER
I20260608 12:37:48.116528  3256 consensus_queue.cc:260] T 5113d589939e4455addf0b945024190d P 9cbcc5ad84704319808725971fef3997 [NON_LEADER]: Queue going to NON_LEADER mode. State: All replicated index: 0, Majority replicated index: 0, Committed index: 0, Last appended: 0.0, Last appended by leader: 0, Current term: 0, Majority size: -1, State: 0, Mode: NON_LEADER, active raft config: opid_index: -1 OBSOLETE_local: false peers { permanent_uuid: "820d22e6d5d545d3bf732864d53af6b4" member_type: VOTER last_known_addr { host: "127.0.107.193" port: 44111 } } peers { permanent_uuid: "3a759044f3cf44cf9a94e88cd62cf2f9" member_type: VOTER last_known_addr { host: "127.0.107.194" port: 34083 } } peers { permanent_uuid: "9cbcc5ad84704319808725971fef3997" member_type: VOTER last_known_addr { host: "127.0.107.195" port: 44181 } }
I20260608 12:37:48.118719  3260 tablet_bootstrap.cc:654] T b517cedf50334ccca56c727ea87c7275 P 3a759044f3cf44cf9a94e88cd62cf2f9: Neither blocks nor log segments found. Creating new log.
I20260608 12:37:48.120476  3256 ts_tablet_manager.cc:1434] T 5113d589939e4455addf0b945024190d P 9cbcc5ad84704319808725971fef3997: Time spent starting tablet: real 0.011s	user 0.007s	sys 0.000s
I20260608 12:37:48.126837  3260 tablet_bootstrap.cc:492] T b517cedf50334ccca56c727ea87c7275 P 3a759044f3cf44cf9a94e88cd62cf2f9: No bootstrap required, opened a new log
I20260608 12:37:48.127004  3261 raft_consensus.cc:493] T b517cedf50334ccca56c727ea87c7275 P 9cbcc5ad84704319808725971fef3997 [term 0 FOLLOWER]: Starting pre-election (no leader contacted us within the election timeout)
I20260608 12:37:48.127487  3260 ts_tablet_manager.cc:1403] T b517cedf50334ccca56c727ea87c7275 P 3a759044f3cf44cf9a94e88cd62cf2f9: Time spent bootstrapping tablet: real 0.016s	user 0.014s	sys 0.000s
I20260608 12:37:48.127607  3261 raft_consensus.cc:515] T b517cedf50334ccca56c727ea87c7275 P 9cbcc5ad84704319808725971fef3997 [term 0 FOLLOWER]: Starting pre-election with config: opid_index: -1 OBSOLETE_local: false peers { permanent_uuid: "820d22e6d5d545d3bf732864d53af6b4" member_type: VOTER last_known_addr { host: "127.0.107.193" port: 44111 } } peers { permanent_uuid: "3a759044f3cf44cf9a94e88cd62cf2f9" member_type: VOTER last_known_addr { host: "127.0.107.194" port: 34083 } } peers { permanent_uuid: "9cbcc5ad84704319808725971fef3997" member_type: VOTER last_known_addr { host: "127.0.107.195" port: 44181 } }
I20260608 12:37:48.130453  3261 leader_election.cc:290] T b517cedf50334ccca56c727ea87c7275 P 9cbcc5ad84704319808725971fef3997 [CANDIDATE]: Term 1 pre-election: Requested pre-vote from peers 820d22e6d5d545d3bf732864d53af6b4 (127.0.107.193:44111), 3a759044f3cf44cf9a94e88cd62cf2f9 (127.0.107.194:34083)
I20260608 12:37:48.131202  3259 tablet_bootstrap.cc:492] T 5113d589939e4455addf0b945024190d P 820d22e6d5d545d3bf732864d53af6b4: No bootstrap required, opened a new log
I20260608 12:37:48.130970  3260 raft_consensus.cc:359] T b517cedf50334ccca56c727ea87c7275 P 3a759044f3cf44cf9a94e88cd62cf2f9 [term 0 FOLLOWER]: Replica starting. Triggering 0 pending ops. Active config: opid_index: -1 OBSOLETE_local: false peers { permanent_uuid: "820d22e6d5d545d3bf732864d53af6b4" member_type: VOTER last_known_addr { host: "127.0.107.193" port: 44111 } } peers { permanent_uuid: "3a759044f3cf44cf9a94e88cd62cf2f9" member_type: VOTER last_known_addr { host: "127.0.107.194" port: 34083 } } peers { permanent_uuid: "9cbcc5ad84704319808725971fef3997" member_type: VOTER last_known_addr { host: "127.0.107.195" port: 44181 } }
I20260608 12:37:48.131628  3260 raft_consensus.cc:385] T b517cedf50334ccca56c727ea87c7275 P 3a759044f3cf44cf9a94e88cd62cf2f9 [term 0 FOLLOWER]: Consensus starting up: Expiring failure detector timer to make a prompt election more likely
I20260608 12:37:48.131763  3259 ts_tablet_manager.cc:1403] T 5113d589939e4455addf0b945024190d P 820d22e6d5d545d3bf732864d53af6b4: Time spent bootstrapping tablet: real 0.032s	user 0.017s	sys 0.007s
I20260608 12:37:48.132014  3260 raft_consensus.cc:740] T b517cedf50334ccca56c727ea87c7275 P 3a759044f3cf44cf9a94e88cd62cf2f9 [term 0 FOLLOWER]: Becoming Follower/Learner. State: Replica: 3a759044f3cf44cf9a94e88cd62cf2f9, State: Initialized, Role: FOLLOWER
I20260608 12:37:48.133073  3260 consensus_queue.cc:260] T b517cedf50334ccca56c727ea87c7275 P 3a759044f3cf44cf9a94e88cd62cf2f9 [NON_LEADER]: Queue going to NON_LEADER mode. State: All replicated index: 0, Majority replicated index: 0, Committed index: 0, Last appended: 0.0, Last appended by leader: 0, Current term: 0, Majority size: -1, State: 0, Mode: NON_LEADER, active raft config: opid_index: -1 OBSOLETE_local: false peers { permanent_uuid: "820d22e6d5d545d3bf732864d53af6b4" member_type: VOTER last_known_addr { host: "127.0.107.193" port: 44111 } } peers { permanent_uuid: "3a759044f3cf44cf9a94e88cd62cf2f9" member_type: VOTER last_known_addr { host: "127.0.107.194" port: 34083 } } peers { permanent_uuid: "9cbcc5ad84704319808725971fef3997" member_type: VOTER last_known_addr { host: "127.0.107.195" port: 44181 } }
I20260608 12:37:48.135779  3260 ts_tablet_manager.cc:1434] T b517cedf50334ccca56c727ea87c7275 P 3a759044f3cf44cf9a94e88cd62cf2f9: Time spent starting tablet: real 0.008s	user 0.004s	sys 0.003s
I20260608 12:37:48.135545  3259 raft_consensus.cc:359] T 5113d589939e4455addf0b945024190d P 820d22e6d5d545d3bf732864d53af6b4 [term 0 FOLLOWER]: Replica starting. Triggering 0 pending ops. Active config: opid_index: -1 OBSOLETE_local: false peers { permanent_uuid: "820d22e6d5d545d3bf732864d53af6b4" member_type: VOTER last_known_addr { host: "127.0.107.193" port: 44111 } } peers { permanent_uuid: "3a759044f3cf44cf9a94e88cd62cf2f9" member_type: VOTER last_known_addr { host: "127.0.107.194" port: 34083 } } peers { permanent_uuid: "9cbcc5ad84704319808725971fef3997" member_type: VOTER last_known_addr { host: "127.0.107.195" port: 44181 } }
I20260608 12:37:48.136416  3259 raft_consensus.cc:385] T 5113d589939e4455addf0b945024190d P 820d22e6d5d545d3bf732864d53af6b4 [term 0 FOLLOWER]: Consensus starting up: Expiring failure detector timer to make a prompt election more likely
I20260608 12:37:48.136880  3260 tablet_bootstrap.cc:492] T efd87b1675a445388bbbab439132887b P 3a759044f3cf44cf9a94e88cd62cf2f9: Bootstrap starting.
I20260608 12:37:48.136915  3259 raft_consensus.cc:740] T 5113d589939e4455addf0b945024190d P 820d22e6d5d545d3bf732864d53af6b4 [term 0 FOLLOWER]: Becoming Follower/Learner. State: Replica: 820d22e6d5d545d3bf732864d53af6b4, State: Initialized, Role: FOLLOWER
I20260608 12:37:48.138191  3259 consensus_queue.cc:260] T 5113d589939e4455addf0b945024190d P 820d22e6d5d545d3bf732864d53af6b4 [NON_LEADER]: Queue going to NON_LEADER mode. State: All replicated index: 0, Majority replicated index: 0, Committed index: 0, Last appended: 0.0, Last appended by leader: 0, Current term: 0, Majority size: -1, State: 0, Mode: NON_LEADER, active raft config: opid_index: -1 OBSOLETE_local: false peers { permanent_uuid: "820d22e6d5d545d3bf732864d53af6b4" member_type: VOTER last_known_addr { host: "127.0.107.193" port: 44111 } } peers { permanent_uuid: "3a759044f3cf44cf9a94e88cd62cf2f9" member_type: VOTER last_known_addr { host: "127.0.107.194" port: 34083 } } peers { permanent_uuid: "9cbcc5ad84704319808725971fef3997" member_type: VOTER last_known_addr { host: "127.0.107.195" port: 44181 } }
I20260608 12:37:48.141234  3259 ts_tablet_manager.cc:1434] T 5113d589939e4455addf0b945024190d P 820d22e6d5d545d3bf732864d53af6b4: Time spent starting tablet: real 0.009s	user 0.008s	sys 0.000s
I20260608 12:37:48.142629  3259 tablet_bootstrap.cc:492] T fc80b3d4b6f74f209617d70b7834e9f5 P 820d22e6d5d545d3bf732864d53af6b4: Bootstrap starting.
I20260608 12:37:48.144570  3260 tablet_bootstrap.cc:654] T efd87b1675a445388bbbab439132887b P 3a759044f3cf44cf9a94e88cd62cf2f9: Neither blocks nor log segments found. Creating new log.
I20260608 12:37:48.150532  3259 tablet_bootstrap.cc:654] T fc80b3d4b6f74f209617d70b7834e9f5 P 820d22e6d5d545d3bf732864d53af6b4: Neither blocks nor log segments found. Creating new log.
I20260608 12:37:48.156528  3260 tablet_bootstrap.cc:492] T efd87b1675a445388bbbab439132887b P 3a759044f3cf44cf9a94e88cd62cf2f9: No bootstrap required, opened a new log
I20260608 12:37:48.157130  3260 ts_tablet_manager.cc:1403] T efd87b1675a445388bbbab439132887b P 3a759044f3cf44cf9a94e88cd62cf2f9: Time spent bootstrapping tablet: real 0.020s	user 0.014s	sys 0.005s
I20260608 12:37:48.160238  3260 raft_consensus.cc:359] T efd87b1675a445388bbbab439132887b P 3a759044f3cf44cf9a94e88cd62cf2f9 [term 0 FOLLOWER]: Replica starting. Triggering 0 pending ops. Active config: opid_index: -1 OBSOLETE_local: false peers { permanent_uuid: "820d22e6d5d545d3bf732864d53af6b4" member_type: VOTER last_known_addr { host: "127.0.107.193" port: 44111 } } peers { permanent_uuid: "3a759044f3cf44cf9a94e88cd62cf2f9" member_type: VOTER last_known_addr { host: "127.0.107.194" port: 34083 } } peers { permanent_uuid: "9cbcc5ad84704319808725971fef3997" member_type: VOTER last_known_addr { host: "127.0.107.195" port: 44181 } }
I20260608 12:37:48.161146  3260 raft_consensus.cc:385] T efd87b1675a445388bbbab439132887b P 3a759044f3cf44cf9a94e88cd62cf2f9 [term 0 FOLLOWER]: Consensus starting up: Expiring failure detector timer to make a prompt election more likely
I20260608 12:37:48.161543  3260 raft_consensus.cc:740] T efd87b1675a445388bbbab439132887b P 3a759044f3cf44cf9a94e88cd62cf2f9 [term 0 FOLLOWER]: Becoming Follower/Learner. State: Replica: 3a759044f3cf44cf9a94e88cd62cf2f9, State: Initialized, Role: FOLLOWER
I20260608 12:37:48.162590  3260 consensus_queue.cc:260] T efd87b1675a445388bbbab439132887b P 3a759044f3cf44cf9a94e88cd62cf2f9 [NON_LEADER]: Queue going to NON_LEADER mode. State: All replicated index: 0, Majority replicated index: 0, Committed index: 0, Last appended: 0.0, Last appended by leader: 0, Current term: 0, Majority size: -1, State: 0, Mode: NON_LEADER, active raft config: opid_index: -1 OBSOLETE_local: false peers { permanent_uuid: "820d22e6d5d545d3bf732864d53af6b4" member_type: VOTER last_known_addr { host: "127.0.107.193" port: 44111 } } peers { permanent_uuid: "3a759044f3cf44cf9a94e88cd62cf2f9" member_type: VOTER last_known_addr { host: "127.0.107.194" port: 34083 } } peers { permanent_uuid: "9cbcc5ad84704319808725971fef3997" member_type: VOTER last_known_addr { host: "127.0.107.195" port: 44181 } }
I20260608 12:37:48.167604  3261 raft_consensus.cc:493] T fc80b3d4b6f74f209617d70b7834e9f5 P 9cbcc5ad84704319808725971fef3997 [term 0 FOLLOWER]: Starting pre-election (no leader contacted us within the election timeout)
I20260608 12:37:48.168175  3261 raft_consensus.cc:515] T fc80b3d4b6f74f209617d70b7834e9f5 P 9cbcc5ad84704319808725971fef3997 [term 0 FOLLOWER]: Starting pre-election with config: opid_index: -1 OBSOLETE_local: false peers { permanent_uuid: "9cbcc5ad84704319808725971fef3997" member_type: VOTER last_known_addr { host: "127.0.107.195" port: 44181 } } peers { permanent_uuid: "820d22e6d5d545d3bf732864d53af6b4" member_type: VOTER last_known_addr { host: "127.0.107.193" port: 44111 } } peers { permanent_uuid: "3a759044f3cf44cf9a94e88cd62cf2f9" member_type: VOTER last_known_addr { host: "127.0.107.194" port: 34083 } }
I20260608 12:37:48.168598  3260 ts_tablet_manager.cc:1434] T efd87b1675a445388bbbab439132887b P 3a759044f3cf44cf9a94e88cd62cf2f9: Time spent starting tablet: real 0.011s	user 0.006s	sys 0.000s
I20260608 12:37:48.170223  3259 tablet_bootstrap.cc:492] T fc80b3d4b6f74f209617d70b7834e9f5 P 820d22e6d5d545d3bf732864d53af6b4: No bootstrap required, opened a new log
I20260608 12:37:48.170584  3261 leader_election.cc:290] T fc80b3d4b6f74f209617d70b7834e9f5 P 9cbcc5ad84704319808725971fef3997 [CANDIDATE]: Term 1 pre-election: Requested pre-vote from peers 820d22e6d5d545d3bf732864d53af6b4 (127.0.107.193:44111), 3a759044f3cf44cf9a94e88cd62cf2f9 (127.0.107.194:34083)
I20260608 12:37:48.170822  3259 ts_tablet_manager.cc:1403] T fc80b3d4b6f74f209617d70b7834e9f5 P 820d22e6d5d545d3bf732864d53af6b4: Time spent bootstrapping tablet: real 0.028s	user 0.015s	sys 0.011s
I20260608 12:37:48.173812  3064 tablet_service.cc:1917] Received RequestConsensusVote() RPC: tablet_id: "b517cedf50334ccca56c727ea87c7275" candidate_uuid: "9cbcc5ad84704319808725971fef3997" candidate_term: 1 candidate_status { last_received { term: 0 index: 0 } } ignore_live_leader: false dest_uuid: "820d22e6d5d545d3bf732864d53af6b4" is_pre_election: true
I20260608 12:37:48.174167  3259 raft_consensus.cc:359] T fc80b3d4b6f74f209617d70b7834e9f5 P 820d22e6d5d545d3bf732864d53af6b4 [term 0 FOLLOWER]: Replica starting. Triggering 0 pending ops. Active config: opid_index: -1 OBSOLETE_local: false peers { permanent_uuid: "9cbcc5ad84704319808725971fef3997" member_type: VOTER last_known_addr { host: "127.0.107.195" port: 44181 } } peers { permanent_uuid: "820d22e6d5d545d3bf732864d53af6b4" member_type: VOTER last_known_addr { host: "127.0.107.193" port: 44111 } } peers { permanent_uuid: "3a759044f3cf44cf9a94e88cd62cf2f9" member_type: VOTER last_known_addr { host: "127.0.107.194" port: 34083 } }
I20260608 12:37:48.174670  3064 raft_consensus.cc:2468] T b517cedf50334ccca56c727ea87c7275 P 820d22e6d5d545d3bf732864d53af6b4 [term 0 FOLLOWER]: Leader pre-election vote request: Granting yes vote for candidate 9cbcc5ad84704319808725971fef3997 in term 0.
I20260608 12:37:48.175756  3259 raft_consensus.cc:385] T fc80b3d4b6f74f209617d70b7834e9f5 P 820d22e6d5d545d3bf732864d53af6b4 [term 0 FOLLOWER]: Consensus starting up: Expiring failure detector timer to make a prompt election more likely
I20260608 12:37:48.176189  3259 raft_consensus.cc:740] T fc80b3d4b6f74f209617d70b7834e9f5 P 820d22e6d5d545d3bf732864d53af6b4 [term 0 FOLLOWER]: Becoming Follower/Learner. State: Replica: 820d22e6d5d545d3bf732864d53af6b4, State: Initialized, Role: FOLLOWER
I20260608 12:37:48.176401  3063 tablet_service.cc:1917] Received RequestConsensusVote() RPC: tablet_id: "fc80b3d4b6f74f209617d70b7834e9f5" candidate_uuid: "9cbcc5ad84704319808725971fef3997" candidate_term: 1 candidate_status { last_received { term: 0 index: 0 } } ignore_live_leader: false dest_uuid: "820d22e6d5d545d3bf732864d53af6b4" is_pre_election: true
I20260608 12:37:48.177300  3259 consensus_queue.cc:260] T fc80b3d4b6f74f209617d70b7834e9f5 P 820d22e6d5d545d3bf732864d53af6b4 [NON_LEADER]: Queue going to NON_LEADER mode. State: All replicated index: 0, Majority replicated index: 0, Committed index: 0, Last appended: 0.0, Last appended by leader: 0, Current term: 0, Majority size: -1, State: 0, Mode: NON_LEADER, active raft config: opid_index: -1 OBSOLETE_local: false peers { permanent_uuid: "9cbcc5ad84704319808725971fef3997" member_type: VOTER last_known_addr { host: "127.0.107.195" port: 44181 } } peers { permanent_uuid: "820d22e6d5d545d3bf732864d53af6b4" member_type: VOTER last_known_addr { host: "127.0.107.193" port: 44111 } } peers { permanent_uuid: "3a759044f3cf44cf9a94e88cd62cf2f9" member_type: VOTER last_known_addr { host: "127.0.107.194" port: 34083 } }
I20260608 12:37:48.177747  3177 leader_election.cc:304] T b517cedf50334ccca56c727ea87c7275 P 9cbcc5ad84704319808725971fef3997 [CANDIDATE]: Term 1 pre-election: Election decided. Result: candidate won. Election summary: received 2 responses out of 3 voters: 2 yes votes; 0 no votes. yes voters: 820d22e6d5d545d3bf732864d53af6b4, 9cbcc5ad84704319808725971fef3997; no voters: 
I20260608 12:37:48.178447  3063 raft_consensus.cc:2468] T fc80b3d4b6f74f209617d70b7834e9f5 P 820d22e6d5d545d3bf732864d53af6b4 [term 0 FOLLOWER]: Leader pre-election vote request: Granting yes vote for candidate 9cbcc5ad84704319808725971fef3997 in term 0.
I20260608 12:37:48.178808  3261 raft_consensus.cc:2804] T b517cedf50334ccca56c727ea87c7275 P 9cbcc5ad84704319808725971fef3997 [term 0 FOLLOWER]: Leader pre-election won for term 1
I20260608 12:37:48.180799  3261 raft_consensus.cc:493] T b517cedf50334ccca56c727ea87c7275 P 9cbcc5ad84704319808725971fef3997 [term 0 FOLLOWER]: Starting leader election (no leader contacted us within the election timeout)
I20260608 12:37:48.181036  3259 ts_tablet_manager.cc:1434] T fc80b3d4b6f74f209617d70b7834e9f5 P 820d22e6d5d545d3bf732864d53af6b4: Time spent starting tablet: real 0.010s	user 0.006s	sys 0.000s
I20260608 12:37:48.181205  3261 raft_consensus.cc:3060] T b517cedf50334ccca56c727ea87c7275 P 9cbcc5ad84704319808725971fef3997 [term 0 FOLLOWER]: Advancing to term 1
I20260608 12:37:48.182627  3177 leader_election.cc:304] T fc80b3d4b6f74f209617d70b7834e9f5 P 9cbcc5ad84704319808725971fef3997 [CANDIDATE]: Term 1 pre-election: Election decided. Result: candidate won. Election summary: received 2 responses out of 3 voters: 2 yes votes; 0 no votes. yes voters: 820d22e6d5d545d3bf732864d53af6b4, 9cbcc5ad84704319808725971fef3997; no voters: 
I20260608 12:37:48.184864  3277 raft_consensus.cc:2804] T fc80b3d4b6f74f209617d70b7834e9f5 P 9cbcc5ad84704319808725971fef3997 [term 0 FOLLOWER]: Leader pre-election won for term 1
I20260608 12:37:48.185398  3277 raft_consensus.cc:493] T fc80b3d4b6f74f209617d70b7834e9f5 P 9cbcc5ad84704319808725971fef3997 [term 0 FOLLOWER]: Starting leader election (no leader contacted us within the election timeout)
I20260608 12:37:48.185847  3277 raft_consensus.cc:3060] T fc80b3d4b6f74f209617d70b7834e9f5 P 9cbcc5ad84704319808725971fef3997 [term 0 FOLLOWER]: Advancing to term 1
I20260608 12:37:48.185768  3139 tablet_service.cc:1917] Received RequestConsensusVote() RPC: tablet_id: "b517cedf50334ccca56c727ea87c7275" candidate_uuid: "9cbcc5ad84704319808725971fef3997" candidate_term: 1 candidate_status { last_received { term: 0 index: 0 } } ignore_live_leader: false dest_uuid: "3a759044f3cf44cf9a94e88cd62cf2f9" is_pre_election: true
I20260608 12:37:48.186612  3138 tablet_service.cc:1917] Received RequestConsensusVote() RPC: tablet_id: "fc80b3d4b6f74f209617d70b7834e9f5" candidate_uuid: "9cbcc5ad84704319808725971fef3997" candidate_term: 1 candidate_status { last_received { term: 0 index: 0 } } ignore_live_leader: false dest_uuid: "3a759044f3cf44cf9a94e88cd62cf2f9" is_pre_election: true
I20260608 12:37:48.186736  3139 raft_consensus.cc:2468] T b517cedf50334ccca56c727ea87c7275 P 3a759044f3cf44cf9a94e88cd62cf2f9 [term 0 FOLLOWER]: Leader pre-election vote request: Granting yes vote for candidate 9cbcc5ad84704319808725971fef3997 in term 0.
I20260608 12:37:48.187384  3138 raft_consensus.cc:2468] T fc80b3d4b6f74f209617d70b7834e9f5 P 3a759044f3cf44cf9a94e88cd62cf2f9 [term 0 FOLLOWER]: Leader pre-election vote request: Granting yes vote for candidate 9cbcc5ad84704319808725971fef3997 in term 0.
I20260608 12:37:48.189199  3261 raft_consensus.cc:515] T b517cedf50334ccca56c727ea87c7275 P 9cbcc5ad84704319808725971fef3997 [term 1 FOLLOWER]: Starting leader election with config: opid_index: -1 OBSOLETE_local: false peers { permanent_uuid: "820d22e6d5d545d3bf732864d53af6b4" member_type: VOTER last_known_addr { host: "127.0.107.193" port: 44111 } } peers { permanent_uuid: "3a759044f3cf44cf9a94e88cd62cf2f9" member_type: VOTER last_known_addr { host: "127.0.107.194" port: 34083 } } peers { permanent_uuid: "9cbcc5ad84704319808725971fef3997" member_type: VOTER last_known_addr { host: "127.0.107.195" port: 44181 } }
I20260608 12:37:48.191496  3261 leader_election.cc:290] T b517cedf50334ccca56c727ea87c7275 P 9cbcc5ad84704319808725971fef3997 [CANDIDATE]: Term 1 election: Requested vote from peers 820d22e6d5d545d3bf732864d53af6b4 (127.0.107.193:44111), 3a759044f3cf44cf9a94e88cd62cf2f9 (127.0.107.194:34083)
I20260608 12:37:48.192596  3138 tablet_service.cc:1917] Received RequestConsensusVote() RPC: tablet_id: "b517cedf50334ccca56c727ea87c7275" candidate_uuid: "9cbcc5ad84704319808725971fef3997" candidate_term: 1 candidate_status { last_received { term: 0 index: 0 } } ignore_live_leader: false dest_uuid: "3a759044f3cf44cf9a94e88cd62cf2f9"
I20260608 12:37:48.192624  3063 tablet_service.cc:1917] Received RequestConsensusVote() RPC: tablet_id: "b517cedf50334ccca56c727ea87c7275" candidate_uuid: "9cbcc5ad84704319808725971fef3997" candidate_term: 1 candidate_status { last_received { term: 0 index: 0 } } ignore_live_leader: false dest_uuid: "820d22e6d5d545d3bf732864d53af6b4"
I20260608 12:37:48.193444  3138 raft_consensus.cc:3060] T b517cedf50334ccca56c727ea87c7275 P 3a759044f3cf44cf9a94e88cd62cf2f9 [term 0 FOLLOWER]: Advancing to term 1
I20260608 12:37:48.193508  3063 raft_consensus.cc:3060] T b517cedf50334ccca56c727ea87c7275 P 820d22e6d5d545d3bf732864d53af6b4 [term 0 FOLLOWER]: Advancing to term 1
I20260608 12:37:48.193693  3277 raft_consensus.cc:515] T fc80b3d4b6f74f209617d70b7834e9f5 P 9cbcc5ad84704319808725971fef3997 [term 1 FOLLOWER]: Starting leader election with config: opid_index: -1 OBSOLETE_local: false peers { permanent_uuid: "9cbcc5ad84704319808725971fef3997" member_type: VOTER last_known_addr { host: "127.0.107.195" port: 44181 } } peers { permanent_uuid: "820d22e6d5d545d3bf732864d53af6b4" member_type: VOTER last_known_addr { host: "127.0.107.193" port: 44111 } } peers { permanent_uuid: "3a759044f3cf44cf9a94e88cd62cf2f9" member_type: VOTER last_known_addr { host: "127.0.107.194" port: 34083 } }
I20260608 12:37:48.195374  3266 raft_consensus.cc:493] T efd87b1675a445388bbbab439132887b P 3a759044f3cf44cf9a94e88cd62cf2f9 [term 0 FOLLOWER]: Starting pre-election (no leader contacted us within the election timeout)
I20260608 12:37:48.195894  3266 raft_consensus.cc:515] T efd87b1675a445388bbbab439132887b P 3a759044f3cf44cf9a94e88cd62cf2f9 [term 0 FOLLOWER]: Starting pre-election with config: opid_index: -1 OBSOLETE_local: false peers { permanent_uuid: "820d22e6d5d545d3bf732864d53af6b4" member_type: VOTER last_known_addr { host: "127.0.107.193" port: 44111 } } peers { permanent_uuid: "3a759044f3cf44cf9a94e88cd62cf2f9" member_type: VOTER last_known_addr { host: "127.0.107.194" port: 34083 } } peers { permanent_uuid: "9cbcc5ad84704319808725971fef3997" member_type: VOTER last_known_addr { host: "127.0.107.195" port: 44181 } }
I20260608 12:37:48.198817  3277 leader_election.cc:290] T fc80b3d4b6f74f209617d70b7834e9f5 P 9cbcc5ad84704319808725971fef3997 [CANDIDATE]: Term 1 election: Requested vote from peers 820d22e6d5d545d3bf732864d53af6b4 (127.0.107.193:44111), 3a759044f3cf44cf9a94e88cd62cf2f9 (127.0.107.194:34083)
I20260608 12:37:48.201545  3138 raft_consensus.cc:2468] T b517cedf50334ccca56c727ea87c7275 P 3a759044f3cf44cf9a94e88cd62cf2f9 [term 1 FOLLOWER]: Leader election vote request: Granting yes vote for candidate 9cbcc5ad84704319808725971fef3997 in term 1.
I20260608 12:37:48.201920  3139 tablet_service.cc:1917] Received RequestConsensusVote() RPC: tablet_id: "fc80b3d4b6f74f209617d70b7834e9f5" candidate_uuid: "9cbcc5ad84704319808725971fef3997" candidate_term: 1 candidate_status { last_received { term: 0 index: 0 } } ignore_live_leader: false dest_uuid: "3a759044f3cf44cf9a94e88cd62cf2f9"
I20260608 12:37:48.202960  3177 leader_election.cc:304] T b517cedf50334ccca56c727ea87c7275 P 9cbcc5ad84704319808725971fef3997 [CANDIDATE]: Term 1 election: Election decided. Result: candidate won. Election summary: received 2 responses out of 3 voters: 2 yes votes; 0 no votes. yes voters: 3a759044f3cf44cf9a94e88cd62cf2f9, 9cbcc5ad84704319808725971fef3997; no voters: 
I20260608 12:37:48.203019  3063 raft_consensus.cc:2468] T b517cedf50334ccca56c727ea87c7275 P 820d22e6d5d545d3bf732864d53af6b4 [term 1 FOLLOWER]: Leader election vote request: Granting yes vote for candidate 9cbcc5ad84704319808725971fef3997 in term 1.
I20260608 12:37:48.203334  3139 raft_consensus.cc:3060] T fc80b3d4b6f74f209617d70b7834e9f5 P 3a759044f3cf44cf9a94e88cd62cf2f9 [term 0 FOLLOWER]: Advancing to term 1
I20260608 12:37:48.200556  3064 tablet_service.cc:1917] Received RequestConsensusVote() RPC: tablet_id: "fc80b3d4b6f74f209617d70b7834e9f5" candidate_uuid: "9cbcc5ad84704319808725971fef3997" candidate_term: 1 candidate_status { last_received { term: 0 index: 0 } } ignore_live_leader: false dest_uuid: "820d22e6d5d545d3bf732864d53af6b4"
I20260608 12:37:48.204267  3064 raft_consensus.cc:3060] T fc80b3d4b6f74f209617d70b7834e9f5 P 820d22e6d5d545d3bf732864d53af6b4 [term 0 FOLLOWER]: Advancing to term 1
I20260608 12:37:48.204599  3277 raft_consensus.cc:2804] T b517cedf50334ccca56c727ea87c7275 P 9cbcc5ad84704319808725971fef3997 [term 1 FOLLOWER]: Leader election won for term 1
I20260608 12:37:48.205114  3277 raft_consensus.cc:697] T b517cedf50334ccca56c727ea87c7275 P 9cbcc5ad84704319808725971fef3997 [term 1 LEADER]: Becoming Leader. State: Replica: 9cbcc5ad84704319808725971fef3997, State: Running, Role: LEADER
I20260608 12:37:48.205922  3277 consensus_queue.cc:237] T b517cedf50334ccca56c727ea87c7275 P 9cbcc5ad84704319808725971fef3997 [LEADER]: Queue going to LEADER mode. State: All replicated index: 0, Majority replicated index: 0, Committed index: 0, Last appended: 0.0, Last appended by leader: 0, Current term: 1, Majority size: 2, State: 0, Mode: LEADER, active raft config: opid_index: -1 OBSOLETE_local: false peers { permanent_uuid: "820d22e6d5d545d3bf732864d53af6b4" member_type: VOTER last_known_addr { host: "127.0.107.193" port: 44111 } } peers { permanent_uuid: "3a759044f3cf44cf9a94e88cd62cf2f9" member_type: VOTER last_known_addr { host: "127.0.107.194" port: 34083 } } peers { permanent_uuid: "9cbcc5ad84704319808725971fef3997" member_type: VOTER last_known_addr { host: "127.0.107.195" port: 44181 } }
I20260608 12:37:48.211213  3266 leader_election.cc:290] T efd87b1675a445388bbbab439132887b P 3a759044f3cf44cf9a94e88cd62cf2f9 [CANDIDATE]: Term 1 pre-election: Requested pre-vote from peers 820d22e6d5d545d3bf732864d53af6b4 (127.0.107.193:44111), 9cbcc5ad84704319808725971fef3997 (127.0.107.195:44181)
I20260608 12:37:48.211040  3139 raft_consensus.cc:2468] T fc80b3d4b6f74f209617d70b7834e9f5 P 3a759044f3cf44cf9a94e88cd62cf2f9 [term 1 FOLLOWER]: Leader election vote request: Granting yes vote for candidate 9cbcc5ad84704319808725971fef3997 in term 1.
I20260608 12:37:48.214178  3177 leader_election.cc:304] T fc80b3d4b6f74f209617d70b7834e9f5 P 9cbcc5ad84704319808725971fef3997 [CANDIDATE]: Term 1 election: Election decided. Result: candidate won. Election summary: received 2 responses out of 3 voters: 2 yes votes; 0 no votes. yes voters: 3a759044f3cf44cf9a94e88cd62cf2f9, 9cbcc5ad84704319808725971fef3997; no voters: 
I20260608 12:37:48.215358  3261 raft_consensus.cc:2804] T fc80b3d4b6f74f209617d70b7834e9f5 P 9cbcc5ad84704319808725971fef3997 [term 1 FOLLOWER]: Leader election won for term 1
I20260608 12:37:48.218565  3064 raft_consensus.cc:2468] T fc80b3d4b6f74f209617d70b7834e9f5 P 820d22e6d5d545d3bf732864d53af6b4 [term 1 FOLLOWER]: Leader election vote request: Granting yes vote for candidate 9cbcc5ad84704319808725971fef3997 in term 1.
I20260608 12:37:48.224151  3261 raft_consensus.cc:697] T fc80b3d4b6f74f209617d70b7834e9f5 P 9cbcc5ad84704319808725971fef3997 [term 1 LEADER]: Becoming Leader. State: Replica: 9cbcc5ad84704319808725971fef3997, State: Running, Role: LEADER
I20260608 12:37:48.225256  3261 consensus_queue.cc:237] T fc80b3d4b6f74f209617d70b7834e9f5 P 9cbcc5ad84704319808725971fef3997 [LEADER]: Queue going to LEADER mode. State: All replicated index: 0, Majority replicated index: 0, Committed index: 0, Last appended: 0.0, Last appended by leader: 0, Current term: 1, Majority size: 2, State: 0, Mode: LEADER, active raft config: opid_index: -1 OBSOLETE_local: false peers { permanent_uuid: "9cbcc5ad84704319808725971fef3997" member_type: VOTER last_known_addr { host: "127.0.107.195" port: 44181 } } peers { permanent_uuid: "820d22e6d5d545d3bf732864d53af6b4" member_type: VOTER last_known_addr { host: "127.0.107.193" port: 44111 } } peers { permanent_uuid: "3a759044f3cf44cf9a94e88cd62cf2f9" member_type: VOTER last_known_addr { host: "127.0.107.194" port: 34083 } }
I20260608 12:37:48.228710  2960 catalog_manager.cc:5696] T b517cedf50334ccca56c727ea87c7275 P 9cbcc5ad84704319808725971fef3997 reported cstate change: term changed from 0 to 1, leader changed from <none> to 9cbcc5ad84704319808725971fef3997 (127.0.107.195). New cstate: current_term: 1 leader_uuid: "9cbcc5ad84704319808725971fef3997" committed_config { opid_index: -1 OBSOLETE_local: false peers { permanent_uuid: "820d22e6d5d545d3bf732864d53af6b4" member_type: VOTER last_known_addr { host: "127.0.107.193" port: 44111 } health_report { overall_health: UNKNOWN } } peers { permanent_uuid: "3a759044f3cf44cf9a94e88cd62cf2f9" member_type: VOTER last_known_addr { host: "127.0.107.194" port: 34083 } health_report { overall_health: UNKNOWN } } peers { permanent_uuid: "9cbcc5ad84704319808725971fef3997" member_type: VOTER last_known_addr { host: "127.0.107.195" port: 44181 } health_report { overall_health: HEALTHY } } }
I20260608 12:37:48.230173  3064 tablet_service.cc:1917] Received RequestConsensusVote() RPC: tablet_id: "efd87b1675a445388bbbab439132887b" candidate_uuid: "3a759044f3cf44cf9a94e88cd62cf2f9" candidate_term: 1 candidate_status { last_received { term: 0 index: 0 } } ignore_live_leader: false dest_uuid: "820d22e6d5d545d3bf732864d53af6b4" is_pre_election: true
I20260608 12:37:48.230976  3064 raft_consensus.cc:2468] T efd87b1675a445388bbbab439132887b P 820d22e6d5d545d3bf732864d53af6b4 [term 0 FOLLOWER]: Leader pre-election vote request: Granting yes vote for candidate 3a759044f3cf44cf9a94e88cd62cf2f9 in term 0.
I20260608 12:37:48.232435  3103 leader_election.cc:304] T efd87b1675a445388bbbab439132887b P 3a759044f3cf44cf9a94e88cd62cf2f9 [CANDIDATE]: Term 1 pre-election: Election decided. Result: candidate won. Election summary: received 2 responses out of 3 voters: 2 yes votes; 0 no votes. yes voters: 3a759044f3cf44cf9a94e88cd62cf2f9, 820d22e6d5d545d3bf732864d53af6b4; no voters: 
I20260608 12:37:48.233325  3266 raft_consensus.cc:2804] T efd87b1675a445388bbbab439132887b P 3a759044f3cf44cf9a94e88cd62cf2f9 [term 0 FOLLOWER]: Leader pre-election won for term 1
I20260608 12:37:48.233688  3266 raft_consensus.cc:493] T efd87b1675a445388bbbab439132887b P 3a759044f3cf44cf9a94e88cd62cf2f9 [term 0 FOLLOWER]: Starting leader election (no leader contacted us within the election timeout)
I20260608 12:37:48.234067  3266 raft_consensus.cc:3060] T efd87b1675a445388bbbab439132887b P 3a759044f3cf44cf9a94e88cd62cf2f9 [term 0 FOLLOWER]: Advancing to term 1
I20260608 12:37:48.240952  3213 tablet_service.cc:1917] Received RequestConsensusVote() RPC: tablet_id: "efd87b1675a445388bbbab439132887b" candidate_uuid: "3a759044f3cf44cf9a94e88cd62cf2f9" candidate_term: 1 candidate_status { last_received { term: 0 index: 0 } } ignore_live_leader: false dest_uuid: "9cbcc5ad84704319808725971fef3997" is_pre_election: true
I20260608 12:37:48.241757  3213 raft_consensus.cc:2468] T efd87b1675a445388bbbab439132887b P 9cbcc5ad84704319808725971fef3997 [term 0 FOLLOWER]: Leader pre-election vote request: Granting yes vote for candidate 3a759044f3cf44cf9a94e88cd62cf2f9 in term 0.
I20260608 12:37:48.243386  3265 raft_consensus.cc:493] T 5113d589939e4455addf0b945024190d P 820d22e6d5d545d3bf732864d53af6b4 [term 0 FOLLOWER]: Starting pre-election (no leader contacted us within the election timeout)
I20260608 12:37:48.243922  3265 raft_consensus.cc:515] T 5113d589939e4455addf0b945024190d P 820d22e6d5d545d3bf732864d53af6b4 [term 0 FOLLOWER]: Starting pre-election with config: opid_index: -1 OBSOLETE_local: false peers { permanent_uuid: "820d22e6d5d545d3bf732864d53af6b4" member_type: VOTER last_known_addr { host: "127.0.107.193" port: 44111 } } peers { permanent_uuid: "3a759044f3cf44cf9a94e88cd62cf2f9" member_type: VOTER last_known_addr { host: "127.0.107.194" port: 34083 } } peers { permanent_uuid: "9cbcc5ad84704319808725971fef3997" member_type: VOTER last_known_addr { host: "127.0.107.195" port: 44181 } }
I20260608 12:37:48.245586  3266 raft_consensus.cc:515] T efd87b1675a445388bbbab439132887b P 3a759044f3cf44cf9a94e88cd62cf2f9 [term 1 FOLLOWER]: Starting leader election with config: opid_index: -1 OBSOLETE_local: false peers { permanent_uuid: "820d22e6d5d545d3bf732864d53af6b4" member_type: VOTER last_known_addr { host: "127.0.107.193" port: 44111 } } peers { permanent_uuid: "3a759044f3cf44cf9a94e88cd62cf2f9" member_type: VOTER last_known_addr { host: "127.0.107.194" port: 34083 } } peers { permanent_uuid: "9cbcc5ad84704319808725971fef3997" member_type: VOTER last_known_addr { host: "127.0.107.195" port: 44181 } }
I20260608 12:37:48.247056  3265 leader_election.cc:290] T 5113d589939e4455addf0b945024190d P 820d22e6d5d545d3bf732864d53af6b4 [CANDIDATE]: Term 1 pre-election: Requested pre-vote from peers 3a759044f3cf44cf9a94e88cd62cf2f9 (127.0.107.194:34083), 9cbcc5ad84704319808725971fef3997 (127.0.107.195:44181)
I20260608 12:37:48.247166  2960 catalog_manager.cc:5696] T fc80b3d4b6f74f209617d70b7834e9f5 P 9cbcc5ad84704319808725971fef3997 reported cstate change: term changed from 0 to 1, leader changed from <none> to 9cbcc5ad84704319808725971fef3997 (127.0.107.195). New cstate: current_term: 1 leader_uuid: "9cbcc5ad84704319808725971fef3997" committed_config { opid_index: -1 OBSOLETE_local: false peers { permanent_uuid: "9cbcc5ad84704319808725971fef3997" member_type: VOTER last_known_addr { host: "127.0.107.195" port: 44181 } health_report { overall_health: HEALTHY } } peers { permanent_uuid: "820d22e6d5d545d3bf732864d53af6b4" member_type: VOTER last_known_addr { host: "127.0.107.193" port: 44111 } health_report { overall_health: UNKNOWN } } peers { permanent_uuid: "3a759044f3cf44cf9a94e88cd62cf2f9" member_type: VOTER last_known_addr { host: "127.0.107.194" port: 34083 } health_report { overall_health: UNKNOWN } } }
I20260608 12:37:48.251667  3064 tablet_service.cc:1917] Received RequestConsensusVote() RPC: tablet_id: "efd87b1675a445388bbbab439132887b" candidate_uuid: "3a759044f3cf44cf9a94e88cd62cf2f9" candidate_term: 1 candidate_status { last_received { term: 0 index: 0 } } ignore_live_leader: false dest_uuid: "820d22e6d5d545d3bf732864d53af6b4"
I20260608 12:37:48.252377  3064 raft_consensus.cc:3060] T efd87b1675a445388bbbab439132887b P 820d22e6d5d545d3bf732864d53af6b4 [term 0 FOLLOWER]: Advancing to term 1
I20260608 12:37:48.253314  3213 tablet_service.cc:1917] Received RequestConsensusVote() RPC: tablet_id: "efd87b1675a445388bbbab439132887b" candidate_uuid: "3a759044f3cf44cf9a94e88cd62cf2f9" candidate_term: 1 candidate_status { last_received { term: 0 index: 0 } } ignore_live_leader: false dest_uuid: "9cbcc5ad84704319808725971fef3997"
I20260608 12:37:48.253949  3213 raft_consensus.cc:3060] T efd87b1675a445388bbbab439132887b P 9cbcc5ad84704319808725971fef3997 [term 0 FOLLOWER]: Advancing to term 1
I20260608 12:37:48.261721  3139 tablet_service.cc:1917] Received RequestConsensusVote() RPC: tablet_id: "5113d589939e4455addf0b945024190d" candidate_uuid: "820d22e6d5d545d3bf732864d53af6b4" candidate_term: 1 candidate_status { last_received { term: 0 index: 0 } } ignore_live_leader: false dest_uuid: "3a759044f3cf44cf9a94e88cd62cf2f9" is_pre_election: true
I20260608 12:37:48.262262  3064 raft_consensus.cc:2468] T efd87b1675a445388bbbab439132887b P 820d22e6d5d545d3bf732864d53af6b4 [term 1 FOLLOWER]: Leader election vote request: Granting yes vote for candidate 3a759044f3cf44cf9a94e88cd62cf2f9 in term 1.
I20260608 12:37:48.262533  3139 raft_consensus.cc:2468] T 5113d589939e4455addf0b945024190d P 3a759044f3cf44cf9a94e88cd62cf2f9 [term 0 FOLLOWER]: Leader pre-election vote request: Granting yes vote for candidate 820d22e6d5d545d3bf732864d53af6b4 in term 0.
I20260608 12:37:48.264312  3103 leader_election.cc:304] T efd87b1675a445388bbbab439132887b P 3a759044f3cf44cf9a94e88cd62cf2f9 [CANDIDATE]: Term 1 election: Election decided. Result: candidate won. Election summary: received 2 responses out of 3 voters: 2 yes votes; 0 no votes. yes voters: 3a759044f3cf44cf9a94e88cd62cf2f9, 820d22e6d5d545d3bf732864d53af6b4; no voters: 
I20260608 12:37:48.264456  3028 leader_election.cc:304] T 5113d589939e4455addf0b945024190d P 820d22e6d5d545d3bf732864d53af6b4 [CANDIDATE]: Term 1 pre-election: Election decided. Result: candidate won. Election summary: received 2 responses out of 3 voters: 2 yes votes; 0 no votes. yes voters: 3a759044f3cf44cf9a94e88cd62cf2f9, 820d22e6d5d545d3bf732864d53af6b4; no voters: 
I20260608 12:37:48.265424  3265 raft_consensus.cc:2804] T 5113d589939e4455addf0b945024190d P 820d22e6d5d545d3bf732864d53af6b4 [term 0 FOLLOWER]: Leader pre-election won for term 1
I20260608 12:37:48.265780  3265 raft_consensus.cc:493] T 5113d589939e4455addf0b945024190d P 820d22e6d5d545d3bf732864d53af6b4 [term 0 FOLLOWER]: Starting leader election (no leader contacted us within the election timeout)
I20260608 12:37:48.266232  3265 raft_consensus.cc:3060] T 5113d589939e4455addf0b945024190d P 820d22e6d5d545d3bf732864d53af6b4 [term 0 FOLLOWER]: Advancing to term 1
