I20260608 12:55:09.615633  9713 heartbeater.cc:461] Registering TS with master...
I20260608 12:55:09.616144  4708 server_base.cc:1061] running on GCE node
I20260608 12:55:09.616806  9713 heartbeater.cc:507] Master 127.4.153.62:43331 requested a full tablet report, sending...
W20260608 12:55:09.616871  9719 instance_detector.cc:116] could not retrieve OpenStack instance metadata: Network error: curl error: HTTP response code said error: The requested URL returned error: 404
I20260608 12:55:09.618096  4708 hybrid_clock.cc:584] initializing the hybrid clock with 'system_unsync' time source
W20260608 12:55:09.618366  4708 system_unsync_time.cc:38] NTP support is disabled. Clock error bounds will not be accurate. This configuration is not suitable for distributed clusters.
I20260608 12:55:09.618571  4708 hybrid_clock.cc:648] HybridClock initialized: now 1780923309618550 us; error 0 us; skew 500 ppm
I20260608 12:55:09.619318  4708 server_base.cc:861] Flag tcmalloc_max_total_thread_cache_bytes is not working since tcmalloc is not enabled.
I20260608 12:55:09.619462  9050 ts_manager.cc:194] Registered new tserver with Master: ddf8d21ada02441d865bd763aac0b908 (127.4.153.5:37951)
I20260608 12:55:09.621536  9050 master_service.cc:502] Signed X509 certificate for tserver {username='slave'} at 127.0.0.1:35692
I20260608 12:55:09.622496  4708 webserver.cc:533] Webserver started at http://127.4.153.6:41521/ using document root <none> and password file <none>
I20260608 12:55:09.623236  4708 fs_manager.cc:362] Metadata directory not provided
I20260608 12:55:09.623489  4708 fs_manager.cc:368] Using write-ahead log directory (fs_wal_dir) as metadata directory
I20260608 12:55:09.623845  4708 server_base.cc:909] This appears to be a new deployment of Kudu; creating new FS layout
I20260608 12:55:09.625192  4708 fs_manager.cc:1068] Generated new instance metadata in path /tmp/dist-test-taskFIvOIN/test-tmp/auto_rebalancer-test.0.AutoRebalancerTest.TestMaxMovesPerServer.1780923181581243-4708-0/minicluster-data/ts-5-root/instance:
uuid: "f3eba1f14998499699ce58ad216c509d"
format_stamp: "Formatted at 2026-06-08 12:55:09 on dist-test-slave-57f3"
I20260608 12:55:09.629835  4708 fs_manager.cc:696] Time spent creating directory manager: real 0.004s	user 0.002s	sys 0.003s
I20260608 12:55:09.633410  9724 log_block_manager.cc:4031] Time spent loading block containers with low live blocks: real 0.000s	user 0.000s	sys 0.000s
I20260608 12:55:09.634289  4708 fs_manager.cc:730] Time spent opening block manager: real 0.003s	user 0.003s	sys 0.000s
I20260608 12:55:09.634624  4708 fs_manager.cc:647] Opened local filesystem: /tmp/dist-test-taskFIvOIN/test-tmp/auto_rebalancer-test.0.AutoRebalancerTest.TestMaxMovesPerServer.1780923181581243-4708-0/minicluster-data/ts-5-root
uuid: "f3eba1f14998499699ce58ad216c509d"
format_stamp: "Formatted at 2026-06-08 12:55:09 on dist-test-slave-57f3"
I20260608 12:55:09.634935  4708 fs_report.cc:389] FS layout report
--------------------
wal directory: /tmp/dist-test-taskFIvOIN/test-tmp/auto_rebalancer-test.0.AutoRebalancerTest.TestMaxMovesPerServer.1780923181581243-4708-0/minicluster-data/ts-5-root
metadata directory: /tmp/dist-test-taskFIvOIN/test-tmp/auto_rebalancer-test.0.AutoRebalancerTest.TestMaxMovesPerServer.1780923181581243-4708-0/minicluster-data/ts-5-root
1 data directories: /tmp/dist-test-taskFIvOIN/test-tmp/auto_rebalancer-test.0.AutoRebalancerTest.TestMaxMovesPerServer.1780923181581243-4708-0/minicluster-data/ts-5-root/data
Total live blocks: 0
Total live bytes: 0
Total live bytes (after alignment): 0
Total number of LBM containers: 0 (0 full)
Did not check for missing blocks
Did not check for orphaned blocks
Total full LBM containers with extra space: 0 (0 repaired)
Total full LBM container extra space in bytes: 0 (0 repaired)
Total incomplete LBM containers: 0 (0 repaired)
Total LBM partial records: 0 (0 repaired)
Total corrupted LBM metadata records in RocksDB: 0 (0 repaired)
I20260608 12:55:09.651801  4708 rpc_server.cc:225] running with OpenSSL 1.1.1  11 Sep 2018
I20260608 12:55:09.653070  4708 kserver.cc:163] Server-wide thread pool size limit: 3276
I20260608 12:55:09.654543  4708 txn_system_client.cc:432] TxnSystemClient initialization is disabled...
I20260608 12:55:09.657640  4708 ts_tablet_manager.cc:585] Loaded tablet metadata (0 total tablets, 0 live tablets)
I20260608 12:55:09.657917  4708 ts_tablet_manager.cc:531] Time spent load tablet metadata: real 0.000s	user 0.000s	sys 0.000s
I20260608 12:55:09.658221  4708 ts_tablet_manager.cc:616] Registered 0 tablets
I20260608 12:55:09.658411  4708 ts_tablet_manager.cc:595] Time spent register tablets: real 0.000s	user 0.000s	sys 0.000s
I20260608 12:55:09.752149  4708 rpc_server.cc:307] RPC server started. Bound to: 127.4.153.6:41595
I20260608 12:55:09.752259  9786 acceptor_pool.cc:272] collecting diagnostics on the listening RPC socket 127.4.153.6:41595 every 8 connection(s)
I20260608 12:55:09.773031  9787 heartbeater.cc:344] Connected to a master server at 127.4.153.62:43331
I20260608 12:55:09.773494  9787 heartbeater.cc:461] Registering TS with master...
I20260608 12:55:09.774255  9787 heartbeater.cc:507] Master 127.4.153.62:43331 requested a full tablet report, sending...
I20260608 12:55:09.776638  9050 ts_manager.cc:194] Registered new tserver with Master: f3eba1f14998499699ce58ad216c509d (127.4.153.6:41595)
I20260608 12:55:09.778316  9050 master_service.cc:502] Signed X509 certificate for tserver {username='slave'} at 127.0.0.1:35700
I20260608 12:55:09.969556  9306 consensus_queue.cc:237] T 6af041da75f548c9b63632c886ea9ac5 P 724f8ef384764a238a202371fc50b8e7 [LEADER]: Queue going to LEADER mode. State: All replicated index: 0, Majority replicated index: 25, Committed index: 25, Last appended: 1.25, Last appended by leader: 0, Current term: 1, Majority size: 2, State: 0, Mode: LEADER, active raft config: opid_index: 26 OBSOLETE_local: false peers { permanent_uuid: "91ef422464334379ae7d444818bdad91" member_type: VOTER last_known_addr { host: "127.4.153.1" port: 32953 } } peers { permanent_uuid: "ed10c308a15f40c4889f0c0368f28706" member_type: VOTER last_known_addr { host: "127.4.153.2" port: 34753 } attrs { replace: true } } peers { permanent_uuid: "724f8ef384764a238a202371fc50b8e7" member_type: VOTER last_known_addr { host: "127.4.153.3" port: 42635 } } peers { permanent_uuid: "ddf8d21ada02441d865bd763aac0b908" member_type: NON_VOTER last_known_addr { host: "127.4.153.5" port: 37951 } attrs { promote: true } }
I20260608 12:55:09.978075  9228 raft_consensus.cc:1275] T 6af041da75f548c9b63632c886ea9ac5 P ed10c308a15f40c4889f0c0368f28706 [term 1 FOLLOWER]: Refusing update from remote peer 724f8ef384764a238a202371fc50b8e7: Log matching property violated. Preceding OpId in replica: term: 1 index: 25. Preceding OpId from leader: term: 1 index: 26. (index mismatch)
I20260608 12:55:09.978869  9155 raft_consensus.cc:1275] T 6af041da75f548c9b63632c886ea9ac5 P 91ef422464334379ae7d444818bdad91 [term 1 FOLLOWER]: Refusing update from remote peer 724f8ef384764a238a202371fc50b8e7: Log matching property violated. Preceding OpId in replica: term: 1 index: 25. Preceding OpId from leader: term: 1 index: 26. (index mismatch)
I20260608 12:55:09.979808  9792 consensus_queue.cc:1048] T 6af041da75f548c9b63632c886ea9ac5 P 724f8ef384764a238a202371fc50b8e7 [LEADER]: Connected to new peer: Peer: permanent_uuid: "ed10c308a15f40c4889f0c0368f28706" member_type: VOTER last_known_addr { host: "127.4.153.2" port: 34753 } attrs { replace: true }, Status: LMP_MISMATCH, Last received: 0.0, Next index: 26, Last known committed idx: 25, Time since last communication: 0.000s
I20260608 12:55:09.980811  9566 consensus_queue.cc:1048] T 6af041da75f548c9b63632c886ea9ac5 P 724f8ef384764a238a202371fc50b8e7 [LEADER]: Connected to new peer: Peer: permanent_uuid: "91ef422464334379ae7d444818bdad91" member_type: VOTER last_known_addr { host: "127.4.153.1" port: 32953 }, Status: LMP_MISMATCH, Last received: 0.0, Next index: 26, Last known committed idx: 25, Time since last communication: 0.000s
W20260608 12:55:09.989063  9275 consensus_peers.cc:597] T 6af041da75f548c9b63632c886ea9ac5 P 724f8ef384764a238a202371fc50b8e7 -> Peer ddf8d21ada02441d865bd763aac0b908 (127.4.153.5:37951): Couldn't send request to peer ddf8d21ada02441d865bd763aac0b908. Error code: TABLET_NOT_FOUND (6). Status: Not found: Tablet not found: 6af041da75f548c9b63632c886ea9ac5. This is attempt 1: this message will repeat every 5th retry.
I20260608 12:55:09.989663  9793 raft_consensus.cc:2955] T 6af041da75f548c9b63632c886ea9ac5 P 724f8ef384764a238a202371fc50b8e7 [term 1 LEADER]: Committing config change with OpId 1.26: config changed from index -1 to 26, NON_VOTER ddf8d21ada02441d865bd763aac0b908 (127.4.153.5) added. New config: { opid_index: 26 OBSOLETE_local: false peers { permanent_uuid: "91ef422464334379ae7d444818bdad91" member_type: VOTER last_known_addr { host: "127.4.153.1" port: 32953 } } peers { permanent_uuid: "ed10c308a15f40c4889f0c0368f28706" member_type: VOTER last_known_addr { host: "127.4.153.2" port: 34753 } attrs { replace: true } } peers { permanent_uuid: "724f8ef384764a238a202371fc50b8e7" member_type: VOTER last_known_addr { host: "127.4.153.3" port: 42635 } } peers { permanent_uuid: "ddf8d21ada02441d865bd763aac0b908" member_type: NON_VOTER last_known_addr { host: "127.4.153.5" port: 37951 } attrs { promote: true } } }
I20260608 12:55:09.991503  9155 raft_consensus.cc:2955] T 6af041da75f548c9b63632c886ea9ac5 P 91ef422464334379ae7d444818bdad91 [term 1 FOLLOWER]: Committing config change with OpId 1.26: config changed from index -1 to 26, NON_VOTER ddf8d21ada02441d865bd763aac0b908 (127.4.153.5) added. New config: { opid_index: 26 OBSOLETE_local: false peers { permanent_uuid: "91ef422464334379ae7d444818bdad91" member_type: VOTER last_known_addr { host: "127.4.153.1" port: 32953 } } peers { permanent_uuid: "ed10c308a15f40c4889f0c0368f28706" member_type: VOTER last_known_addr { host: "127.4.153.2" port: 34753 } attrs { replace: true } } peers { permanent_uuid: "724f8ef384764a238a202371fc50b8e7" member_type: VOTER last_known_addr { host: "127.4.153.3" port: 42635 } } peers { permanent_uuid: "ddf8d21ada02441d865bd763aac0b908" member_type: NON_VOTER last_known_addr { host: "127.4.153.5" port: 37951 } attrs { promote: true } } }
I20260608 12:55:09.991766  9228 raft_consensus.cc:2955] T 6af041da75f548c9b63632c886ea9ac5 P ed10c308a15f40c4889f0c0368f28706 [term 1 FOLLOWER]: Committing config change with OpId 1.26: config changed from index -1 to 26, NON_VOTER ddf8d21ada02441d865bd763aac0b908 (127.4.153.5) added. New config: { opid_index: 26 OBSOLETE_local: false peers { permanent_uuid: "91ef422464334379ae7d444818bdad91" member_type: VOTER last_known_addr { host: "127.4.153.1" port: 32953 } } peers { permanent_uuid: "ed10c308a15f40c4889f0c0368f28706" member_type: VOTER last_known_addr { host: "127.4.153.2" port: 34753 } attrs { replace: true } } peers { permanent_uuid: "724f8ef384764a238a202371fc50b8e7" member_type: VOTER last_known_addr { host: "127.4.153.3" port: 42635 } } peers { permanent_uuid: "ddf8d21ada02441d865bd763aac0b908" member_type: NON_VOTER last_known_addr { host: "127.4.153.5" port: 37951 } attrs { promote: true } } }
I20260608 12:55:10.005900  9050 catalog_manager.cc:5696] T 6af041da75f548c9b63632c886ea9ac5 P 724f8ef384764a238a202371fc50b8e7 reported cstate change: config changed from index -1 to 26, NON_VOTER ddf8d21ada02441d865bd763aac0b908 (127.4.153.5) added. New cstate: current_term: 1 leader_uuid: "724f8ef384764a238a202371fc50b8e7" committed_config { opid_index: 26 OBSOLETE_local: false peers { permanent_uuid: "91ef422464334379ae7d444818bdad91" member_type: VOTER last_known_addr { host: "127.4.153.1" port: 32953 } health_report { overall_health: HEALTHY } } peers { permanent_uuid: "ed10c308a15f40c4889f0c0368f28706" member_type: VOTER last_known_addr { host: "127.4.153.2" port: 34753 } attrs { replace: true } health_report { overall_health: HEALTHY } } peers { permanent_uuid: "724f8ef384764a238a202371fc50b8e7" member_type: VOTER last_known_addr { host: "127.4.153.3" port: 42635 } health_report { overall_health: HEALTHY } } peers { permanent_uuid: "ddf8d21ada02441d865bd763aac0b908" member_type: NON_VOTER last_known_addr { host: "127.4.153.5" port: 37951 } attrs { promote: true } health_report { overall_health: UNKNOWN } } }
I20260608 12:55:10.020421  9155 consensus_queue.cc:237] T ba293da4a52c401e8d90266130473148 P 91ef422464334379ae7d444818bdad91 [LEADER]: Queue going to LEADER mode. State: All replicated index: 0, Majority replicated index: 26, Committed index: 26, Last appended: 1.26, Last appended by leader: 0, Current term: 1, Majority size: 2, State: 0, Mode: LEADER, active raft config: opid_index: 27 OBSOLETE_local: false peers { permanent_uuid: "91ef422464334379ae7d444818bdad91" member_type: VOTER last_known_addr { host: "127.4.153.1" port: 32953 } } peers { permanent_uuid: "ed10c308a15f40c4889f0c0368f28706" member_type: VOTER last_known_addr { host: "127.4.153.2" port: 34753 } } peers { permanent_uuid: "724f8ef384764a238a202371fc50b8e7" member_type: VOTER last_known_addr { host: "127.4.153.3" port: 42635 } attrs { replace: true } } peers { permanent_uuid: "f3eba1f14998499699ce58ad216c509d" member_type: NON_VOTER last_known_addr { host: "127.4.153.6" port: 41595 } attrs { promote: true } }
I20260608 12:55:10.032169  9306 raft_consensus.cc:1275] T ba293da4a52c401e8d90266130473148 P 724f8ef384764a238a202371fc50b8e7 [term 1 FOLLOWER]: Refusing update from remote peer 91ef422464334379ae7d444818bdad91: Log matching property violated. Preceding OpId in replica: term: 1 index: 26. Preceding OpId from leader: term: 1 index: 27. (index mismatch)
I20260608 12:55:10.032999  9228 raft_consensus.cc:1275] T ba293da4a52c401e8d90266130473148 P ed10c308a15f40c4889f0c0368f28706 [term 1 FOLLOWER]: Refusing update from remote peer 91ef422464334379ae7d444818bdad91: Log matching property violated. Preceding OpId in replica: term: 1 index: 26. Preceding OpId from leader: term: 1 index: 27. (index mismatch)
I20260608 12:55:10.034192  9801 consensus_queue.cc:1048] T ba293da4a52c401e8d90266130473148 P 91ef422464334379ae7d444818bdad91 [LEADER]: Connected to new peer: Peer: permanent_uuid: "724f8ef384764a238a202371fc50b8e7" member_type: VOTER last_known_addr { host: "127.4.153.3" port: 42635 } attrs { replace: true }, Status: LMP_MISMATCH, Last received: 0.0, Next index: 27, Last known committed idx: 26, Time since last communication: 0.004s
I20260608 12:55:10.038970  9531 consensus_queue.cc:1048] T ba293da4a52c401e8d90266130473148 P 91ef422464334379ae7d444818bdad91 [LEADER]: Connected to new peer: Peer: permanent_uuid: "ed10c308a15f40c4889f0c0368f28706" member_type: VOTER last_known_addr { host: "127.4.153.2" port: 34753 }, Status: LMP_MISMATCH, Last received: 0.0, Next index: 27, Last known committed idx: 26, Time since last communication: 0.001s
I20260608 12:55:10.048175  9801 raft_consensus.cc:2955] T ba293da4a52c401e8d90266130473148 P 91ef422464334379ae7d444818bdad91 [term 1 LEADER]: Committing config change with OpId 1.27: config changed from index -1 to 27, NON_VOTER f3eba1f14998499699ce58ad216c509d (127.4.153.6) added. New config: { opid_index: 27 OBSOLETE_local: false peers { permanent_uuid: "91ef422464334379ae7d444818bdad91" member_type: VOTER last_known_addr { host: "127.4.153.1" port: 32953 } } peers { permanent_uuid: "ed10c308a15f40c4889f0c0368f28706" member_type: VOTER last_known_addr { host: "127.4.153.2" port: 34753 } } peers { permanent_uuid: "724f8ef384764a238a202371fc50b8e7" member_type: VOTER last_known_addr { host: "127.4.153.3" port: 42635 } attrs { replace: true } } peers { permanent_uuid: "f3eba1f14998499699ce58ad216c509d" member_type: NON_VOTER last_known_addr { host: "127.4.153.6" port: 41595 } attrs { promote: true } } }
I20260608 12:55:10.049469  9306 raft_consensus.cc:2955] T ba293da4a52c401e8d90266130473148 P 724f8ef384764a238a202371fc50b8e7 [term 1 FOLLOWER]: Committing config change with OpId 1.27: config changed from index -1 to 27, NON_VOTER f3eba1f14998499699ce58ad216c509d (127.4.153.6) added. New config: { opid_index: 27 OBSOLETE_local: false peers { permanent_uuid: "91ef422464334379ae7d444818bdad91" member_type: VOTER last_known_addr { host: "127.4.153.1" port: 32953 } } peers { permanent_uuid: "ed10c308a15f40c4889f0c0368f28706" member_type: VOTER last_known_addr { host: "127.4.153.2" port: 34753 } } peers { permanent_uuid: "724f8ef384764a238a202371fc50b8e7" member_type: VOTER last_known_addr { host: "127.4.153.3" port: 42635 } attrs { replace: true } } peers { permanent_uuid: "f3eba1f14998499699ce58ad216c509d" member_type: NON_VOTER last_known_addr { host: "127.4.153.6" port: 41595 } attrs { promote: true } } }
W20260608 12:55:10.057825  9126 consensus_peers.cc:597] T ba293da4a52c401e8d90266130473148 P 91ef422464334379ae7d444818bdad91 -> Peer f3eba1f14998499699ce58ad216c509d (127.4.153.6:41595): Couldn't send request to peer f3eba1f14998499699ce58ad216c509d. Error code: TABLET_NOT_FOUND (6). Status: Not found: Tablet not found: ba293da4a52c401e8d90266130473148. This is attempt 1: this message will repeat every 5th retry.
I20260608 12:55:10.063127  9228 raft_consensus.cc:2955] T ba293da4a52c401e8d90266130473148 P ed10c308a15f40c4889f0c0368f28706 [term 1 FOLLOWER]: Committing config change with OpId 1.27: config changed from index -1 to 27, NON_VOTER f3eba1f14998499699ce58ad216c509d (127.4.153.6) added. New config: { opid_index: 27 OBSOLETE_local: false peers { permanent_uuid: "91ef422464334379ae7d444818bdad91" member_type: VOTER last_known_addr { host: "127.4.153.1" port: 32953 } } peers { permanent_uuid: "ed10c308a15f40c4889f0c0368f28706" member_type: VOTER last_known_addr { host: "127.4.153.2" port: 34753 } } peers { permanent_uuid: "724f8ef384764a238a202371fc50b8e7" member_type: VOTER last_known_addr { host: "127.4.153.3" port: 42635 } attrs { replace: true } } peers { permanent_uuid: "f3eba1f14998499699ce58ad216c509d" member_type: NON_VOTER last_known_addr { host: "127.4.153.6" port: 41595 } attrs { promote: true } } }
I20260608 12:55:10.072553  9053 catalog_manager.cc:5696] T ba293da4a52c401e8d90266130473148 P 724f8ef384764a238a202371fc50b8e7 reported cstate change: config changed from index -1 to 27, NON_VOTER f3eba1f14998499699ce58ad216c509d (127.4.153.6) added. New cstate: current_term: 1 leader_uuid: "91ef422464334379ae7d444818bdad91" committed_config { opid_index: 27 OBSOLETE_local: false peers { permanent_uuid: "91ef422464334379ae7d444818bdad91" member_type: VOTER last_known_addr { host: "127.4.153.1" port: 32953 } } peers { permanent_uuid: "ed10c308a15f40c4889f0c0368f28706" member_type: VOTER last_known_addr { host: "127.4.153.2" port: 34753 } } peers { permanent_uuid: "724f8ef384764a238a202371fc50b8e7" member_type: VOTER last_known_addr { host: "127.4.153.3" port: 42635 } attrs { replace: true } } peers { permanent_uuid: "f3eba1f14998499699ce58ad216c509d" member_type: NON_VOTER last_known_addr { host: "127.4.153.6" port: 41595 } attrs { promote: true } } }
I20260608 12:55:10.082830  9228 consensus_queue.cc:237] T 2b69faad4a5f4f7797b38ac26a0f573a P ed10c308a15f40c4889f0c0368f28706 [LEADER]: Queue going to LEADER mode. State: All replicated index: 0, Majority replicated index: 26, Committed index: 26, Last appended: 1.26, Last appended by leader: 0, Current term: 1, Majority size: 2, State: 0, Mode: LEADER, active raft config: opid_index: 27 OBSOLETE_local: false peers { permanent_uuid: "91ef422464334379ae7d444818bdad91" member_type: VOTER last_known_addr { host: "127.4.153.1" port: 32953 } attrs { replace: true } } peers { permanent_uuid: "ed10c308a15f40c4889f0c0368f28706" member_type: VOTER last_known_addr { host: "127.4.153.2" port: 34753 } } peers { permanent_uuid: "724f8ef384764a238a202371fc50b8e7" member_type: VOTER last_known_addr { host: "127.4.153.3" port: 42635 } } peers { permanent_uuid: "34e816d91c7f45668c6074c62cb12071" member_type: NON_VOTER last_known_addr { host: "127.4.153.4" port: 35313 } attrs { promote: true } }
I20260608 12:55:10.090811  9306 raft_consensus.cc:1275] T 2b69faad4a5f4f7797b38ac26a0f573a P 724f8ef384764a238a202371fc50b8e7 [term 1 FOLLOWER]: Refusing update from remote peer ed10c308a15f40c4889f0c0368f28706: Log matching property violated. Preceding OpId in replica: term: 1 index: 26. Preceding OpId from leader: term: 1 index: 27. (index mismatch)
I20260608 12:55:10.094049  9557 consensus_queue.cc:1048] T 2b69faad4a5f4f7797b38ac26a0f573a P ed10c308a15f40c4889f0c0368f28706 [LEADER]: Connected to new peer: Peer: permanent_uuid: "724f8ef384764a238a202371fc50b8e7" member_type: VOTER last_known_addr { host: "127.4.153.3" port: 42635 }, Status: LMP_MISMATCH, Last received: 0.0, Next index: 27, Last known committed idx: 26, Time since last communication: 0.001s
I20260608 12:55:10.098486  9155 raft_consensus.cc:1275] T 2b69faad4a5f4f7797b38ac26a0f573a P 91ef422464334379ae7d444818bdad91 [term 1 FOLLOWER]: Refusing update from remote peer ed10c308a15f40c4889f0c0368f28706: Log matching property violated. Preceding OpId in replica: term: 1 index: 26. Preceding OpId from leader: term: 1 index: 27. (index mismatch)
I20260608 12:55:10.100155  9557 consensus_queue.cc:1048] T 2b69faad4a5f4f7797b38ac26a0f573a P ed10c308a15f40c4889f0c0368f28706 [LEADER]: Connected to new peer: Peer: permanent_uuid: "91ef422464334379ae7d444818bdad91" member_type: VOTER last_known_addr { host: "127.4.153.1" port: 32953 } attrs { replace: true }, Status: LMP_MISMATCH, Last received: 0.0, Next index: 27, Last known committed idx: 26, Time since last communication: 0.000s
I20260608 12:55:10.105134  9306 raft_consensus.cc:2955] T 2b69faad4a5f4f7797b38ac26a0f573a P 724f8ef384764a238a202371fc50b8e7 [term 1 FOLLOWER]: Committing config change with OpId 1.27: config changed from index -1 to 27, NON_VOTER 34e816d91c7f45668c6074c62cb12071 (127.4.153.4) added. New config: { opid_index: 27 OBSOLETE_local: false peers { permanent_uuid: "91ef422464334379ae7d444818bdad91" member_type: VOTER last_known_addr { host: "127.4.153.1" port: 32953 } attrs { replace: true } } peers { permanent_uuid: "ed10c308a15f40c4889f0c0368f28706" member_type: VOTER last_known_addr { host: "127.4.153.2" port: 34753 } } peers { permanent_uuid: "724f8ef384764a238a202371fc50b8e7" member_type: VOTER last_known_addr { host: "127.4.153.3" port: 42635 } } peers { permanent_uuid: "34e816d91c7f45668c6074c62cb12071" member_type: NON_VOTER last_known_addr { host: "127.4.153.4" port: 35313 } attrs { promote: true } } }
I20260608 12:55:10.102146  9557 raft_consensus.cc:2955] T 2b69faad4a5f4f7797b38ac26a0f573a P ed10c308a15f40c4889f0c0368f28706 [term 1 LEADER]: Committing config change with OpId 1.27: config changed from index -1 to 27, NON_VOTER 34e816d91c7f45668c6074c62cb12071 (127.4.153.4) added. New config: { opid_index: 27 OBSOLETE_local: false peers { permanent_uuid: "91ef422464334379ae7d444818bdad91" member_type: VOTER last_known_addr { host: "127.4.153.1" port: 32953 } attrs { replace: true } } peers { permanent_uuid: "ed10c308a15f40c4889f0c0368f28706" member_type: VOTER last_known_addr { host: "127.4.153.2" port: 34753 } } peers { permanent_uuid: "724f8ef384764a238a202371fc50b8e7" member_type: VOTER last_known_addr { host: "127.4.153.3" port: 42635 } } peers { permanent_uuid: "34e816d91c7f45668c6074c62cb12071" member_type: NON_VOTER last_known_addr { host: "127.4.153.4" port: 35313 } attrs { promote: true } } }
I20260608 12:55:10.110292  9155 raft_consensus.cc:2955] T 2b69faad4a5f4f7797b38ac26a0f573a P 91ef422464334379ae7d444818bdad91 [term 1 FOLLOWER]: Committing config change with OpId 1.27: config changed from index -1 to 27, NON_VOTER 34e816d91c7f45668c6074c62cb12071 (127.4.153.4) added. New config: { opid_index: 27 OBSOLETE_local: false peers { permanent_uuid: "91ef422464334379ae7d444818bdad91" member_type: VOTER last_known_addr { host: "127.4.153.1" port: 32953 } attrs { replace: true } } peers { permanent_uuid: "ed10c308a15f40c4889f0c0368f28706" member_type: VOTER last_known_addr { host: "127.4.153.2" port: 34753 } } peers { permanent_uuid: "724f8ef384764a238a202371fc50b8e7" member_type: VOTER last_known_addr { host: "127.4.153.3" port: 42635 } } peers { permanent_uuid: "34e816d91c7f45668c6074c62cb12071" member_type: NON_VOTER last_known_addr { host: "127.4.153.4" port: 35313 } attrs { promote: true } } }
I20260608 12:55:10.119493  9306 consensus_queue.cc:237] T 6969dc81c8744322b258bc79982ff415 P 724f8ef384764a238a202371fc50b8e7 [LEADER]: Queue going to LEADER mode. State: All replicated index: 0, Majority replicated index: 26, Committed index: 26, Last appended: 1.26, Last appended by leader: 0, Current term: 1, Majority size: 2, State: 0, Mode: LEADER, active raft config: opid_index: 27 OBSOLETE_local: false peers { permanent_uuid: "91ef422464334379ae7d444818bdad91" member_type: VOTER last_known_addr { host: "127.4.153.1" port: 32953 } } peers { permanent_uuid: "ed10c308a15f40c4889f0c0368f28706" member_type: VOTER last_known_addr { host: "127.4.153.2" port: 34753 } attrs { replace: true } } peers { permanent_uuid: "724f8ef384764a238a202371fc50b8e7" member_type: VOTER last_known_addr { host: "127.4.153.3" port: 42635 } } peers { permanent_uuid: "ddf8d21ada02441d865bd763aac0b908" member_type: NON_VOTER last_known_addr { host: "127.4.153.5" port: 37951 } attrs { promote: true } }
I20260608 12:55:10.126147  9050 catalog_manager.cc:5696] T 2b69faad4a5f4f7797b38ac26a0f573a P ed10c308a15f40c4889f0c0368f28706 reported cstate change: config changed from index -1 to 27, NON_VOTER 34e816d91c7f45668c6074c62cb12071 (127.4.153.4) added. New cstate: current_term: 1 leader_uuid: "ed10c308a15f40c4889f0c0368f28706" committed_config { opid_index: 27 OBSOLETE_local: false peers { permanent_uuid: "91ef422464334379ae7d444818bdad91" member_type: VOTER last_known_addr { host: "127.4.153.1" port: 32953 } attrs { replace: true } health_report { overall_health: HEALTHY } } peers { permanent_uuid: "ed10c308a15f40c4889f0c0368f28706" member_type: VOTER last_known_addr { host: "127.4.153.2" port: 34753 } health_report { overall_health: HEALTHY } } peers { permanent_uuid: "724f8ef384764a238a202371fc50b8e7" member_type: VOTER last_known_addr { host: "127.4.153.3" port: 42635 } health_report { overall_health: HEALTHY } } peers { permanent_uuid: "34e816d91c7f45668c6074c62cb12071" member_type: NON_VOTER last_known_addr { host: "127.4.153.4" port: 35313 } attrs { promote: true } health_report { overall_health: UNKNOWN } } }
W20260608 12:55:10.128681  9275 consensus_peers.cc:597] T 6969dc81c8744322b258bc79982ff415 P 724f8ef384764a238a202371fc50b8e7 -> Peer ddf8d21ada02441d865bd763aac0b908 (127.4.153.5:37951): Couldn't send request to peer ddf8d21ada02441d865bd763aac0b908. Error code: TABLET_NOT_FOUND (6). Status: Not found: Tablet not found: 6969dc81c8744322b258bc79982ff415. This is attempt 1: this message will repeat every 5th retry.
W20260608 12:55:10.132823  9201 consensus_peers.cc:597] T 2b69faad4a5f4f7797b38ac26a0f573a P ed10c308a15f40c4889f0c0368f28706 -> Peer 34e816d91c7f45668c6074c62cb12071 (127.4.153.4:35313): Couldn't send request to peer 34e816d91c7f45668c6074c62cb12071. Error code: TABLET_NOT_FOUND (6). Status: Not found: Tablet not found: 2b69faad4a5f4f7797b38ac26a0f573a. This is attempt 1: this message will repeat every 5th retry.
I20260608 12:55:10.134305  9228 raft_consensus.cc:1275] T 6969dc81c8744322b258bc79982ff415 P ed10c308a15f40c4889f0c0368f28706 [term 1 FOLLOWER]: Refusing update from remote peer 724f8ef384764a238a202371fc50b8e7: Log matching property violated. Preceding OpId in replica: term: 1 index: 26. Preceding OpId from leader: term: 1 index: 27. (index mismatch)
I20260608 12:55:10.134459  9155 raft_consensus.cc:1275] T 6969dc81c8744322b258bc79982ff415 P 91ef422464334379ae7d444818bdad91 [term 1 FOLLOWER]: Refusing update from remote peer 724f8ef384764a238a202371fc50b8e7: Log matching property violated. Preceding OpId in replica: term: 1 index: 26. Preceding OpId from leader: term: 1 index: 27. (index mismatch)
I20260608 12:55:10.135720  9566 consensus_queue.cc:1048] T 6969dc81c8744322b258bc79982ff415 P 724f8ef384764a238a202371fc50b8e7 [LEADER]: Connected to new peer: Peer: permanent_uuid: "ed10c308a15f40c4889f0c0368f28706" member_type: VOTER last_known_addr { host: "127.4.153.2" port: 34753 } attrs { replace: true }, Status: LMP_MISMATCH, Last received: 0.0, Next index: 27, Last known committed idx: 26, Time since last communication: 0.000s
I20260608 12:55:10.136672  9792 consensus_queue.cc:1048] T 6969dc81c8744322b258bc79982ff415 P 724f8ef384764a238a202371fc50b8e7 [LEADER]: Connected to new peer: Peer: permanent_uuid: "91ef422464334379ae7d444818bdad91" member_type: VOTER last_known_addr { host: "127.4.153.1" port: 32953 }, Status: LMP_MISMATCH, Last received: 0.0, Next index: 27, Last known committed idx: 26, Time since last communication: 0.000s
I20260608 12:55:10.144790  9793 raft_consensus.cc:2955] T 6969dc81c8744322b258bc79982ff415 P 724f8ef384764a238a202371fc50b8e7 [term 1 LEADER]: Committing config change with OpId 1.27: config changed from index -1 to 27, NON_VOTER ddf8d21ada02441d865bd763aac0b908 (127.4.153.5) added. New config: { opid_index: 27 OBSOLETE_local: false peers { permanent_uuid: "91ef422464334379ae7d444818bdad91" member_type: VOTER last_known_addr { host: "127.4.153.1" port: 32953 } } peers { permanent_uuid: "ed10c308a15f40c4889f0c0368f28706" member_type: VOTER last_known_addr { host: "127.4.153.2" port: 34753 } attrs { replace: true } } peers { permanent_uuid: "724f8ef384764a238a202371fc50b8e7" member_type: VOTER last_known_addr { host: "127.4.153.3" port: 42635 } } peers { permanent_uuid: "ddf8d21ada02441d865bd763aac0b908" member_type: NON_VOTER last_known_addr { host: "127.4.153.5" port: 37951 } attrs { promote: true } } }
I20260608 12:55:10.145875  9155 raft_consensus.cc:2955] T 6969dc81c8744322b258bc79982ff415 P 91ef422464334379ae7d444818bdad91 [term 1 FOLLOWER]: Committing config change with OpId 1.27: config changed from index -1 to 27, NON_VOTER ddf8d21ada02441d865bd763aac0b908 (127.4.153.5) added. New config: { opid_index: 27 OBSOLETE_local: false peers { permanent_uuid: "91ef422464334379ae7d444818bdad91" member_type: VOTER last_known_addr { host: "127.4.153.1" port: 32953 } } peers { permanent_uuid: "ed10c308a15f40c4889f0c0368f28706" member_type: VOTER last_known_addr { host: "127.4.153.2" port: 34753 } attrs { replace: true } } peers { permanent_uuid: "724f8ef384764a238a202371fc50b8e7" member_type: VOTER last_known_addr { host: "127.4.153.3" port: 42635 } } peers { permanent_uuid: "ddf8d21ada02441d865bd763aac0b908" member_type: NON_VOTER last_known_addr { host: "127.4.153.5" port: 37951 } attrs { promote: true } } }
I20260608 12:55:10.150628  9228 raft_consensus.cc:2955] T 6969dc81c8744322b258bc79982ff415 P ed10c308a15f40c4889f0c0368f28706 [term 1 FOLLOWER]: Committing config change with OpId 1.27: config changed from index -1 to 27, NON_VOTER ddf8d21ada02441d865bd763aac0b908 (127.4.153.5) added. New config: { opid_index: 27 OBSOLETE_local: false peers { permanent_uuid: "91ef422464334379ae7d444818bdad91" member_type: VOTER last_known_addr { host: "127.4.153.1" port: 32953 } } peers { permanent_uuid: "ed10c308a15f40c4889f0c0368f28706" member_type: VOTER last_known_addr { host: "127.4.153.2" port: 34753 } attrs { replace: true } } peers { permanent_uuid: "724f8ef384764a238a202371fc50b8e7" member_type: VOTER last_known_addr { host: "127.4.153.3" port: 42635 } } peers { permanent_uuid: "ddf8d21ada02441d865bd763aac0b908" member_type: NON_VOTER last_known_addr { host: "127.4.153.5" port: 37951 } attrs { promote: true } } }
I20260608 12:55:10.158576  9053 catalog_manager.cc:5696] T 6969dc81c8744322b258bc79982ff415 P 91ef422464334379ae7d444818bdad91 reported cstate change: config changed from index -1 to 27, NON_VOTER ddf8d21ada02441d865bd763aac0b908 (127.4.153.5) added. New cstate: current_term: 1 leader_uuid: "724f8ef384764a238a202371fc50b8e7" committed_config { opid_index: 27 OBSOLETE_local: false peers { permanent_uuid: "91ef422464334379ae7d444818bdad91" member_type: VOTER last_known_addr { host: "127.4.153.1" port: 32953 } } peers { permanent_uuid: "ed10c308a15f40c4889f0c0368f28706" member_type: VOTER last_known_addr { host: "127.4.153.2" port: 34753 } attrs { replace: true } } peers { permanent_uuid: "724f8ef384764a238a202371fc50b8e7" member_type: VOTER last_known_addr { host: "127.4.153.3" port: 42635 } } peers { permanent_uuid: "ddf8d21ada02441d865bd763aac0b908" member_type: NON_VOTER last_known_addr { host: "127.4.153.5" port: 37951 } attrs { promote: true } } }
I20260608 12:55:10.160190  9234 consensus_queue.cc:237] T 4c24edb2748a40f3a8819265dfef9b3f P ed10c308a15f40c4889f0c0368f28706 [LEADER]: Queue going to LEADER mode. State: All replicated index: 0, Majority replicated index: 26, Committed index: 26, Last appended: 1.26, Last appended by leader: 0, Current term: 1, Majority size: 2, State: 0, Mode: LEADER, active raft config: opid_index: 27 OBSOLETE_local: false peers { permanent_uuid: "91ef422464334379ae7d444818bdad91" member_type: VOTER last_known_addr { host: "127.4.153.1" port: 32953 } } peers { permanent_uuid: "ed10c308a15f40c4889f0c0368f28706" member_type: VOTER last_known_addr { host: "127.4.153.2" port: 34753 } } peers { permanent_uuid: "724f8ef384764a238a202371fc50b8e7" member_type: VOTER last_known_addr { host: "127.4.153.3" port: 42635 } attrs { replace: true } } peers { permanent_uuid: "f3eba1f14998499699ce58ad216c509d" member_type: NON_VOTER last_known_addr { host: "127.4.153.6" port: 41595 } attrs { promote: true } }
I20260608 12:55:10.170532  9155 raft_consensus.cc:1275] T 4c24edb2748a40f3a8819265dfef9b3f P 91ef422464334379ae7d444818bdad91 [term 1 FOLLOWER]: Refusing update from remote peer ed10c308a15f40c4889f0c0368f28706: Log matching property violated. Preceding OpId in replica: term: 1 index: 26. Preceding OpId from leader: term: 1 index: 27. (index mismatch)
I20260608 12:55:10.171129  9306 raft_consensus.cc:1275] T 4c24edb2748a40f3a8819265dfef9b3f P 724f8ef384764a238a202371fc50b8e7 [term 1 FOLLOWER]: Refusing update from remote peer ed10c308a15f40c4889f0c0368f28706: Log matching property violated. Preceding OpId in replica: term: 1 index: 26. Preceding OpId from leader: term: 1 index: 27. (index mismatch)
I20260608 12:55:10.172901  9810 consensus_queue.cc:1048] T 4c24edb2748a40f3a8819265dfef9b3f P ed10c308a15f40c4889f0c0368f28706 [LEADER]: Connected to new peer: Peer: permanent_uuid: "91ef422464334379ae7d444818bdad91" member_type: VOTER last_known_addr { host: "127.4.153.1" port: 32953 }, Status: LMP_MISMATCH, Last received: 0.0, Next index: 27, Last known committed idx: 26, Time since last communication: 0.001s
I20260608 12:55:10.174247  9807 consensus_queue.cc:1048] T 4c24edb2748a40f3a8819265dfef9b3f P ed10c308a15f40c4889f0c0368f28706 [LEADER]: Connected to new peer: Peer: permanent_uuid: "724f8ef384764a238a202371fc50b8e7" member_type: VOTER last_known_addr { host: "127.4.153.3" port: 42635 } attrs { replace: true }, Status: LMP_MISMATCH, Last received: 0.0, Next index: 27, Last known committed idx: 26, Time since last communication: 0.001s
W20260608 12:55:10.184019  9201 consensus_peers.cc:597] T 4c24edb2748a40f3a8819265dfef9b3f P ed10c308a15f40c4889f0c0368f28706 -> Peer f3eba1f14998499699ce58ad216c509d (127.4.153.6:41595): Couldn't send request to peer f3eba1f14998499699ce58ad216c509d. Error code: TABLET_NOT_FOUND (6). Status: Not found: Tablet not found: 4c24edb2748a40f3a8819265dfef9b3f. This is attempt 1: this message will repeat every 5th retry.
I20260608 12:55:10.186137  9557 raft_consensus.cc:2955] T 4c24edb2748a40f3a8819265dfef9b3f P ed10c308a15f40c4889f0c0368f28706 [term 1 LEADER]: Committing config change with OpId 1.27: config changed from index -1 to 27, NON_VOTER f3eba1f14998499699ce58ad216c509d (127.4.153.6) added. New config: { opid_index: 27 OBSOLETE_local: false peers { permanent_uuid: "91ef422464334379ae7d444818bdad91" member_type: VOTER last_known_addr { host: "127.4.153.1" port: 32953 } } peers { permanent_uuid: "ed10c308a15f40c4889f0c0368f28706" member_type: VOTER last_known_addr { host: "127.4.153.2" port: 34753 } } peers { permanent_uuid: "724f8ef384764a238a202371fc50b8e7" member_type: VOTER last_known_addr { host: "127.4.153.3" port: 42635 } attrs { replace: true } } peers { permanent_uuid: "f3eba1f14998499699ce58ad216c509d" member_type: NON_VOTER last_known_addr { host: "127.4.153.6" port: 41595 } attrs { promote: true } } }
I20260608 12:55:10.188026  9160 raft_consensus.cc:2955] T 4c24edb2748a40f3a8819265dfef9b3f P 91ef422464334379ae7d444818bdad91 [term 1 FOLLOWER]: Committing config change with OpId 1.27: config changed from index -1 to 27, NON_VOTER f3eba1f14998499699ce58ad216c509d (127.4.153.6) added. New config: { opid_index: 27 OBSOLETE_local: false peers { permanent_uuid: "91ef422464334379ae7d444818bdad91" member_type: VOTER last_known_addr { host: "127.4.153.1" port: 32953 } } peers { permanent_uuid: "ed10c308a15f40c4889f0c0368f28706" member_type: VOTER last_known_addr { host: "127.4.153.2" port: 34753 } } peers { permanent_uuid: "724f8ef384764a238a202371fc50b8e7" member_type: VOTER last_known_addr { host: "127.4.153.3" port: 42635 } attrs { replace: true } } peers { permanent_uuid: "f3eba1f14998499699ce58ad216c509d" member_type: NON_VOTER last_known_addr { host: "127.4.153.6" port: 41595 } attrs { promote: true } } }
I20260608 12:55:10.189724  9306 raft_consensus.cc:2955] T 4c24edb2748a40f3a8819265dfef9b3f P 724f8ef384764a238a202371fc50b8e7 [term 1 FOLLOWER]: Committing config change with OpId 1.27: config changed from index -1 to 27, NON_VOTER f3eba1f14998499699ce58ad216c509d (127.4.153.6) added. New config: { opid_index: 27 OBSOLETE_local: false peers { permanent_uuid: "91ef422464334379ae7d444818bdad91" member_type: VOTER last_known_addr { host: "127.4.153.1" port: 32953 } } peers { permanent_uuid: "ed10c308a15f40c4889f0c0368f28706" member_type: VOTER last_known_addr { host: "127.4.153.2" port: 34753 } } peers { permanent_uuid: "724f8ef384764a238a202371fc50b8e7" member_type: VOTER last_known_addr { host: "127.4.153.3" port: 42635 } attrs { replace: true } } peers { permanent_uuid: "f3eba1f14998499699ce58ad216c509d" member_type: NON_VOTER last_known_addr { host: "127.4.153.6" port: 41595 } attrs { promote: true } } }
I20260608 12:55:10.202275  9050 catalog_manager.cc:5696] T 4c24edb2748a40f3a8819265dfef9b3f P 91ef422464334379ae7d444818bdad91 reported cstate change: config changed from index -1 to 27, NON_VOTER f3eba1f14998499699ce58ad216c509d (127.4.153.6) added. New cstate: current_term: 1 leader_uuid: "ed10c308a15f40c4889f0c0368f28706" committed_config { opid_index: 27 OBSOLETE_local: false peers { permanent_uuid: "91ef422464334379ae7d444818bdad91" member_type: VOTER last_known_addr { host: "127.4.153.1" port: 32953 } } peers { permanent_uuid: "ed10c308a15f40c4889f0c0368f28706" member_type: VOTER last_known_addr { host: "127.4.153.2" port: 34753 } } peers { permanent_uuid: "724f8ef384764a238a202371fc50b8e7" member_type: VOTER last_known_addr { host: "127.4.153.3" port: 42635 } attrs { replace: true } } peers { permanent_uuid: "f3eba1f14998499699ce58ad216c509d" member_type: NON_VOTER last_known_addr { host: "127.4.153.6" port: 41595 } attrs { promote: true } } }
I20260608 12:55:10.205327  9306 consensus_queue.cc:237] T d61a29d014a44f1781801b78af18dbb7 P 724f8ef384764a238a202371fc50b8e7 [LEADER]: Queue going to LEADER mode. State: All replicated index: 0, Majority replicated index: 26, Committed index: 26, Last appended: 1.26, Last appended by leader: 0, Current term: 1, Majority size: 2, State: 0, Mode: LEADER, active raft config: opid_index: 27 OBSOLETE_local: false peers { permanent_uuid: "91ef422464334379ae7d444818bdad91" member_type: VOTER last_known_addr { host: "127.4.153.1" port: 32953 } attrs { replace: true } } peers { permanent_uuid: "724f8ef384764a238a202371fc50b8e7" member_type: VOTER last_known_addr { host: "127.4.153.3" port: 42635 } } peers { permanent_uuid: "ed10c308a15f40c4889f0c0368f28706" member_type: VOTER last_known_addr { host: "127.4.153.2" port: 34753 } } peers { permanent_uuid: "34e816d91c7f45668c6074c62cb12071" member_type: NON_VOTER last_known_addr { host: "127.4.153.4" port: 35313 } attrs { promote: true } }
I20260608 12:55:10.213130  9234 raft_consensus.cc:1275] T d61a29d014a44f1781801b78af18dbb7 P ed10c308a15f40c4889f0c0368f28706 [term 1 FOLLOWER]: Refusing update from remote peer 724f8ef384764a238a202371fc50b8e7: Log matching property violated. Preceding OpId in replica: term: 1 index: 26. Preceding OpId from leader: term: 1 index: 27. (index mismatch)
I20260608 12:55:10.216018  9566 consensus_queue.cc:1048] T d61a29d014a44f1781801b78af18dbb7 P 724f8ef384764a238a202371fc50b8e7 [LEADER]: Connected to new peer: Peer: permanent_uuid: "ed10c308a15f40c4889f0c0368f28706" member_type: VOTER last_known_addr { host: "127.4.153.2" port: 34753 }, Status: LMP_MISMATCH, Last received: 0.0, Next index: 27, Last known committed idx: 26, Time since last communication: 0.000s
I20260608 12:55:10.217048  9160 raft_consensus.cc:1275] T d61a29d014a44f1781801b78af18dbb7 P 91ef422464334379ae7d444818bdad91 [term 1 FOLLOWER]: Refusing update from remote peer 724f8ef384764a238a202371fc50b8e7: Log matching property violated. Preceding OpId in replica: term: 1 index: 26. Preceding OpId from leader: term: 1 index: 27. (index mismatch)
I20260608 12:55:10.219720  9793 consensus_queue.cc:1048] T d61a29d014a44f1781801b78af18dbb7 P 724f8ef384764a238a202371fc50b8e7 [LEADER]: Connected to new peer: Peer: permanent_uuid: "91ef422464334379ae7d444818bdad91" member_type: VOTER last_known_addr { host: "127.4.153.1" port: 32953 } attrs { replace: true }, Status: LMP_MISMATCH, Last received: 0.0, Next index: 27, Last known committed idx: 26, Time since last communication: 0.000s
W20260608 12:55:10.226477  9275 consensus_peers.cc:597] T d61a29d014a44f1781801b78af18dbb7 P 724f8ef384764a238a202371fc50b8e7 -> Peer 34e816d91c7f45668c6074c62cb12071 (127.4.153.4:35313): Couldn't send request to peer 34e816d91c7f45668c6074c62cb12071. Error code: TABLET_NOT_FOUND (6). Status: Not found: Tablet not found: d61a29d014a44f1781801b78af18dbb7. This is attempt 1: this message will repeat every 5th retry.
I20260608 12:55:10.227267  9792 raft_consensus.cc:2955] T d61a29d014a44f1781801b78af18dbb7 P 724f8ef384764a238a202371fc50b8e7 [term 1 LEADER]: Committing config change with OpId 1.27: config changed from index -1 to 27, NON_VOTER 34e816d91c7f45668c6074c62cb12071 (127.4.153.4) added. New config: { opid_index: 27 OBSOLETE_local: false peers { permanent_uuid: "91ef422464334379ae7d444818bdad91" member_type: VOTER last_known_addr { host: "127.4.153.1" port: 32953 } attrs { replace: true } } peers { permanent_uuid: "724f8ef384764a238a202371fc50b8e7" member_type: VOTER last_known_addr { host: "127.4.153.3" port: 42635 } } peers { permanent_uuid: "ed10c308a15f40c4889f0c0368f28706" member_type: VOTER last_known_addr { host: "127.4.153.2" port: 34753 } } peers { permanent_uuid: "34e816d91c7f45668c6074c62cb12071" member_type: NON_VOTER last_known_addr { host: "127.4.153.4" port: 35313 } attrs { promote: true } } }
I20260608 12:55:10.231297  9234 raft_consensus.cc:2955] T d61a29d014a44f1781801b78af18dbb7 P ed10c308a15f40c4889f0c0368f28706 [term 1 FOLLOWER]: Committing config change with OpId 1.27: config changed from index -1 to 27, NON_VOTER 34e816d91c7f45668c6074c62cb12071 (127.4.153.4) added. New config: { opid_index: 27 OBSOLETE_local: false peers { permanent_uuid: "91ef422464334379ae7d444818bdad91" member_type: VOTER last_known_addr { host: "127.4.153.1" port: 32953 } attrs { replace: true } } peers { permanent_uuid: "724f8ef384764a238a202371fc50b8e7" member_type: VOTER last_known_addr { host: "127.4.153.3" port: 42635 } } peers { permanent_uuid: "ed10c308a15f40c4889f0c0368f28706" member_type: VOTER last_known_addr { host: "127.4.153.2" port: 34753 } } peers { permanent_uuid: "34e816d91c7f45668c6074c62cb12071" member_type: NON_VOTER last_known_addr { host: "127.4.153.4" port: 35313 } attrs { promote: true } } }
I20260608 12:55:10.232074  9160 raft_consensus.cc:2955] T d61a29d014a44f1781801b78af18dbb7 P 91ef422464334379ae7d444818bdad91 [term 1 FOLLOWER]: Committing config change with OpId 1.27: config changed from index -1 to 27, NON_VOTER 34e816d91c7f45668c6074c62cb12071 (127.4.153.4) added. New config: { opid_index: 27 OBSOLETE_local: false peers { permanent_uuid: "91ef422464334379ae7d444818bdad91" member_type: VOTER last_known_addr { host: "127.4.153.1" port: 32953 } attrs { replace: true } } peers { permanent_uuid: "724f8ef384764a238a202371fc50b8e7" member_type: VOTER last_known_addr { host: "127.4.153.3" port: 42635 } } peers { permanent_uuid: "ed10c308a15f40c4889f0c0368f28706" member_type: VOTER last_known_addr { host: "127.4.153.2" port: 34753 } } peers { permanent_uuid: "34e816d91c7f45668c6074c62cb12071" member_type: NON_VOTER last_known_addr { host: "127.4.153.4" port: 35313 } attrs { promote: true } } }
I20260608 12:55:10.245544  9050 catalog_manager.cc:5696] T d61a29d014a44f1781801b78af18dbb7 P 724f8ef384764a238a202371fc50b8e7 reported cstate change: config changed from index -1 to 27, NON_VOTER 34e816d91c7f45668c6074c62cb12071 (127.4.153.4) added. New cstate: current_term: 1 leader_uuid: "724f8ef384764a238a202371fc50b8e7" committed_config { opid_index: 27 OBSOLETE_local: false peers { permanent_uuid: "91ef422464334379ae7d444818bdad91" member_type: VOTER last_known_addr { host: "127.4.153.1" port: 32953 } attrs { replace: true } health_report { overall_health: HEALTHY } } peers { permanent_uuid: "724f8ef384764a238a202371fc50b8e7" member_type: VOTER last_known_addr { host: "127.4.153.3" port: 42635 } health_report { overall_health: HEALTHY } } peers { permanent_uuid: "ed10c308a15f40c4889f0c0368f28706" member_type: VOTER last_known_addr { host: "127.4.153.2" port: 34753 } health_report { overall_health: HEALTHY } } peers { permanent_uuid: "34e816d91c7f45668c6074c62cb12071" member_type: NON_VOTER last_known_addr { host: "127.4.153.4" port: 35313 } attrs { promote: true } health_report { overall_health: UNKNOWN } } }
I20260608 12:55:10.440668  9812 ts_tablet_manager.cc:933] T 6af041da75f548c9b63632c886ea9ac5 P ddf8d21ada02441d865bd763aac0b908: Initiating tablet copy from peer 724f8ef384764a238a202371fc50b8e7 (127.4.153.3:42635)
I20260608 12:55:10.442591  9812 tablet_copy_client.cc:323] T 6af041da75f548c9b63632c886ea9ac5 P ddf8d21ada02441d865bd763aac0b908: tablet copy: Beginning tablet copy session from remote peer at address 127.4.153.3:42635
I20260608 12:55:10.454720  9320 tablet_copy_service.cc:140] P 724f8ef384764a238a202371fc50b8e7: Received BeginTabletCopySession request for tablet 6af041da75f548c9b63632c886ea9ac5 from peer ddf8d21ada02441d865bd763aac0b908 ({username='slave'} at 127.0.0.1:38092)
I20260608 12:55:10.455284  9320 tablet_copy_service.cc:161] P 724f8ef384764a238a202371fc50b8e7: Beginning new tablet copy session on tablet 6af041da75f548c9b63632c886ea9ac5 from peer ddf8d21ada02441d865bd763aac0b908 at {username='slave'} at 127.0.0.1:38092: session id = ddf8d21ada02441d865bd763aac0b908-6af041da75f548c9b63632c886ea9ac5
I20260608 12:55:10.461036  9320 tablet_copy_source_session.cc:215] T 6af041da75f548c9b63632c886ea9ac5 P 724f8ef384764a238a202371fc50b8e7: Tablet Copy: opened 0 blocks and 1 log segments
I20260608 12:55:10.463717  9812 data_dirs.cc:400] Could only allocate 1 dirs of requested 3 for tablet 6af041da75f548c9b63632c886ea9ac5. 1 dirs total, 0 dirs full, 0 dirs failed
I20260608 12:55:10.476174  9812 tablet_copy_client.cc:806] T 6af041da75f548c9b63632c886ea9ac5 P ddf8d21ada02441d865bd763aac0b908: tablet copy: Starting download of 0 data blocks...
I20260608 12:55:10.476840  9812 tablet_copy_client.cc:670] T 6af041da75f548c9b63632c886ea9ac5 P ddf8d21ada02441d865bd763aac0b908: tablet copy: Starting download of 1 WAL segments...
I20260608 12:55:10.478127  9815 ts_tablet_manager.cc:933] T 2b69faad4a5f4f7797b38ac26a0f573a P 34e816d91c7f45668c6074c62cb12071: Initiating tablet copy from peer ed10c308a15f40c4889f0c0368f28706 (127.4.153.2:34753)
I20260608 12:55:10.480455  9815 tablet_copy_client.cc:323] T 2b69faad4a5f4f7797b38ac26a0f573a P 34e816d91c7f45668c6074c62cb12071: tablet copy: Beginning tablet copy session from remote peer at address 127.4.153.2:34753
I20260608 12:55:10.481448  9813 tablet_copy_client.cc:1025] T 6af041da75f548c9b63632c886ea9ac5 P ddf8d21ada02441d865bd763aac0b908: tablet copy: Injecting latency into file download: 2000
I20260608 12:55:10.491314  9246 tablet_copy_service.cc:140] P ed10c308a15f40c4889f0c0368f28706: Received BeginTabletCopySession request for tablet 2b69faad4a5f4f7797b38ac26a0f573a from peer 34e816d91c7f45668c6074c62cb12071 ({username='slave'} at 127.0.0.1:43468)
I20260608 12:55:10.492007  9246 tablet_copy_service.cc:161] P ed10c308a15f40c4889f0c0368f28706: Beginning new tablet copy session on tablet 2b69faad4a5f4f7797b38ac26a0f573a from peer 34e816d91c7f45668c6074c62cb12071 at {username='slave'} at 127.0.0.1:43468: session id = 34e816d91c7f45668c6074c62cb12071-2b69faad4a5f4f7797b38ac26a0f573a
I20260608 12:55:10.499778  9246 tablet_copy_source_session.cc:215] T 2b69faad4a5f4f7797b38ac26a0f573a P ed10c308a15f40c4889f0c0368f28706: Tablet Copy: opened 0 blocks and 1 log segments
I20260608 12:55:10.502290  9638 heartbeater.cc:499] Master 127.4.153.62:43331 was elected leader, sending a full tablet report...
I20260608 12:55:10.503545  9815 data_dirs.cc:400] Could only allocate 1 dirs of requested 3 for tablet 2b69faad4a5f4f7797b38ac26a0f573a. 1 dirs total, 0 dirs full, 0 dirs failed
I20260608 12:55:10.519665  9815 tablet_copy_client.cc:806] T 2b69faad4a5f4f7797b38ac26a0f573a P 34e816d91c7f45668c6074c62cb12071: tablet copy: Starting download of 0 data blocks...
I20260608 12:55:10.520292  9815 tablet_copy_client.cc:670] T 2b69faad4a5f4f7797b38ac26a0f573a P 34e816d91c7f45668c6074c62cb12071: tablet copy: Starting download of 1 WAL segments...
