I20260608 12:54:29.254276  7655 catalog_manager.cc:5696] T 44abdde2c48749f9bf311c8328fab04f P b94007148b75437baa6640acc06718b0 reported cstate change: config changed from index 2 to 3, b94007148b75437baa6640acc06718b0 (127.4.156.194) changed from NON_VOTER to VOTER. New cstate: current_term: 1 leader_uuid: "e1e4848e17134da78dff9da320dad789" committed_config { opid_index: 3 OBSOLETE_local: false peers { permanent_uuid: "e1e4848e17134da78dff9da320dad789" member_type: VOTER last_known_addr { host: "127.4.156.195" port: 41379 } } peers { permanent_uuid: "d307751d7f2f4368b379dd135b0ddb6b" member_type: VOTER last_known_addr { host: "127.4.156.193" port: 44357 } } peers { permanent_uuid: "763d450b9c784bd8869c2cd5b2406520" member_type: VOTER last_known_addr { host: "127.4.156.196" port: 40487 } attrs { replace: true } } peers { permanent_uuid: "b94007148b75437baa6640acc06718b0" member_type: VOTER last_known_addr { host: "127.4.156.194" port: 34139 } attrs { promote: false } } }
I20260608 12:54:29.337332  8062 raft_consensus.cc:2955] T 7cc96841b4694c3cbd783041cbd995ef P 763d450b9c784bd8869c2cd5b2406520 [term 1 FOLLOWER]: Committing config change with OpId 1.3: config changed from index 2 to 3, 763d450b9c784bd8869c2cd5b2406520 (127.4.156.196) changed from NON_VOTER to VOTER. New config: { opid_index: 3 OBSOLETE_local: false peers { permanent_uuid: "b94007148b75437baa6640acc06718b0" member_type: VOTER last_known_addr { host: "127.4.156.194" port: 34139 } attrs { replace: true } } peers { permanent_uuid: "e1e4848e17134da78dff9da320dad789" member_type: VOTER last_known_addr { host: "127.4.156.195" port: 41379 } } peers { permanent_uuid: "d307751d7f2f4368b379dd135b0ddb6b" member_type: VOTER last_known_addr { host: "127.4.156.193" port: 44357 } } peers { permanent_uuid: "763d450b9c784bd8869c2cd5b2406520" member_type: VOTER last_known_addr { host: "127.4.156.196" port: 40487 } attrs { promote: false } } }
I20260608 12:54:29.326210  8323 raft_consensus.cc:2955] T 7cc96841b4694c3cbd783041cbd995ef P d307751d7f2f4368b379dd135b0ddb6b [term 1 LEADER]: Committing config change with OpId 1.3: config changed from index 2 to 3, 763d450b9c784bd8869c2cd5b2406520 (127.4.156.196) changed from NON_VOTER to VOTER. New config: { opid_index: 3 OBSOLETE_local: false peers { permanent_uuid: "b94007148b75437baa6640acc06718b0" member_type: VOTER last_known_addr { host: "127.4.156.194" port: 34139 } attrs { replace: true } } peers { permanent_uuid: "e1e4848e17134da78dff9da320dad789" member_type: VOTER last_known_addr { host: "127.4.156.195" port: 41379 } } peers { permanent_uuid: "d307751d7f2f4368b379dd135b0ddb6b" member_type: VOTER last_known_addr { host: "127.4.156.193" port: 44357 } } peers { permanent_uuid: "763d450b9c784bd8869c2cd5b2406520" member_type: VOTER last_known_addr { host: "127.4.156.196" port: 40487 } attrs { promote: false } } }
W20260608 12:54:29.356380  7875 outbound_call.cc:321] RPC callback for RPC call kudu.consensus.ConsensusService.UpdateConsensus -> {remote=127.4.156.196:40487, user_credentials={real_user=slave}} blocked reactor thread for 71250.5us
I20260608 12:54:29.381341  7907 raft_consensus.cc:2955] T 7cc96841b4694c3cbd783041cbd995ef P e1e4848e17134da78dff9da320dad789 [term 1 FOLLOWER]: Committing config change with OpId 1.3: config changed from index 2 to 3, 763d450b9c784bd8869c2cd5b2406520 (127.4.156.196) changed from NON_VOTER to VOTER. New config: { opid_index: 3 OBSOLETE_local: false peers { permanent_uuid: "b94007148b75437baa6640acc06718b0" member_type: VOTER last_known_addr { host: "127.4.156.194" port: 34139 } attrs { replace: true } } peers { permanent_uuid: "e1e4848e17134da78dff9da320dad789" member_type: VOTER last_known_addr { host: "127.4.156.195" port: 41379 } } peers { permanent_uuid: "d307751d7f2f4368b379dd135b0ddb6b" member_type: VOTER last_known_addr { host: "127.4.156.193" port: 44357 } } peers { permanent_uuid: "763d450b9c784bd8869c2cd5b2406520" member_type: VOTER last_known_addr { host: "127.4.156.196" port: 40487 } attrs { promote: false } } }
I20260608 12:54:29.381546  7833 raft_consensus.cc:2955] T 7cc96841b4694c3cbd783041cbd995ef P b94007148b75437baa6640acc06718b0 [term 1 FOLLOWER]: Committing config change with OpId 1.3: config changed from index 2 to 3, 763d450b9c784bd8869c2cd5b2406520 (127.4.156.196) changed from NON_VOTER to VOTER. New config: { opid_index: 3 OBSOLETE_local: false peers { permanent_uuid: "b94007148b75437baa6640acc06718b0" member_type: VOTER last_known_addr { host: "127.4.156.194" port: 34139 } attrs { replace: true } } peers { permanent_uuid: "e1e4848e17134da78dff9da320dad789" member_type: VOTER last_known_addr { host: "127.4.156.195" port: 41379 } } peers { permanent_uuid: "d307751d7f2f4368b379dd135b0ddb6b" member_type: VOTER last_known_addr { host: "127.4.156.193" port: 44357 } } peers { permanent_uuid: "763d450b9c784bd8869c2cd5b2406520" member_type: VOTER last_known_addr { host: "127.4.156.196" port: 40487 } attrs { promote: false } } }
I20260608 12:54:29.406350  7907 consensus_queue.cc:237] T 44abdde2c48749f9bf311c8328fab04f P e1e4848e17134da78dff9da320dad789 [LEADER]: Queue going to LEADER mode. State: All replicated index: 0, Majority replicated index: 3, Committed index: 3, Last appended: 1.3, Last appended by leader: 0, Current term: 1, Majority size: 2, State: 0, Mode: LEADER, active raft config: opid_index: 4 OBSOLETE_local: false peers { permanent_uuid: "e1e4848e17134da78dff9da320dad789" member_type: VOTER last_known_addr { host: "127.4.156.195" port: 41379 } } peers { permanent_uuid: "d307751d7f2f4368b379dd135b0ddb6b" member_type: VOTER last_known_addr { host: "127.4.156.193" port: 44357 } } peers { permanent_uuid: "b94007148b75437baa6640acc06718b0" member_type: VOTER last_known_addr { host: "127.4.156.194" port: 34139 } attrs { promote: false } }
I20260608 12:54:29.411402  7655 catalog_manager.cc:5696] T 7cc96841b4694c3cbd783041cbd995ef P b94007148b75437baa6640acc06718b0 reported cstate change: config changed from index 2 to 3, 763d450b9c784bd8869c2cd5b2406520 (127.4.156.196) changed from NON_VOTER to VOTER. New cstate: current_term: 1 leader_uuid: "d307751d7f2f4368b379dd135b0ddb6b" committed_config { opid_index: 3 OBSOLETE_local: false peers { permanent_uuid: "b94007148b75437baa6640acc06718b0" member_type: VOTER last_known_addr { host: "127.4.156.194" port: 34139 } attrs { replace: true } } peers { permanent_uuid: "e1e4848e17134da78dff9da320dad789" member_type: VOTER last_known_addr { host: "127.4.156.195" port: 41379 } } peers { permanent_uuid: "d307751d7f2f4368b379dd135b0ddb6b" member_type: VOTER last_known_addr { host: "127.4.156.193" port: 44357 } } peers { permanent_uuid: "763d450b9c784bd8869c2cd5b2406520" member_type: VOTER last_known_addr { host: "127.4.156.196" port: 40487 } attrs { promote: false } } }
I20260608 12:54:29.414304  7833 raft_consensus.cc:1275] T 44abdde2c48749f9bf311c8328fab04f P b94007148b75437baa6640acc06718b0 [term 1 FOLLOWER]: Refusing update from remote peer e1e4848e17134da78dff9da320dad789: Log matching property violated. Preceding OpId in replica: term: 1 index: 3. Preceding OpId from leader: term: 1 index: 4. (index mismatch)
I20260608 12:54:29.415970  7756 raft_consensus.cc:1275] T 44abdde2c48749f9bf311c8328fab04f P d307751d7f2f4368b379dd135b0ddb6b [term 1 FOLLOWER]: Refusing update from remote peer e1e4848e17134da78dff9da320dad789: Log matching property violated. Preceding OpId in replica: term: 1 index: 3. Preceding OpId from leader: term: 1 index: 4. (index mismatch)
I20260608 12:54:29.418016  8329 consensus_queue.cc:1048] T 44abdde2c48749f9bf311c8328fab04f P e1e4848e17134da78dff9da320dad789 [LEADER]: Connected to new peer: Peer: permanent_uuid: "d307751d7f2f4368b379dd135b0ddb6b" member_type: VOTER last_known_addr { host: "127.4.156.193" port: 44357 }, Status: LMP_MISMATCH, Last received: 0.0, Next index: 4, Last known committed idx: 3, Time since last communication: 0.001s
I20260608 12:54:29.420346  8312 consensus_queue.cc:1048] T 44abdde2c48749f9bf311c8328fab04f P e1e4848e17134da78dff9da320dad789 [LEADER]: Connected to new peer: Peer: permanent_uuid: "b94007148b75437baa6640acc06718b0" member_type: VOTER last_known_addr { host: "127.4.156.194" port: 34139 } attrs { promote: false }, Status: LMP_MISMATCH, Last received: 0.0, Next index: 4, Last known committed idx: 3, Time since last communication: 0.001s
I20260608 12:54:29.429817  8331 raft_consensus.cc:2955] T 44abdde2c48749f9bf311c8328fab04f P e1e4848e17134da78dff9da320dad789 [term 1 LEADER]: Committing config change with OpId 1.4: config changed from index 3 to 4, VOTER 763d450b9c784bd8869c2cd5b2406520 (127.4.156.196) evicted. New config: { opid_index: 4 OBSOLETE_local: false peers { permanent_uuid: "e1e4848e17134da78dff9da320dad789" member_type: VOTER last_known_addr { host: "127.4.156.195" port: 41379 } } peers { permanent_uuid: "d307751d7f2f4368b379dd135b0ddb6b" member_type: VOTER last_known_addr { host: "127.4.156.193" port: 44357 } } peers { permanent_uuid: "b94007148b75437baa6640acc06718b0" member_type: VOTER last_known_addr { host: "127.4.156.194" port: 34139 } attrs { promote: false } } }
I20260608 12:54:29.432402  7756 raft_consensus.cc:2955] T 44abdde2c48749f9bf311c8328fab04f P d307751d7f2f4368b379dd135b0ddb6b [term 1 FOLLOWER]: Committing config change with OpId 1.4: config changed from index 3 to 4, VOTER 763d450b9c784bd8869c2cd5b2406520 (127.4.156.196) evicted. New config: { opid_index: 4 OBSOLETE_local: false peers { permanent_uuid: "e1e4848e17134da78dff9da320dad789" member_type: VOTER last_known_addr { host: "127.4.156.195" port: 41379 } } peers { permanent_uuid: "d307751d7f2f4368b379dd135b0ddb6b" member_type: VOTER last_known_addr { host: "127.4.156.193" port: 44357 } } peers { permanent_uuid: "b94007148b75437baa6640acc06718b0" member_type: VOTER last_known_addr { host: "127.4.156.194" port: 34139 } attrs { promote: false } } }
I20260608 12:54:29.437112  7835 raft_consensus.cc:2955] T 44abdde2c48749f9bf311c8328fab04f P b94007148b75437baa6640acc06718b0 [term 1 FOLLOWER]: Committing config change with OpId 1.4: config changed from index 3 to 4, VOTER 763d450b9c784bd8869c2cd5b2406520 (127.4.156.196) evicted. New config: { opid_index: 4 OBSOLETE_local: false peers { permanent_uuid: "e1e4848e17134da78dff9da320dad789" member_type: VOTER last_known_addr { host: "127.4.156.195" port: 41379 } } peers { permanent_uuid: "d307751d7f2f4368b379dd135b0ddb6b" member_type: VOTER last_known_addr { host: "127.4.156.193" port: 44357 } } peers { permanent_uuid: "b94007148b75437baa6640acc06718b0" member_type: VOTER last_known_addr { host: "127.4.156.194" port: 34139 } attrs { promote: false } } }
I20260608 12:54:29.443998  7642 catalog_manager.cc:5209] ChangeConfig:REMOVE_PEER RPC for tablet 44abdde2c48749f9bf311c8328fab04f with cas_config_opid_index 3: ChangeConfig:REMOVE_PEER succeeded (attempt 1)
I20260608 12:54:29.459859  7757 consensus_queue.cc:237] T 7cc96841b4694c3cbd783041cbd995ef P d307751d7f2f4368b379dd135b0ddb6b [LEADER]: Queue going to LEADER mode. State: All replicated index: 0, Majority replicated index: 3, Committed index: 3, Last appended: 1.3, Last appended by leader: 0, Current term: 1, Majority size: 2, State: 0, Mode: LEADER, active raft config: opid_index: 4 OBSOLETE_local: false peers { permanent_uuid: "e1e4848e17134da78dff9da320dad789" member_type: VOTER last_known_addr { host: "127.4.156.195" port: 41379 } } peers { permanent_uuid: "d307751d7f2f4368b379dd135b0ddb6b" member_type: VOTER last_known_addr { host: "127.4.156.193" port: 44357 } } peers { permanent_uuid: "763d450b9c784bd8869c2cd5b2406520" member_type: VOTER last_known_addr { host: "127.4.156.196" port: 40487 } attrs { promote: false } }
I20260608 12:54:29.460932  7658 catalog_manager.cc:5696] T 44abdde2c48749f9bf311c8328fab04f P d307751d7f2f4368b379dd135b0ddb6b reported cstate change: config changed from index 3 to 4, VOTER 763d450b9c784bd8869c2cd5b2406520 (127.4.156.196) evicted. New cstate: current_term: 1 leader_uuid: "e1e4848e17134da78dff9da320dad789" committed_config { opid_index: 4 OBSOLETE_local: false peers { permanent_uuid: "e1e4848e17134da78dff9da320dad789" member_type: VOTER last_known_addr { host: "127.4.156.195" port: 41379 } } peers { permanent_uuid: "d307751d7f2f4368b379dd135b0ddb6b" member_type: VOTER last_known_addr { host: "127.4.156.193" port: 44357 } } peers { permanent_uuid: "b94007148b75437baa6640acc06718b0" member_type: VOTER last_known_addr { host: "127.4.156.194" port: 34139 } attrs { promote: false } } }
I20260608 12:54:29.465924  7907 raft_consensus.cc:1275] T 7cc96841b4694c3cbd783041cbd995ef P e1e4848e17134da78dff9da320dad789 [term 1 FOLLOWER]: Refusing update from remote peer d307751d7f2f4368b379dd135b0ddb6b: Log matching property violated. Preceding OpId in replica: term: 1 index: 3. Preceding OpId from leader: term: 1 index: 4. (index mismatch)
I20260608 12:54:29.465914  8062 raft_consensus.cc:1275] T 7cc96841b4694c3cbd783041cbd995ef P 763d450b9c784bd8869c2cd5b2406520 [term 1 FOLLOWER]: Refusing update from remote peer d307751d7f2f4368b379dd135b0ddb6b: Log matching property violated. Preceding OpId in replica: term: 1 index: 3. Preceding OpId from leader: term: 1 index: 4. (index mismatch)
I20260608 12:54:29.467847  8323 consensus_queue.cc:1048] T 7cc96841b4694c3cbd783041cbd995ef P d307751d7f2f4368b379dd135b0ddb6b [LEADER]: Connected to new peer: Peer: permanent_uuid: "763d450b9c784bd8869c2cd5b2406520" member_type: VOTER last_known_addr { host: "127.4.156.196" port: 40487 } attrs { promote: false }, Status: LMP_MISMATCH, Last received: 0.0, Next index: 4, Last known committed idx: 3, Time since last communication: 0.001s
I20260608 12:54:29.470407  8323 consensus_queue.cc:1048] T 7cc96841b4694c3cbd783041cbd995ef P d307751d7f2f4368b379dd135b0ddb6b [LEADER]: Connected to new peer: Peer: permanent_uuid: "e1e4848e17134da78dff9da320dad789" member_type: VOTER last_known_addr { host: "127.4.156.195" port: 41379 }, Status: LMP_MISMATCH, Last received: 0.0, Next index: 4, Last known committed idx: 3, Time since last communication: 0.000s
I20260608 12:54:29.477433  8315 raft_consensus.cc:2955] T 7cc96841b4694c3cbd783041cbd995ef P d307751d7f2f4368b379dd135b0ddb6b [term 1 LEADER]: Committing config change with OpId 1.4: config changed from index 3 to 4, VOTER b94007148b75437baa6640acc06718b0 (127.4.156.194) evicted. New config: { opid_index: 4 OBSOLETE_local: false peers { permanent_uuid: "e1e4848e17134da78dff9da320dad789" member_type: VOTER last_known_addr { host: "127.4.156.195" port: 41379 } } peers { permanent_uuid: "d307751d7f2f4368b379dd135b0ddb6b" member_type: VOTER last_known_addr { host: "127.4.156.193" port: 44357 } } peers { permanent_uuid: "763d450b9c784bd8869c2cd5b2406520" member_type: VOTER last_known_addr { host: "127.4.156.196" port: 40487 } attrs { promote: false } } }
I20260608 12:54:29.479246  8062 raft_consensus.cc:2955] T 7cc96841b4694c3cbd783041cbd995ef P 763d450b9c784bd8869c2cd5b2406520 [term 1 FOLLOWER]: Committing config change with OpId 1.4: config changed from index 3 to 4, VOTER b94007148b75437baa6640acc06718b0 (127.4.156.194) evicted. New config: { opid_index: 4 OBSOLETE_local: false peers { permanent_uuid: "e1e4848e17134da78dff9da320dad789" member_type: VOTER last_known_addr { host: "127.4.156.195" port: 41379 } } peers { permanent_uuid: "d307751d7f2f4368b379dd135b0ddb6b" member_type: VOTER last_known_addr { host: "127.4.156.193" port: 44357 } } peers { permanent_uuid: "763d450b9c784bd8869c2cd5b2406520" member_type: VOTER last_known_addr { host: "127.4.156.196" port: 40487 } attrs { promote: false } } }
I20260608 12:54:29.480273  8049 tablet_service.cc:1558] Processing DeleteTablet for tablet 44abdde2c48749f9bf311c8328fab04f with delete_type TABLET_DATA_TOMBSTONED (TS 763d450b9c784bd8869c2cd5b2406520 not found in new config with opid_index 4) from {username='slave'} at 127.0.0.1:46992
I20260608 12:54:29.493387  8337 tablet_replica.cc:333] T 44abdde2c48749f9bf311c8328fab04f P 763d450b9c784bd8869c2cd5b2406520: stopping tablet replica
I20260608 12:54:29.495949  7658 catalog_manager.cc:5696] T 7cc96841b4694c3cbd783041cbd995ef P 763d450b9c784bd8869c2cd5b2406520 reported cstate change: config changed from index 3 to 4, VOTER b94007148b75437baa6640acc06718b0 (127.4.156.194) evicted. New cstate: current_term: 1 leader_uuid: "d307751d7f2f4368b379dd135b0ddb6b" committed_config { opid_index: 4 OBSOLETE_local: false peers { permanent_uuid: "e1e4848e17134da78dff9da320dad789" member_type: VOTER last_known_addr { host: "127.4.156.195" port: 41379 } } peers { permanent_uuid: "d307751d7f2f4368b379dd135b0ddb6b" member_type: VOTER last_known_addr { host: "127.4.156.193" port: 44357 } } peers { permanent_uuid: "763d450b9c784bd8869c2cd5b2406520" member_type: VOTER last_known_addr { host: "127.4.156.196" port: 40487 } attrs { promote: false } } }
I20260608 12:54:29.499498  8337 raft_consensus.cc:2243] T 44abdde2c48749f9bf311c8328fab04f P 763d450b9c784bd8869c2cd5b2406520 [term 1 FOLLOWER]: Raft consensus shutting down.
I20260608 12:54:29.500640  8337 raft_consensus.cc:2272] T 44abdde2c48749f9bf311c8328fab04f P 763d450b9c784bd8869c2cd5b2406520 [term 1 FOLLOWER]: Raft consensus is shut down!
I20260608 12:54:29.500653  7907 raft_consensus.cc:2955] T 7cc96841b4694c3cbd783041cbd995ef P e1e4848e17134da78dff9da320dad789 [term 1 FOLLOWER]: Committing config change with OpId 1.4: config changed from index 3 to 4, VOTER b94007148b75437baa6640acc06718b0 (127.4.156.194) evicted. New config: { opid_index: 4 OBSOLETE_local: false peers { permanent_uuid: "e1e4848e17134da78dff9da320dad789" member_type: VOTER last_known_addr { host: "127.4.156.195" port: 41379 } } peers { permanent_uuid: "d307751d7f2f4368b379dd135b0ddb6b" member_type: VOTER last_known_addr { host: "127.4.156.193" port: 44357 } } peers { permanent_uuid: "763d450b9c784bd8869c2cd5b2406520" member_type: VOTER last_known_addr { host: "127.4.156.196" port: 40487 } attrs { promote: false } } }
I20260608 12:54:29.509006  7819 tablet_service.cc:1558] Processing DeleteTablet for tablet 7cc96841b4694c3cbd783041cbd995ef with delete_type TABLET_DATA_TOMBSTONED (TS b94007148b75437baa6640acc06718b0 not found in new config with opid_index 4) from {username='slave'} at 127.0.0.1:44594
I20260608 12:54:29.509184  8337 ts_tablet_manager.cc:1916] T 44abdde2c48749f9bf311c8328fab04f P 763d450b9c784bd8869c2cd5b2406520: Deleting tablet data with delete state TABLET_DATA_TOMBSTONED
I20260608 12:54:29.511839  7645 catalog_manager.cc:5209] ChangeConfig:REMOVE_PEER RPC for tablet 7cc96841b4694c3cbd783041cbd995ef with cas_config_opid_index 3: ChangeConfig:REMOVE_PEER succeeded (attempt 1)
I20260608 12:54:29.524078  8338 tablet_replica.cc:333] T 7cc96841b4694c3cbd783041cbd995ef P b94007148b75437baa6640acc06718b0: stopping tablet replica
I20260608 12:54:29.524919  8337 ts_tablet_manager.cc:1929] T 44abdde2c48749f9bf311c8328fab04f P 763d450b9c784bd8869c2cd5b2406520: tablet deleted with delete type TABLET_DATA_TOMBSTONED: last-logged OpId 1.3
I20260608 12:54:29.525558  8337 log.cc:1199] T 44abdde2c48749f9bf311c8328fab04f P 763d450b9c784bd8869c2cd5b2406520: Deleting WAL directory at /tmp/dist-test-taskuKG53q/test-tmp/auto_rebalancer-test.0.AutoRebalancerTest.RangeAwareRebalancesNewRangeReplicas.1780923178626627-4723-0/minicluster-data/ts-3-root/wals/44abdde2c48749f9bf311c8328fab04f
I20260608 12:54:29.525822  8338 raft_consensus.cc:2243] T 7cc96841b4694c3cbd783041cbd995ef P b94007148b75437baa6640acc06718b0 [term 1 FOLLOWER]: Raft consensus shutting down.
I20260608 12:54:29.526832  8338 raft_consensus.cc:2272] T 7cc96841b4694c3cbd783041cbd995ef P b94007148b75437baa6640acc06718b0 [term 1 FOLLOWER]: Raft consensus is shut down!
I20260608 12:54:29.527664  7645 catalog_manager.cc:5027] TS 763d450b9c784bd8869c2cd5b2406520 (127.4.156.196:40487): tablet 44abdde2c48749f9bf311c8328fab04f (table range_aware_rebalance_new_range [id=2a99e8c7cb2f47efb260acdcff7eb195]) successfully deleted
I20260608 12:54:29.531083  8338 ts_tablet_manager.cc:1916] T 7cc96841b4694c3cbd783041cbd995ef P b94007148b75437baa6640acc06718b0: Deleting tablet data with delete state TABLET_DATA_TOMBSTONED
I20260608 12:54:29.542189  8317 raft_consensus.cc:1064] T 80065d496b354e1783395e4321626754 P b94007148b75437baa6640acc06718b0: attempting to promote NON_VOTER e1e4848e17134da78dff9da320dad789 to VOTER
I20260608 12:54:29.545522  8317 consensus_queue.cc:237] T 80065d496b354e1783395e4321626754 P b94007148b75437baa6640acc06718b0 [LEADER]: Queue going to LEADER mode. State: All replicated index: 0, Majority replicated index: 2, Committed index: 2, Last appended: 1.2, Last appended by leader: 0, Current term: 1, Majority size: 3, State: 0, Mode: LEADER, active raft config: opid_index: 3 OBSOLETE_local: false peers { permanent_uuid: "763d450b9c784bd8869c2cd5b2406520" member_type: VOTER last_known_addr { host: "127.4.156.196" port: 40487 } attrs { replace: true } } peers { permanent_uuid: "d307751d7f2f4368b379dd135b0ddb6b" member_type: VOTER last_known_addr { host: "127.4.156.193" port: 44357 } } peers { permanent_uuid: "b94007148b75437baa6640acc06718b0" member_type: VOTER last_known_addr { host: "127.4.156.194" port: 34139 } } peers { permanent_uuid: "e1e4848e17134da78dff9da320dad789" member_type: VOTER last_known_addr { host: "127.4.156.195" port: 41379 } attrs { promote: false } }
I20260608 12:54:29.548310  8338 ts_tablet_manager.cc:1929] T 7cc96841b4694c3cbd783041cbd995ef P b94007148b75437baa6640acc06718b0: tablet deleted with delete type TABLET_DATA_TOMBSTONED: last-logged OpId 1.3
I20260608 12:54:29.548843  8338 log.cc:1199] T 7cc96841b4694c3cbd783041cbd995ef P b94007148b75437baa6640acc06718b0: Deleting WAL directory at /tmp/dist-test-taskuKG53q/test-tmp/auto_rebalancer-test.0.AutoRebalancerTest.RangeAwareRebalancesNewRangeReplicas.1780923178626627-4723-0/minicluster-data/ts-1-root/wals/7cc96841b4694c3cbd783041cbd995ef
I20260608 12:54:29.551261  7642 catalog_manager.cc:5027] TS b94007148b75437baa6640acc06718b0 (127.4.156.194:34139): tablet 7cc96841b4694c3cbd783041cbd995ef (table range_aware_rebalance_new_range [id=2a99e8c7cb2f47efb260acdcff7eb195]) successfully deleted
I20260608 12:54:29.555187  7907 raft_consensus.cc:1275] T 80065d496b354e1783395e4321626754 P e1e4848e17134da78dff9da320dad789 [term 1 LEARNER]: Refusing update from remote peer b94007148b75437baa6640acc06718b0: Log matching property violated. Preceding OpId in replica: term: 1 index: 2. Preceding OpId from leader: term: 1 index: 3. (index mismatch)
I20260608 12:54:29.556808  7757 raft_consensus.cc:1275] T 80065d496b354e1783395e4321626754 P d307751d7f2f4368b379dd135b0ddb6b [term 1 FOLLOWER]: Refusing update from remote peer b94007148b75437baa6640acc06718b0: Log matching property violated. Preceding OpId in replica: term: 1 index: 2. Preceding OpId from leader: term: 1 index: 3. (index mismatch)
I20260608 12:54:29.556810  8339 consensus_queue.cc:1048] T 80065d496b354e1783395e4321626754 P b94007148b75437baa6640acc06718b0 [LEADER]: Connected to new peer: Peer: permanent_uuid: "e1e4848e17134da78dff9da320dad789" member_type: VOTER last_known_addr { host: "127.4.156.195" port: 41379 } attrs { promote: false }, Status: LMP_MISMATCH, Last received: 0.0, Next index: 3, Last known committed idx: 2, Time since last communication: 0.001s
I20260608 12:54:29.558652  8062 raft_consensus.cc:1275] T 80065d496b354e1783395e4321626754 P 763d450b9c784bd8869c2cd5b2406520 [term 1 FOLLOWER]: Refusing update from remote peer b94007148b75437baa6640acc06718b0: Log matching property violated. Preceding OpId in replica: term: 1 index: 2. Preceding OpId from leader: term: 1 index: 3. (index mismatch)
I20260608 12:54:29.561022  8341 consensus_queue.cc:1048] T 80065d496b354e1783395e4321626754 P b94007148b75437baa6640acc06718b0 [LEADER]: Connected to new peer: Peer: permanent_uuid: "763d450b9c784bd8869c2cd5b2406520" member_type: VOTER last_known_addr { host: "127.4.156.196" port: 40487 } attrs { replace: true }, Status: LMP_MISMATCH, Last received: 0.0, Next index: 3, Last known committed idx: 2, Time since last communication: 0.001s
I20260608 12:54:29.563119  8342 consensus_queue.cc:1048] T 80065d496b354e1783395e4321626754 P b94007148b75437baa6640acc06718b0 [LEADER]: Connected to new peer: Peer: permanent_uuid: "d307751d7f2f4368b379dd135b0ddb6b" member_type: VOTER last_known_addr { host: "127.4.156.193" port: 44357 }, Status: LMP_MISMATCH, Last received: 0.0, Next index: 3, Last known committed idx: 2, Time since last communication: 0.001s
I20260608 12:54:29.580420  8342 raft_consensus.cc:2955] T 80065d496b354e1783395e4321626754 P b94007148b75437baa6640acc06718b0 [term 1 LEADER]: Committing config change with OpId 1.3: config changed from index 2 to 3, e1e4848e17134da78dff9da320dad789 (127.4.156.195) changed from NON_VOTER to VOTER. New config: { opid_index: 3 OBSOLETE_local: false peers { permanent_uuid: "763d450b9c784bd8869c2cd5b2406520" member_type: VOTER last_known_addr { host: "127.4.156.196" port: 40487 } attrs { replace: true } } peers { permanent_uuid: "d307751d7f2f4368b379dd135b0ddb6b" member_type: VOTER last_known_addr { host: "127.4.156.193" port: 44357 } } peers { permanent_uuid: "b94007148b75437baa6640acc06718b0" member_type: VOTER last_known_addr { host: "127.4.156.194" port: 34139 } } peers { permanent_uuid: "e1e4848e17134da78dff9da320dad789" member_type: VOTER last_known_addr { host: "127.4.156.195" port: 41379 } attrs { promote: false } } }
I20260608 12:54:29.581954  7757 raft_consensus.cc:2955] T 80065d496b354e1783395e4321626754 P d307751d7f2f4368b379dd135b0ddb6b [term 1 FOLLOWER]: Committing config change with OpId 1.3: config changed from index 2 to 3, e1e4848e17134da78dff9da320dad789 (127.4.156.195) changed from NON_VOTER to VOTER. New config: { opid_index: 3 OBSOLETE_local: false peers { permanent_uuid: "763d450b9c784bd8869c2cd5b2406520" member_type: VOTER last_known_addr { host: "127.4.156.196" port: 40487 } attrs { replace: true } } peers { permanent_uuid: "d307751d7f2f4368b379dd135b0ddb6b" member_type: VOTER last_known_addr { host: "127.4.156.193" port: 44357 } } peers { permanent_uuid: "b94007148b75437baa6640acc06718b0" member_type: VOTER last_known_addr { host: "127.4.156.194" port: 34139 } } peers { permanent_uuid: "e1e4848e17134da78dff9da320dad789" member_type: VOTER last_known_addr { host: "127.4.156.195" port: 41379 } attrs { promote: false } } }
I20260608 12:54:29.593132  7907 raft_consensus.cc:2955] T 80065d496b354e1783395e4321626754 P e1e4848e17134da78dff9da320dad789 [term 1 FOLLOWER]: Committing config change with OpId 1.3: config changed from index 2 to 3, e1e4848e17134da78dff9da320dad789 (127.4.156.195) changed from NON_VOTER to VOTER. New config: { opid_index: 3 OBSOLETE_local: false peers { permanent_uuid: "763d450b9c784bd8869c2cd5b2406520" member_type: VOTER last_known_addr { host: "127.4.156.196" port: 40487 } attrs { replace: true } } peers { permanent_uuid: "d307751d7f2f4368b379dd135b0ddb6b" member_type: VOTER last_known_addr { host: "127.4.156.193" port: 44357 } } peers { permanent_uuid: "b94007148b75437baa6640acc06718b0" member_type: VOTER last_known_addr { host: "127.4.156.194" port: 34139 } } peers { permanent_uuid: "e1e4848e17134da78dff9da320dad789" member_type: VOTER last_known_addr { host: "127.4.156.195" port: 41379 } attrs { promote: false } } }
I20260608 12:54:29.591091  8062 raft_consensus.cc:2955] T 80065d496b354e1783395e4321626754 P 763d450b9c784bd8869c2cd5b2406520 [term 1 FOLLOWER]: Committing config change with OpId 1.3: config changed from index 2 to 3, e1e4848e17134da78dff9da320dad789 (127.4.156.195) changed from NON_VOTER to VOTER. New config: { opid_index: 3 OBSOLETE_local: false peers { permanent_uuid: "763d450b9c784bd8869c2cd5b2406520" member_type: VOTER last_known_addr { host: "127.4.156.196" port: 40487 } attrs { replace: true } } peers { permanent_uuid: "d307751d7f2f4368b379dd135b0ddb6b" member_type: VOTER last_known_addr { host: "127.4.156.193" port: 44357 } } peers { permanent_uuid: "b94007148b75437baa6640acc06718b0" member_type: VOTER last_known_addr { host: "127.4.156.194" port: 34139 } } peers { permanent_uuid: "e1e4848e17134da78dff9da320dad789" member_type: VOTER last_known_addr { host: "127.4.156.195" port: 41379 } attrs { promote: false } } }
I20260608 12:54:29.598738  7655 catalog_manager.cc:5696] T 80065d496b354e1783395e4321626754 P b94007148b75437baa6640acc06718b0 reported cstate change: config changed from index 2 to 3, e1e4848e17134da78dff9da320dad789 (127.4.156.195) changed from NON_VOTER to VOTER. New cstate: current_term: 1 leader_uuid: "b94007148b75437baa6640acc06718b0" committed_config { opid_index: 3 OBSOLETE_local: false peers { permanent_uuid: "763d450b9c784bd8869c2cd5b2406520" member_type: VOTER last_known_addr { host: "127.4.156.196" port: 40487 } attrs { replace: true } health_report { overall_health: HEALTHY } } peers { permanent_uuid: "d307751d7f2f4368b379dd135b0ddb6b" member_type: VOTER last_known_addr { host: "127.4.156.193" port: 44357 } health_report { overall_health: HEALTHY } } peers { permanent_uuid: "b94007148b75437baa6640acc06718b0" member_type: VOTER last_known_addr { host: "127.4.156.194" port: 34139 } health_report { overall_health: HEALTHY } } peers { permanent_uuid: "e1e4848e17134da78dff9da320dad789" member_type: VOTER last_known_addr { host: "127.4.156.195" port: 41379 } attrs { promote: false } health_report { overall_health: HEALTHY } } }
I20260608 12:54:29.616829  7835 consensus_queue.cc:237] T 80065d496b354e1783395e4321626754 P b94007148b75437baa6640acc06718b0 [LEADER]: Queue going to LEADER mode. State: All replicated index: 0, Majority replicated index: 3, Committed index: 3, Last appended: 1.3, Last appended by leader: 0, Current term: 1, Majority size: 2, State: 0, Mode: LEADER, active raft config: opid_index: 4 OBSOLETE_local: false peers { permanent_uuid: "d307751d7f2f4368b379dd135b0ddb6b" member_type: VOTER last_known_addr { host: "127.4.156.193" port: 44357 } } peers { permanent_uuid: "b94007148b75437baa6640acc06718b0" member_type: VOTER last_known_addr { host: "127.4.156.194" port: 34139 } } peers { permanent_uuid: "e1e4848e17134da78dff9da320dad789" member_type: VOTER last_known_addr { host: "127.4.156.195" port: 41379 } attrs { promote: false } }
I20260608 12:54:29.622186  7907 raft_consensus.cc:1275] T 80065d496b354e1783395e4321626754 P e1e4848e17134da78dff9da320dad789 [term 1 FOLLOWER]: Refusing update from remote peer b94007148b75437baa6640acc06718b0: Log matching property violated. Preceding OpId in replica: term: 1 index: 3. Preceding OpId from leader: term: 1 index: 4. (index mismatch)
I20260608 12:54:29.624384  8342 consensus_queue.cc:1048] T 80065d496b354e1783395e4321626754 P b94007148b75437baa6640acc06718b0 [LEADER]: Connected to new peer: Peer: permanent_uuid: "e1e4848e17134da78dff9da320dad789" member_type: VOTER last_known_addr { host: "127.4.156.195" port: 41379 } attrs { promote: false }, Status: LMP_MISMATCH, Last received: 0.0, Next index: 4, Last known committed idx: 3, Time since last communication: 0.000s
I20260608 12:54:29.627892  7757 raft_consensus.cc:1275] T 80065d496b354e1783395e4321626754 P d307751d7f2f4368b379dd135b0ddb6b [term 1 FOLLOWER]: Refusing update from remote peer b94007148b75437baa6640acc06718b0: Log matching property violated. Preceding OpId in replica: term: 1 index: 3. Preceding OpId from leader: term: 1 index: 4. (index mismatch)
I20260608 12:54:29.629359  8342 consensus_queue.cc:1048] T 80065d496b354e1783395e4321626754 P b94007148b75437baa6640acc06718b0 [LEADER]: Connected to new peer: Peer: permanent_uuid: "d307751d7f2f4368b379dd135b0ddb6b" member_type: VOTER last_known_addr { host: "127.4.156.193" port: 44357 }, Status: LMP_MISMATCH, Last received: 0.0, Next index: 4, Last known committed idx: 3, Time since last communication: 0.000s
I20260608 12:54:29.632097  8339 raft_consensus.cc:2955] T 80065d496b354e1783395e4321626754 P b94007148b75437baa6640acc06718b0 [term 1 LEADER]: Committing config change with OpId 1.4: config changed from index 3 to 4, VOTER 763d450b9c784bd8869c2cd5b2406520 (127.4.156.196) evicted. New config: { opid_index: 4 OBSOLETE_local: false peers { permanent_uuid: "d307751d7f2f4368b379dd135b0ddb6b" member_type: VOTER last_known_addr { host: "127.4.156.193" port: 44357 } } peers { permanent_uuid: "b94007148b75437baa6640acc06718b0" member_type: VOTER last_known_addr { host: "127.4.156.194" port: 34139 } } peers { permanent_uuid: "e1e4848e17134da78dff9da320dad789" member_type: VOTER last_known_addr { host: "127.4.156.195" port: 41379 } attrs { promote: false } } }
I20260608 12:54:29.633970  7908 raft_consensus.cc:2955] T 80065d496b354e1783395e4321626754 P e1e4848e17134da78dff9da320dad789 [term 1 FOLLOWER]: Committing config change with OpId 1.4: config changed from index 3 to 4, VOTER 763d450b9c784bd8869c2cd5b2406520 (127.4.156.196) evicted. New config: { opid_index: 4 OBSOLETE_local: false peers { permanent_uuid: "d307751d7f2f4368b379dd135b0ddb6b" member_type: VOTER last_known_addr { host: "127.4.156.193" port: 44357 } } peers { permanent_uuid: "b94007148b75437baa6640acc06718b0" member_type: VOTER last_known_addr { host: "127.4.156.194" port: 34139 } } peers { permanent_uuid: "e1e4848e17134da78dff9da320dad789" member_type: VOTER last_known_addr { host: "127.4.156.195" port: 41379 } attrs { promote: false } } }
I20260608 12:54:29.642936  7642 catalog_manager.cc:5209] ChangeConfig:REMOVE_PEER RPC for tablet 80065d496b354e1783395e4321626754 with cas_config_opid_index 3: ChangeConfig:REMOVE_PEER succeeded (attempt 1)
I20260608 12:54:29.645349  7756 raft_consensus.cc:2955] T 80065d496b354e1783395e4321626754 P d307751d7f2f4368b379dd135b0ddb6b [term 1 FOLLOWER]: Committing config change with OpId 1.4: config changed from index 3 to 4, VOTER 763d450b9c784bd8869c2cd5b2406520 (127.4.156.196) evicted. New config: { opid_index: 4 OBSOLETE_local: false peers { permanent_uuid: "d307751d7f2f4368b379dd135b0ddb6b" member_type: VOTER last_known_addr { host: "127.4.156.193" port: 44357 } } peers { permanent_uuid: "b94007148b75437baa6640acc06718b0" member_type: VOTER last_known_addr { host: "127.4.156.194" port: 34139 } } peers { permanent_uuid: "e1e4848e17134da78dff9da320dad789" member_type: VOTER last_known_addr { host: "127.4.156.195" port: 41379 } attrs { promote: false } } }
I20260608 12:54:29.648401  7656 catalog_manager.cc:5696] T 80065d496b354e1783395e4321626754 P b94007148b75437baa6640acc06718b0 reported cstate change: config changed from index 3 to 4, VOTER 763d450b9c784bd8869c2cd5b2406520 (127.4.156.196) evicted. New cstate: current_term: 1 leader_uuid: "b94007148b75437baa6640acc06718b0" committed_config { opid_index: 4 OBSOLETE_local: false peers { permanent_uuid: "d307751d7f2f4368b379dd135b0ddb6b" member_type: VOTER last_known_addr { host: "127.4.156.193" port: 44357 } health_report { overall_health: HEALTHY } } peers { permanent_uuid: "b94007148b75437baa6640acc06718b0" member_type: VOTER last_known_addr { host: "127.4.156.194" port: 34139 } health_report { overall_health: HEALTHY } } peers { permanent_uuid: "e1e4848e17134da78dff9da320dad789" member_type: VOTER last_known_addr { host: "127.4.156.195" port: 41379 } attrs { promote: false } health_report { overall_health: HEALTHY } } }
I20260608 12:54:29.662657  8049 tablet_service.cc:1558] Processing DeleteTablet for tablet 80065d496b354e1783395e4321626754 with delete_type TABLET_DATA_TOMBSTONED (TS 763d450b9c784bd8869c2cd5b2406520 not found in new config with opid_index 4) from {username='slave'} at 127.0.0.1:46992
I20260608 12:54:29.663599  8337 tablet_replica.cc:333] T 80065d496b354e1783395e4321626754 P 763d450b9c784bd8869c2cd5b2406520: stopping tablet replica
I20260608 12:54:29.664600  8337 raft_consensus.cc:2243] T 80065d496b354e1783395e4321626754 P 763d450b9c784bd8869c2cd5b2406520 [term 1 FOLLOWER]: Raft consensus shutting down.
I20260608 12:54:29.665300  8337 raft_consensus.cc:2272] T 80065d496b354e1783395e4321626754 P 763d450b9c784bd8869c2cd5b2406520 [term 1 FOLLOWER]: Raft consensus is shut down!
I20260608 12:54:29.668443  8337 ts_tablet_manager.cc:1916] T 80065d496b354e1783395e4321626754 P 763d450b9c784bd8869c2cd5b2406520: Deleting tablet data with delete state TABLET_DATA_TOMBSTONED
I20260608 12:54:29.679029  8337 ts_tablet_manager.cc:1929] T 80065d496b354e1783395e4321626754 P 763d450b9c784bd8869c2cd5b2406520: tablet deleted with delete type TABLET_DATA_TOMBSTONED: last-logged OpId 1.3
I20260608 12:54:29.679401  8337 log.cc:1199] T 80065d496b354e1783395e4321626754 P 763d450b9c784bd8869c2cd5b2406520: Deleting WAL directory at /tmp/dist-test-taskuKG53q/test-tmp/auto_rebalancer-test.0.AutoRebalancerTest.RangeAwareRebalancesNewRangeReplicas.1780923178626627-4723-0/minicluster-data/ts-3-root/wals/80065d496b354e1783395e4321626754
I20260608 12:54:29.680821  7645 catalog_manager.cc:5027] TS 763d450b9c784bd8869c2cd5b2406520 (127.4.156.196:40487): tablet 80065d496b354e1783395e4321626754 (table range_aware_rebalance_new_range [id=2a99e8c7cb2f47efb260acdcff7eb195]) successfully deleted
I20260608 12:54:29.747633  7712 auto_leader_rebalancer.cc:140] leader rebalance for table range_aware_rebalance_new_range
I20260608 12:54:29.782626  7908 tablet_service.cc:2072] Received LeaderStepDown RPC: tablet_id: "44abdde2c48749f9bf311c8328fab04f"
dest_uuid: "e1e4848e17134da78dff9da320dad789"
mode: GRACEFUL
new_leader_uuid: "d307751d7f2f4368b379dd135b0ddb6b"
 from {username='slave'} at 127.0.0.1:53440
I20260608 12:54:29.783208  7908 raft_consensus.cc:606] T 44abdde2c48749f9bf311c8328fab04f P e1e4848e17134da78dff9da320dad789 [term 1 LEADER]: Received request to transfer leadership to TS d307751d7f2f4368b379dd135b0ddb6b
I20260608 12:54:29.784502  7712 auto_leader_rebalancer.cc:388] table: range_aware_rebalance_new_range, leader rebalance finish, leader transfer count: 1
I20260608 12:54:29.785154  7712 auto_leader_rebalancer.cc:451] All tables' leader rebalancing finished this round
I20260608 12:54:29.888072  8331 raft_consensus.cc:993] T 44abdde2c48749f9bf311c8328fab04f P e1e4848e17134da78dff9da320dad789: : Instructing follower d307751d7f2f4368b379dd135b0ddb6b to start an election
I20260608 12:54:29.888605  8329 raft_consensus.cc:1081] T 44abdde2c48749f9bf311c8328fab04f P e1e4848e17134da78dff9da320dad789 [term 1 LEADER]: Signalling peer d307751d7f2f4368b379dd135b0ddb6b to start an election
I20260608 12:54:29.890209  7756 tablet_service.cc:2044] Received Run Leader Election RPC: tablet_id: "44abdde2c48749f9bf311c8328fab04f"
dest_uuid: "d307751d7f2f4368b379dd135b0ddb6b"
 from {username='slave'} at 127.0.0.1:54640
I20260608 12:54:29.890733  7756 raft_consensus.cc:493] T 44abdde2c48749f9bf311c8328fab04f P d307751d7f2f4368b379dd135b0ddb6b [term 1 FOLLOWER]: Starting forced leader election (received explicit request)
I20260608 12:54:29.891044  7756 raft_consensus.cc:3060] T 44abdde2c48749f9bf311c8328fab04f P d307751d7f2f4368b379dd135b0ddb6b [term 1 FOLLOWER]: Advancing to term 2
I20260608 12:54:29.896495  7756 raft_consensus.cc:515] T 44abdde2c48749f9bf311c8328fab04f P d307751d7f2f4368b379dd135b0ddb6b [term 2 FOLLOWER]: Starting forced leader election with config: opid_index: 4 OBSOLETE_local: false peers { permanent_uuid: "e1e4848e17134da78dff9da320dad789" member_type: VOTER last_known_addr { host: "127.4.156.195" port: 41379 } } peers { permanent_uuid: "d307751d7f2f4368b379dd135b0ddb6b" member_type: VOTER last_known_addr { host: "127.4.156.193" port: 44357 } } peers { permanent_uuid: "b94007148b75437baa6640acc06718b0" member_type: VOTER last_known_addr { host: "127.4.156.194" port: 34139 } attrs { promote: false } }
I20260608 12:54:29.898391  7756 leader_election.cc:290] T 44abdde2c48749f9bf311c8328fab04f P d307751d7f2f4368b379dd135b0ddb6b [CANDIDATE]: Term 2 election: Requested vote from peers e1e4848e17134da78dff9da320dad789 (127.4.156.195:41379), b94007148b75437baa6640acc06718b0 (127.4.156.194:34139)
I20260608 12:54:29.899607  7908 tablet_service.cc:1917] Received RequestConsensusVote() RPC: tablet_id: "44abdde2c48749f9bf311c8328fab04f" candidate_uuid: "d307751d7f2f4368b379dd135b0ddb6b" candidate_term: 2 candidate_status { last_received { term: 1 index: 4 } } ignore_live_leader: true dest_uuid: "e1e4848e17134da78dff9da320dad789"
I20260608 12:54:29.899979  7835 tablet_service.cc:1917] Received RequestConsensusVote() RPC: tablet_id: "44abdde2c48749f9bf311c8328fab04f" candidate_uuid: "d307751d7f2f4368b379dd135b0ddb6b" candidate_term: 2 candidate_status { last_received { term: 1 index: 4 } } ignore_live_leader: true dest_uuid: "b94007148b75437baa6640acc06718b0"
I20260608 12:54:29.902009  7908 raft_consensus.cc:3055] T 44abdde2c48749f9bf311c8328fab04f P e1e4848e17134da78dff9da320dad789 [term 1 LEADER]: Stepping down as leader of term 1
I20260608 12:54:29.902074  7835 raft_consensus.cc:3060] T 44abdde2c48749f9bf311c8328fab04f P b94007148b75437baa6640acc06718b0 [term 1 FOLLOWER]: Advancing to term 2
I20260608 12:54:29.902474  7908 raft_consensus.cc:740] T 44abdde2c48749f9bf311c8328fab04f P e1e4848e17134da78dff9da320dad789 [term 1 LEADER]: Becoming Follower/Learner. State: Replica: e1e4848e17134da78dff9da320dad789, State: Running, Role: LEADER
I20260608 12:54:29.903277  7908 consensus_queue.cc:260] T 44abdde2c48749f9bf311c8328fab04f P e1e4848e17134da78dff9da320dad789 [NON_LEADER]: Queue going to NON_LEADER mode. State: All replicated index: 0, Majority replicated index: 4, Committed index: 4, Last appended: 1.4, Last appended by leader: 4, Current term: 1, Majority size: -1, State: 0, Mode: NON_LEADER, active raft config: opid_index: 4 OBSOLETE_local: false peers { permanent_uuid: "e1e4848e17134da78dff9da320dad789" member_type: VOTER last_known_addr { host: "127.4.156.195" port: 41379 } } peers { permanent_uuid: "d307751d7f2f4368b379dd135b0ddb6b" member_type: VOTER last_known_addr { host: "127.4.156.193" port: 44357 } } peers { permanent_uuid: "b94007148b75437baa6640acc06718b0" member_type: VOTER last_known_addr { host: "127.4.156.194" port: 34139 } attrs { promote: false } }
I20260608 12:54:29.904518  7908 raft_consensus.cc:3060] T 44abdde2c48749f9bf311c8328fab04f P e1e4848e17134da78dff9da320dad789 [term 1 FOLLOWER]: Advancing to term 2
I20260608 12:54:29.908823  7835 raft_consensus.cc:2468] T 44abdde2c48749f9bf311c8328fab04f P b94007148b75437baa6640acc06718b0 [term 2 FOLLOWER]: Leader election vote request: Granting yes vote for candidate d307751d7f2f4368b379dd135b0ddb6b in term 2.
I20260608 12:54:29.910198  7723 leader_election.cc:304] T 44abdde2c48749f9bf311c8328fab04f P d307751d7f2f4368b379dd135b0ddb6b [CANDIDATE]: Term 2 election: Election decided. Result: candidate won. Election summary: received 2 responses out of 3 voters: 2 yes votes; 0 no votes. yes voters: b94007148b75437baa6640acc06718b0, d307751d7f2f4368b379dd135b0ddb6b; no voters: 
I20260608 12:54:29.911002  8326 raft_consensus.cc:2804] T 44abdde2c48749f9bf311c8328fab04f P d307751d7f2f4368b379dd135b0ddb6b [term 2 FOLLOWER]: Leader election won for term 2
I20260608 12:54:29.911509  8326 raft_consensus.cc:697] T 44abdde2c48749f9bf311c8328fab04f P d307751d7f2f4368b379dd135b0ddb6b [term 2 LEADER]: Becoming Leader. State: Replica: d307751d7f2f4368b379dd135b0ddb6b, State: Running, Role: LEADER
I20260608 12:54:29.911546  7908 raft_consensus.cc:2468] T 44abdde2c48749f9bf311c8328fab04f P e1e4848e17134da78dff9da320dad789 [term 2 FOLLOWER]: Leader election vote request: Granting yes vote for candidate d307751d7f2f4368b379dd135b0ddb6b in term 2.
I20260608 12:54:29.912597  8326 consensus_queue.cc:237] T 44abdde2c48749f9bf311c8328fab04f P d307751d7f2f4368b379dd135b0ddb6b [LEADER]: Queue going to LEADER mode. State: All replicated index: 0, Majority replicated index: 4, Committed index: 4, Last appended: 1.4, Last appended by leader: 4, Current term: 2, Majority size: 2, State: 0, Mode: LEADER, active raft config: opid_index: 4 OBSOLETE_local: false peers { permanent_uuid: "e1e4848e17134da78dff9da320dad789" member_type: VOTER last_known_addr { host: "127.4.156.195" port: 41379 } } peers { permanent_uuid: "d307751d7f2f4368b379dd135b0ddb6b" member_type: VOTER last_known_addr { host: "127.4.156.193" port: 44357 } } peers { permanent_uuid: "b94007148b75437baa6640acc06718b0" member_type: VOTER last_known_addr { host: "127.4.156.194" port: 34139 } attrs { promote: false } }
I20260608 12:54:29.921521  7657 catalog_manager.cc:5696] T 44abdde2c48749f9bf311c8328fab04f P d307751d7f2f4368b379dd135b0ddb6b reported cstate change: term changed from 1 to 2, leader changed from e1e4848e17134da78dff9da320dad789 (127.4.156.195) to d307751d7f2f4368b379dd135b0ddb6b (127.4.156.193). New cstate: current_term: 2 leader_uuid: "d307751d7f2f4368b379dd135b0ddb6b" committed_config { opid_index: 4 OBSOLETE_local: false peers { permanent_uuid: "e1e4848e17134da78dff9da320dad789" member_type: VOTER last_known_addr { host: "127.4.156.195" port: 41379 } health_report { overall_health: UNKNOWN } } peers { permanent_uuid: "d307751d7f2f4368b379dd135b0ddb6b" member_type: VOTER last_known_addr { host: "127.4.156.193" port: 44357 } health_report { overall_health: HEALTHY } } peers { permanent_uuid: "b94007148b75437baa6640acc06718b0" member_type: VOTER last_known_addr { host: "127.4.156.194" port: 34139 } attrs { promote: false } health_report { overall_health: UNKNOWN } } }
I20260608 12:54:30.382771  7835 raft_consensus.cc:1275] T 44abdde2c48749f9bf311c8328fab04f P b94007148b75437baa6640acc06718b0 [term 2 FOLLOWER]: Refusing update from remote peer d307751d7f2f4368b379dd135b0ddb6b: Log matching property violated. Preceding OpId in replica: term: 1 index: 4. Preceding OpId from leader: term: 2 index: 5. (index mismatch)
I20260608 12:54:30.383996  8326 consensus_queue.cc:1048] T 44abdde2c48749f9bf311c8328fab04f P d307751d7f2f4368b379dd135b0ddb6b [LEADER]: Connected to new peer: Peer: permanent_uuid: "b94007148b75437baa6640acc06718b0" member_type: VOTER last_known_addr { host: "127.4.156.194" port: 34139 } attrs { promote: false }, Status: LMP_MISMATCH, Last received: 0.0, Next index: 5, Last known committed idx: 4, Time since last communication: 0.000s
I20260608 12:54:30.394989  7908 raft_consensus.cc:1275] T 44abdde2c48749f9bf311c8328fab04f P e1e4848e17134da78dff9da320dad789 [term 2 FOLLOWER]: Refusing update from remote peer d307751d7f2f4368b379dd135b0ddb6b: Log matching property violated. Preceding OpId in replica: term: 1 index: 4. Preceding OpId from leader: term: 2 index: 5. (index mismatch)
I20260608 12:54:30.396485  8326 consensus_queue.cc:1048] T 44abdde2c48749f9bf311c8328fab04f P d307751d7f2f4368b379dd135b0ddb6b [LEADER]: Connected to new peer: Peer: permanent_uuid: "e1e4848e17134da78dff9da320dad789" member_type: VOTER last_known_addr { host: "127.4.156.195" port: 41379 }, Status: LMP_MISMATCH, Last received: 0.0, Next index: 5, Last known committed idx: 4, Time since last communication: 0.000s
I20260608 12:54:30.686489  7835 consensus_queue.cc:237] T 80a00c0ef36345128e185f7e4bca6f7c P b94007148b75437baa6640acc06718b0 [LEADER]: Queue going to LEADER mode. State: All replicated index: 0, Majority replicated index: 1, Committed index: 1, Last appended: 1.1, Last appended by leader: 0, Current term: 1, Majority size: 2, State: 0, Mode: LEADER, active raft config: opid_index: 2 OBSOLETE_local: false peers { permanent_uuid: "d307751d7f2f4368b379dd135b0ddb6b" member_type: VOTER last_known_addr { host: "127.4.156.193" port: 44357 } } peers { permanent_uuid: "b94007148b75437baa6640acc06718b0" member_type: VOTER last_known_addr { host: "127.4.156.194" port: 34139 } } peers { permanent_uuid: "e1e4848e17134da78dff9da320dad789" member_type: VOTER last_known_addr { host: "127.4.156.195" port: 41379 } attrs { replace: true } } peers { permanent_uuid: "763d450b9c784bd8869c2cd5b2406520" member_type: NON_VOTER last_known_addr { host: "127.4.156.196" port: 40487 } attrs { promote: true } }
I20260608 12:54:30.693640  7908 raft_consensus.cc:1275] T 80a00c0ef36345128e185f7e4bca6f7c P e1e4848e17134da78dff9da320dad789 [term 1 FOLLOWER]: Refusing update from remote peer b94007148b75437baa6640acc06718b0: Log matching property violated. Preceding OpId in replica: term: 1 index: 1. Preceding OpId from leader: term: 1 index: 2. (index mismatch)
I20260608 12:54:30.693790  7756 raft_consensus.cc:1275] T 80a00c0ef36345128e185f7e4bca6f7c P d307751d7f2f4368b379dd135b0ddb6b [term 1 FOLLOWER]: Refusing update from remote peer b94007148b75437baa6640acc06718b0: Log matching property violated. Preceding OpId in replica: term: 1 index: 1. Preceding OpId from leader: term: 1 index: 2. (index mismatch)
W20260608 12:54:30.694275  7801 consensus_peers.cc:597] T 80a00c0ef36345128e185f7e4bca6f7c P b94007148b75437baa6640acc06718b0 -> Peer 763d450b9c784bd8869c2cd5b2406520 (127.4.156.196:40487): Couldn't send request to peer 763d450b9c784bd8869c2cd5b2406520. Error code: TABLET_NOT_FOUND (6). Status: Not found: Tablet not found: 80a00c0ef36345128e185f7e4bca6f7c. This is attempt 1: this message will repeat every 5th retry.
I20260608 12:54:30.695216  8352 consensus_queue.cc:1048] T 80a00c0ef36345128e185f7e4bca6f7c P b94007148b75437baa6640acc06718b0 [LEADER]: Connected to new peer: Peer: permanent_uuid: "e1e4848e17134da78dff9da320dad789" member_type: VOTER last_known_addr { host: "127.4.156.195" port: 41379 } attrs { replace: true }, Status: LMP_MISMATCH, Last received: 0.0, Next index: 2, Last known committed idx: 1, Time since last communication: 0.000s
I20260608 12:54:30.696112  8342 consensus_queue.cc:1048] T 80a00c0ef36345128e185f7e4bca6f7c P b94007148b75437baa6640acc06718b0 [LEADER]: Connected to new peer: Peer: permanent_uuid: "d307751d7f2f4368b379dd135b0ddb6b" member_type: VOTER last_known_addr { host: "127.4.156.193" port: 44357 }, Status: LMP_MISMATCH, Last received: 0.0, Next index: 2, Last known committed idx: 1, Time since last communication: 0.000s
