I20260608 12:55:01.893209  9484 raft_consensus.cc:359] T eb1e79af62f949e89b811e9626a76545 P d1015df8800143a1a1dc97f80d5e1956 [term 0 FOLLOWER]: Replica starting. Triggering 0 pending ops. Active config: opid_index: -1 OBSOLETE_local: false peers { permanent_uuid: "d1015df8800143a1a1dc97f80d5e1956" member_type: VOTER last_known_addr { host: "127.4.156.193" port: 34037 } } peers { permanent_uuid: "41014c8665e149b1bad2d86fa772b740" member_type: VOTER last_known_addr { host: "127.4.156.194" port: 36295 } } peers { permanent_uuid: "30e96b5cf3dc419692e7ca4e7647cce0" member_type: VOTER last_known_addr { host: "127.4.156.195" port: 43795 } }
I20260608 12:55:01.893507  9485 raft_consensus.cc:385] T 36ef53ec14104b16a3d3038186c4c0fc P 41014c8665e149b1bad2d86fa772b740 [term 0 FOLLOWER]: Consensus starting up: Expiring failure detector timer to make a prompt election more likely
I20260608 12:55:01.893574  9486 tablet_bootstrap.cc:492] T 36ef53ec14104b16a3d3038186c4c0fc P 30e96b5cf3dc419692e7ca4e7647cce0: No bootstrap required, opened a new log
I20260608 12:55:01.894121  9484 raft_consensus.cc:385] T eb1e79af62f949e89b811e9626a76545 P d1015df8800143a1a1dc97f80d5e1956 [term 0 FOLLOWER]: Consensus starting up: Expiring failure detector timer to make a prompt election more likely
I20260608 12:55:01.894236  9485 raft_consensus.cc:740] T 36ef53ec14104b16a3d3038186c4c0fc P 41014c8665e149b1bad2d86fa772b740 [term 0 FOLLOWER]: Becoming Follower/Learner. State: Replica: 41014c8665e149b1bad2d86fa772b740, State: Initialized, Role: FOLLOWER
W20260608 12:55:01.894426  9254 leader_election.cc:343] T 70d7f1ec670542c3ba98c5857be49f98 P d1015df8800143a1a1dc97f80d5e1956 [CANDIDATE]: Term 1 pre-election: Tablet error from VoteRequest() call to peer 41014c8665e149b1bad2d86fa772b740 (127.4.156.194:36295): Illegal state: must be running to vote when last-logged opid is not known
I20260608 12:55:01.894568  9486 ts_tablet_manager.cc:1403] T 36ef53ec14104b16a3d3038186c4c0fc P 30e96b5cf3dc419692e7ca4e7647cce0: Time spent bootstrapping tablet: real 0.023s	user 0.010s	sys 0.009s
I20260608 12:55:01.894737  9484 raft_consensus.cc:740] T eb1e79af62f949e89b811e9626a76545 P d1015df8800143a1a1dc97f80d5e1956 [term 0 FOLLOWER]: Becoming Follower/Learner. State: Replica: d1015df8800143a1a1dc97f80d5e1956, State: Initialized, Role: FOLLOWER
I20260608 12:55:01.895076  9254 leader_election.cc:304] T 70d7f1ec670542c3ba98c5857be49f98 P d1015df8800143a1a1dc97f80d5e1956 [CANDIDATE]: Term 1 pre-election: Election decided. Result: candidate lost. Election summary: received 3 responses out of 3 voters: 1 yes votes; 2 no votes. yes voters: d1015df8800143a1a1dc97f80d5e1956; no voters: 30e96b5cf3dc419692e7ca4e7647cce0, 41014c8665e149b1bad2d86fa772b740
I20260608 12:55:01.895265  9485 consensus_queue.cc:260] T 36ef53ec14104b16a3d3038186c4c0fc P 41014c8665e149b1bad2d86fa772b740 [NON_LEADER]: Queue going to NON_LEADER mode. State: All replicated index: 0, Majority replicated index: 0, Committed index: 0, Last appended: 0.0, Last appended by leader: 0, Current term: 0, Majority size: -1, State: 0, Mode: NON_LEADER, active raft config: opid_index: -1 OBSOLETE_local: false peers { permanent_uuid: "d1015df8800143a1a1dc97f80d5e1956" member_type: VOTER last_known_addr { host: "127.4.156.193" port: 34037 } } peers { permanent_uuid: "41014c8665e149b1bad2d86fa772b740" member_type: VOTER last_known_addr { host: "127.4.156.194" port: 36295 } } peers { permanent_uuid: "30e96b5cf3dc419692e7ca4e7647cce0" member_type: VOTER last_known_addr { host: "127.4.156.195" port: 43795 } }
I20260608 12:55:01.896034  9491 raft_consensus.cc:2749] T 70d7f1ec670542c3ba98c5857be49f98 P d1015df8800143a1a1dc97f80d5e1956 [term 0 FOLLOWER]: Leader pre-election lost for term 1. Reason: could not achieve majority
I20260608 12:55:01.895960  9484 consensus_queue.cc:260] T eb1e79af62f949e89b811e9626a76545 P d1015df8800143a1a1dc97f80d5e1956 [NON_LEADER]: Queue going to NON_LEADER mode. State: All replicated index: 0, Majority replicated index: 0, Committed index: 0, Last appended: 0.0, Last appended by leader: 0, Current term: 0, Majority size: -1, State: 0, Mode: NON_LEADER, active raft config: opid_index: -1 OBSOLETE_local: false peers { permanent_uuid: "d1015df8800143a1a1dc97f80d5e1956" member_type: VOTER last_known_addr { host: "127.4.156.193" port: 34037 } } peers { permanent_uuid: "41014c8665e149b1bad2d86fa772b740" member_type: VOTER last_known_addr { host: "127.4.156.194" port: 36295 } } peers { permanent_uuid: "30e96b5cf3dc419692e7ca4e7647cce0" member_type: VOTER last_known_addr { host: "127.4.156.195" port: 43795 } }
I20260608 12:55:01.897756  9485 ts_tablet_manager.cc:1434] T 36ef53ec14104b16a3d3038186c4c0fc P 41014c8665e149b1bad2d86fa772b740: Time spent starting tablet: real 0.024s	user 0.007s	sys 0.001s
I20260608 12:55:01.898228  9486 raft_consensus.cc:359] T 36ef53ec14104b16a3d3038186c4c0fc P 30e96b5cf3dc419692e7ca4e7647cce0 [term 0 FOLLOWER]: Replica starting. Triggering 0 pending ops. Active config: opid_index: -1 OBSOLETE_local: false peers { permanent_uuid: "d1015df8800143a1a1dc97f80d5e1956" member_type: VOTER last_known_addr { host: "127.4.156.193" port: 34037 } } peers { permanent_uuid: "41014c8665e149b1bad2d86fa772b740" member_type: VOTER last_known_addr { host: "127.4.156.194" port: 36295 } } peers { permanent_uuid: "30e96b5cf3dc419692e7ca4e7647cce0" member_type: VOTER last_known_addr { host: "127.4.156.195" port: 43795 } }
I20260608 12:55:01.898974  9486 raft_consensus.cc:385] T 36ef53ec14104b16a3d3038186c4c0fc P 30e96b5cf3dc419692e7ca4e7647cce0 [term 0 FOLLOWER]: Consensus starting up: Expiring failure detector timer to make a prompt election more likely
I20260608 12:55:01.899120  9485 tablet_bootstrap.cc:492] T 70d7f1ec670542c3ba98c5857be49f98 P 41014c8665e149b1bad2d86fa772b740: Bootstrap starting.
I20260608 12:55:01.899323  9486 raft_consensus.cc:740] T 36ef53ec14104b16a3d3038186c4c0fc P 30e96b5cf3dc419692e7ca4e7647cce0 [term 0 FOLLOWER]: Becoming Follower/Learner. State: Replica: 30e96b5cf3dc419692e7ca4e7647cce0, State: Initialized, Role: FOLLOWER
I20260608 12:55:01.900303  9486 consensus_queue.cc:260] T 36ef53ec14104b16a3d3038186c4c0fc P 30e96b5cf3dc419692e7ca4e7647cce0 [NON_LEADER]: Queue going to NON_LEADER mode. State: All replicated index: 0, Majority replicated index: 0, Committed index: 0, Last appended: 0.0, Last appended by leader: 0, Current term: 0, Majority size: -1, State: 0, Mode: NON_LEADER, active raft config: opid_index: -1 OBSOLETE_local: false peers { permanent_uuid: "d1015df8800143a1a1dc97f80d5e1956" member_type: VOTER last_known_addr { host: "127.4.156.193" port: 34037 } } peers { permanent_uuid: "41014c8665e149b1bad2d86fa772b740" member_type: VOTER last_known_addr { host: "127.4.156.194" port: 36295 } } peers { permanent_uuid: "30e96b5cf3dc419692e7ca4e7647cce0" member_type: VOTER last_known_addr { host: "127.4.156.195" port: 43795 } }
I20260608 12:55:01.902702  9486 ts_tablet_manager.cc:1434] T 36ef53ec14104b16a3d3038186c4c0fc P 30e96b5cf3dc419692e7ca4e7647cce0: Time spent starting tablet: real 0.007s	user 0.006s	sys 0.000s
I20260608 12:55:01.904124  9486 tablet_bootstrap.cc:492] T eb1e79af62f949e89b811e9626a76545 P 30e96b5cf3dc419692e7ca4e7647cce0: Bootstrap starting.
I20260608 12:55:01.907251  9485 tablet_bootstrap.cc:654] T 70d7f1ec670542c3ba98c5857be49f98 P 41014c8665e149b1bad2d86fa772b740: Neither blocks nor log segments found. Creating new log.
I20260608 12:55:01.911486  9486 tablet_bootstrap.cc:654] T eb1e79af62f949e89b811e9626a76545 P 30e96b5cf3dc419692e7ca4e7647cce0: Neither blocks nor log segments found. Creating new log.
I20260608 12:55:01.917505  9484 ts_tablet_manager.cc:1434] T eb1e79af62f949e89b811e9626a76545 P d1015df8800143a1a1dc97f80d5e1956: Time spent starting tablet: real 0.027s	user 0.007s	sys 0.000s
I20260608 12:55:01.918529  9485 tablet_bootstrap.cc:492] T 70d7f1ec670542c3ba98c5857be49f98 P 41014c8665e149b1bad2d86fa772b740: No bootstrap required, opened a new log
I20260608 12:55:01.918650  9484 tablet_bootstrap.cc:492] T e391b01cafd94778b521e1df92d1b40b P d1015df8800143a1a1dc97f80d5e1956: Bootstrap starting.
I20260608 12:55:01.919436  9485 ts_tablet_manager.cc:1403] T 70d7f1ec670542c3ba98c5857be49f98 P 41014c8665e149b1bad2d86fa772b740: Time spent bootstrapping tablet: real 0.021s	user 0.006s	sys 0.010s
I20260608 12:55:01.923575  9485 raft_consensus.cc:359] T 70d7f1ec670542c3ba98c5857be49f98 P 41014c8665e149b1bad2d86fa772b740 [term 0 FOLLOWER]: Replica starting. Triggering 0 pending ops. Active config: opid_index: -1 OBSOLETE_local: false peers { permanent_uuid: "d1015df8800143a1a1dc97f80d5e1956" member_type: VOTER last_known_addr { host: "127.4.156.193" port: 34037 } } peers { permanent_uuid: "41014c8665e149b1bad2d86fa772b740" member_type: VOTER last_known_addr { host: "127.4.156.194" port: 36295 } } peers { permanent_uuid: "30e96b5cf3dc419692e7ca4e7647cce0" member_type: VOTER last_known_addr { host: "127.4.156.195" port: 43795 } }
I20260608 12:55:01.924765  9485 raft_consensus.cc:385] T 70d7f1ec670542c3ba98c5857be49f98 P 41014c8665e149b1bad2d86fa772b740 [term 0 FOLLOWER]: Consensus starting up: Expiring failure detector timer to make a prompt election more likely
I20260608 12:55:01.925124  9485 raft_consensus.cc:740] T 70d7f1ec670542c3ba98c5857be49f98 P 41014c8665e149b1bad2d86fa772b740 [term 0 FOLLOWER]: Becoming Follower/Learner. State: Replica: 41014c8665e149b1bad2d86fa772b740, State: Initialized, Role: FOLLOWER
I20260608 12:55:01.925886  9485 consensus_queue.cc:260] T 70d7f1ec670542c3ba98c5857be49f98 P 41014c8665e149b1bad2d86fa772b740 [NON_LEADER]: Queue going to NON_LEADER mode. State: All replicated index: 0, Majority replicated index: 0, Committed index: 0, Last appended: 0.0, Last appended by leader: 0, Current term: 0, Majority size: -1, State: 0, Mode: NON_LEADER, active raft config: opid_index: -1 OBSOLETE_local: false peers { permanent_uuid: "d1015df8800143a1a1dc97f80d5e1956" member_type: VOTER last_known_addr { host: "127.4.156.193" port: 34037 } } peers { permanent_uuid: "41014c8665e149b1bad2d86fa772b740" member_type: VOTER last_known_addr { host: "127.4.156.194" port: 36295 } } peers { permanent_uuid: "30e96b5cf3dc419692e7ca4e7647cce0" member_type: VOTER last_known_addr { host: "127.4.156.195" port: 43795 } }
I20260608 12:55:01.927467  9486 tablet_bootstrap.cc:492] T eb1e79af62f949e89b811e9626a76545 P 30e96b5cf3dc419692e7ca4e7647cce0: No bootstrap required, opened a new log
I20260608 12:55:01.928284  9486 ts_tablet_manager.cc:1403] T eb1e79af62f949e89b811e9626a76545 P 30e96b5cf3dc419692e7ca4e7647cce0: Time spent bootstrapping tablet: real 0.025s	user 0.018s	sys 0.005s
I20260608 12:55:01.928695  9485 ts_tablet_manager.cc:1434] T 70d7f1ec670542c3ba98c5857be49f98 P 41014c8665e149b1bad2d86fa772b740: Time spent starting tablet: real 0.009s	user 0.005s	sys 0.002s
I20260608 12:55:01.929790  9485 tablet_bootstrap.cc:492] T 847c297cb9b54e518d1e2cfead1dab0b P 41014c8665e149b1bad2d86fa772b740: Bootstrap starting.
I20260608 12:55:01.931316  9486 raft_consensus.cc:359] T eb1e79af62f949e89b811e9626a76545 P 30e96b5cf3dc419692e7ca4e7647cce0 [term 0 FOLLOWER]: Replica starting. Triggering 0 pending ops. Active config: opid_index: -1 OBSOLETE_local: false peers { permanent_uuid: "d1015df8800143a1a1dc97f80d5e1956" member_type: VOTER last_known_addr { host: "127.4.156.193" port: 34037 } } peers { permanent_uuid: "41014c8665e149b1bad2d86fa772b740" member_type: VOTER last_known_addr { host: "127.4.156.194" port: 36295 } } peers { permanent_uuid: "30e96b5cf3dc419692e7ca4e7647cce0" member_type: VOTER last_known_addr { host: "127.4.156.195" port: 43795 } }
I20260608 12:55:01.932089  9486 raft_consensus.cc:385] T eb1e79af62f949e89b811e9626a76545 P 30e96b5cf3dc419692e7ca4e7647cce0 [term 0 FOLLOWER]: Consensus starting up: Expiring failure detector timer to make a prompt election more likely
I20260608 12:55:01.932407  9486 raft_consensus.cc:740] T eb1e79af62f949e89b811e9626a76545 P 30e96b5cf3dc419692e7ca4e7647cce0 [term 0 FOLLOWER]: Becoming Follower/Learner. State: Replica: 30e96b5cf3dc419692e7ca4e7647cce0, State: Initialized, Role: FOLLOWER
I20260608 12:55:01.933250  9486 consensus_queue.cc:260] T eb1e79af62f949e89b811e9626a76545 P 30e96b5cf3dc419692e7ca4e7647cce0 [NON_LEADER]: Queue going to NON_LEADER mode. State: All replicated index: 0, Majority replicated index: 0, Committed index: 0, Last appended: 0.0, Last appended by leader: 0, Current term: 0, Majority size: -1, State: 0, Mode: NON_LEADER, active raft config: opid_index: -1 OBSOLETE_local: false peers { permanent_uuid: "d1015df8800143a1a1dc97f80d5e1956" member_type: VOTER last_known_addr { host: "127.4.156.193" port: 34037 } } peers { permanent_uuid: "41014c8665e149b1bad2d86fa772b740" member_type: VOTER last_known_addr { host: "127.4.156.194" port: 36295 } } peers { permanent_uuid: "30e96b5cf3dc419692e7ca4e7647cce0" member_type: VOTER last_known_addr { host: "127.4.156.195" port: 43795 } }
I20260608 12:55:01.935767  9486 ts_tablet_manager.cc:1434] T eb1e79af62f949e89b811e9626a76545 P 30e96b5cf3dc419692e7ca4e7647cce0: Time spent starting tablet: real 0.007s	user 0.004s	sys 0.000s
I20260608 12:55:01.936920  9486 tablet_bootstrap.cc:492] T cad115886a614c019ef82e3f589bb80e P 30e96b5cf3dc419692e7ca4e7647cce0: Bootstrap starting.
I20260608 12:55:01.937376  9485 tablet_bootstrap.cc:654] T 847c297cb9b54e518d1e2cfead1dab0b P 41014c8665e149b1bad2d86fa772b740: Neither blocks nor log segments found. Creating new log.
I20260608 12:55:01.937250  9492 raft_consensus.cc:493] T 70d7f1ec670542c3ba98c5857be49f98 P 41014c8665e149b1bad2d86fa772b740 [term 0 FOLLOWER]: Starting pre-election (no leader contacted us within the election timeout)
I20260608 12:55:01.937923  9492 raft_consensus.cc:515] T 70d7f1ec670542c3ba98c5857be49f98 P 41014c8665e149b1bad2d86fa772b740 [term 0 FOLLOWER]: Starting pre-election with config: opid_index: -1 OBSOLETE_local: false peers { permanent_uuid: "d1015df8800143a1a1dc97f80d5e1956" member_type: VOTER last_known_addr { host: "127.4.156.193" port: 34037 } } peers { permanent_uuid: "41014c8665e149b1bad2d86fa772b740" member_type: VOTER last_known_addr { host: "127.4.156.194" port: 36295 } } peers { permanent_uuid: "30e96b5cf3dc419692e7ca4e7647cce0" member_type: VOTER last_known_addr { host: "127.4.156.195" port: 43795 } }
I20260608 12:55:01.927482  9484 tablet_bootstrap.cc:654] T e391b01cafd94778b521e1df92d1b40b P d1015df8800143a1a1dc97f80d5e1956: Neither blocks nor log segments found. Creating new log.
I20260608 12:55:01.944027  9490 raft_consensus.cc:493] T a6a077be7e88495b849d947bcbf453d2 P 30e96b5cf3dc419692e7ca4e7647cce0 [term 0 FOLLOWER]: Starting pre-election (no leader contacted us within the election timeout)
I20260608 12:55:01.944829  9490 raft_consensus.cc:515] T a6a077be7e88495b849d947bcbf453d2 P 30e96b5cf3dc419692e7ca4e7647cce0 [term 0 FOLLOWER]: Starting pre-election with config: opid_index: -1 OBSOLETE_local: false peers { permanent_uuid: "d1015df8800143a1a1dc97f80d5e1956" member_type: VOTER last_known_addr { host: "127.4.156.193" port: 34037 } } peers { permanent_uuid: "30e96b5cf3dc419692e7ca4e7647cce0" member_type: VOTER last_known_addr { host: "127.4.156.195" port: 43795 } } peers { permanent_uuid: "41014c8665e149b1bad2d86fa772b740" member_type: VOTER last_known_addr { host: "127.4.156.194" port: 36295 } }
I20260608 12:55:01.954504  9486 tablet_bootstrap.cc:654] T cad115886a614c019ef82e3f589bb80e P 30e96b5cf3dc419692e7ca4e7647cce0: Neither blocks nor log segments found. Creating new log.
I20260608 12:55:01.960143  9492 leader_election.cc:290] T 70d7f1ec670542c3ba98c5857be49f98 P 41014c8665e149b1bad2d86fa772b740 [CANDIDATE]: Term 1 pre-election: Requested pre-vote from peers d1015df8800143a1a1dc97f80d5e1956 (127.4.156.193:34037), 30e96b5cf3dc419692e7ca4e7647cce0 (127.4.156.195:43795)
I20260608 12:55:01.969348  9490 leader_election.cc:290] T a6a077be7e88495b849d947bcbf453d2 P 30e96b5cf3dc419692e7ca4e7647cce0 [CANDIDATE]: Term 1 pre-election: Requested pre-vote from peers d1015df8800143a1a1dc97f80d5e1956 (127.4.156.193:34037), 41014c8665e149b1bad2d86fa772b740 (127.4.156.194:36295)
I20260608 12:55:01.976806  9486 tablet_bootstrap.cc:492] T cad115886a614c019ef82e3f589bb80e P 30e96b5cf3dc419692e7ca4e7647cce0: No bootstrap required, opened a new log
I20260608 12:55:01.977519  9486 ts_tablet_manager.cc:1403] T cad115886a614c019ef82e3f589bb80e P 30e96b5cf3dc419692e7ca4e7647cce0: Time spent bootstrapping tablet: real 0.041s	user 0.009s	sys 0.008s
I20260608 12:55:01.984033  9485 tablet_bootstrap.cc:492] T 847c297cb9b54e518d1e2cfead1dab0b P 41014c8665e149b1bad2d86fa772b740: No bootstrap required, opened a new log
I20260608 12:55:01.984812  9485 ts_tablet_manager.cc:1403] T 847c297cb9b54e518d1e2cfead1dab0b P 41014c8665e149b1bad2d86fa772b740: Time spent bootstrapping tablet: real 0.055s	user 0.022s	sys 0.031s
I20260608 12:55:01.991729  9485 raft_consensus.cc:359] T 847c297cb9b54e518d1e2cfead1dab0b P 41014c8665e149b1bad2d86fa772b740 [term 0 FOLLOWER]: Replica starting. Triggering 0 pending ops. Active config: opid_index: -1 OBSOLETE_local: false peers { permanent_uuid: "d1015df8800143a1a1dc97f80d5e1956" member_type: VOTER last_known_addr { host: "127.4.156.193" port: 34037 } } peers { permanent_uuid: "41014c8665e149b1bad2d86fa772b740" member_type: VOTER last_known_addr { host: "127.4.156.194" port: 36295 } } peers { permanent_uuid: "30e96b5cf3dc419692e7ca4e7647cce0" member_type: VOTER last_known_addr { host: "127.4.156.195" port: 43795 } }
I20260608 12:55:01.992800  9485 raft_consensus.cc:385] T 847c297cb9b54e518d1e2cfead1dab0b P 41014c8665e149b1bad2d86fa772b740 [term 0 FOLLOWER]: Consensus starting up: Expiring failure detector timer to make a prompt election more likely
I20260608 12:55:01.993228  9485 raft_consensus.cc:740] T 847c297cb9b54e518d1e2cfead1dab0b P 41014c8665e149b1bad2d86fa772b740 [term 0 FOLLOWER]: Becoming Follower/Learner. State: Replica: 41014c8665e149b1bad2d86fa772b740, State: Initialized, Role: FOLLOWER
I20260608 12:55:01.994356  9485 consensus_queue.cc:260] T 847c297cb9b54e518d1e2cfead1dab0b P 41014c8665e149b1bad2d86fa772b740 [NON_LEADER]: Queue going to NON_LEADER mode. State: All replicated index: 0, Majority replicated index: 0, Committed index: 0, Last appended: 0.0, Last appended by leader: 0, Current term: 0, Majority size: -1, State: 0, Mode: NON_LEADER, active raft config: opid_index: -1 OBSOLETE_local: false peers { permanent_uuid: "d1015df8800143a1a1dc97f80d5e1956" member_type: VOTER last_known_addr { host: "127.4.156.193" port: 34037 } } peers { permanent_uuid: "41014c8665e149b1bad2d86fa772b740" member_type: VOTER last_known_addr { host: "127.4.156.194" port: 36295 } } peers { permanent_uuid: "30e96b5cf3dc419692e7ca4e7647cce0" member_type: VOTER last_known_addr { host: "127.4.156.195" port: 43795 } }
I20260608 12:55:01.997995  9486 raft_consensus.cc:359] T cad115886a614c019ef82e3f589bb80e P 30e96b5cf3dc419692e7ca4e7647cce0 [term 0 FOLLOWER]: Replica starting. Triggering 0 pending ops. Active config: opid_index: -1 OBSOLETE_local: false peers { permanent_uuid: "d1015df8800143a1a1dc97f80d5e1956" member_type: VOTER last_known_addr { host: "127.4.156.193" port: 34037 } } peers { permanent_uuid: "41014c8665e149b1bad2d86fa772b740" member_type: VOTER last_known_addr { host: "127.4.156.194" port: 36295 } } peers { permanent_uuid: "30e96b5cf3dc419692e7ca4e7647cce0" member_type: VOTER last_known_addr { host: "127.4.156.195" port: 43795 } }
I20260608 12:55:01.999074  9486 raft_consensus.cc:385] T cad115886a614c019ef82e3f589bb80e P 30e96b5cf3dc419692e7ca4e7647cce0 [term 0 FOLLOWER]: Consensus starting up: Expiring failure detector timer to make a prompt election more likely
I20260608 12:55:01.999155  9490 raft_consensus.cc:493] T 36ef53ec14104b16a3d3038186c4c0fc P 30e96b5cf3dc419692e7ca4e7647cce0 [term 0 FOLLOWER]: Starting pre-election (no leader contacted us within the election timeout)
I20260608 12:55:01.999966  9490 raft_consensus.cc:515] T 36ef53ec14104b16a3d3038186c4c0fc P 30e96b5cf3dc419692e7ca4e7647cce0 [term 0 FOLLOWER]: Starting pre-election with config: opid_index: -1 OBSOLETE_local: false peers { permanent_uuid: "d1015df8800143a1a1dc97f80d5e1956" member_type: VOTER last_known_addr { host: "127.4.156.193" port: 34037 } } peers { permanent_uuid: "41014c8665e149b1bad2d86fa772b740" member_type: VOTER last_known_addr { host: "127.4.156.194" port: 36295 } } peers { permanent_uuid: "30e96b5cf3dc419692e7ca4e7647cce0" member_type: VOTER last_known_addr { host: "127.4.156.195" port: 43795 } }
I20260608 12:55:01.999591  9486 raft_consensus.cc:740] T cad115886a614c019ef82e3f589bb80e P 30e96b5cf3dc419692e7ca4e7647cce0 [term 0 FOLLOWER]: Becoming Follower/Learner. State: Replica: 30e96b5cf3dc419692e7ca4e7647cce0, State: Initialized, Role: FOLLOWER
I20260608 12:55:02.004978  9486 consensus_queue.cc:260] T cad115886a614c019ef82e3f589bb80e P 30e96b5cf3dc419692e7ca4e7647cce0 [NON_LEADER]: Queue going to NON_LEADER mode. State: All replicated index: 0, Majority replicated index: 0, Committed index: 0, Last appended: 0.0, Last appended by leader: 0, Current term: 0, Majority size: -1, State: 0, Mode: NON_LEADER, active raft config: opid_index: -1 OBSOLETE_local: false peers { permanent_uuid: "d1015df8800143a1a1dc97f80d5e1956" member_type: VOTER last_known_addr { host: "127.4.156.193" port: 34037 } } peers { permanent_uuid: "41014c8665e149b1bad2d86fa772b740" member_type: VOTER last_known_addr { host: "127.4.156.194" port: 36295 } } peers { permanent_uuid: "30e96b5cf3dc419692e7ca4e7647cce0" member_type: VOTER last_known_addr { host: "127.4.156.195" port: 43795 } }
I20260608 12:55:02.009771  9485 ts_tablet_manager.cc:1434] T 847c297cb9b54e518d1e2cfead1dab0b P 41014c8665e149b1bad2d86fa772b740: Time spent starting tablet: real 0.025s	user 0.010s	sys 0.000s
I20260608 12:55:02.004983  9490 leader_election.cc:290] T 36ef53ec14104b16a3d3038186c4c0fc P 30e96b5cf3dc419692e7ca4e7647cce0 [CANDIDATE]: Term 1 pre-election: Requested pre-vote from peers d1015df8800143a1a1dc97f80d5e1956 (127.4.156.193:34037), 41014c8665e149b1bad2d86fa772b740 (127.4.156.194:36295)
I20260608 12:55:02.013705  9485 tablet_bootstrap.cc:492] T cad115886a614c019ef82e3f589bb80e P 41014c8665e149b1bad2d86fa772b740: Bootstrap starting.
I20260608 12:55:02.027324  9485 tablet_bootstrap.cc:654] T cad115886a614c019ef82e3f589bb80e P 41014c8665e149b1bad2d86fa772b740: Neither blocks nor log segments found. Creating new log.
I20260608 12:55:02.029249  9484 tablet_bootstrap.cc:492] T e391b01cafd94778b521e1df92d1b40b P d1015df8800143a1a1dc97f80d5e1956: No bootstrap required, opened a new log
I20260608 12:55:02.029850  9484 ts_tablet_manager.cc:1403] T e391b01cafd94778b521e1df92d1b40b P d1015df8800143a1a1dc97f80d5e1956: Time spent bootstrapping tablet: real 0.111s	user 0.046s	sys 0.031s
I20260608 12:55:02.032235  9365 tablet_service.cc:1917] Received RequestConsensusVote() RPC: tablet_id: "a6a077be7e88495b849d947bcbf453d2" candidate_uuid: "30e96b5cf3dc419692e7ca4e7647cce0" candidate_term: 1 candidate_status { last_received { term: 0 index: 0 } } ignore_live_leader: false dest_uuid: "41014c8665e149b1bad2d86fa772b740" is_pre_election: true
I20260608 12:55:02.032572  9364 tablet_service.cc:1917] Received RequestConsensusVote() RPC: tablet_id: "36ef53ec14104b16a3d3038186c4c0fc" candidate_uuid: "30e96b5cf3dc419692e7ca4e7647cce0" candidate_term: 1 candidate_status { last_received { term: 0 index: 0 } } ignore_live_leader: false dest_uuid: "41014c8665e149b1bad2d86fa772b740" is_pre_election: true
I20260608 12:55:02.033493  9364 raft_consensus.cc:2468] T 36ef53ec14104b16a3d3038186c4c0fc P 41014c8665e149b1bad2d86fa772b740 [term 0 FOLLOWER]: Leader pre-election vote request: Granting yes vote for candidate 30e96b5cf3dc419692e7ca4e7647cce0 in term 0.
W20260608 12:55:02.034052  9403 leader_election.cc:343] T a6a077be7e88495b849d947bcbf453d2 P 30e96b5cf3dc419692e7ca4e7647cce0 [CANDIDATE]: Term 1 pre-election: Tablet error from VoteRequest() call to peer 41014c8665e149b1bad2d86fa772b740 (127.4.156.194:36295): Illegal state: must be running to vote when last-logged opid is not known
I20260608 12:55:02.034677  9290 tablet_service.cc:1917] Received RequestConsensusVote() RPC: tablet_id: "a6a077be7e88495b849d947bcbf453d2" candidate_uuid: "30e96b5cf3dc419692e7ca4e7647cce0" candidate_term: 1 candidate_status { last_received { term: 0 index: 0 } } ignore_live_leader: false dest_uuid: "d1015df8800143a1a1dc97f80d5e1956" is_pre_election: true
I20260608 12:55:02.035072  9403 leader_election.cc:304] T 36ef53ec14104b16a3d3038186c4c0fc P 30e96b5cf3dc419692e7ca4e7647cce0 [CANDIDATE]: Term 1 pre-election: Election decided. Result: candidate won. Election summary: received 2 responses out of 3 voters: 2 yes votes; 0 no votes. yes voters: 30e96b5cf3dc419692e7ca4e7647cce0, 41014c8665e149b1bad2d86fa772b740; no voters: 
I20260608 12:55:02.036509  9289 tablet_service.cc:1917] Received RequestConsensusVote() RPC: tablet_id: "36ef53ec14104b16a3d3038186c4c0fc" candidate_uuid: "30e96b5cf3dc419692e7ca4e7647cce0" candidate_term: 1 candidate_status { last_received { term: 0 index: 0 } } ignore_live_leader: false dest_uuid: "d1015df8800143a1a1dc97f80d5e1956" is_pre_election: true
I20260608 12:55:02.036715  9512 raft_consensus.cc:2804] T 36ef53ec14104b16a3d3038186c4c0fc P 30e96b5cf3dc419692e7ca4e7647cce0 [term 0 FOLLOWER]: Leader pre-election won for term 1
I20260608 12:55:02.036813  9484 raft_consensus.cc:359] T e391b01cafd94778b521e1df92d1b40b P d1015df8800143a1a1dc97f80d5e1956 [term 0 FOLLOWER]: Replica starting. Triggering 0 pending ops. Active config: opid_index: -1 OBSOLETE_local: false peers { permanent_uuid: "d1015df8800143a1a1dc97f80d5e1956" member_type: VOTER last_known_addr { host: "127.4.156.193" port: 34037 } } peers { permanent_uuid: "41014c8665e149b1bad2d86fa772b740" member_type: VOTER last_known_addr { host: "127.4.156.194" port: 36295 } } peers { permanent_uuid: "30e96b5cf3dc419692e7ca4e7647cce0" member_type: VOTER last_known_addr { host: "127.4.156.195" port: 43795 } }
I20260608 12:55:02.037214  9512 raft_consensus.cc:493] T 36ef53ec14104b16a3d3038186c4c0fc P 30e96b5cf3dc419692e7ca4e7647cce0 [term 0 FOLLOWER]: Starting leader election (no leader contacted us within the election timeout)
I20260608 12:55:02.037665  9484 raft_consensus.cc:385] T e391b01cafd94778b521e1df92d1b40b P d1015df8800143a1a1dc97f80d5e1956 [term 0 FOLLOWER]: Consensus starting up: Expiring failure detector timer to make a prompt election more likely
I20260608 12:55:02.037845  9512 raft_consensus.cc:3060] T 36ef53ec14104b16a3d3038186c4c0fc P 30e96b5cf3dc419692e7ca4e7647cce0 [term 0 FOLLOWER]: Advancing to term 1
I20260608 12:55:02.038154  9484 raft_consensus.cc:740] T e391b01cafd94778b521e1df92d1b40b P d1015df8800143a1a1dc97f80d5e1956 [term 0 FOLLOWER]: Becoming Follower/Learner. State: Replica: d1015df8800143a1a1dc97f80d5e1956, State: Initialized, Role: FOLLOWER
W20260608 12:55:02.038162  9405 leader_election.cc:343] T a6a077be7e88495b849d947bcbf453d2 P 30e96b5cf3dc419692e7ca4e7647cce0 [CANDIDATE]: Term 1 pre-election: Tablet error from VoteRequest() call to peer d1015df8800143a1a1dc97f80d5e1956 (127.4.156.193:34037): Illegal state: must be running to vote when last-logged opid is not known
I20260608 12:55:02.038976  9405 leader_election.cc:304] T a6a077be7e88495b849d947bcbf453d2 P 30e96b5cf3dc419692e7ca4e7647cce0 [CANDIDATE]: Term 1 pre-election: Election decided. Result: candidate lost. Election summary: received 3 responses out of 3 voters: 1 yes votes; 2 no votes. yes voters: 30e96b5cf3dc419692e7ca4e7647cce0; no voters: 41014c8665e149b1bad2d86fa772b740, d1015df8800143a1a1dc97f80d5e1956
I20260608 12:55:02.039310  9484 consensus_queue.cc:260] T e391b01cafd94778b521e1df92d1b40b P d1015df8800143a1a1dc97f80d5e1956 [NON_LEADER]: Queue going to NON_LEADER mode. State: All replicated index: 0, Majority replicated index: 0, Committed index: 0, Last appended: 0.0, Last appended by leader: 0, Current term: 0, Majority size: -1, State: 0, Mode: NON_LEADER, active raft config: opid_index: -1 OBSOLETE_local: false peers { permanent_uuid: "d1015df8800143a1a1dc97f80d5e1956" member_type: VOTER last_known_addr { host: "127.4.156.193" port: 34037 } } peers { permanent_uuid: "41014c8665e149b1bad2d86fa772b740" member_type: VOTER last_known_addr { host: "127.4.156.194" port: 36295 } } peers { permanent_uuid: "30e96b5cf3dc419692e7ca4e7647cce0" member_type: VOTER last_known_addr { host: "127.4.156.195" port: 43795 } }
I20260608 12:55:02.040357  9490 raft_consensus.cc:2749] T a6a077be7e88495b849d947bcbf453d2 P 30e96b5cf3dc419692e7ca4e7647cce0 [term 0 FOLLOWER]: Leader pre-election lost for term 1. Reason: could not achieve majority
W20260608 12:55:02.041731  9405 leader_election.cc:343] T 36ef53ec14104b16a3d3038186c4c0fc P 30e96b5cf3dc419692e7ca4e7647cce0 [CANDIDATE]: Term 1 pre-election: Tablet error from VoteRequest() call to peer d1015df8800143a1a1dc97f80d5e1956 (127.4.156.193:34037): Illegal state: must be running to vote when last-logged opid is not known
I20260608 12:55:02.041906  9486 ts_tablet_manager.cc:1434] T cad115886a614c019ef82e3f589bb80e P 30e96b5cf3dc419692e7ca4e7647cce0: Time spent starting tablet: real 0.064s	user 0.015s	sys 0.004s
I20260608 12:55:02.045126  9486 tablet_bootstrap.cc:492] T 847c297cb9b54e518d1e2cfead1dab0b P 30e96b5cf3dc419692e7ca4e7647cce0: Bootstrap starting.
I20260608 12:55:02.047205  9289 tablet_service.cc:1917] Received RequestConsensusVote() RPC: tablet_id: "70d7f1ec670542c3ba98c5857be49f98" candidate_uuid: "41014c8665e149b1bad2d86fa772b740" candidate_term: 1 candidate_status { last_received { term: 0 index: 0 } } ignore_live_leader: false dest_uuid: "d1015df8800143a1a1dc97f80d5e1956" is_pre_election: true
I20260608 12:55:02.047932  9289 raft_consensus.cc:2468] T 70d7f1ec670542c3ba98c5857be49f98 P d1015df8800143a1a1dc97f80d5e1956 [term 0 FOLLOWER]: Leader pre-election vote request: Granting yes vote for candidate 41014c8665e149b1bad2d86fa772b740 in term 0.
I20260608 12:55:02.049571  9331 leader_election.cc:304] T 70d7f1ec670542c3ba98c5857be49f98 P 41014c8665e149b1bad2d86fa772b740 [CANDIDATE]: Term 1 pre-election: Election decided. Result: candidate won. Election summary: received 2 responses out of 3 voters: 2 yes votes; 0 no votes. yes voters: 41014c8665e149b1bad2d86fa772b740, d1015df8800143a1a1dc97f80d5e1956; no voters: 
I20260608 12:55:02.050479  9492 raft_consensus.cc:2804] T 70d7f1ec670542c3ba98c5857be49f98 P 41014c8665e149b1bad2d86fa772b740 [term 0 FOLLOWER]: Leader pre-election won for term 1
I20260608 12:55:02.050841  9492 raft_consensus.cc:493] T 70d7f1ec670542c3ba98c5857be49f98 P 41014c8665e149b1bad2d86fa772b740 [term 0 FOLLOWER]: Starting leader election (no leader contacted us within the election timeout)
I20260608 12:55:02.051301  9492 raft_consensus.cc:3060] T 70d7f1ec670542c3ba98c5857be49f98 P 41014c8665e149b1bad2d86fa772b740 [term 0 FOLLOWER]: Advancing to term 1
I20260608 12:55:02.051887  9512 raft_consensus.cc:515] T 36ef53ec14104b16a3d3038186c4c0fc P 30e96b5cf3dc419692e7ca4e7647cce0 [term 1 FOLLOWER]: Starting leader election with config: opid_index: -1 OBSOLETE_local: false peers { permanent_uuid: "d1015df8800143a1a1dc97f80d5e1956" member_type: VOTER last_known_addr { host: "127.4.156.193" port: 34037 } } peers { permanent_uuid: "41014c8665e149b1bad2d86fa772b740" member_type: VOTER last_known_addr { host: "127.4.156.194" port: 36295 } } peers { permanent_uuid: "30e96b5cf3dc419692e7ca4e7647cce0" member_type: VOTER last_known_addr { host: "127.4.156.195" port: 43795 } }
I20260608 12:55:02.054767  9486 tablet_bootstrap.cc:654] T 847c297cb9b54e518d1e2cfead1dab0b P 30e96b5cf3dc419692e7ca4e7647cce0: Neither blocks nor log segments found. Creating new log.
I20260608 12:55:02.055111  9289 tablet_service.cc:1917] Received RequestConsensusVote() RPC: tablet_id: "36ef53ec14104b16a3d3038186c4c0fc" candidate_uuid: "30e96b5cf3dc419692e7ca4e7647cce0" candidate_term: 1 candidate_status { last_received { term: 0 index: 0 } } ignore_live_leader: false dest_uuid: "d1015df8800143a1a1dc97f80d5e1956"
I20260608 12:55:02.056723  9439 tablet_service.cc:1917] Received RequestConsensusVote() RPC: tablet_id: "70d7f1ec670542c3ba98c5857be49f98" candidate_uuid: "41014c8665e149b1bad2d86fa772b740" candidate_term: 1 candidate_status { last_received { term: 0 index: 0 } } ignore_live_leader: false dest_uuid: "30e96b5cf3dc419692e7ca4e7647cce0" is_pre_election: true
W20260608 12:55:02.057981  9405 leader_election.cc:343] T 36ef53ec14104b16a3d3038186c4c0fc P 30e96b5cf3dc419692e7ca4e7647cce0 [CANDIDATE]: Term 1 election: Tablet error from VoteRequest() call to peer d1015df8800143a1a1dc97f80d5e1956 (127.4.156.193:34037): Illegal state: must be running to vote when last-logged opid is not known
I20260608 12:55:02.050889  9485 tablet_bootstrap.cc:492] T cad115886a614c019ef82e3f589bb80e P 41014c8665e149b1bad2d86fa772b740: No bootstrap required, opened a new log
I20260608 12:55:02.058859  9485 ts_tablet_manager.cc:1403] T cad115886a614c019ef82e3f589bb80e P 41014c8665e149b1bad2d86fa772b740: Time spent bootstrapping tablet: real 0.046s	user 0.013s	sys 0.009s
W20260608 12:55:02.059298  9330 leader_election.cc:343] T 70d7f1ec670542c3ba98c5857be49f98 P 41014c8665e149b1bad2d86fa772b740 [CANDIDATE]: Term 1 pre-election: Tablet error from VoteRequest() call to peer 30e96b5cf3dc419692e7ca4e7647cce0 (127.4.156.195:43795): Illegal state: must be running to vote when last-logged opid is not known
I20260608 12:55:02.061461  9512 leader_election.cc:290] T 36ef53ec14104b16a3d3038186c4c0fc P 30e96b5cf3dc419692e7ca4e7647cce0 [CANDIDATE]: Term 1 election: Requested vote from peers d1015df8800143a1a1dc97f80d5e1956 (127.4.156.193:34037), 41014c8665e149b1bad2d86fa772b740 (127.4.156.194:36295)
I20260608 12:55:02.061489  9490 raft_consensus.cc:493] T 18398bb03462427ca67fb73fa8a38f6c P 30e96b5cf3dc419692e7ca4e7647cce0 [term 0 FOLLOWER]: Starting pre-election (no leader contacted us within the election timeout)
I20260608 12:55:02.062000  9364 tablet_service.cc:1917] Received RequestConsensusVote() RPC: tablet_id: "36ef53ec14104b16a3d3038186c4c0fc" candidate_uuid: "30e96b5cf3dc419692e7ca4e7647cce0" candidate_term: 1 candidate_status { last_received { term: 0 index: 0 } } ignore_live_leader: false dest_uuid: "41014c8665e149b1bad2d86fa772b740"
I20260608 12:55:02.062129  9485 raft_consensus.cc:359] T cad115886a614c019ef82e3f589bb80e P 41014c8665e149b1bad2d86fa772b740 [term 0 FOLLOWER]: Replica starting. Triggering 0 pending ops. Active config: opid_index: -1 OBSOLETE_local: false peers { permanent_uuid: "d1015df8800143a1a1dc97f80d5e1956" member_type: VOTER last_known_addr { host: "127.4.156.193" port: 34037 } } peers { permanent_uuid: "41014c8665e149b1bad2d86fa772b740" member_type: VOTER last_known_addr { host: "127.4.156.194" port: 36295 } } peers { permanent_uuid: "30e96b5cf3dc419692e7ca4e7647cce0" member_type: VOTER last_known_addr { host: "127.4.156.195" port: 43795 } }
I20260608 12:55:02.062734  9364 raft_consensus.cc:3060] T 36ef53ec14104b16a3d3038186c4c0fc P 41014c8665e149b1bad2d86fa772b740 [term 0 FOLLOWER]: Advancing to term 1
I20260608 12:55:02.062973  9485 raft_consensus.cc:385] T cad115886a614c019ef82e3f589bb80e P 41014c8665e149b1bad2d86fa772b740 [term 0 FOLLOWER]: Consensus starting up: Expiring failure detector timer to make a prompt election more likely
I20260608 12:55:02.063354  9485 raft_consensus.cc:740] T cad115886a614c019ef82e3f589bb80e P 41014c8665e149b1bad2d86fa772b740 [term 0 FOLLOWER]: Becoming Follower/Learner. State: Replica: 41014c8665e149b1bad2d86fa772b740, State: Initialized, Role: FOLLOWER
I20260608 12:55:02.064112  9485 consensus_queue.cc:260] T cad115886a614c019ef82e3f589bb80e P 41014c8665e149b1bad2d86fa772b740 [NON_LEADER]: Queue going to NON_LEADER mode. State: All replicated index: 0, Majority replicated index: 0, Committed index: 0, Last appended: 0.0, Last appended by leader: 0, Current term: 0, Majority size: -1, State: 0, Mode: NON_LEADER, active raft config: opid_index: -1 OBSOLETE_local: false peers { permanent_uuid: "d1015df8800143a1a1dc97f80d5e1956" member_type: VOTER last_known_addr { host: "127.4.156.193" port: 34037 } } peers { permanent_uuid: "41014c8665e149b1bad2d86fa772b740" member_type: VOTER last_known_addr { host: "127.4.156.194" port: 36295 } } peers { permanent_uuid: "30e96b5cf3dc419692e7ca4e7647cce0" member_type: VOTER last_known_addr { host: "127.4.156.195" port: 43795 } }
I20260608 12:55:02.066632  9492 raft_consensus.cc:515] T 70d7f1ec670542c3ba98c5857be49f98 P 41014c8665e149b1bad2d86fa772b740 [term 1 FOLLOWER]: Starting leader election with config: opid_index: -1 OBSOLETE_local: false peers { permanent_uuid: "d1015df8800143a1a1dc97f80d5e1956" member_type: VOTER last_known_addr { host: "127.4.156.193" port: 34037 } } peers { permanent_uuid: "41014c8665e149b1bad2d86fa772b740" member_type: VOTER last_known_addr { host: "127.4.156.194" port: 36295 } } peers { permanent_uuid: "30e96b5cf3dc419692e7ca4e7647cce0" member_type: VOTER last_known_addr { host: "127.4.156.195" port: 43795 } }
I20260608 12:55:02.062296  9490 raft_consensus.cc:515] T 18398bb03462427ca67fb73fa8a38f6c P 30e96b5cf3dc419692e7ca4e7647cce0 [term 0 FOLLOWER]: Starting pre-election with config: opid_index: -1 OBSOLETE_local: false peers { permanent_uuid: "d1015df8800143a1a1dc97f80d5e1956" member_type: VOTER last_known_addr { host: "127.4.156.193" port: 34037 } } peers { permanent_uuid: "41014c8665e149b1bad2d86fa772b740" member_type: VOTER last_known_addr { host: "127.4.156.194" port: 36295 } } peers { permanent_uuid: "30e96b5cf3dc419692e7ca4e7647cce0" member_type: VOTER last_known_addr { host: "127.4.156.195" port: 43795 } }
I20260608 12:55:02.068879  9486 tablet_bootstrap.cc:492] T 847c297cb9b54e518d1e2cfead1dab0b P 30e96b5cf3dc419692e7ca4e7647cce0: No bootstrap required, opened a new log
I20260608 12:55:02.069494  9486 ts_tablet_manager.cc:1403] T 847c297cb9b54e518d1e2cfead1dab0b P 30e96b5cf3dc419692e7ca4e7647cce0: Time spent bootstrapping tablet: real 0.025s	user 0.020s	sys 0.000s
I20260608 12:55:02.069841  9492 leader_election.cc:290] T 70d7f1ec670542c3ba98c5857be49f98 P 41014c8665e149b1bad2d86fa772b740 [CANDIDATE]: Term 1 election: Requested vote from peers d1015df8800143a1a1dc97f80d5e1956 (127.4.156.193:34037), 30e96b5cf3dc419692e7ca4e7647cce0 (127.4.156.195:43795)
I20260608 12:55:02.071201  9485 ts_tablet_manager.cc:1434] T cad115886a614c019ef82e3f589bb80e P 41014c8665e149b1bad2d86fa772b740: Time spent starting tablet: real 0.012s	user 0.007s	sys 0.000s
I20260608 12:55:02.071313  9439 tablet_service.cc:1917] Received RequestConsensusVote() RPC: tablet_id: "70d7f1ec670542c3ba98c5857be49f98" candidate_uuid: "41014c8665e149b1bad2d86fa772b740" candidate_term: 1 candidate_status { last_received { term: 0 index: 0 } } ignore_live_leader: false dest_uuid: "30e96b5cf3dc419692e7ca4e7647cce0"
I20260608 12:55:02.072304  9485 tablet_bootstrap.cc:492] T 4efbc71105df4c72a842ef7debe33078 P 41014c8665e149b1bad2d86fa772b740: Bootstrap starting.
I20260608 12:55:02.072645  9289 tablet_service.cc:1917] Received RequestConsensusVote() RPC: tablet_id: "70d7f1ec670542c3ba98c5857be49f98" candidate_uuid: "41014c8665e149b1bad2d86fa772b740" candidate_term: 1 candidate_status { last_received { term: 0 index: 0 } } ignore_live_leader: false dest_uuid: "d1015df8800143a1a1dc97f80d5e1956"
I20260608 12:55:02.073266  9289 raft_consensus.cc:3060] T 70d7f1ec670542c3ba98c5857be49f98 P d1015df8800143a1a1dc97f80d5e1956 [term 0 FOLLOWER]: Advancing to term 1
I20260608 12:55:02.073199  9290 tablet_service.cc:1917] Received RequestConsensusVote() RPC: tablet_id: "18398bb03462427ca67fb73fa8a38f6c" candidate_uuid: "30e96b5cf3dc419692e7ca4e7647cce0" candidate_term: 1 candidate_status { last_received { term: 0 index: 0 } } ignore_live_leader: false dest_uuid: "d1015df8800143a1a1dc97f80d5e1956" is_pre_election: true
I20260608 12:55:02.073853  9490 leader_election.cc:290] T 18398bb03462427ca67fb73fa8a38f6c P 30e96b5cf3dc419692e7ca4e7647cce0 [CANDIDATE]: Term 1 pre-election: Requested pre-vote from peers d1015df8800143a1a1dc97f80d5e1956 (127.4.156.193:34037), 41014c8665e149b1bad2d86fa772b740 (127.4.156.194:36295)
I20260608 12:55:02.073691  9365 tablet_service.cc:1917] Received RequestConsensusVote() RPC: tablet_id: "18398bb03462427ca67fb73fa8a38f6c" candidate_uuid: "30e96b5cf3dc419692e7ca4e7647cce0" candidate_term: 1 candidate_status { last_received { term: 0 index: 0 } } ignore_live_leader: false dest_uuid: "41014c8665e149b1bad2d86fa772b740" is_pre_election: true
I20260608 12:55:02.074877  9365 raft_consensus.cc:2468] T 18398bb03462427ca67fb73fa8a38f6c P 41014c8665e149b1bad2d86fa772b740 [term 0 FOLLOWER]: Leader pre-election vote request: Granting yes vote for candidate 30e96b5cf3dc419692e7ca4e7647cce0 in term 0.
W20260608 12:55:02.074872  9405 leader_election.cc:343] T 18398bb03462427ca67fb73fa8a38f6c P 30e96b5cf3dc419692e7ca4e7647cce0 [CANDIDATE]: Term 1 pre-election: Tablet error from VoteRequest() call to peer d1015df8800143a1a1dc97f80d5e1956 (127.4.156.193:34037): Illegal state: must be running to vote when last-logged opid is not known
I20260608 12:55:02.075716  9486 raft_consensus.cc:359] T 847c297cb9b54e518d1e2cfead1dab0b P 30e96b5cf3dc419692e7ca4e7647cce0 [term 0 FOLLOWER]: Replica starting. Triggering 0 pending ops. Active config: opid_index: -1 OBSOLETE_local: false peers { permanent_uuid: "d1015df8800143a1a1dc97f80d5e1956" member_type: VOTER last_known_addr { host: "127.4.156.193" port: 34037 } } peers { permanent_uuid: "41014c8665e149b1bad2d86fa772b740" member_type: VOTER last_known_addr { host: "127.4.156.194" port: 36295 } } peers { permanent_uuid: "30e96b5cf3dc419692e7ca4e7647cce0" member_type: VOTER last_known_addr { host: "127.4.156.195" port: 43795 } }
I20260608 12:55:02.076581  9486 raft_consensus.cc:385] T 847c297cb9b54e518d1e2cfead1dab0b P 30e96b5cf3dc419692e7ca4e7647cce0 [term 0 FOLLOWER]: Consensus starting up: Expiring failure detector timer to make a prompt election more likely
I20260608 12:55:02.076623  9403 leader_election.cc:304] T 18398bb03462427ca67fb73fa8a38f6c P 30e96b5cf3dc419692e7ca4e7647cce0 [CANDIDATE]: Term 1 pre-election: Election decided. Result: candidate won. Election summary: received 3 responses out of 3 voters: 2 yes votes; 1 no votes. yes voters: 30e96b5cf3dc419692e7ca4e7647cce0, 41014c8665e149b1bad2d86fa772b740; no voters: d1015df8800143a1a1dc97f80d5e1956
I20260608 12:55:02.077086  9486 raft_consensus.cc:740] T 847c297cb9b54e518d1e2cfead1dab0b P 30e96b5cf3dc419692e7ca4e7647cce0 [term 0 FOLLOWER]: Becoming Follower/Learner. State: Replica: 30e96b5cf3dc419692e7ca4e7647cce0, State: Initialized, Role: FOLLOWER
W20260608 12:55:02.078241  9330 leader_election.cc:343] T 70d7f1ec670542c3ba98c5857be49f98 P 41014c8665e149b1bad2d86fa772b740 [CANDIDATE]: Term 1 election: Tablet error from VoteRequest() call to peer 30e96b5cf3dc419692e7ca4e7647cce0 (127.4.156.195:43795): Illegal state: must be running to vote when last-logged opid is not known
I20260608 12:55:02.078094  9486 consensus_queue.cc:260] T 847c297cb9b54e518d1e2cfead1dab0b P 30e96b5cf3dc419692e7ca4e7647cce0 [NON_LEADER]: Queue going to NON_LEADER mode. State: All replicated index: 0, Majority replicated index: 0, Committed index: 0, Last appended: 0.0, Last appended by leader: 0, Current term: 0, Majority size: -1, State: 0, Mode: NON_LEADER, active raft config: opid_index: -1 OBSOLETE_local: false peers { permanent_uuid: "d1015df8800143a1a1dc97f80d5e1956" member_type: VOTER last_known_addr { host: "127.4.156.193" port: 34037 } } peers { permanent_uuid: "41014c8665e149b1bad2d86fa772b740" member_type: VOTER last_known_addr { host: "127.4.156.194" port: 36295 } } peers { permanent_uuid: "30e96b5cf3dc419692e7ca4e7647cce0" member_type: VOTER last_known_addr { host: "127.4.156.195" port: 43795 } }
I20260608 12:55:02.079208  9512 raft_consensus.cc:2804] T 18398bb03462427ca67fb73fa8a38f6c P 30e96b5cf3dc419692e7ca4e7647cce0 [term 0 FOLLOWER]: Leader pre-election won for term 1
I20260608 12:55:02.079574  9512 raft_consensus.cc:493] T 18398bb03462427ca67fb73fa8a38f6c P 30e96b5cf3dc419692e7ca4e7647cce0 [term 0 FOLLOWER]: Starting leader election (no leader contacted us within the election timeout)
I20260608 12:55:02.060813  9484 ts_tablet_manager.cc:1434] T e391b01cafd94778b521e1df92d1b40b P d1015df8800143a1a1dc97f80d5e1956: Time spent starting tablet: real 0.031s	user 0.010s	sys 0.000s
I20260608 12:55:02.079828  9485 tablet_bootstrap.cc:654] T 4efbc71105df4c72a842ef7debe33078 P 41014c8665e149b1bad2d86fa772b740: Neither blocks nor log segments found. Creating new log.
I20260608 12:55:02.079964  9512 raft_consensus.cc:3060] T 18398bb03462427ca67fb73fa8a38f6c P 30e96b5cf3dc419692e7ca4e7647cce0 [term 0 FOLLOWER]: Advancing to term 1
I20260608 12:55:02.080853  9484 tablet_bootstrap.cc:492] T a6a077be7e88495b849d947bcbf453d2 P d1015df8800143a1a1dc97f80d5e1956: Bootstrap starting.
I20260608 12:55:02.084501  9486 ts_tablet_manager.cc:1434] T 847c297cb9b54e518d1e2cfead1dab0b P 30e96b5cf3dc419692e7ca4e7647cce0: Time spent starting tablet: real 0.015s	user 0.007s	sys 0.000s
I20260608 12:55:02.085618  9486 tablet_bootstrap.cc:492] T 70d7f1ec670542c3ba98c5857be49f98 P 30e96b5cf3dc419692e7ca4e7647cce0: Bootstrap starting.
I20260608 12:55:02.087621  9512 raft_consensus.cc:515] T 18398bb03462427ca67fb73fa8a38f6c P 30e96b5cf3dc419692e7ca4e7647cce0 [term 1 FOLLOWER]: Starting leader election with config: opid_index: -1 OBSOLETE_local: false peers { permanent_uuid: "d1015df8800143a1a1dc97f80d5e1956" member_type: VOTER last_known_addr { host: "127.4.156.193" port: 34037 } } peers { permanent_uuid: "41014c8665e149b1bad2d86fa772b740" member_type: VOTER last_known_addr { host: "127.4.156.194" port: 36295 } } peers { permanent_uuid: "30e96b5cf3dc419692e7ca4e7647cce0" member_type: VOTER last_known_addr { host: "127.4.156.195" port: 43795 } }
I20260608 12:55:02.090708  9290 tablet_service.cc:1917] Received RequestConsensusVote() RPC: tablet_id: "18398bb03462427ca67fb73fa8a38f6c" candidate_uuid: "30e96b5cf3dc419692e7ca4e7647cce0" candidate_term: 1 candidate_status { last_received { term: 0 index: 0 } } ignore_live_leader: false dest_uuid: "d1015df8800143a1a1dc97f80d5e1956"
I20260608 12:55:02.091992  9486 tablet_bootstrap.cc:654] T 70d7f1ec670542c3ba98c5857be49f98 P 30e96b5cf3dc419692e7ca4e7647cce0: Neither blocks nor log segments found. Creating new log.
W20260608 12:55:02.092514  9405 leader_election.cc:343] T 18398bb03462427ca67fb73fa8a38f6c P 30e96b5cf3dc419692e7ca4e7647cce0 [CANDIDATE]: Term 1 election: Tablet error from VoteRequest() call to peer d1015df8800143a1a1dc97f80d5e1956 (127.4.156.193:34037): Illegal state: must be running to vote when last-logged opid is not known
I20260608 12:55:02.093258  9492 raft_consensus.cc:493] T eb1e79af62f949e89b811e9626a76545 P 41014c8665e149b1bad2d86fa772b740 [term 0 FOLLOWER]: Starting pre-election (no leader contacted us within the election timeout)
I20260608 12:55:02.093765  9492 raft_consensus.cc:515] T eb1e79af62f949e89b811e9626a76545 P 41014c8665e149b1bad2d86fa772b740 [term 0 FOLLOWER]: Starting pre-election with config: opid_index: -1 OBSOLETE_local: false peers { permanent_uuid: "d1015df8800143a1a1dc97f80d5e1956" member_type: VOTER last_known_addr { host: "127.4.156.193" port: 34037 } } peers { permanent_uuid: "41014c8665e149b1bad2d86fa772b740" member_type: VOTER last_known_addr { host: "127.4.156.194" port: 36295 } } peers { permanent_uuid: "30e96b5cf3dc419692e7ca4e7647cce0" member_type: VOTER last_known_addr { host: "127.4.156.195" port: 43795 } }
I20260608 12:55:02.095232  9364 raft_consensus.cc:2468] T 36ef53ec14104b16a3d3038186c4c0fc P 41014c8665e149b1bad2d86fa772b740 [term 1 FOLLOWER]: Leader election vote request: Granting yes vote for candidate 30e96b5cf3dc419692e7ca4e7647cce0 in term 1.
I20260608 12:55:02.097085  9512 leader_election.cc:290] T 18398bb03462427ca67fb73fa8a38f6c P 30e96b5cf3dc419692e7ca4e7647cce0 [CANDIDATE]: Term 1 election: Requested vote from peers d1015df8800143a1a1dc97f80d5e1956 (127.4.156.193:34037), 41014c8665e149b1bad2d86fa772b740 (127.4.156.194:36295)
I20260608 12:55:02.097720  9492 leader_election.cc:290] T eb1e79af62f949e89b811e9626a76545 P 41014c8665e149b1bad2d86fa772b740 [CANDIDATE]: Term 1 pre-election: Requested pre-vote from peers d1015df8800143a1a1dc97f80d5e1956 (127.4.156.193:34037), 30e96b5cf3dc419692e7ca4e7647cce0 (127.4.156.195:43795)
I20260608 12:55:02.097919  9403 leader_election.cc:304] T 36ef53ec14104b16a3d3038186c4c0fc P 30e96b5cf3dc419692e7ca4e7647cce0 [CANDIDATE]: Term 1 election: Election decided. Result: candidate won. Election summary: received 3 responses out of 3 voters: 2 yes votes; 1 no votes. yes voters: 30e96b5cf3dc419692e7ca4e7647cce0, 41014c8665e149b1bad2d86fa772b740; no voters: d1015df8800143a1a1dc97f80d5e1956
I20260608 12:55:02.097026  9289 raft_consensus.cc:2468] T 70d7f1ec670542c3ba98c5857be49f98 P d1015df8800143a1a1dc97f80d5e1956 [term 1 FOLLOWER]: Leader election vote request: Granting yes vote for candidate 41014c8665e149b1bad2d86fa772b740 in term 1.
I20260608 12:55:02.098482  9290 tablet_service.cc:1917] Received RequestConsensusVote() RPC: tablet_id: "eb1e79af62f949e89b811e9626a76545" candidate_uuid: "41014c8665e149b1bad2d86fa772b740" candidate_term: 1 candidate_status { last_received { term: 0 index: 0 } } ignore_live_leader: false dest_uuid: "d1015df8800143a1a1dc97f80d5e1956" is_pre_election: true
I20260608 12:55:02.106609  9290 raft_consensus.cc:2468] T eb1e79af62f949e89b811e9626a76545 P d1015df8800143a1a1dc97f80d5e1956 [term 0 FOLLOWER]: Leader pre-election vote request: Granting yes vote for candidate 41014c8665e149b1bad2d86fa772b740 in term 0.
