I20260608 12:54:15.382519  7619 catalog_manager.cc:1519] Initializing Kudu cluster ID...
I20260608 12:54:15.383608  4714 internal_mini_cluster.cc:184] Waiting to initialize catalog manager on master 0
I20260608 12:54:15.392253  7619 catalog_manager.cc:1382] Generated new cluster ID: 9cc0e79802bb4637998d240bf717a1a6
I20260608 12:54:15.392532  7619 catalog_manager.cc:1530] Initializing Kudu internal certificate authority...
I20260608 12:54:15.409900  7619 catalog_manager.cc:1405] Generated new certificate authority record
I20260608 12:54:15.411322  7619 catalog_manager.cc:1539] Loading token signing keys...
I20260608 12:54:15.424697  7619 catalog_manager.cc:6069] T 00000000000000000000000000000000 P 69a04caca1d84989add8909b54f541b7: Generated new TSK 0
I20260608 12:54:15.425381  7619 catalog_manager.cc:1549] Initializing in-progress tserver states...
I20260608 12:54:15.450302  4714 file_cache.cc:492] Constructed file cache file cache with capacity 419430
W20260608 12:54:15.456758  7632 instance_detector.cc:116] could not retrieve AWS instance metadata: Network error: curl error: HTTP response code said error: The requested URL returned error: 404
W20260608 12:54:15.457839  7633 instance_detector.cc:116] could not retrieve Azure instance metadata: Network error: curl error: HTTP response code said error: The requested URL returned error: 404
I20260608 12:54:15.459594  4714 server_base.cc:1061] running on GCE node
W20260608 12:54:15.460386  7635 instance_detector.cc:116] could not retrieve OpenStack instance metadata: Network error: curl error: HTTP response code said error: The requested URL returned error: 404
I20260608 12:54:15.461344  4714 hybrid_clock.cc:584] initializing the hybrid clock with 'system_unsync' time source
W20260608 12:54:15.461603  4714 system_unsync_time.cc:38] NTP support is disabled. Clock error bounds will not be accurate. This configuration is not suitable for distributed clusters.
I20260608 12:54:15.461740  4714 hybrid_clock.cc:648] HybridClock initialized: now 1780923255461729 us; error 0 us; skew 500 ppm
I20260608 12:54:15.462291  4714 server_base.cc:861] Flag tcmalloc_max_total_thread_cache_bytes is not working since tcmalloc is not enabled.
I20260608 12:54:15.464704  4714 webserver.cc:533] Webserver started at http://127.4.154.129:34349/ using document root <none> and password file <none>
I20260608 12:54:15.465233  4714 fs_manager.cc:362] Metadata directory not provided
I20260608 12:54:15.465397  4714 fs_manager.cc:368] Using write-ahead log directory (fs_wal_dir) as metadata directory
I20260608 12:54:15.465708  4714 server_base.cc:909] This appears to be a new deployment of Kudu; creating new FS layout
I20260608 12:54:15.466912  4714 fs_manager.cc:1068] Generated new instance metadata in path /tmp/dist-test-task4pbF8D/test-tmp/auto_rebalancer-test.0.AutoRebalancerTest.RangeAwareRebalancesNewRangeReplicas.1780923177411149-4714-0/minicluster-data/ts-0-root/instance:
uuid: "0d4c145a2b754339baf9a10d2100e3c0"
format_stamp: "Formatted at 2026-06-08 12:54:15 on dist-test-slave-pqj6"
I20260608 12:54:15.472030  4714 fs_manager.cc:696] Time spent creating directory manager: real 0.005s	user 0.005s	sys 0.001s
I20260608 12:54:15.475656  7640 log_block_manager.cc:4031] Time spent loading block containers with low live blocks: real 0.000s	user 0.000s	sys 0.000s
I20260608 12:54:15.476549  4714 fs_manager.cc:730] Time spent opening block manager: real 0.002s	user 0.002s	sys 0.000s
I20260608 12:54:15.476881  4714 fs_manager.cc:647] Opened local filesystem: /tmp/dist-test-task4pbF8D/test-tmp/auto_rebalancer-test.0.AutoRebalancerTest.RangeAwareRebalancesNewRangeReplicas.1780923177411149-4714-0/minicluster-data/ts-0-root
uuid: "0d4c145a2b754339baf9a10d2100e3c0"
format_stamp: "Formatted at 2026-06-08 12:54:15 on dist-test-slave-pqj6"
I20260608 12:54:15.477193  4714 fs_report.cc:389] FS layout report
--------------------
wal directory: /tmp/dist-test-task4pbF8D/test-tmp/auto_rebalancer-test.0.AutoRebalancerTest.RangeAwareRebalancesNewRangeReplicas.1780923177411149-4714-0/minicluster-data/ts-0-root
metadata directory: /tmp/dist-test-task4pbF8D/test-tmp/auto_rebalancer-test.0.AutoRebalancerTest.RangeAwareRebalancesNewRangeReplicas.1780923177411149-4714-0/minicluster-data/ts-0-root
1 data directories: /tmp/dist-test-task4pbF8D/test-tmp/auto_rebalancer-test.0.AutoRebalancerTest.RangeAwareRebalancesNewRangeReplicas.1780923177411149-4714-0/minicluster-data/ts-0-root/data
Total live blocks: 0
Total live bytes: 0
Total live bytes (after alignment): 0
Total number of LBM containers: 0 (0 full)
Did not check for missing blocks
Did not check for orphaned blocks
Total full LBM containers with extra space: 0 (0 repaired)
Total full LBM container extra space in bytes: 0 (0 repaired)
Total incomplete LBM containers: 0 (0 repaired)
Total LBM partial records: 0 (0 repaired)
Total corrupted LBM metadata records in RocksDB: 0 (0 repaired)
I20260608 12:54:15.498162  4714 rpc_server.cc:225] running with OpenSSL 1.1.1  11 Sep 2018
I20260608 12:54:15.499393  4714 kserver.cc:163] Server-wide thread pool size limit: 3276
I20260608 12:54:15.500931  4714 txn_system_client.cc:432] TxnSystemClient initialization is disabled...
I20260608 12:54:15.503450  4714 ts_tablet_manager.cc:585] Loaded tablet metadata (0 total tablets, 0 live tablets)
I20260608 12:54:15.503687  4714 ts_tablet_manager.cc:531] Time spent load tablet metadata: real 0.000s	user 0.000s	sys 0.000s
I20260608 12:54:15.503934  4714 ts_tablet_manager.cc:616] Registered 0 tablets
I20260608 12:54:15.504103  4714 ts_tablet_manager.cc:595] Time spent register tablets: real 0.000s	user 0.000s	sys 0.000s
I20260608 12:54:15.544265  4714 rpc_server.cc:307] RPC server started. Bound to: 127.4.154.129:43349
I20260608 12:54:15.544380  7702 acceptor_pool.cc:272] collecting diagnostics on the listening RPC socket 127.4.154.129:43349 every 8 connection(s)
I20260608 12:54:15.549820  4714 file_cache.cc:492] Constructed file cache file cache with capacity 419430
W20260608 12:54:15.557305  7707 instance_detector.cc:116] could not retrieve AWS instance metadata: Network error: curl error: HTTP response code said error: The requested URL returned error: 404
W20260608 12:54:15.560757  7708 instance_detector.cc:116] could not retrieve Azure instance metadata: Network error: curl error: HTTP response code said error: The requested URL returned error: 404
I20260608 12:54:15.561439  4714 server_base.cc:1061] running on GCE node
W20260608 12:54:15.561839  7710 instance_detector.cc:116] could not retrieve OpenStack instance metadata: Network error: curl error: HTTP response code said error: The requested URL returned error: 404
I20260608 12:54:15.562964  4714 hybrid_clock.cc:584] initializing the hybrid clock with 'system_unsync' time source
W20260608 12:54:15.563189  4714 system_unsync_time.cc:38] NTP support is disabled. Clock error bounds will not be accurate. This configuration is not suitable for distributed clusters.
I20260608 12:54:15.563409  4714 hybrid_clock.cc:648] HybridClock initialized: now 1780923255563387 us; error 0 us; skew 500 ppm
I20260608 12:54:15.563660  7703 heartbeater.cc:344] Connected to a master server at 127.4.154.190:38497
I20260608 12:54:15.564059  7703 heartbeater.cc:461] Registering TS with master...
I20260608 12:54:15.564248  4714 server_base.cc:861] Flag tcmalloc_max_total_thread_cache_bytes is not working since tcmalloc is not enabled.
I20260608 12:54:15.565196  7703 heartbeater.cc:507] Master 127.4.154.190:38497 requested a full tablet report, sending...
I20260608 12:54:15.567543  4714 webserver.cc:533] Webserver started at http://127.4.154.130:34869/ using document root <none> and password file <none>
I20260608 12:54:15.568131  4714 fs_manager.cc:362] Metadata directory not provided
I20260608 12:54:15.568040  7576 ts_manager.cc:194] Registered new tserver with Master: 0d4c145a2b754339baf9a10d2100e3c0 (127.4.154.129:43349)
I20260608 12:54:15.568444  4714 fs_manager.cc:368] Using write-ahead log directory (fs_wal_dir) as metadata directory
I20260608 12:54:15.568830  4714 server_base.cc:909] This appears to be a new deployment of Kudu; creating new FS layout
I20260608 12:54:15.569996  4714 fs_manager.cc:1068] Generated new instance metadata in path /tmp/dist-test-task4pbF8D/test-tmp/auto_rebalancer-test.0.AutoRebalancerTest.RangeAwareRebalancesNewRangeReplicas.1780923177411149-4714-0/minicluster-data/ts-1-root/instance:
uuid: "0807bade903349bbb0bfd70cbbdb582b"
format_stamp: "Formatted at 2026-06-08 12:54:15 on dist-test-slave-pqj6"
I20260608 12:54:15.570374  7576 master_service.cc:502] Signed X509 certificate for tserver {username='slave'} at 127.0.0.1:41620
I20260608 12:54:15.575338  4714 fs_manager.cc:696] Time spent creating directory manager: real 0.005s	user 0.005s	sys 0.000s
I20260608 12:54:15.579264  7715 log_block_manager.cc:4031] Time spent loading block containers with low live blocks: real 0.000s	user 0.000s	sys 0.000s
I20260608 12:54:15.580226  4714 fs_manager.cc:730] Time spent opening block manager: real 0.003s	user 0.004s	sys 0.000s
I20260608 12:54:15.580648  4714 fs_manager.cc:647] Opened local filesystem: /tmp/dist-test-task4pbF8D/test-tmp/auto_rebalancer-test.0.AutoRebalancerTest.RangeAwareRebalancesNewRangeReplicas.1780923177411149-4714-0/minicluster-data/ts-1-root
uuid: "0807bade903349bbb0bfd70cbbdb582b"
format_stamp: "Formatted at 2026-06-08 12:54:15 on dist-test-slave-pqj6"
I20260608 12:54:15.580936  4714 fs_report.cc:389] FS layout report
--------------------
wal directory: /tmp/dist-test-task4pbF8D/test-tmp/auto_rebalancer-test.0.AutoRebalancerTest.RangeAwareRebalancesNewRangeReplicas.1780923177411149-4714-0/minicluster-data/ts-1-root
metadata directory: /tmp/dist-test-task4pbF8D/test-tmp/auto_rebalancer-test.0.AutoRebalancerTest.RangeAwareRebalancesNewRangeReplicas.1780923177411149-4714-0/minicluster-data/ts-1-root
1 data directories: /tmp/dist-test-task4pbF8D/test-tmp/auto_rebalancer-test.0.AutoRebalancerTest.RangeAwareRebalancesNewRangeReplicas.1780923177411149-4714-0/minicluster-data/ts-1-root/data
Total live blocks: 0
Total live bytes: 0
Total live bytes (after alignment): 0
Total number of LBM containers: 0 (0 full)
Did not check for missing blocks
Did not check for orphaned blocks
Total full LBM containers with extra space: 0 (0 repaired)
Total full LBM container extra space in bytes: 0 (0 repaired)
Total incomplete LBM containers: 0 (0 repaired)
Total LBM partial records: 0 (0 repaired)
Total corrupted LBM metadata records in RocksDB: 0 (0 repaired)
I20260608 12:54:15.596979  4714 rpc_server.cc:225] running with OpenSSL 1.1.1  11 Sep 2018
I20260608 12:54:15.598194  4714 kserver.cc:163] Server-wide thread pool size limit: 3276
I20260608 12:54:15.599623  4714 txn_system_client.cc:432] TxnSystemClient initialization is disabled...
I20260608 12:54:15.602125  4714 ts_tablet_manager.cc:585] Loaded tablet metadata (0 total tablets, 0 live tablets)
I20260608 12:54:15.602324  4714 ts_tablet_manager.cc:531] Time spent load tablet metadata: real 0.000s	user 0.000s	sys 0.000s
I20260608 12:54:15.602628  4714 ts_tablet_manager.cc:616] Registered 0 tablets
I20260608 12:54:15.602802  4714 ts_tablet_manager.cc:595] Time spent register tablets: real 0.000s	user 0.000s	sys 0.000s
I20260608 12:54:15.642903  4714 rpc_server.cc:307] RPC server started. Bound to: 127.4.154.130:35237
I20260608 12:54:15.643036  7777 acceptor_pool.cc:272] collecting diagnostics on the listening RPC socket 127.4.154.130:35237 every 8 connection(s)
I20260608 12:54:15.648221  4714 file_cache.cc:492] Constructed file cache file cache with capacity 419430
W20260608 12:54:15.655809  7781 instance_detector.cc:116] could not retrieve AWS instance metadata: Network error: curl error: HTTP response code said error: The requested URL returned error: 404
W20260608 12:54:15.656883  7782 instance_detector.cc:116] could not retrieve Azure instance metadata: Network error: curl error: HTTP response code said error: The requested URL returned error: 404
I20260608 12:54:15.660118  4714 server_base.cc:1061] running on GCE node
I20260608 12:54:15.661648  7778 heartbeater.cc:344] Connected to a master server at 127.4.154.190:38497
W20260608 12:54:15.661712  7785 instance_detector.cc:116] could not retrieve OpenStack instance metadata: Network error: curl error: HTTP response code said error: The requested URL returned error: 404
I20260608 12:54:15.662137  7778 heartbeater.cc:461] Registering TS with master...
I20260608 12:54:15.662786  4714 hybrid_clock.cc:584] initializing the hybrid clock with 'system_unsync' time source
W20260608 12:54:15.663058  4714 system_unsync_time.cc:38] NTP support is disabled. Clock error bounds will not be accurate. This configuration is not suitable for distributed clusters.
I20260608 12:54:15.662930  7778 heartbeater.cc:507] Master 127.4.154.190:38497 requested a full tablet report, sending...
I20260608 12:54:15.663408  4714 hybrid_clock.cc:648] HybridClock initialized: now 1780923255663380 us; error 0 us; skew 500 ppm
I20260608 12:54:15.664170  4714 server_base.cc:861] Flag tcmalloc_max_total_thread_cache_bytes is not working since tcmalloc is not enabled.
I20260608 12:54:15.665752  7576 ts_manager.cc:194] Registered new tserver with Master: 0807bade903349bbb0bfd70cbbdb582b (127.4.154.130:35237)
I20260608 12:54:15.666967  4714 webserver.cc:533] Webserver started at http://127.4.154.131:35531/ using document root <none> and password file <none>
I20260608 12:54:15.667338  7576 master_service.cc:502] Signed X509 certificate for tserver {username='slave'} at 127.0.0.1:41624
I20260608 12:54:15.667565  4714 fs_manager.cc:362] Metadata directory not provided
I20260608 12:54:15.667840  4714 fs_manager.cc:368] Using write-ahead log directory (fs_wal_dir) as metadata directory
I20260608 12:54:15.668119  4714 server_base.cc:909] This appears to be a new deployment of Kudu; creating new FS layout
I20260608 12:54:15.669351  4714 fs_manager.cc:1068] Generated new instance metadata in path /tmp/dist-test-task4pbF8D/test-tmp/auto_rebalancer-test.0.AutoRebalancerTest.RangeAwareRebalancesNewRangeReplicas.1780923177411149-4714-0/minicluster-data/ts-2-root/instance:
uuid: "82f5a9ceefde48c993013319fb22d0e2"
format_stamp: "Formatted at 2026-06-08 12:54:15 on dist-test-slave-pqj6"
I20260608 12:54:15.674082  4714 fs_manager.cc:696] Time spent creating directory manager: real 0.004s	user 0.004s	sys 0.000s
I20260608 12:54:15.678217  7789 log_block_manager.cc:4031] Time spent loading block containers with low live blocks: real 0.000s	user 0.000s	sys 0.000s
I20260608 12:54:15.679397  4714 fs_manager.cc:730] Time spent opening block manager: real 0.003s	user 0.002s	sys 0.002s
I20260608 12:54:15.679728  4714 fs_manager.cc:647] Opened local filesystem: /tmp/dist-test-task4pbF8D/test-tmp/auto_rebalancer-test.0.AutoRebalancerTest.RangeAwareRebalancesNewRangeReplicas.1780923177411149-4714-0/minicluster-data/ts-2-root
uuid: "82f5a9ceefde48c993013319fb22d0e2"
format_stamp: "Formatted at 2026-06-08 12:54:15 on dist-test-slave-pqj6"
I20260608 12:54:15.680028  4714 fs_report.cc:389] FS layout report
--------------------
wal directory: /tmp/dist-test-task4pbF8D/test-tmp/auto_rebalancer-test.0.AutoRebalancerTest.RangeAwareRebalancesNewRangeReplicas.1780923177411149-4714-0/minicluster-data/ts-2-root
metadata directory: /tmp/dist-test-task4pbF8D/test-tmp/auto_rebalancer-test.0.AutoRebalancerTest.RangeAwareRebalancesNewRangeReplicas.1780923177411149-4714-0/minicluster-data/ts-2-root
1 data directories: /tmp/dist-test-task4pbF8D/test-tmp/auto_rebalancer-test.0.AutoRebalancerTest.RangeAwareRebalancesNewRangeReplicas.1780923177411149-4714-0/minicluster-data/ts-2-root/data
Total live blocks: 0
Total live bytes: 0
Total live bytes (after alignment): 0
Total number of LBM containers: 0 (0 full)
Did not check for missing blocks
Did not check for orphaned blocks
Total full LBM containers with extra space: 0 (0 repaired)
Total full LBM container extra space in bytes: 0 (0 repaired)
Total incomplete LBM containers: 0 (0 repaired)
Total LBM partial records: 0 (0 repaired)
Total corrupted LBM metadata records in RocksDB: 0 (0 repaired)
I20260608 12:54:15.699312  4714 rpc_server.cc:225] running with OpenSSL 1.1.1  11 Sep 2018
I20260608 12:54:15.700503  4714 kserver.cc:163] Server-wide thread pool size limit: 3276
I20260608 12:54:15.702021  4714 txn_system_client.cc:432] TxnSystemClient initialization is disabled...
I20260608 12:54:15.704326  4714 ts_tablet_manager.cc:585] Loaded tablet metadata (0 total tablets, 0 live tablets)
I20260608 12:54:15.704564  4714 ts_tablet_manager.cc:531] Time spent load tablet metadata: real 0.000s	user 0.000s	sys 0.000s
I20260608 12:54:15.704819  4714 ts_tablet_manager.cc:616] Registered 0 tablets
I20260608 12:54:15.705008  4714 ts_tablet_manager.cc:595] Time spent register tablets: real 0.000s	user 0.000s	sys 0.000s
I20260608 12:54:15.748001  4714 rpc_server.cc:307] RPC server started. Bound to: 127.4.154.131:42043
I20260608 12:54:15.748119  7851 acceptor_pool.cc:272] collecting diagnostics on the listening RPC socket 127.4.154.131:42043 every 8 connection(s)
I20260608 12:54:15.763311  7852 heartbeater.cc:344] Connected to a master server at 127.4.154.190:38497
I20260608 12:54:15.763749  7852 heartbeater.cc:461] Registering TS with master...
I20260608 12:54:15.764516  7852 heartbeater.cc:507] Master 127.4.154.190:38497 requested a full tablet report, sending...
I20260608 12:54:15.766690  7576 ts_manager.cc:194] Registered new tserver with Master: 82f5a9ceefde48c993013319fb22d0e2 (127.4.154.131:42043)
I20260608 12:54:15.767392  4714 internal_mini_cluster.cc:371] 3 TS(s) registered with all masters after 0.015851223s
I20260608 12:54:15.768154  7576 master_service.cc:502] Signed X509 certificate for tserver {username='slave'} at 127.0.0.1:41630
I20260608 12:54:16.573390  7703 heartbeater.cc:499] Master 127.4.154.190:38497 was elected leader, sending a full tablet report...
I20260608 12:54:16.669885  7778 heartbeater.cc:499] Master 127.4.154.190:38497 was elected leader, sending a full tablet report...
I20260608 12:54:16.770960  7852 heartbeater.cc:499] Master 127.4.154.190:38497 was elected leader, sending a full tablet report...
I20260608 12:54:16.824486  7576 catalog_manager.cc:2282] Servicing CreateTable request from {username='slave'} at 127.0.0.1:41634:
name: "range_aware_rebalance_new_range"
schema {
  columns {
    name: "key"
    type: INT32
    is_key: true
    is_nullable: false
    encoding: AUTO_ENCODING
    compression: DEFAULT_COMPRESSION
    cfile_block_size: 0
    immutable: false
  }
}
num_replicas: 3
split_rows_range_bounds {
  rows: "\006\001\000\000\000\000\007\001\n\000\000\000""\006\001\000\000\000\000\007\001\n\000\000\000"
  indirect_data: """"
}
partition_schema {
  hash_schema {
    columns {
      name: "key"
    }
    num_buckets: 8
    seed: 0
  }
  range_schema {
    columns {
      name: "key"
    }
  }
}
W20260608 12:54:16.826951  7576 catalog_manager.cc:7076] The number of live tablet servers is not enough to re-replicate a tablet replica of the newly created table range_aware_rebalance_new_range in case of a server failure: 4 tablet servers would be needed, 3 are available. Consider bringing up more tablet servers.
I20260608 12:54:16.901494  7817 tablet_service.cc:1511] Processing CreateTablet for tablet 2c23eb479cc5427e84a8bbf733a3b5fd (DEFAULT_TABLE table=range_aware_rebalance_new_range [id=831f89d49482430cab25957a5d071779]), partition=HASH (key) PARTITION 0, RANGE (key) PARTITION 0 <= VALUES < 10
I20260608 12:54:16.903333  7817 data_dirs.cc:400] Could only allocate 1 dirs of requested 3 for tablet 2c23eb479cc5427e84a8bbf733a3b5fd. 1 dirs total, 0 dirs full, 0 dirs failed
I20260608 12:54:16.905892  7743 tablet_service.cc:1511] Processing CreateTablet for tablet 2c23eb479cc5427e84a8bbf733a3b5fd (DEFAULT_TABLE table=range_aware_rebalance_new_range [id=831f89d49482430cab25957a5d071779]), partition=HASH (key) PARTITION 0, RANGE (key) PARTITION 0 <= VALUES < 10
I20260608 12:54:16.907760  7743 data_dirs.cc:400] Could only allocate 1 dirs of requested 3 for tablet 2c23eb479cc5427e84a8bbf733a3b5fd. 1 dirs total, 0 dirs full, 0 dirs failed
I20260608 12:54:16.907419  7816 tablet_service.cc:1511] Processing CreateTablet for tablet 25469c35438849b7bb777a91be43b116 (DEFAULT_TABLE table=range_aware_rebalance_new_range [id=831f89d49482430cab25957a5d071779]), partition=HASH (key) PARTITION 1, RANGE (key) PARTITION 0 <= VALUES < 10
I20260608 12:54:16.907956  7815 tablet_service.cc:1511] Processing CreateTablet for tablet 620fcc7447f74d83bb00b687d90c1e07 (DEFAULT_TABLE table=range_aware_rebalance_new_range [id=831f89d49482430cab25957a5d071779]), partition=HASH (key) PARTITION 2, RANGE (key) PARTITION 0 <= VALUES < 10
I20260608 12:54:16.908967  7816 data_dirs.cc:400] Could only allocate 1 dirs of requested 3 for tablet 25469c35438849b7bb777a91be43b116. 1 dirs total, 0 dirs full, 0 dirs failed
I20260608 12:54:16.909987  7815 data_dirs.cc:400] Could only allocate 1 dirs of requested 3 for tablet 620fcc7447f74d83bb00b687d90c1e07. 1 dirs total, 0 dirs full, 0 dirs failed
I20260608 12:54:16.910993  7742 tablet_service.cc:1511] Processing CreateTablet for tablet 25469c35438849b7bb777a91be43b116 (DEFAULT_TABLE table=range_aware_rebalance_new_range [id=831f89d49482430cab25957a5d071779]), partition=HASH (key) PARTITION 1, RANGE (key) PARTITION 0 <= VALUES < 10
I20260608 12:54:16.912909  7742 data_dirs.cc:400] Could only allocate 1 dirs of requested 3 for tablet 25469c35438849b7bb777a91be43b116. 1 dirs total, 0 dirs full, 0 dirs failed
I20260608 12:54:16.915004  7741 tablet_service.cc:1511] Processing CreateTablet for tablet 620fcc7447f74d83bb00b687d90c1e07 (DEFAULT_TABLE table=range_aware_rebalance_new_range [id=831f89d49482430cab25957a5d071779]), partition=HASH (key) PARTITION 2, RANGE (key) PARTITION 0 <= VALUES < 10
I20260608 12:54:16.915421  7814 tablet_service.cc:1511] Processing CreateTablet for tablet eaa19f27eeae4e0880a7b3fb2ef6e6c6 (DEFAULT_TABLE table=range_aware_rebalance_new_range [id=831f89d49482430cab25957a5d071779]), partition=HASH (key) PARTITION 3, RANGE (key) PARTITION 0 <= VALUES < 10
I20260608 12:54:16.916534  7741 data_dirs.cc:400] Could only allocate 1 dirs of requested 3 for tablet 620fcc7447f74d83bb00b687d90c1e07. 1 dirs total, 0 dirs full, 0 dirs failed
I20260608 12:54:16.916921  7814 data_dirs.cc:400] Could only allocate 1 dirs of requested 3 for tablet eaa19f27eeae4e0880a7b3fb2ef6e6c6. 1 dirs total, 0 dirs full, 0 dirs failed
I20260608 12:54:16.918716  7813 tablet_service.cc:1511] Processing CreateTablet for tablet 7bce806c28f54d559c3314760eee092b (DEFAULT_TABLE table=range_aware_rebalance_new_range [id=831f89d49482430cab25957a5d071779]), partition=HASH (key) PARTITION 4, RANGE (key) PARTITION 0 <= VALUES < 10
I20260608 12:54:16.920226  7813 data_dirs.cc:400] Could only allocate 1 dirs of requested 3 for tablet 7bce806c28f54d559c3314760eee092b. 1 dirs total, 0 dirs full, 0 dirs failed
I20260608 12:54:16.930806  7740 tablet_service.cc:1511] Processing CreateTablet for tablet eaa19f27eeae4e0880a7b3fb2ef6e6c6 (DEFAULT_TABLE table=range_aware_rebalance_new_range [id=831f89d49482430cab25957a5d071779]), partition=HASH (key) PARTITION 3, RANGE (key) PARTITION 0 <= VALUES < 10
I20260608 12:54:16.932642  7740 data_dirs.cc:400] Could only allocate 1 dirs of requested 3 for tablet eaa19f27eeae4e0880a7b3fb2ef6e6c6. 1 dirs total, 0 dirs full, 0 dirs failed
I20260608 12:54:16.941197  7812 tablet_service.cc:1511] Processing CreateTablet for tablet ffc2befbf51e403b8a0fb4e298691082 (DEFAULT_TABLE table=range_aware_rebalance_new_range [id=831f89d49482430cab25957a5d071779]), partition=HASH (key) PARTITION 5, RANGE (key) PARTITION 0 <= VALUES < 10
I20260608 12:54:16.943177  7812 data_dirs.cc:400] Could only allocate 1 dirs of requested 3 for tablet ffc2befbf51e403b8a0fb4e298691082. 1 dirs total, 0 dirs full, 0 dirs failed
I20260608 12:54:16.942831  7739 tablet_service.cc:1511] Processing CreateTablet for tablet 7bce806c28f54d559c3314760eee092b (DEFAULT_TABLE table=range_aware_rebalance_new_range [id=831f89d49482430cab25957a5d071779]), partition=HASH (key) PARTITION 4, RANGE (key) PARTITION 0 <= VALUES < 10
I20260608 12:54:16.944572  7739 data_dirs.cc:400] Could only allocate 1 dirs of requested 3 for tablet 7bce806c28f54d559c3314760eee092b. 1 dirs total, 0 dirs full, 0 dirs failed
I20260608 12:54:16.951252  7738 tablet_service.cc:1511] Processing CreateTablet for tablet ffc2befbf51e403b8a0fb4e298691082 (DEFAULT_TABLE table=range_aware_rebalance_new_range [id=831f89d49482430cab25957a5d071779]), partition=HASH (key) PARTITION 5, RANGE (key) PARTITION 0 <= VALUES < 10
I20260608 12:54:16.952910  7738 data_dirs.cc:400] Could only allocate 1 dirs of requested 3 for tablet ffc2befbf51e403b8a0fb4e298691082. 1 dirs total, 0 dirs full, 0 dirs failed
I20260608 12:54:16.958756  7737 tablet_service.cc:1511] Processing CreateTablet for tablet afbcb347682a410c926128afe55f5f55 (DEFAULT_TABLE table=range_aware_rebalance_new_range [id=831f89d49482430cab25957a5d071779]), partition=HASH (key) PARTITION 6, RANGE (key) PARTITION 0 <= VALUES < 10
I20260608 12:54:16.960327  7737 data_dirs.cc:400] Could only allocate 1 dirs of requested 3 for tablet afbcb347682a410c926128afe55f5f55. 1 dirs total, 0 dirs full, 0 dirs failed
I20260608 12:54:16.961529  7811 tablet_service.cc:1511] Processing CreateTablet for tablet afbcb347682a410c926128afe55f5f55 (DEFAULT_TABLE table=range_aware_rebalance_new_range [id=831f89d49482430cab25957a5d071779]), partition=HASH (key) PARTITION 6, RANGE (key) PARTITION 0 <= VALUES < 10
I20260608 12:54:16.963069  7811 data_dirs.cc:400] Could only allocate 1 dirs of requested 3 for tablet afbcb347682a410c926128afe55f5f55. 1 dirs total, 0 dirs full, 0 dirs failed
I20260608 12:54:16.968927  7736 tablet_service.cc:1511] Processing CreateTablet for tablet 87639fa30f10407e9d507c9d344903eb (DEFAULT_TABLE table=range_aware_rebalance_new_range [id=831f89d49482430cab25957a5d071779]), partition=HASH (key) PARTITION 7, RANGE (key) PARTITION 0 <= VALUES < 10
I20260608 12:54:16.970551  7736 data_dirs.cc:400] Could only allocate 1 dirs of requested 3 for tablet 87639fa30f10407e9d507c9d344903eb. 1 dirs total, 0 dirs full, 0 dirs failed
I20260608 12:54:16.986657  7668 tablet_service.cc:1511] Processing CreateTablet for tablet 2c23eb479cc5427e84a8bbf733a3b5fd (DEFAULT_TABLE table=range_aware_rebalance_new_range [id=831f89d49482430cab25957a5d071779]), partition=HASH (key) PARTITION 0, RANGE (key) PARTITION 0 <= VALUES < 10
I20260608 12:54:16.987412  7666 tablet_service.cc:1511] Processing CreateTablet for tablet 620fcc7447f74d83bb00b687d90c1e07 (DEFAULT_TABLE table=range_aware_rebalance_new_range [id=831f89d49482430cab25957a5d071779]), partition=HASH (key) PARTITION 2, RANGE (key) PARTITION 0 <= VALUES < 10
I20260608 12:54:16.988310  7668 data_dirs.cc:400] Could only allocate 1 dirs of requested 3 for tablet 2c23eb479cc5427e84a8bbf733a3b5fd. 1 dirs total, 0 dirs full, 0 dirs failed
I20260608 12:54:16.988994  7666 data_dirs.cc:400] Could only allocate 1 dirs of requested 3 for tablet 620fcc7447f74d83bb00b687d90c1e07. 1 dirs total, 0 dirs full, 0 dirs failed
I20260608 12:54:16.989519  7667 tablet_service.cc:1511] Processing CreateTablet for tablet 25469c35438849b7bb777a91be43b116 (DEFAULT_TABLE table=range_aware_rebalance_new_range [id=831f89d49482430cab25957a5d071779]), partition=HASH (key) PARTITION 1, RANGE (key) PARTITION 0 <= VALUES < 10
I20260608 12:54:16.990578  7665 tablet_service.cc:1511] Processing CreateTablet for tablet eaa19f27eeae4e0880a7b3fb2ef6e6c6 (DEFAULT_TABLE table=range_aware_rebalance_new_range [id=831f89d49482430cab25957a5d071779]), partition=HASH (key) PARTITION 3, RANGE (key) PARTITION 0 <= VALUES < 10
I20260608 12:54:16.991078  7667 data_dirs.cc:400] Could only allocate 1 dirs of requested 3 for tablet 25469c35438849b7bb777a91be43b116. 1 dirs total, 0 dirs full, 0 dirs failed
I20260608 12:54:16.993019  7664 tablet_service.cc:1511] Processing CreateTablet for tablet 7bce806c28f54d559c3314760eee092b (DEFAULT_TABLE table=range_aware_rebalance_new_range [id=831f89d49482430cab25957a5d071779]), partition=HASH (key) PARTITION 4, RANGE (key) PARTITION 0 <= VALUES < 10
I20260608 12:54:16.995366  7661 tablet_service.cc:1511] Processing CreateTablet for tablet 87639fa30f10407e9d507c9d344903eb (DEFAULT_TABLE table=range_aware_rebalance_new_range [id=831f89d49482430cab25957a5d071779]), partition=HASH (key) PARTITION 7, RANGE (key) PARTITION 0 <= VALUES < 10
I20260608 12:54:16.997685  7662 tablet_service.cc:1511] Processing CreateTablet for tablet afbcb347682a410c926128afe55f5f55 (DEFAULT_TABLE table=range_aware_rebalance_new_range [id=831f89d49482430cab25957a5d071779]), partition=HASH (key) PARTITION 6, RANGE (key) PARTITION 0 <= VALUES < 10
I20260608 12:54:17.000013  7663 tablet_service.cc:1511] Processing CreateTablet for tablet ffc2befbf51e403b8a0fb4e298691082 (DEFAULT_TABLE table=range_aware_rebalance_new_range [id=831f89d49482430cab25957a5d071779]), partition=HASH (key) PARTITION 5, RANGE (key) PARTITION 0 <= VALUES < 10
I20260608 12:54:17.002445  7665 data_dirs.cc:400] Could only allocate 1 dirs of requested 3 for tablet eaa19f27eeae4e0880a7b3fb2ef6e6c6. 1 dirs total, 0 dirs full, 0 dirs failed
I20260608 12:54:17.005915  7661 data_dirs.cc:400] Could only allocate 1 dirs of requested 3 for tablet 87639fa30f10407e9d507c9d344903eb. 1 dirs total, 0 dirs full, 0 dirs failed
I20260608 12:54:17.007025  7662 data_dirs.cc:400] Could only allocate 1 dirs of requested 3 for tablet afbcb347682a410c926128afe55f5f55. 1 dirs total, 0 dirs full, 0 dirs failed
I20260608 12:54:17.008703  7664 data_dirs.cc:400] Could only allocate 1 dirs of requested 3 for tablet 7bce806c28f54d559c3314760eee092b. 1 dirs total, 0 dirs full, 0 dirs failed
I20260608 12:54:17.015264  7663 data_dirs.cc:400] Could only allocate 1 dirs of requested 3 for tablet ffc2befbf51e403b8a0fb4e298691082. 1 dirs total, 0 dirs full, 0 dirs failed
I20260608 12:54:17.020920  7816 tablet_service.cc:1511] Processing CreateTablet for tablet 87639fa30f10407e9d507c9d344903eb (DEFAULT_TABLE table=range_aware_rebalance_new_range [id=831f89d49482430cab25957a5d071779]), partition=HASH (key) PARTITION 7, RANGE (key) PARTITION 0 <= VALUES < 10
I20260608 12:54:17.022774  7816 data_dirs.cc:400] Could only allocate 1 dirs of requested 3 for tablet 87639fa30f10407e9d507c9d344903eb. 1 dirs total, 0 dirs full, 0 dirs failed
I20260608 12:54:17.042265  7872 tablet_bootstrap.cc:492] T 25469c35438849b7bb777a91be43b116 P 82f5a9ceefde48c993013319fb22d0e2: Bootstrap starting.
I20260608 12:54:17.050295  7873 tablet_bootstrap.cc:492] T 2c23eb479cc5427e84a8bbf733a3b5fd P 0d4c145a2b754339baf9a10d2100e3c0: Bootstrap starting.
I20260608 12:54:17.057695  7873 tablet_bootstrap.cc:654] T 2c23eb479cc5427e84a8bbf733a3b5fd P 0d4c145a2b754339baf9a10d2100e3c0: Neither blocks nor log segments found. Creating new log.
I20260608 12:54:17.073349  7872 tablet_bootstrap.cc:654] T 25469c35438849b7bb777a91be43b116 P 82f5a9ceefde48c993013319fb22d0e2: Neither blocks nor log segments found. Creating new log.
I20260608 12:54:17.085332  7874 tablet_bootstrap.cc:492] T afbcb347682a410c926128afe55f5f55 P 0807bade903349bbb0bfd70cbbdb582b: Bootstrap starting.
I20260608 12:54:17.090824  7873 tablet_bootstrap.cc:492] T 2c23eb479cc5427e84a8bbf733a3b5fd P 0d4c145a2b754339baf9a10d2100e3c0: No bootstrap required, opened a new log
I20260608 12:54:17.091450  7873 ts_tablet_manager.cc:1403] T 2c23eb479cc5427e84a8bbf733a3b5fd P 0d4c145a2b754339baf9a10d2100e3c0: Time spent bootstrapping tablet: real 0.041s	user 0.020s	sys 0.017s
I20260608 12:54:17.093041  7874 tablet_bootstrap.cc:654] T afbcb347682a410c926128afe55f5f55 P 0807bade903349bbb0bfd70cbbdb582b: Neither blocks nor log segments found. Creating new log.
I20260608 12:54:17.094583  7873 raft_consensus.cc:359] T 2c23eb479cc5427e84a8bbf733a3b5fd P 0d4c145a2b754339baf9a10d2100e3c0 [term 0 FOLLOWER]: Replica starting. Triggering 0 pending ops. Active config: opid_index: -1 OBSOLETE_local: false peers { permanent_uuid: "0807bade903349bbb0bfd70cbbdb582b" member_type: VOTER last_known_addr { host: "127.4.154.130" port: 35237 } } peers { permanent_uuid: "82f5a9ceefde48c993013319fb22d0e2" member_type: VOTER last_known_addr { host: "127.4.154.131" port: 42043 } } peers { permanent_uuid: "0d4c145a2b754339baf9a10d2100e3c0" member_type: VOTER last_known_addr { host: "127.4.154.129" port: 43349 } }
I20260608 12:54:17.095535  7873 raft_consensus.cc:385] T 2c23eb479cc5427e84a8bbf733a3b5fd P 0d4c145a2b754339baf9a10d2100e3c0 [term 0 FOLLOWER]: Consensus starting up: Expiring failure detector timer to make a prompt election more likely
I20260608 12:54:17.095892  7873 raft_consensus.cc:740] T 2c23eb479cc5427e84a8bbf733a3b5fd P 0d4c145a2b754339baf9a10d2100e3c0 [term 0 FOLLOWER]: Becoming Follower/Learner. State: Replica: 0d4c145a2b754339baf9a10d2100e3c0, State: Initialized, Role: FOLLOWER
I20260608 12:54:17.096918  7873 consensus_queue.cc:260] T 2c23eb479cc5427e84a8bbf733a3b5fd P 0d4c145a2b754339baf9a10d2100e3c0 [NON_LEADER]: Queue going to NON_LEADER mode. State: All replicated index: 0, Majority replicated index: 0, Committed index: 0, Last appended: 0.0, Last appended by leader: 0, Current term: 0, Majority size: -1, State: 0, Mode: NON_LEADER, active raft config: opid_index: -1 OBSOLETE_local: false peers { permanent_uuid: "0807bade903349bbb0bfd70cbbdb582b" member_type: VOTER last_known_addr { host: "127.4.154.130" port: 35237 } } peers { permanent_uuid: "82f5a9ceefde48c993013319fb22d0e2" member_type: VOTER last_known_addr { host: "127.4.154.131" port: 42043 } } peers { permanent_uuid: "0d4c145a2b754339baf9a10d2100e3c0" member_type: VOTER last_known_addr { host: "127.4.154.129" port: 43349 } }
I20260608 12:54:17.098086  7872 tablet_bootstrap.cc:492] T 25469c35438849b7bb777a91be43b116 P 82f5a9ceefde48c993013319fb22d0e2: No bootstrap required, opened a new log
I20260608 12:54:17.098605  7872 ts_tablet_manager.cc:1403] T 25469c35438849b7bb777a91be43b116 P 82f5a9ceefde48c993013319fb22d0e2: Time spent bootstrapping tablet: real 0.057s	user 0.006s	sys 0.007s
I20260608 12:54:17.098747  7874 tablet_bootstrap.cc:492] T afbcb347682a410c926128afe55f5f55 P 0807bade903349bbb0bfd70cbbdb582b: No bootstrap required, opened a new log
I20260608 12:54:17.099344  7874 ts_tablet_manager.cc:1403] T afbcb347682a410c926128afe55f5f55 P 0807bade903349bbb0bfd70cbbdb582b: Time spent bootstrapping tablet: real 0.014s	user 0.012s	sys 0.000s
I20260608 12:54:17.100080  7873 ts_tablet_manager.cc:1434] T 2c23eb479cc5427e84a8bbf733a3b5fd P 0d4c145a2b754339baf9a10d2100e3c0: Time spent starting tablet: real 0.008s	user 0.009s	sys 0.000s
I20260608 12:54:17.101399  7873 tablet_bootstrap.cc:492] T ffc2befbf51e403b8a0fb4e298691082 P 0d4c145a2b754339baf9a10d2100e3c0: Bootstrap starting.
I20260608 12:54:17.101950  7872 raft_consensus.cc:359] T 25469c35438849b7bb777a91be43b116 P 82f5a9ceefde48c993013319fb22d0e2 [term 0 FOLLOWER]: Replica starting. Triggering 0 pending ops. Active config: opid_index: -1 OBSOLETE_local: false peers { permanent_uuid: "0807bade903349bbb0bfd70cbbdb582b" member_type: VOTER last_known_addr { host: "127.4.154.130" port: 35237 } } peers { permanent_uuid: "0d4c145a2b754339baf9a10d2100e3c0" member_type: VOTER last_known_addr { host: "127.4.154.129" port: 43349 } } peers { permanent_uuid: "82f5a9ceefde48c993013319fb22d0e2" member_type: VOTER last_known_addr { host: "127.4.154.131" port: 42043 } }
I20260608 12:54:17.102715  7872 raft_consensus.cc:385] T 25469c35438849b7bb777a91be43b116 P 82f5a9ceefde48c993013319fb22d0e2 [term 0 FOLLOWER]: Consensus starting up: Expiring failure detector timer to make a prompt election more likely
I20260608 12:54:17.102397  7874 raft_consensus.cc:359] T afbcb347682a410c926128afe55f5f55 P 0807bade903349bbb0bfd70cbbdb582b [term 0 FOLLOWER]: Replica starting. Triggering 0 pending ops. Active config: opid_index: -1 OBSOLETE_local: false peers { permanent_uuid: "0d4c145a2b754339baf9a10d2100e3c0" member_type: VOTER last_known_addr { host: "127.4.154.129" port: 43349 } } peers { permanent_uuid: "0807bade903349bbb0bfd70cbbdb582b" member_type: VOTER last_known_addr { host: "127.4.154.130" port: 35237 } } peers { permanent_uuid: "82f5a9ceefde48c993013319fb22d0e2" member_type: VOTER last_known_addr { host: "127.4.154.131" port: 42043 } }
I20260608 12:54:17.103061  7872 raft_consensus.cc:740] T 25469c35438849b7bb777a91be43b116 P 82f5a9ceefde48c993013319fb22d0e2 [term 0 FOLLOWER]: Becoming Follower/Learner. State: Replica: 82f5a9ceefde48c993013319fb22d0e2, State: Initialized, Role: FOLLOWER
I20260608 12:54:17.103199  7874 raft_consensus.cc:385] T afbcb347682a410c926128afe55f5f55 P 0807bade903349bbb0bfd70cbbdb582b [term 0 FOLLOWER]: Consensus starting up: Expiring failure detector timer to make a prompt election more likely
I20260608 12:54:17.103560  7874 raft_consensus.cc:740] T afbcb347682a410c926128afe55f5f55 P 0807bade903349bbb0bfd70cbbdb582b [term 0 FOLLOWER]: Becoming Follower/Learner. State: Replica: 0807bade903349bbb0bfd70cbbdb582b, State: Initialized, Role: FOLLOWER
I20260608 12:54:17.104001  7872 consensus_queue.cc:260] T 25469c35438849b7bb777a91be43b116 P 82f5a9ceefde48c993013319fb22d0e2 [NON_LEADER]: Queue going to NON_LEADER mode. State: All replicated index: 0, Majority replicated index: 0, Committed index: 0, Last appended: 0.0, Last appended by leader: 0, Current term: 0, Majority size: -1, State: 0, Mode: NON_LEADER, active raft config: opid_index: -1 OBSOLETE_local: false peers { permanent_uuid: "0807bade903349bbb0bfd70cbbdb582b" member_type: VOTER last_known_addr { host: "127.4.154.130" port: 35237 } } peers { permanent_uuid: "0d4c145a2b754339baf9a10d2100e3c0" member_type: VOTER last_known_addr { host: "127.4.154.129" port: 43349 } } peers { permanent_uuid: "82f5a9ceefde48c993013319fb22d0e2" member_type: VOTER last_known_addr { host: "127.4.154.131" port: 42043 } }
I20260608 12:54:17.104538  7874 consensus_queue.cc:260] T afbcb347682a410c926128afe55f5f55 P 0807bade903349bbb0bfd70cbbdb582b [NON_LEADER]: Queue going to NON_LEADER mode. State: All replicated index: 0, Majority replicated index: 0, Committed index: 0, Last appended: 0.0, Last appended by leader: 0, Current term: 0, Majority size: -1, State: 0, Mode: NON_LEADER, active raft config: opid_index: -1 OBSOLETE_local: false peers { permanent_uuid: "0d4c145a2b754339baf9a10d2100e3c0" member_type: VOTER last_known_addr { host: "127.4.154.129" port: 43349 } } peers { permanent_uuid: "0807bade903349bbb0bfd70cbbdb582b" member_type: VOTER last_known_addr { host: "127.4.154.130" port: 35237 } } peers { permanent_uuid: "82f5a9ceefde48c993013319fb22d0e2" member_type: VOTER last_known_addr { host: "127.4.154.131" port: 42043 } }
I20260608 12:54:17.109542  7873 tablet_bootstrap.cc:654] T ffc2befbf51e403b8a0fb4e298691082 P 0d4c145a2b754339baf9a10d2100e3c0: Neither blocks nor log segments found. Creating new log.
I20260608 12:54:17.119952  7874 ts_tablet_manager.cc:1434] T afbcb347682a410c926128afe55f5f55 P 0807bade903349bbb0bfd70cbbdb582b: Time spent starting tablet: real 0.020s	user 0.016s	sys 0.004s
I20260608 12:54:17.121528  7874 tablet_bootstrap.cc:492] T 7bce806c28f54d559c3314760eee092b P 0807bade903349bbb0bfd70cbbdb582b: Bootstrap starting.
I20260608 12:54:17.121927  7872 ts_tablet_manager.cc:1434] T 25469c35438849b7bb777a91be43b116 P 82f5a9ceefde48c993013319fb22d0e2: Time spent starting tablet: real 0.023s	user 0.005s	sys 0.019s
I20260608 12:54:17.126912  7874 tablet_bootstrap.cc:654] T 7bce806c28f54d559c3314760eee092b P 0807bade903349bbb0bfd70cbbdb582b: Neither blocks nor log segments found. Creating new log.
I20260608 12:54:17.128475  7873 tablet_bootstrap.cc:492] T ffc2befbf51e403b8a0fb4e298691082 P 0d4c145a2b754339baf9a10d2100e3c0: No bootstrap required, opened a new log
I20260608 12:54:17.129148  7873 ts_tablet_manager.cc:1403] T ffc2befbf51e403b8a0fb4e298691082 P 0d4c145a2b754339baf9a10d2100e3c0: Time spent bootstrapping tablet: real 0.028s	user 0.012s	sys 0.008s
I20260608 12:54:17.133059  7872 tablet_bootstrap.cc:492] T 2c23eb479cc5427e84a8bbf733a3b5fd P 82f5a9ceefde48c993013319fb22d0e2: Bootstrap starting.
I20260608 12:54:17.138439  7873 raft_consensus.cc:359] T ffc2befbf51e403b8a0fb4e298691082 P 0d4c145a2b754339baf9a10d2100e3c0 [term 0 FOLLOWER]: Replica starting. Triggering 0 pending ops. Active config: opid_index: -1 OBSOLETE_local: false peers { permanent_uuid: "0d4c145a2b754339baf9a10d2100e3c0" member_type: VOTER last_known_addr { host: "127.4.154.129" port: 43349 } } peers { permanent_uuid: "0807bade903349bbb0bfd70cbbdb582b" member_type: VOTER last_known_addr { host: "127.4.154.130" port: 35237 } } peers { permanent_uuid: "82f5a9ceefde48c993013319fb22d0e2" member_type: VOTER last_known_addr { host: "127.4.154.131" port: 42043 } }
I20260608 12:54:17.139703  7872 tablet_bootstrap.cc:654] T 2c23eb479cc5427e84a8bbf733a3b5fd P 82f5a9ceefde48c993013319fb22d0e2: Neither blocks nor log segments found. Creating new log.
I20260608 12:54:17.139698  7873 raft_consensus.cc:385] T ffc2befbf51e403b8a0fb4e298691082 P 0d4c145a2b754339baf9a10d2100e3c0 [term 0 FOLLOWER]: Consensus starting up: Expiring failure detector timer to make a prompt election more likely
I20260608 12:54:17.140523  7873 raft_consensus.cc:740] T ffc2befbf51e403b8a0fb4e298691082 P 0d4c145a2b754339baf9a10d2100e3c0 [term 0 FOLLOWER]: Becoming Follower/Learner. State: Replica: 0d4c145a2b754339baf9a10d2100e3c0, State: Initialized, Role: FOLLOWER
I20260608 12:54:17.141712  7873 consensus_queue.cc:260] T ffc2befbf51e403b8a0fb4e298691082 P 0d4c145a2b754339baf9a10d2100e3c0 [NON_LEADER]: Queue going to NON_LEADER mode. State: All replicated index: 0, Majority replicated index: 0, Committed index: 0, Last appended: 0.0, Last appended by leader: 0, Current term: 0, Majority size: -1, State: 0, Mode: NON_LEADER, active raft config: opid_index: -1 OBSOLETE_local: false peers { permanent_uuid: "0d4c145a2b754339baf9a10d2100e3c0" member_type: VOTER last_known_addr { host: "127.4.154.129" port: 43349 } } peers { permanent_uuid: "0807bade903349bbb0bfd70cbbdb582b" member_type: VOTER last_known_addr { host: "127.4.154.130" port: 35237 } } peers { permanent_uuid: "82f5a9ceefde48c993013319fb22d0e2" member_type: VOTER last_known_addr { host: "127.4.154.131" port: 42043 } }
I20260608 12:54:17.143996  7873 ts_tablet_manager.cc:1434] T ffc2befbf51e403b8a0fb4e298691082 P 0d4c145a2b754339baf9a10d2100e3c0: Time spent starting tablet: real 0.014s	user 0.005s	sys 0.002s
I20260608 12:54:17.145008  7873 tablet_bootstrap.cc:492] T eaa19f27eeae4e0880a7b3fb2ef6e6c6 P 0d4c145a2b754339baf9a10d2100e3c0: Bootstrap starting.
I20260608 12:54:17.145243  7874 tablet_bootstrap.cc:492] T 7bce806c28f54d559c3314760eee092b P 0807bade903349bbb0bfd70cbbdb582b: No bootstrap required, opened a new log
I20260608 12:54:17.145995  7874 ts_tablet_manager.cc:1403] T 7bce806c28f54d559c3314760eee092b P 0807bade903349bbb0bfd70cbbdb582b: Time spent bootstrapping tablet: real 0.025s	user 0.016s	sys 0.007s
I20260608 12:54:17.149947  7874 raft_consensus.cc:359] T 7bce806c28f54d559c3314760eee092b P 0807bade903349bbb0bfd70cbbdb582b [term 0 FOLLOWER]: Replica starting. Triggering 0 pending ops. Active config: opid_index: -1 OBSOLETE_local: false peers { permanent_uuid: "0807bade903349bbb0bfd70cbbdb582b" member_type: VOTER last_known_addr { host: "127.4.154.130" port: 35237 } } peers { permanent_uuid: "0d4c145a2b754339baf9a10d2100e3c0" member_type: VOTER last_known_addr { host: "127.4.154.129" port: 43349 } } peers { permanent_uuid: "82f5a9ceefde48c993013319fb22d0e2" member_type: VOTER last_known_addr { host: "127.4.154.131" port: 42043 } }
I20260608 12:54:17.151002  7874 raft_consensus.cc:385] T 7bce806c28f54d559c3314760eee092b P 0807bade903349bbb0bfd70cbbdb582b [term 0 FOLLOWER]: Consensus starting up: Expiring failure detector timer to make a prompt election more likely
I20260608 12:54:17.151335  7873 tablet_bootstrap.cc:654] T eaa19f27eeae4e0880a7b3fb2ef6e6c6 P 0d4c145a2b754339baf9a10d2100e3c0: Neither blocks nor log segments found. Creating new log.
I20260608 12:54:17.151420  7874 raft_consensus.cc:740] T 7bce806c28f54d559c3314760eee092b P 0807bade903349bbb0bfd70cbbdb582b [term 0 FOLLOWER]: Becoming Follower/Learner. State: Replica: 0807bade903349bbb0bfd70cbbdb582b, State: Initialized, Role: FOLLOWER
I20260608 12:54:17.152673  7874 consensus_queue.cc:260] T 7bce806c28f54d559c3314760eee092b P 0807bade903349bbb0bfd70cbbdb582b [NON_LEADER]: Queue going to NON_LEADER mode. State: All replicated index: 0, Majority replicated index: 0, Committed index: 0, Last appended: 0.0, Last appended by leader: 0, Current term: 0, Majority size: -1, State: 0, Mode: NON_LEADER, active raft config: opid_index: -1 OBSOLETE_local: false peers { permanent_uuid: "0807bade903349bbb0bfd70cbbdb582b" member_type: VOTER last_known_addr { host: "127.4.154.130" port: 35237 } } peers { permanent_uuid: "0d4c145a2b754339baf9a10d2100e3c0" member_type: VOTER last_known_addr { host: "127.4.154.129" port: 43349 } } peers { permanent_uuid: "82f5a9ceefde48c993013319fb22d0e2" member_type: VOTER last_known_addr { host: "127.4.154.131" port: 42043 } }
I20260608 12:54:17.156456  7874 ts_tablet_manager.cc:1434] T 7bce806c28f54d559c3314760eee092b P 0807bade903349bbb0bfd70cbbdb582b: Time spent starting tablet: real 0.010s	user 0.008s	sys 0.000s
I20260608 12:54:17.157660  7874 tablet_bootstrap.cc:492] T 2c23eb479cc5427e84a8bbf733a3b5fd P 0807bade903349bbb0bfd70cbbdb582b: Bootstrap starting.
I20260608 12:54:17.158761  7872 tablet_bootstrap.cc:492] T 2c23eb479cc5427e84a8bbf733a3b5fd P 82f5a9ceefde48c993013319fb22d0e2: No bootstrap required, opened a new log
I20260608 12:54:17.159293  7872 ts_tablet_manager.cc:1403] T 2c23eb479cc5427e84a8bbf733a3b5fd P 82f5a9ceefde48c993013319fb22d0e2: Time spent bootstrapping tablet: real 0.026s	user 0.007s	sys 0.014s
I20260608 12:54:17.162654  7872 raft_consensus.cc:359] T 2c23eb479cc5427e84a8bbf733a3b5fd P 82f5a9ceefde48c993013319fb22d0e2 [term 0 FOLLOWER]: Replica starting. Triggering 0 pending ops. Active config: opid_index: -1 OBSOLETE_local: false peers { permanent_uuid: "0807bade903349bbb0bfd70cbbdb582b" member_type: VOTER last_known_addr { host: "127.4.154.130" port: 35237 } } peers { permanent_uuid: "82f5a9ceefde48c993013319fb22d0e2" member_type: VOTER last_known_addr { host: "127.4.154.131" port: 42043 } } peers { permanent_uuid: "0d4c145a2b754339baf9a10d2100e3c0" member_type: VOTER last_known_addr { host: "127.4.154.129" port: 43349 } }
I20260608 12:54:17.163411  7872 raft_consensus.cc:385] T 2c23eb479cc5427e84a8bbf733a3b5fd P 82f5a9ceefde48c993013319fb22d0e2 [term 0 FOLLOWER]: Consensus starting up: Expiring failure detector timer to make a prompt election more likely
I20260608 12:54:17.163726  7872 raft_consensus.cc:740] T 2c23eb479cc5427e84a8bbf733a3b5fd P 82f5a9ceefde48c993013319fb22d0e2 [term 0 FOLLOWER]: Becoming Follower/Learner. State: Replica: 82f5a9ceefde48c993013319fb22d0e2, State: Initialized, Role: FOLLOWER
I20260608 12:54:17.164011  7874 tablet_bootstrap.cc:654] T 2c23eb479cc5427e84a8bbf733a3b5fd P 0807bade903349bbb0bfd70cbbdb582b: Neither blocks nor log segments found. Creating new log.
I20260608 12:54:17.163960  7873 tablet_bootstrap.cc:492] T eaa19f27eeae4e0880a7b3fb2ef6e6c6 P 0d4c145a2b754339baf9a10d2100e3c0: No bootstrap required, opened a new log
I20260608 12:54:17.164923  7873 ts_tablet_manager.cc:1403] T eaa19f27eeae4e0880a7b3fb2ef6e6c6 P 0d4c145a2b754339baf9a10d2100e3c0: Time spent bootstrapping tablet: real 0.020s	user 0.012s	sys 0.000s
I20260608 12:54:17.164685  7872 consensus_queue.cc:260] T 2c23eb479cc5427e84a8bbf733a3b5fd P 82f5a9ceefde48c993013319fb22d0e2 [NON_LEADER]: Queue going to NON_LEADER mode. State: All replicated index: 0, Majority replicated index: 0, Committed index: 0, Last appended: 0.0, Last appended by leader: 0, Current term: 0, Majority size: -1, State: 0, Mode: NON_LEADER, active raft config: opid_index: -1 OBSOLETE_local: false peers { permanent_uuid: "0807bade903349bbb0bfd70cbbdb582b" member_type: VOTER last_known_addr { host: "127.4.154.130" port: 35237 } } peers { permanent_uuid: "82f5a9ceefde48c993013319fb22d0e2" member_type: VOTER last_known_addr { host: "127.4.154.131" port: 42043 } } peers { permanent_uuid: "0d4c145a2b754339baf9a10d2100e3c0" member_type: VOTER last_known_addr { host: "127.4.154.129" port: 43349 } }
I20260608 12:54:17.167225  7872 ts_tablet_manager.cc:1434] T 2c23eb479cc5427e84a8bbf733a3b5fd P 82f5a9ceefde48c993013319fb22d0e2: Time spent starting tablet: real 0.008s	user 0.006s	sys 0.002s
I20260608 12:54:17.168566  7872 tablet_bootstrap.cc:492] T 620fcc7447f74d83bb00b687d90c1e07 P 82f5a9ceefde48c993013319fb22d0e2: Bootstrap starting.
I20260608 12:54:17.168380  7873 raft_consensus.cc:359] T eaa19f27eeae4e0880a7b3fb2ef6e6c6 P 0d4c145a2b754339baf9a10d2100e3c0 [term 0 FOLLOWER]: Replica starting. Triggering 0 pending ops. Active config: opid_index: -1 OBSOLETE_local: false peers { permanent_uuid: "0d4c145a2b754339baf9a10d2100e3c0" member_type: VOTER last_known_addr { host: "127.4.154.129" port: 43349 } } peers { permanent_uuid: "0807bade903349bbb0bfd70cbbdb582b" member_type: VOTER last_known_addr { host: "127.4.154.130" port: 35237 } } peers { permanent_uuid: "82f5a9ceefde48c993013319fb22d0e2" member_type: VOTER last_known_addr { host: "127.4.154.131" port: 42043 } }
I20260608 12:54:17.169420  7873 raft_consensus.cc:385] T eaa19f27eeae4e0880a7b3fb2ef6e6c6 P 0d4c145a2b754339baf9a10d2100e3c0 [term 0 FOLLOWER]: Consensus starting up: Expiring failure detector timer to make a prompt election more likely
I20260608 12:54:17.169926  7873 raft_consensus.cc:740] T eaa19f27eeae4e0880a7b3fb2ef6e6c6 P 0d4c145a2b754339baf9a10d2100e3c0 [term 0 FOLLOWER]: Becoming Follower/Learner. State: Replica: 0d4c145a2b754339baf9a10d2100e3c0, State: Initialized, Role: FOLLOWER
