I20260608 12:53:12.210979  5976 sys_catalog.cc:455] T 00000000000000000000000000000000 P 3d744d48cd5940c1859c9f87ba348cbb [sys.catalog]: SysCatalogTable state changed. Reason: New leader d6af3b4a0c684dabb4c8a9d880e712a3. Latest consensus state: current_term: 1 leader_uuid: "d6af3b4a0c684dabb4c8a9d880e712a3" committed_config { opid_index: -1 OBSOLETE_local: false peers { permanent_uuid: "d6af3b4a0c684dabb4c8a9d880e712a3" member_type: VOTER last_known_addr { host: "127.4.154.190" port: 41941 } } peers { permanent_uuid: "9aad94bc57ea4b6db23199cc36dd0953" member_type: VOTER last_known_addr { host: "127.4.154.189" port: 32785 } } peers { permanent_uuid: "3d744d48cd5940c1859c9f87ba348cbb" member_type: VOTER last_known_addr { host: "127.4.154.188" port: 34605 } } }
I20260608 12:53:12.211735  5976 sys_catalog.cc:458] T 00000000000000000000000000000000 P 3d744d48cd5940c1859c9f87ba348cbb [sys.catalog]: This master's current role is: FOLLOWER
I20260608 12:53:12.216491  6010 catalog_manager.cc:1382] Generated new cluster ID: ead8deaa4a9b4cb4ab24720f4486f0a2
I20260608 12:53:12.216933  6010 catalog_manager.cc:1530] Initializing Kudu internal certificate authority...
I20260608 12:53:12.223158  5999 sys_catalog.cc:455] T 00000000000000000000000000000000 P d6af3b4a0c684dabb4c8a9d880e712a3 [sys.catalog]: SysCatalogTable state changed. Reason: Peer health change. Latest consensus state: current_term: 1 leader_uuid: "d6af3b4a0c684dabb4c8a9d880e712a3" committed_config { opid_index: -1 OBSOLETE_local: false peers { permanent_uuid: "d6af3b4a0c684dabb4c8a9d880e712a3" member_type: VOTER last_known_addr { host: "127.4.154.190" port: 41941 } } peers { permanent_uuid: "9aad94bc57ea4b6db23199cc36dd0953" member_type: VOTER last_known_addr { host: "127.4.154.189" port: 32785 } } peers { permanent_uuid: "3d744d48cd5940c1859c9f87ba348cbb" member_type: VOTER last_known_addr { host: "127.4.154.188" port: 34605 } } }
I20260608 12:53:12.224094  5999 sys_catalog.cc:458] T 00000000000000000000000000000000 P d6af3b4a0c684dabb4c8a9d880e712a3 [sys.catalog]: This master's current role is: LEADER
I20260608 12:53:12.224968  5999 sys_catalog.cc:455] T 00000000000000000000000000000000 P d6af3b4a0c684dabb4c8a9d880e712a3 [sys.catalog]: SysCatalogTable state changed. Reason: Peer health change. Latest consensus state: current_term: 1 leader_uuid: "d6af3b4a0c684dabb4c8a9d880e712a3" committed_config { opid_index: -1 OBSOLETE_local: false peers { permanent_uuid: "d6af3b4a0c684dabb4c8a9d880e712a3" member_type: VOTER last_known_addr { host: "127.4.154.190" port: 41941 } } peers { permanent_uuid: "9aad94bc57ea4b6db23199cc36dd0953" member_type: VOTER last_known_addr { host: "127.4.154.189" port: 32785 } } peers { permanent_uuid: "3d744d48cd5940c1859c9f87ba348cbb" member_type: VOTER last_known_addr { host: "127.4.154.188" port: 34605 } } }
I20260608 12:53:12.225728  5999 sys_catalog.cc:458] T 00000000000000000000000000000000 P d6af3b4a0c684dabb4c8a9d880e712a3 [sys.catalog]: This master's current role is: LEADER
I20260608 12:53:12.227697  5976 sys_catalog.cc:455] T 00000000000000000000000000000000 P 3d744d48cd5940c1859c9f87ba348cbb [sys.catalog]: SysCatalogTable state changed. Reason: Replicated consensus-only round. Latest consensus state: current_term: 1 leader_uuid: "d6af3b4a0c684dabb4c8a9d880e712a3" committed_config { opid_index: -1 OBSOLETE_local: false peers { permanent_uuid: "d6af3b4a0c684dabb4c8a9d880e712a3" member_type: VOTER last_known_addr { host: "127.4.154.190" port: 41941 } } peers { permanent_uuid: "9aad94bc57ea4b6db23199cc36dd0953" member_type: VOTER last_known_addr { host: "127.4.154.189" port: 32785 } } peers { permanent_uuid: "3d744d48cd5940c1859c9f87ba348cbb" member_type: VOTER last_known_addr { host: "127.4.154.188" port: 34605 } } }
I20260608 12:53:12.228637  5976 sys_catalog.cc:458] T 00000000000000000000000000000000 P 3d744d48cd5940c1859c9f87ba348cbb [sys.catalog]: This master's current role is: FOLLOWER
I20260608 12:53:12.233264  5991 sys_catalog.cc:455] T 00000000000000000000000000000000 P 9aad94bc57ea4b6db23199cc36dd0953 [sys.catalog]: SysCatalogTable state changed. Reason: Replicated consensus-only round. Latest consensus state: current_term: 1 leader_uuid: "d6af3b4a0c684dabb4c8a9d880e712a3" committed_config { opid_index: -1 OBSOLETE_local: false peers { permanent_uuid: "d6af3b4a0c684dabb4c8a9d880e712a3" member_type: VOTER last_known_addr { host: "127.4.154.190" port: 41941 } } peers { permanent_uuid: "9aad94bc57ea4b6db23199cc36dd0953" member_type: VOTER last_known_addr { host: "127.4.154.189" port: 32785 } } peers { permanent_uuid: "3d744d48cd5940c1859c9f87ba348cbb" member_type: VOTER last_known_addr { host: "127.4.154.188" port: 34605 } } }
I20260608 12:53:12.234287  5991 sys_catalog.cc:458] T 00000000000000000000000000000000 P 9aad94bc57ea4b6db23199cc36dd0953 [sys.catalog]: This master's current role is: FOLLOWER
I20260608 12:53:12.261178  4714 rpc_server.cc:225] running with OpenSSL 1.1.1  11 Sep 2018
I20260608 12:53:12.263096  4714 kserver.cc:163] Server-wide thread pool size limit: 3276
I20260608 12:53:12.263649  6010 catalog_manager.cc:1405] Generated new certificate authority record
I20260608 12:53:12.265589  6010 catalog_manager.cc:1539] Loading token signing keys...
I20260608 12:53:12.269380  4714 txn_system_client.cc:432] TxnSystemClient initialization is disabled...
I20260608 12:53:12.272890  4714 ts_tablet_manager.cc:585] Loaded tablet metadata (0 total tablets, 0 live tablets)
I20260608 12:53:12.273156  4714 ts_tablet_manager.cc:531] Time spent load tablet metadata: real 0.000s	user 0.000s	sys 0.000s
I20260608 12:53:12.273452  4714 ts_tablet_manager.cc:616] Registered 0 tablets
I20260608 12:53:12.273679  4714 ts_tablet_manager.cc:595] Time spent register tablets: real 0.000s	user 0.001s	sys 0.000s
I20260608 12:53:12.300648  6010 catalog_manager.cc:6069] T 00000000000000000000000000000000 P d6af3b4a0c684dabb4c8a9d880e712a3: Generated new TSK 0
I20260608 12:53:12.301553  6010 catalog_manager.cc:1549] Initializing in-progress tserver states...
I20260608 12:53:12.336731  4714 rpc_server.cc:307] RPC server started. Bound to: 127.4.154.129:42287
I20260608 12:53:12.336858  6095 acceptor_pool.cc:272] collecting diagnostics on the listening RPC socket 127.4.154.129:42287 every 8 connection(s)
I20260608 12:53:12.359453  4714 file_cache.cc:492] Constructed file cache file cache with capacity 419430
I20260608 12:53:12.368808  6097 heartbeater.cc:344] Connected to a master server at 127.4.154.189:32785
I20260608 12:53:12.369304  6097 heartbeater.cc:461] Registering TS with master...
I20260608 12:53:12.370321  6097 heartbeater.cc:507] Master 127.4.154.189:32785 requested a full tablet report, sending...
I20260608 12:53:12.370682  6098 heartbeater.cc:344] Connected to a master server at 127.4.154.190:41941
I20260608 12:53:12.371130  6098 heartbeater.cc:461] Registering TS with master...
I20260608 12:53:12.372092  6098 heartbeater.cc:507] Master 127.4.154.190:41941 requested a full tablet report, sending...
I20260608 12:53:12.372467  6096 heartbeater.cc:344] Connected to a master server at 127.4.154.188:34605
I20260608 12:53:12.373054  6096 heartbeater.cc:461] Registering TS with master...
I20260608 12:53:12.373978  5869 ts_manager.cc:194] Registered new tserver with Master: 29bb9bc0af324f4e83fac4afbc12266a (127.4.154.129:42287)
I20260608 12:53:12.374296  6096 heartbeater.cc:507] Master 127.4.154.188:34605 requested a full tablet report, sending...
I20260608 12:53:12.374959  5804 ts_manager.cc:194] Registered new tserver with Master: 29bb9bc0af324f4e83fac4afbc12266a (127.4.154.129:42287)
I20260608 12:53:12.377737  5804 master_service.cc:502] Signed X509 certificate for tserver {username='slave'} at 127.0.0.1:57134
W20260608 12:53:12.378537  6104 instance_detector.cc:116] could not retrieve Azure instance metadata: Network error: curl error: HTTP response code said error: The requested URL returned error: 404
I20260608 12:53:12.379302  5935 ts_manager.cc:194] Registered new tserver with Master: 29bb9bc0af324f4e83fac4afbc12266a (127.4.154.129:42287)
W20260608 12:53:12.380299  6103 instance_detector.cc:116] could not retrieve AWS instance metadata: Network error: curl error: HTTP response code said error: The requested URL returned error: 404
W20260608 12:53:12.384217  6106 instance_detector.cc:116] could not retrieve OpenStack instance metadata: Network error: curl error: HTTP response code said error: The requested URL returned error: 404
I20260608 12:53:12.384859  4714 server_base.cc:1061] running on GCE node
I20260608 12:53:12.385797  4714 hybrid_clock.cc:584] initializing the hybrid clock with 'system_unsync' time source
W20260608 12:53:12.386011  4714 system_unsync_time.cc:38] NTP support is disabled. Clock error bounds will not be accurate. This configuration is not suitable for distributed clusters.
I20260608 12:53:12.386252  4714 hybrid_clock.cc:648] HybridClock initialized: now 1780923192386237 us; error 0 us; skew 500 ppm
I20260608 12:53:12.386847  4714 server_base.cc:861] Flag tcmalloc_max_total_thread_cache_bytes is not working since tcmalloc is not enabled.
I20260608 12:53:12.389458  4714 webserver.cc:533] Webserver started at http://127.4.154.130:34945/ using document root <none> and password file <none>
I20260608 12:53:12.390097  4714 fs_manager.cc:362] Metadata directory not provided
I20260608 12:53:12.390297  4714 fs_manager.cc:368] Using write-ahead log directory (fs_wal_dir) as metadata directory
I20260608 12:53:12.390586  4714 server_base.cc:909] This appears to be a new deployment of Kudu; creating new FS layout
I20260608 12:53:12.391702  4714 fs_manager.cc:1068] Generated new instance metadata in path /tmp/dist-test-task4pbF8D/test-tmp/auto_rebalancer-test.0.AutoRebalancerTest.NextLeaderResumesAutoRebalancing.1780923177411149-4714-0/minicluster-data/ts-1-root/instance:
uuid: "f72c221fb9e942f2aba6dadd7f9b3ee4"
format_stamp: "Formatted at 2026-06-08 12:53:12 on dist-test-slave-pqj6"
I20260608 12:53:12.396288  4714 fs_manager.cc:696] Time spent creating directory manager: real 0.004s	user 0.001s	sys 0.005s
I20260608 12:53:12.400426  6111 log_block_manager.cc:4031] Time spent loading block containers with low live blocks: real 0.000s	user 0.000s	sys 0.000s
I20260608 12:53:12.401324  4714 fs_manager.cc:730] Time spent opening block manager: real 0.003s	user 0.000s	sys 0.002s
I20260608 12:53:12.401695  4714 fs_manager.cc:647] Opened local filesystem: /tmp/dist-test-task4pbF8D/test-tmp/auto_rebalancer-test.0.AutoRebalancerTest.NextLeaderResumesAutoRebalancing.1780923177411149-4714-0/minicluster-data/ts-1-root
uuid: "f72c221fb9e942f2aba6dadd7f9b3ee4"
format_stamp: "Formatted at 2026-06-08 12:53:12 on dist-test-slave-pqj6"
I20260608 12:53:12.402050  4714 fs_report.cc:389] FS layout report
--------------------
wal directory: /tmp/dist-test-task4pbF8D/test-tmp/auto_rebalancer-test.0.AutoRebalancerTest.NextLeaderResumesAutoRebalancing.1780923177411149-4714-0/minicluster-data/ts-1-root
metadata directory: /tmp/dist-test-task4pbF8D/test-tmp/auto_rebalancer-test.0.AutoRebalancerTest.NextLeaderResumesAutoRebalancing.1780923177411149-4714-0/minicluster-data/ts-1-root
1 data directories: /tmp/dist-test-task4pbF8D/test-tmp/auto_rebalancer-test.0.AutoRebalancerTest.NextLeaderResumesAutoRebalancing.1780923177411149-4714-0/minicluster-data/ts-1-root/data
Total live blocks: 0
Total live bytes: 0
Total live bytes (after alignment): 0
Total number of LBM containers: 0 (0 full)
Did not check for missing blocks
Did not check for orphaned blocks
Total full LBM containers with extra space: 0 (0 repaired)
Total full LBM container extra space in bytes: 0 (0 repaired)
Total incomplete LBM containers: 0 (0 repaired)
Total LBM partial records: 0 (0 repaired)
Total corrupted LBM metadata records in RocksDB: 0 (0 repaired)
I20260608 12:53:12.420900  4714 rpc_server.cc:225] running with OpenSSL 1.1.1  11 Sep 2018
I20260608 12:53:12.422282  4714 kserver.cc:163] Server-wide thread pool size limit: 3276
I20260608 12:53:12.423908  4714 txn_system_client.cc:432] TxnSystemClient initialization is disabled...
I20260608 12:53:12.426331  4714 ts_tablet_manager.cc:585] Loaded tablet metadata (0 total tablets, 0 live tablets)
I20260608 12:53:12.426586  4714 ts_tablet_manager.cc:531] Time spent load tablet metadata: real 0.000s	user 0.000s	sys 0.000s
I20260608 12:53:12.426846  4714 ts_tablet_manager.cc:616] Registered 0 tablets
I20260608 12:53:12.427035  4714 ts_tablet_manager.cc:595] Time spent register tablets: real 0.000s	user 0.000s	sys 0.000s
I20260608 12:53:12.470261  4714 rpc_server.cc:307] RPC server started. Bound to: 127.4.154.130:35297
I20260608 12:53:12.470382  6173 acceptor_pool.cc:272] collecting diagnostics on the listening RPC socket 127.4.154.130:35297 every 8 connection(s)
I20260608 12:53:12.478816  4714 file_cache.cc:492] Constructed file cache file cache with capacity 419430
W20260608 12:53:12.496498  6181 instance_detector.cc:116] could not retrieve AWS instance metadata: Network error: curl error: HTTP response code said error: The requested URL returned error: 404
I20260608 12:53:12.499136  6175 heartbeater.cc:344] Connected to a master server at 127.4.154.189:32785
I20260608 12:53:12.499833  6175 heartbeater.cc:461] Registering TS with master...
I20260608 12:53:12.501076  6175 heartbeater.cc:507] Master 127.4.154.189:32785 requested a full tablet report, sending...
I20260608 12:53:12.506148  5869 ts_manager.cc:194] Registered new tserver with Master: f72c221fb9e942f2aba6dadd7f9b3ee4 (127.4.154.130:35297)
W20260608 12:53:12.507434  6182 instance_detector.cc:116] could not retrieve Azure instance metadata: Network error: curl error: HTTP response code said error: The requested URL returned error: 404
I20260608 12:53:12.512468  6174 heartbeater.cc:344] Connected to a master server at 127.4.154.188:34605
I20260608 12:53:12.512935  6174 heartbeater.cc:461] Registering TS with master...
I20260608 12:53:12.514004  6174 heartbeater.cc:507] Master 127.4.154.188:34605 requested a full tablet report, sending...
W20260608 12:53:12.509516  6184 instance_detector.cc:116] could not retrieve OpenStack instance metadata: Network error: curl error: HTTP response code said error: The requested URL returned error: 404
I20260608 12:53:12.515332  6176 heartbeater.cc:344] Connected to a master server at 127.4.154.190:41941
I20260608 12:53:12.515815  6176 heartbeater.cc:461] Registering TS with master...
I20260608 12:53:12.516677  6176 heartbeater.cc:507] Master 127.4.154.190:41941 requested a full tablet report, sending...
I20260608 12:53:12.517575  5935 ts_manager.cc:194] Registered new tserver with Master: f72c221fb9e942f2aba6dadd7f9b3ee4 (127.4.154.130:35297)
I20260608 12:53:12.517323  4714 server_base.cc:1061] running on GCE node
I20260608 12:53:12.518988  4714 hybrid_clock.cc:584] initializing the hybrid clock with 'system_unsync' time source
W20260608 12:53:12.519289  4714 system_unsync_time.cc:38] NTP support is disabled. Clock error bounds will not be accurate. This configuration is not suitable for distributed clusters.
I20260608 12:53:12.519162  5804 ts_manager.cc:194] Registered new tserver with Master: f72c221fb9e942f2aba6dadd7f9b3ee4 (127.4.154.130:35297)
I20260608 12:53:12.519578  4714 hybrid_clock.cc:648] HybridClock initialized: now 1780923192519555 us; error 0 us; skew 500 ppm
I20260608 12:53:12.520455  4714 server_base.cc:861] Flag tcmalloc_max_total_thread_cache_bytes is not working since tcmalloc is not enabled.
I20260608 12:53:12.521095  5804 master_service.cc:502] Signed X509 certificate for tserver {username='slave'} at 127.0.0.1:57148
I20260608 12:53:12.523567  4714 webserver.cc:533] Webserver started at http://127.4.154.131:34283/ using document root <none> and password file <none>
I20260608 12:53:12.524282  4714 fs_manager.cc:362] Metadata directory not provided
I20260608 12:53:12.524462  4714 fs_manager.cc:368] Using write-ahead log directory (fs_wal_dir) as metadata directory
I20260608 12:53:12.524686  4714 server_base.cc:909] This appears to be a new deployment of Kudu; creating new FS layout
I20260608 12:53:12.525934  4714 fs_manager.cc:1068] Generated new instance metadata in path /tmp/dist-test-task4pbF8D/test-tmp/auto_rebalancer-test.0.AutoRebalancerTest.NextLeaderResumesAutoRebalancing.1780923177411149-4714-0/minicluster-data/ts-2-root/instance:
uuid: "bfb3fe545f034a5a84422e55f6c43d31"
format_stamp: "Formatted at 2026-06-08 12:53:12 on dist-test-slave-pqj6"
I20260608 12:53:12.530762  4714 fs_manager.cc:696] Time spent creating directory manager: real 0.004s	user 0.004s	sys 0.000s
I20260608 12:53:12.534713  6189 log_block_manager.cc:4031] Time spent loading block containers with low live blocks: real 0.000s	user 0.000s	sys 0.000s
I20260608 12:53:12.535609  4714 fs_manager.cc:730] Time spent opening block manager: real 0.003s	user 0.004s	sys 0.000s
I20260608 12:53:12.535946  4714 fs_manager.cc:647] Opened local filesystem: /tmp/dist-test-task4pbF8D/test-tmp/auto_rebalancer-test.0.AutoRebalancerTest.NextLeaderResumesAutoRebalancing.1780923177411149-4714-0/minicluster-data/ts-2-root
uuid: "bfb3fe545f034a5a84422e55f6c43d31"
format_stamp: "Formatted at 2026-06-08 12:53:12 on dist-test-slave-pqj6"
I20260608 12:53:12.536279  4714 fs_report.cc:389] FS layout report
--------------------
wal directory: /tmp/dist-test-task4pbF8D/test-tmp/auto_rebalancer-test.0.AutoRebalancerTest.NextLeaderResumesAutoRebalancing.1780923177411149-4714-0/minicluster-data/ts-2-root
metadata directory: /tmp/dist-test-task4pbF8D/test-tmp/auto_rebalancer-test.0.AutoRebalancerTest.NextLeaderResumesAutoRebalancing.1780923177411149-4714-0/minicluster-data/ts-2-root
1 data directories: /tmp/dist-test-task4pbF8D/test-tmp/auto_rebalancer-test.0.AutoRebalancerTest.NextLeaderResumesAutoRebalancing.1780923177411149-4714-0/minicluster-data/ts-2-root/data
Total live blocks: 0
Total live bytes: 0
Total live bytes (after alignment): 0
Total number of LBM containers: 0 (0 full)
Did not check for missing blocks
Did not check for orphaned blocks
Total full LBM containers with extra space: 0 (0 repaired)
Total full LBM container extra space in bytes: 0 (0 repaired)
Total incomplete LBM containers: 0 (0 repaired)
Total LBM partial records: 0 (0 repaired)
Total corrupted LBM metadata records in RocksDB: 0 (0 repaired)
I20260608 12:53:12.575340  4714 rpc_server.cc:225] running with OpenSSL 1.1.1  11 Sep 2018
I20260608 12:53:12.576725  4714 kserver.cc:163] Server-wide thread pool size limit: 3276
I20260608 12:53:12.578078  4714 txn_system_client.cc:432] TxnSystemClient initialization is disabled...
I20260608 12:53:12.580314  4714 ts_tablet_manager.cc:585] Loaded tablet metadata (0 total tablets, 0 live tablets)
I20260608 12:53:12.580562  4714 ts_tablet_manager.cc:531] Time spent load tablet metadata: real 0.000s	user 0.000s	sys 0.000s
I20260608 12:53:12.580807  4714 ts_tablet_manager.cc:616] Registered 0 tablets
I20260608 12:53:12.580989  4714 ts_tablet_manager.cc:595] Time spent register tablets: real 0.000s	user 0.000s	sys 0.000s
I20260608 12:53:12.624585  4714 rpc_server.cc:307] RPC server started. Bound to: 127.4.154.131:39593
I20260608 12:53:12.624699  6251 acceptor_pool.cc:272] collecting diagnostics on the listening RPC socket 127.4.154.131:39593 every 8 connection(s)
I20260608 12:53:12.648837  6253 heartbeater.cc:344] Connected to a master server at 127.4.154.189:32785
I20260608 12:53:12.649319  6253 heartbeater.cc:461] Registering TS with master...
I20260608 12:53:12.650260  6252 heartbeater.cc:344] Connected to a master server at 127.4.154.188:34605
I20260608 12:53:12.650478  6253 heartbeater.cc:507] Master 127.4.154.189:32785 requested a full tablet report, sending...
I20260608 12:53:12.650775  6252 heartbeater.cc:461] Registering TS with master...
I20260608 12:53:12.651456  6254 heartbeater.cc:344] Connected to a master server at 127.4.154.190:41941
I20260608 12:53:12.651661  6252 heartbeater.cc:507] Master 127.4.154.188:34605 requested a full tablet report, sending...
I20260608 12:53:12.651871  6254 heartbeater.cc:461] Registering TS with master...
I20260608 12:53:12.652957  6254 heartbeater.cc:507] Master 127.4.154.190:41941 requested a full tablet report, sending...
I20260608 12:53:12.653811  5869 ts_manager.cc:194] Registered new tserver with Master: bfb3fe545f034a5a84422e55f6c43d31 (127.4.154.131:39593)
I20260608 12:53:12.654469  5935 ts_manager.cc:194] Registered new tserver with Master: bfb3fe545f034a5a84422e55f6c43d31 (127.4.154.131:39593)
I20260608 12:53:12.655613  5804 ts_manager.cc:194] Registered new tserver with Master: bfb3fe545f034a5a84422e55f6c43d31 (127.4.154.131:39593)
I20260608 12:53:12.655709  4714 internal_mini_cluster.cc:371] 3 TS(s) registered with all masters after 0.018319835s
I20260608 12:53:12.657255  5804 master_service.cc:502] Signed X509 certificate for tserver {username='slave'} at 127.0.0.1:57152
I20260608 12:53:13.099577  5988 catalog_manager.cc:1294] Loaded cluster ID: ead8deaa4a9b4cb4ab24720f4486f0a2
I20260608 12:53:13.099910  5988 catalog_manager.cc:1587] T 00000000000000000000000000000000 P 3d744d48cd5940c1859c9f87ba348cbb: loading cluster ID for follower catalog manager: success
I20260608 12:53:13.104975  5988 catalog_manager.cc:1609] T 00000000000000000000000000000000 P 3d744d48cd5940c1859c9f87ba348cbb: acquiring CA information for follower catalog manager: success
I20260608 12:53:13.108842  5988 catalog_manager.cc:1637] T 00000000000000000000000000000000 P 3d744d48cd5940c1859c9f87ba348cbb: importing token verification keys for follower catalog manager: success; most recent TSK sequence number 0
I20260608 12:53:13.176653  6016 catalog_manager.cc:1294] Loaded cluster ID: ead8deaa4a9b4cb4ab24720f4486f0a2
I20260608 12:53:13.177023  6016 catalog_manager.cc:1587] T 00000000000000000000000000000000 P 9aad94bc57ea4b6db23199cc36dd0953: loading cluster ID for follower catalog manager: success
I20260608 12:53:13.182220  6016 catalog_manager.cc:1609] T 00000000000000000000000000000000 P 9aad94bc57ea4b6db23199cc36dd0953: acquiring CA information for follower catalog manager: success
I20260608 12:53:13.186383  6016 catalog_manager.cc:1637] T 00000000000000000000000000000000 P 9aad94bc57ea4b6db23199cc36dd0953: importing token verification keys for follower catalog manager: success; most recent TSK sequence number 0
I20260608 12:53:13.381189  6098 heartbeater.cc:499] Master 127.4.154.190:41941 was elected leader, sending a full tablet report...
I20260608 12:53:13.524298  6176 heartbeater.cc:499] Master 127.4.154.190:41941 was elected leader, sending a full tablet report...
I20260608 12:53:13.660143  6254 heartbeater.cc:499] Master 127.4.154.190:41941 was elected leader, sending a full tablet report...
I20260608 12:53:14.159632  6007 auto_leader_rebalancer.cc:451] All tables' leader rebalancing finished this round
I20260608 12:53:14.331916  5804 catalog_manager.cc:2282] Servicing CreateTable request from {username='slave'} at 127.0.0.1:57160:
name: "test-workload"
schema {
  columns {
    name: "key"
    type: INT32
    is_key: true
    is_nullable: false
    encoding: AUTO_ENCODING
    compression: DEFAULT_COMPRESSION
    cfile_block_size: 0
    immutable: false
  }
  columns {
    name: "int_val"
    type: INT32
    is_key: false
    is_nullable: false
    encoding: AUTO_ENCODING
    compression: DEFAULT_COMPRESSION
    cfile_block_size: 0
    immutable: false
  }
  columns {
    name: "string_val"
    type: STRING
    is_key: false
    is_nullable: true
    encoding: AUTO_ENCODING
    compression: DEFAULT_COMPRESSION
    cfile_block_size: 0
    immutable: false
  }
}
num_replicas: 1
split_rows_range_bounds {
  rows: "\004\001\000\252\252\252*\004\001\000TUUU""\004\001\000\252\252\252*\004\001\000TUUU"
  indirect_data: """"
}
partition_schema {
  range_schema {
    columns {
      name: "key"
    }
  }
}
I20260608 12:53:14.441771  6061 tablet_service.cc:1511] Processing CreateTablet for tablet 5c1e151b579243a5816e5e8414183853 (DEFAULT_TABLE table=test-workload [id=b6ae53a5c2c64aac8b6f36b21f8ea9a0]), partition=RANGE (key) PARTITION VALUES < 715827882
I20260608 12:53:14.443301  6061 data_dirs.cc:400] Could only allocate 1 dirs of requested 3 for tablet 5c1e151b579243a5816e5e8414183853. 1 dirs total, 0 dirs full, 0 dirs failed
I20260608 12:53:14.444589  6217 tablet_service.cc:1511] Processing CreateTablet for tablet 26b067e32cca48b0a96ee9ced35bbbb9 (DEFAULT_TABLE table=test-workload [id=b6ae53a5c2c64aac8b6f36b21f8ea9a0]), partition=RANGE (key) PARTITION 715827882 <= VALUES < 1431655764
I20260608 12:53:14.446058  6217 data_dirs.cc:400] Could only allocate 1 dirs of requested 3 for tablet 26b067e32cca48b0a96ee9ced35bbbb9. 1 dirs total, 0 dirs full, 0 dirs failed
I20260608 12:53:14.449826  6139 tablet_service.cc:1511] Processing CreateTablet for tablet 0493a82e76b44ea8a0c46e66f6364b66 (DEFAULT_TABLE table=test-workload [id=b6ae53a5c2c64aac8b6f36b21f8ea9a0]), partition=RANGE (key) PARTITION 1431655764 <= VALUES
I20260608 12:53:14.451381  6139 data_dirs.cc:400] Could only allocate 1 dirs of requested 3 for tablet 0493a82e76b44ea8a0c46e66f6364b66. 1 dirs total, 0 dirs full, 0 dirs failed
I20260608 12:53:14.461683  6286 tablet_bootstrap.cc:492] T 5c1e151b579243a5816e5e8414183853 P 29bb9bc0af324f4e83fac4afbc12266a: Bootstrap starting.
I20260608 12:53:14.463821  6287 tablet_bootstrap.cc:492] T 26b067e32cca48b0a96ee9ced35bbbb9 P bfb3fe545f034a5a84422e55f6c43d31: Bootstrap starting.
I20260608 12:53:14.467092  6288 tablet_bootstrap.cc:492] T 0493a82e76b44ea8a0c46e66f6364b66 P f72c221fb9e942f2aba6dadd7f9b3ee4: Bootstrap starting.
I20260608 12:53:14.470634  6286 tablet_bootstrap.cc:654] T 5c1e151b579243a5816e5e8414183853 P 29bb9bc0af324f4e83fac4afbc12266a: Neither blocks nor log segments found. Creating new log.
I20260608 12:53:14.470671  6287 tablet_bootstrap.cc:654] T 26b067e32cca48b0a96ee9ced35bbbb9 P bfb3fe545f034a5a84422e55f6c43d31: Neither blocks nor log segments found. Creating new log.
I20260608 12:53:14.474985  6288 tablet_bootstrap.cc:654] T 0493a82e76b44ea8a0c46e66f6364b66 P f72c221fb9e942f2aba6dadd7f9b3ee4: Neither blocks nor log segments found. Creating new log.
I20260608 12:53:14.476344  6286 tablet_bootstrap.cc:492] T 5c1e151b579243a5816e5e8414183853 P 29bb9bc0af324f4e83fac4afbc12266a: No bootstrap required, opened a new log
I20260608 12:53:14.476850  6286 ts_tablet_manager.cc:1403] T 5c1e151b579243a5816e5e8414183853 P 29bb9bc0af324f4e83fac4afbc12266a: Time spent bootstrapping tablet: real 0.015s	user 0.009s	sys 0.003s
I20260608 12:53:14.479926  6287 tablet_bootstrap.cc:492] T 26b067e32cca48b0a96ee9ced35bbbb9 P bfb3fe545f034a5a84422e55f6c43d31: No bootstrap required, opened a new log
I20260608 12:53:14.480367  6287 ts_tablet_manager.cc:1403] T 26b067e32cca48b0a96ee9ced35bbbb9 P bfb3fe545f034a5a84422e55f6c43d31: Time spent bootstrapping tablet: real 0.017s	user 0.003s	sys 0.009s
I20260608 12:53:14.480921  6288 tablet_bootstrap.cc:492] T 0493a82e76b44ea8a0c46e66f6364b66 P f72c221fb9e942f2aba6dadd7f9b3ee4: No bootstrap required, opened a new log
I20260608 12:53:14.480669  6286 raft_consensus.cc:359] T 5c1e151b579243a5816e5e8414183853 P 29bb9bc0af324f4e83fac4afbc12266a [term 0 FOLLOWER]: Replica starting. Triggering 0 pending ops. Active config: opid_index: -1 OBSOLETE_local: true peers { permanent_uuid: "29bb9bc0af324f4e83fac4afbc12266a" member_type: VOTER last_known_addr { host: "127.4.154.129" port: 42287 } }
I20260608 12:53:14.481371  6286 raft_consensus.cc:385] T 5c1e151b579243a5816e5e8414183853 P 29bb9bc0af324f4e83fac4afbc12266a [term 0 FOLLOWER]: Consensus starting up: Expiring failure detector timer to make a prompt election more likely
I20260608 12:53:14.481515  6288 ts_tablet_manager.cc:1403] T 0493a82e76b44ea8a0c46e66f6364b66 P f72c221fb9e942f2aba6dadd7f9b3ee4: Time spent bootstrapping tablet: real 0.015s	user 0.006s	sys 0.007s
I20260608 12:53:14.481920  6286 raft_consensus.cc:740] T 5c1e151b579243a5816e5e8414183853 P 29bb9bc0af324f4e83fac4afbc12266a [term 0 FOLLOWER]: Becoming Follower/Learner. State: Replica: 29bb9bc0af324f4e83fac4afbc12266a, State: Initialized, Role: FOLLOWER
I20260608 12:53:14.483019  6286 consensus_queue.cc:260] T 5c1e151b579243a5816e5e8414183853 P 29bb9bc0af324f4e83fac4afbc12266a [NON_LEADER]: Queue going to NON_LEADER mode. State: All replicated index: 0, Majority replicated index: 0, Committed index: 0, Last appended: 0.0, Last appended by leader: 0, Current term: 0, Majority size: -1, State: 0, Mode: NON_LEADER, active raft config: opid_index: -1 OBSOLETE_local: true peers { permanent_uuid: "29bb9bc0af324f4e83fac4afbc12266a" member_type: VOTER last_known_addr { host: "127.4.154.129" port: 42287 } }
I20260608 12:53:14.483754  6286 raft_consensus.cc:399] T 5c1e151b579243a5816e5e8414183853 P 29bb9bc0af324f4e83fac4afbc12266a [term 0 FOLLOWER]: Only one voter in the Raft config. Triggering election immediately
I20260608 12:53:14.483724  6287 raft_consensus.cc:359] T 26b067e32cca48b0a96ee9ced35bbbb9 P bfb3fe545f034a5a84422e55f6c43d31 [term 0 FOLLOWER]: Replica starting. Triggering 0 pending ops. Active config: opid_index: -1 OBSOLETE_local: true peers { permanent_uuid: "bfb3fe545f034a5a84422e55f6c43d31" member_type: VOTER last_known_addr { host: "127.4.154.131" port: 39593 } }
I20260608 12:53:14.484349  6286 raft_consensus.cc:493] T 5c1e151b579243a5816e5e8414183853 P 29bb9bc0af324f4e83fac4afbc12266a [term 0 FOLLOWER]: Starting leader election (initial election of a single-replica configuration)
I20260608 12:53:14.484575  6287 raft_consensus.cc:385] T 26b067e32cca48b0a96ee9ced35bbbb9 P bfb3fe545f034a5a84422e55f6c43d31 [term 0 FOLLOWER]: Consensus starting up: Expiring failure detector timer to make a prompt election more likely
I20260608 12:53:14.484884  6286 raft_consensus.cc:3060] T 5c1e151b579243a5816e5e8414183853 P 29bb9bc0af324f4e83fac4afbc12266a [term 0 FOLLOWER]: Advancing to term 1
I20260608 12:53:14.484997  6287 raft_consensus.cc:740] T 26b067e32cca48b0a96ee9ced35bbbb9 P bfb3fe545f034a5a84422e55f6c43d31 [term 0 FOLLOWER]: Becoming Follower/Learner. State: Replica: bfb3fe545f034a5a84422e55f6c43d31, State: Initialized, Role: FOLLOWER
I20260608 12:53:14.484973  6288 raft_consensus.cc:359] T 0493a82e76b44ea8a0c46e66f6364b66 P f72c221fb9e942f2aba6dadd7f9b3ee4 [term 0 FOLLOWER]: Replica starting. Triggering 0 pending ops. Active config: opid_index: -1 OBSOLETE_local: true peers { permanent_uuid: "f72c221fb9e942f2aba6dadd7f9b3ee4" member_type: VOTER last_known_addr { host: "127.4.154.130" port: 35297 } }
I20260608 12:53:14.485888  6288 raft_consensus.cc:385] T 0493a82e76b44ea8a0c46e66f6364b66 P f72c221fb9e942f2aba6dadd7f9b3ee4 [term 0 FOLLOWER]: Consensus starting up: Expiring failure detector timer to make a prompt election more likely
I20260608 12:53:14.486147  6287 consensus_queue.cc:260] T 26b067e32cca48b0a96ee9ced35bbbb9 P bfb3fe545f034a5a84422e55f6c43d31 [NON_LEADER]: Queue going to NON_LEADER mode. State: All replicated index: 0, Majority replicated index: 0, Committed index: 0, Last appended: 0.0, Last appended by leader: 0, Current term: 0, Majority size: -1, State: 0, Mode: NON_LEADER, active raft config: opid_index: -1 OBSOLETE_local: true peers { permanent_uuid: "bfb3fe545f034a5a84422e55f6c43d31" member_type: VOTER last_known_addr { host: "127.4.154.131" port: 39593 } }
I20260608 12:53:14.486259  6288 raft_consensus.cc:740] T 0493a82e76b44ea8a0c46e66f6364b66 P f72c221fb9e942f2aba6dadd7f9b3ee4 [term 0 FOLLOWER]: Becoming Follower/Learner. State: Replica: f72c221fb9e942f2aba6dadd7f9b3ee4, State: Initialized, Role: FOLLOWER
I20260608 12:53:14.486876  6287 raft_consensus.cc:399] T 26b067e32cca48b0a96ee9ced35bbbb9 P bfb3fe545f034a5a84422e55f6c43d31 [term 0 FOLLOWER]: Only one voter in the Raft config. Triggering election immediately
I20260608 12:53:14.487226  6287 raft_consensus.cc:493] T 26b067e32cca48b0a96ee9ced35bbbb9 P bfb3fe545f034a5a84422e55f6c43d31 [term 0 FOLLOWER]: Starting leader election (initial election of a single-replica configuration)
I20260608 12:53:14.487552  6287 raft_consensus.cc:3060] T 26b067e32cca48b0a96ee9ced35bbbb9 P bfb3fe545f034a5a84422e55f6c43d31 [term 0 FOLLOWER]: Advancing to term 1
I20260608 12:53:14.487383  6288 consensus_queue.cc:260] T 0493a82e76b44ea8a0c46e66f6364b66 P f72c221fb9e942f2aba6dadd7f9b3ee4 [NON_LEADER]: Queue going to NON_LEADER mode. State: All replicated index: 0, Majority replicated index: 0, Committed index: 0, Last appended: 0.0, Last appended by leader: 0, Current term: 0, Majority size: -1, State: 0, Mode: NON_LEADER, active raft config: opid_index: -1 OBSOLETE_local: true peers { permanent_uuid: "f72c221fb9e942f2aba6dadd7f9b3ee4" member_type: VOTER last_known_addr { host: "127.4.154.130" port: 35297 } }
I20260608 12:53:14.488269  6288 raft_consensus.cc:399] T 0493a82e76b44ea8a0c46e66f6364b66 P f72c221fb9e942f2aba6dadd7f9b3ee4 [term 0 FOLLOWER]: Only one voter in the Raft config. Triggering election immediately
I20260608 12:53:14.488641  6288 raft_consensus.cc:493] T 0493a82e76b44ea8a0c46e66f6364b66 P f72c221fb9e942f2aba6dadd7f9b3ee4 [term 0 FOLLOWER]: Starting leader election (initial election of a single-replica configuration)
I20260608 12:53:14.489046  6288 raft_consensus.cc:3060] T 0493a82e76b44ea8a0c46e66f6364b66 P f72c221fb9e942f2aba6dadd7f9b3ee4 [term 0 FOLLOWER]: Advancing to term 1
I20260608 12:53:14.492441  6287 raft_consensus.cc:515] T 26b067e32cca48b0a96ee9ced35bbbb9 P bfb3fe545f034a5a84422e55f6c43d31 [term 1 FOLLOWER]: Starting leader election with config: opid_index: -1 OBSOLETE_local: true peers { permanent_uuid: "bfb3fe545f034a5a84422e55f6c43d31" member_type: VOTER last_known_addr { host: "127.4.154.131" port: 39593 } }
I20260608 12:53:14.492729  6286 raft_consensus.cc:515] T 5c1e151b579243a5816e5e8414183853 P 29bb9bc0af324f4e83fac4afbc12266a [term 1 FOLLOWER]: Starting leader election with config: opid_index: -1 OBSOLETE_local: true peers { permanent_uuid: "29bb9bc0af324f4e83fac4afbc12266a" member_type: VOTER last_known_addr { host: "127.4.154.129" port: 42287 } }
I20260608 12:53:14.493151  6287 leader_election.cc:304] T 26b067e32cca48b0a96ee9ced35bbbb9 P bfb3fe545f034a5a84422e55f6c43d31 [CANDIDATE]: Term 1 election: Election decided. Result: candidate won. Election summary: received 1 responses out of 1 voters: 1 yes votes; 0 no votes. yes voters: bfb3fe545f034a5a84422e55f6c43d31; no voters: 
I20260608 12:53:14.493629  6286 leader_election.cc:304] T 5c1e151b579243a5816e5e8414183853 P 29bb9bc0af324f4e83fac4afbc12266a [CANDIDATE]: Term 1 election: Election decided. Result: candidate won. Election summary: received 1 responses out of 1 voters: 1 yes votes; 0 no votes. yes voters: 29bb9bc0af324f4e83fac4afbc12266a; no voters: 
I20260608 12:53:14.494907  6287 leader_election.cc:290] T 26b067e32cca48b0a96ee9ced35bbbb9 P bfb3fe545f034a5a84422e55f6c43d31 [CANDIDATE]: Term 1 election: Requested vote from peers 
I20260608 12:53:14.495466  6292 raft_consensus.cc:2804] T 26b067e32cca48b0a96ee9ced35bbbb9 P bfb3fe545f034a5a84422e55f6c43d31 [term 1 FOLLOWER]: Leader election won for term 1
I20260608 12:53:14.497083  6288 raft_consensus.cc:515] T 0493a82e76b44ea8a0c46e66f6364b66 P f72c221fb9e942f2aba6dadd7f9b3ee4 [term 1 FOLLOWER]: Starting leader election with config: opid_index: -1 OBSOLETE_local: true peers { permanent_uuid: "f72c221fb9e942f2aba6dadd7f9b3ee4" member_type: VOTER last_known_addr { host: "127.4.154.130" port: 35297 } }
I20260608 12:53:14.498397  6288 leader_election.cc:304] T 0493a82e76b44ea8a0c46e66f6364b66 P f72c221fb9e942f2aba6dadd7f9b3ee4 [CANDIDATE]: Term 1 election: Election decided. Result: candidate won. Election summary: received 1 responses out of 1 voters: 1 yes votes; 0 no votes. yes voters: f72c221fb9e942f2aba6dadd7f9b3ee4; no voters: 
I20260608 12:53:14.504741  6287 ts_tablet_manager.cc:1434] T 26b067e32cca48b0a96ee9ced35bbbb9 P bfb3fe545f034a5a84422e55f6c43d31: Time spent starting tablet: real 0.024s	user 0.003s	sys 0.018s
I20260608 12:53:14.505599  6292 raft_consensus.cc:697] T 26b067e32cca48b0a96ee9ced35bbbb9 P bfb3fe545f034a5a84422e55f6c43d31 [term 1 LEADER]: Becoming Leader. State: Replica: bfb3fe545f034a5a84422e55f6c43d31, State: Running, Role: LEADER
I20260608 12:53:14.506408  6292 consensus_queue.cc:237] T 26b067e32cca48b0a96ee9ced35bbbb9 P bfb3fe545f034a5a84422e55f6c43d31 [LEADER]: Queue going to LEADER mode. State: All replicated index: 0, Majority replicated index: 0, Committed index: 0, Last appended: 0.0, Last appended by leader: 0, Current term: 1, Majority size: 1, State: 0, Mode: LEADER, active raft config: opid_index: -1 OBSOLETE_local: true peers { permanent_uuid: "bfb3fe545f034a5a84422e55f6c43d31" member_type: VOTER last_known_addr { host: "127.4.154.131" port: 39593 } }
I20260608 12:53:14.509047  6286 leader_election.cc:290] T 5c1e151b579243a5816e5e8414183853 P 29bb9bc0af324f4e83fac4afbc12266a [CANDIDATE]: Term 1 election: Requested vote from peers 
I20260608 12:53:14.509493  6293 raft_consensus.cc:2804] T 5c1e151b579243a5816e5e8414183853 P 29bb9bc0af324f4e83fac4afbc12266a [term 1 FOLLOWER]: Leader election won for term 1
I20260608 12:53:14.519327  6286 ts_tablet_manager.cc:1434] T 5c1e151b579243a5816e5e8414183853 P 29bb9bc0af324f4e83fac4afbc12266a: Time spent starting tablet: real 0.042s	user 0.016s	sys 0.026s
I20260608 12:53:14.535941  5804 catalog_manager.cc:5696] T 26b067e32cca48b0a96ee9ced35bbbb9 P bfb3fe545f034a5a84422e55f6c43d31 reported cstate change: term changed from 0 to 1, leader changed from <none> to bfb3fe545f034a5a84422e55f6c43d31 (127.4.154.131). New cstate: current_term: 1 leader_uuid: "bfb3fe545f034a5a84422e55f6c43d31" committed_config { opid_index: -1 OBSOLETE_local: true peers { permanent_uuid: "bfb3fe545f034a5a84422e55f6c43d31" member_type: VOTER last_known_addr { host: "127.4.154.131" port: 39593 } health_report { overall_health: HEALTHY } } }
I20260608 12:53:14.542004  6296 raft_consensus.cc:2804] T 0493a82e76b44ea8a0c46e66f6364b66 P f72c221fb9e942f2aba6dadd7f9b3ee4 [term 1 FOLLOWER]: Leader election won for term 1
I20260608 12:53:14.544252  6293 raft_consensus.cc:697] T 5c1e151b579243a5816e5e8414183853 P 29bb9bc0af324f4e83fac4afbc12266a [term 1 LEADER]: Becoming Leader. State: Replica: 29bb9bc0af324f4e83fac4afbc12266a, State: Running, Role: LEADER
I20260608 12:53:14.544951  6288 leader_election.cc:290] T 0493a82e76b44ea8a0c46e66f6364b66 P f72c221fb9e942f2aba6dadd7f9b3ee4 [CANDIDATE]: Term 1 election: Requested vote from peers 
I20260608 12:53:14.545418  6293 consensus_queue.cc:237] T 5c1e151b579243a5816e5e8414183853 P 29bb9bc0af324f4e83fac4afbc12266a [LEADER]: Queue going to LEADER mode. State: All replicated index: 0, Majority replicated index: 0, Committed index: 0, Last appended: 0.0, Last appended by leader: 0, Current term: 1, Majority size: 1, State: 0, Mode: LEADER, active raft config: opid_index: -1 OBSOLETE_local: true peers { permanent_uuid: "29bb9bc0af324f4e83fac4afbc12266a" member_type: VOTER last_known_addr { host: "127.4.154.129" port: 42287 } }
I20260608 12:53:14.552110  6296 raft_consensus.cc:697] T 0493a82e76b44ea8a0c46e66f6364b66 P f72c221fb9e942f2aba6dadd7f9b3ee4 [term 1 LEADER]: Becoming Leader. State: Replica: f72c221fb9e942f2aba6dadd7f9b3ee4, State: Running, Role: LEADER
I20260608 12:53:14.553557  6296 consensus_queue.cc:237] T 0493a82e76b44ea8a0c46e66f6364b66 P f72c221fb9e942f2aba6dadd7f9b3ee4 [LEADER]: Queue going to LEADER mode. State: All replicated index: 0, Majority replicated index: 0, Committed index: 0, Last appended: 0.0, Last appended by leader: 0, Current term: 1, Majority size: 1, State: 0, Mode: LEADER, active raft config: opid_index: -1 OBSOLETE_local: true peers { permanent_uuid: "f72c221fb9e942f2aba6dadd7f9b3ee4" member_type: VOTER last_known_addr { host: "127.4.154.130" port: 35297 } }
I20260608 12:53:14.561071  6288 ts_tablet_manager.cc:1434] T 0493a82e76b44ea8a0c46e66f6364b66 P f72c221fb9e942f2aba6dadd7f9b3ee4: Time spent starting tablet: real 0.079s	user 0.041s	sys 0.025s
I20260608 12:53:14.563692  5803 catalog_manager.cc:5696] T 5c1e151b579243a5816e5e8414183853 P 29bb9bc0af324f4e83fac4afbc12266a reported cstate change: term changed from 0 to 1, leader changed from <none> to 29bb9bc0af324f4e83fac4afbc12266a (127.4.154.129). New cstate: current_term: 1 leader_uuid: "29bb9bc0af324f4e83fac4afbc12266a" committed_config { opid_index: -1 OBSOLETE_local: true peers { permanent_uuid: "29bb9bc0af324f4e83fac4afbc12266a" member_type: VOTER last_known_addr { host: "127.4.154.129" port: 42287 } health_report { overall_health: HEALTHY } } }
I20260608 12:53:14.619468  5804 catalog_manager.cc:5696] T 0493a82e76b44ea8a0c46e66f6364b66 P f72c221fb9e942f2aba6dadd7f9b3ee4 reported cstate change: term changed from 0 to 1, leader changed from <none> to f72c221fb9e942f2aba6dadd7f9b3ee4 (127.4.154.130). New cstate: current_term: 1 leader_uuid: "f72c221fb9e942f2aba6dadd7f9b3ee4" committed_config { opid_index: -1 OBSOLETE_local: true peers { permanent_uuid: "f72c221fb9e942f2aba6dadd7f9b3ee4" member_type: VOTER last_known_addr { host: "127.4.154.130" port: 35297 } health_report { overall_health: HEALTHY } } }
I20260608 12:53:14.638469  4714 master.cc:562] Master@127.4.154.190:41941 shutting down...
I20260608 12:53:14.659101  4714 raft_consensus.cc:2243] T 00000000000000000000000000000000 P d6af3b4a0c684dabb4c8a9d880e712a3 [term 1 LEADER]: Raft consensus shutting down.
I20260608 12:53:14.660112  4714 raft_consensus.cc:2272] T 00000000000000000000000000000000 P d6af3b4a0c684dabb4c8a9d880e712a3 [term 1 FOLLOWER]: Raft consensus is shut down!
I20260608 12:53:14.660565  4714 tablet_replica.cc:333] T 00000000000000000000000000000000 P d6af3b4a0c684dabb4c8a9d880e712a3: stopping tablet replica
W20260608 12:53:15.231520  5835 debug-util.cc:398] Leaking SignalData structure 0x7b08000c09c0 after lost signal to thread 4717
W20260608 12:53:15.603842  6254 heartbeater.cc:646] Failed to heartbeat to 127.4.154.190:41941 (0 consecutive failures): Network error: Failed to send heartbeat to master: Client connection negotiation failed: client connection to 127.4.154.190:41941: connect: Connection refused (error 111)
W20260608 12:53:15.681241  4714 thread.cc:527] Waited for 1000ms trying to join with diag-logger (tid 5835)
I20260608 12:53:16.134707  6310 raft_consensus.cc:493] T 00000000000000000000000000000000 P 3d744d48cd5940c1859c9f87ba348cbb [term 1 FOLLOWER]: Starting pre-election (detected failure of leader d6af3b4a0c684dabb4c8a9d880e712a3)
I20260608 12:53:16.135365  6311 raft_consensus.cc:493] T 00000000000000000000000000000000 P 9aad94bc57ea4b6db23199cc36dd0953 [term 1 FOLLOWER]: Starting pre-election (detected failure of leader d6af3b4a0c684dabb4c8a9d880e712a3)
I20260608 12:53:16.135453  6310 raft_consensus.cc:515] T 00000000000000000000000000000000 P 3d744d48cd5940c1859c9f87ba348cbb [term 1 FOLLOWER]: Starting pre-election with config: opid_index: -1 OBSOLETE_local: false peers { permanent_uuid: "d6af3b4a0c684dabb4c8a9d880e712a3" member_type: VOTER last_known_addr { host: "127.4.154.190" port: 41941 } } peers { permanent_uuid: "9aad94bc57ea4b6db23199cc36dd0953" member_type: VOTER last_known_addr { host: "127.4.154.189" port: 32785 } } peers { permanent_uuid: "3d744d48cd5940c1859c9f87ba348cbb" member_type: VOTER last_known_addr { host: "127.4.154.188" port: 34605 } }
I20260608 12:53:16.136044  6311 raft_consensus.cc:515] T 00000000000000000000000000000000 P 9aad94bc57ea4b6db23199cc36dd0953 [term 1 FOLLOWER]: Starting pre-election with config: opid_index: -1 OBSOLETE_local: false peers { permanent_uuid: "d6af3b4a0c684dabb4c8a9d880e712a3" member_type: VOTER last_known_addr { host: "127.4.154.190" port: 41941 } } peers { permanent_uuid: "9aad94bc57ea4b6db23199cc36dd0953" member_type: VOTER last_known_addr { host: "127.4.154.189" port: 32785 } } peers { permanent_uuid: "3d744d48cd5940c1859c9f87ba348cbb" member_type: VOTER last_known_addr { host: "127.4.154.188" port: 34605 } }
I20260608 12:53:16.138374  6310 leader_election.cc:290] T 00000000000000000000000000000000 P 3d744d48cd5940c1859c9f87ba348cbb [CANDIDATE]: Term 2 pre-election: Requested pre-vote from peers d6af3b4a0c684dabb4c8a9d880e712a3 (127.4.154.190:41941), 9aad94bc57ea4b6db23199cc36dd0953 (127.4.154.189:32785)
I20260608 12:53:16.139102  5879 tablet_service.cc:1917] Received RequestConsensusVote() RPC: tablet_id: "00000000000000000000000000000000" candidate_uuid: "3d744d48cd5940c1859c9f87ba348cbb" candidate_term: 2 candidate_status { last_received { term: 1 index: 9 } } ignore_live_leader: false dest_uuid: "9aad94bc57ea4b6db23199cc36dd0953" is_pre_election: true
I20260608 12:53:16.139810  5879 raft_consensus.cc:2468] T 00000000000000000000000000000000 P 9aad94bc57ea4b6db23199cc36dd0953 [term 1 FOLLOWER]: Leader pre-election vote request: Granting yes vote for candidate 3d744d48cd5940c1859c9f87ba348cbb in term 1.
I20260608 12:53:16.141206  5920 leader_election.cc:304] T 00000000000000000000000000000000 P 3d744d48cd5940c1859c9f87ba348cbb [CANDIDATE]: Term 2 pre-election: Election decided. Result: candidate won. Election summary: received 2 responses out of 3 voters: 2 yes votes; 0 no votes. yes voters: 3d744d48cd5940c1859c9f87ba348cbb, 9aad94bc57ea4b6db23199cc36dd0953; no voters: 
I20260608 12:53:16.142845  6311 leader_election.cc:290] T 00000000000000000000000000000000 P 9aad94bc57ea4b6db23199cc36dd0953 [CANDIDATE]: Term 2 pre-election: Requested pre-vote from peers d6af3b4a0c684dabb4c8a9d880e712a3 (127.4.154.190:41941), 3d744d48cd5940c1859c9f87ba348cbb (127.4.154.188:34605)
I20260608 12:53:16.145318  5945 tablet_service.cc:1917] Received RequestConsensusVote() RPC: tablet_id: "00000000000000000000000000000000" candidate_uuid: "9aad94bc57ea4b6db23199cc36dd0953" candidate_term: 2 candidate_status { last_received { term: 1 index: 9 } } ignore_live_leader: false dest_uuid: "3d744d48cd5940c1859c9f87ba348cbb" is_pre_election: true
I20260608 12:53:16.146250  5945 raft_consensus.cc:2468] T 00000000000000000000000000000000 P 3d744d48cd5940c1859c9f87ba348cbb [term 1 FOLLOWER]: Leader pre-election vote request: Granting yes vote for candidate 9aad94bc57ea4b6db23199cc36dd0953 in term 1.
I20260608 12:53:16.148651  5856 leader_election.cc:304] T 00000000000000000000000000000000 P 9aad94bc57ea4b6db23199cc36dd0953 [CANDIDATE]: Term 2 pre-election: Election decided. Result: candidate won. Election summary: received 2 responses out of 3 voters: 2 yes votes; 0 no votes. yes voters: 3d744d48cd5940c1859c9f87ba348cbb, 9aad94bc57ea4b6db23199cc36dd0953; no voters: 
I20260608 12:53:16.149698  6311 raft_consensus.cc:2804] T 00000000000000000000000000000000 P 9aad94bc57ea4b6db23199cc36dd0953 [term 1 FOLLOWER]: Leader pre-election won for term 2
I20260608 12:53:16.150118  6311 raft_consensus.cc:493] T 00000000000000000000000000000000 P 9aad94bc57ea4b6db23199cc36dd0953 [term 1 FOLLOWER]: Starting leader election (detected failure of leader d6af3b4a0c684dabb4c8a9d880e712a3)
I20260608 12:53:16.150511  6311 raft_consensus.cc:3060] T 00000000000000000000000000000000 P 9aad94bc57ea4b6db23199cc36dd0953 [term 1 FOLLOWER]: Advancing to term 2
I20260608 12:53:16.150942  6310 raft_consensus.cc:2804] T 00000000000000000000000000000000 P 3d744d48cd5940c1859c9f87ba348cbb [term 1 FOLLOWER]: Leader pre-election won for term 2
I20260608 12:53:16.151475  6310 raft_consensus.cc:493] T 00000000000000000000000000000000 P 3d744d48cd5940c1859c9f87ba348cbb [term 1 FOLLOWER]: Starting leader election (detected failure of leader d6af3b4a0c684dabb4c8a9d880e712a3)
I20260608 12:53:16.152074  6310 raft_consensus.cc:3060] T 00000000000000000000000000000000 P 3d744d48cd5940c1859c9f87ba348cbb [term 1 FOLLOWER]: Advancing to term 2
W20260608 12:53:16.158999  5918 leader_election.cc:336] T 00000000000000000000000000000000 P 3d744d48cd5940c1859c9f87ba348cbb [CANDIDATE]: Term 2 pre-election: RPC error from VoteRequest() call to peer d6af3b4a0c684dabb4c8a9d880e712a3 (127.4.154.190:41941): Network error: Client connection negotiation failed: client connection to 127.4.154.190:41941: connect: Connection refused (error 111)
I20260608 12:53:16.161567  6311 raft_consensus.cc:515] T 00000000000000000000000000000000 P 9aad94bc57ea4b6db23199cc36dd0953 [term 2 FOLLOWER]: Starting leader election with config: opid_index: -1 OBSOLETE_local: false peers { permanent_uuid: "d6af3b4a0c684dabb4c8a9d880e712a3" member_type: VOTER last_known_addr { host: "127.4.154.190" port: 41941 } } peers { permanent_uuid: "9aad94bc57ea4b6db23199cc36dd0953" member_type: VOTER last_known_addr { host: "127.4.154.189" port: 32785 } } peers { permanent_uuid: "3d744d48cd5940c1859c9f87ba348cbb" member_type: VOTER last_known_addr { host: "127.4.154.188" port: 34605 } }
I20260608 12:53:16.163146  6310 raft_consensus.cc:515] T 00000000000000000000000000000000 P 3d744d48cd5940c1859c9f87ba348cbb [term 2 FOLLOWER]: Starting leader election with config: opid_index: -1 OBSOLETE_local: false peers { permanent_uuid: "d6af3b4a0c684dabb4c8a9d880e712a3" member_type: VOTER last_known_addr { host: "127.4.154.190" port: 41941 } } peers { permanent_uuid: "9aad94bc57ea4b6db23199cc36dd0953" member_type: VOTER last_known_addr { host: "127.4.154.189" port: 32785 } } peers { permanent_uuid: "3d744d48cd5940c1859c9f87ba348cbb" member_type: VOTER last_known_addr { host: "127.4.154.188" port: 34605 } }
W20260608 12:53:16.163986  5853 leader_election.cc:336] T 00000000000000000000000000000000 P 9aad94bc57ea4b6db23199cc36dd0953 [CANDIDATE]: Term 2 pre-election: RPC error from VoteRequest() call to peer d6af3b4a0c684dabb4c8a9d880e712a3 (127.4.154.190:41941): Network error: Client connection negotiation failed: client connection to 127.4.154.190:41941: connect: Connection refused (error 111)
I20260608 12:53:16.165963  6310 leader_election.cc:290] T 00000000000000000000000000000000 P 3d744d48cd5940c1859c9f87ba348cbb [CANDIDATE]: Term 2 election: Requested vote from peers d6af3b4a0c684dabb4c8a9d880e712a3 (127.4.154.190:41941), 9aad94bc57ea4b6db23199cc36dd0953 (127.4.154.189:32785)
