I20260608 12:54:19.587834  8290 leader_election.cc:304] T e34e7e6b8a984189908539ded4479ccc P 006a5b2dc7d14a599f1d93ab35e3dc02 [CANDIDATE]: Term 1 pre-election: Election decided. Result: candidate won. Election summary: received 2 responses out of 3 voters: 2 yes votes; 0 no votes. yes voters: 006a5b2dc7d14a599f1d93ab35e3dc02, 068a6c0565ec4e92b28361ca28b6aca2; no voters: 
W20260608 12:54:19.592979  8290 leader_election.cc:343] T ae8d0ea254284a60bc6f86bbda58063a P 006a5b2dc7d14a599f1d93ab35e3dc02 [CANDIDATE]: Term 1 pre-election: Tablet error from VoteRequest() call to peer 068a6c0565ec4e92b28361ca28b6aca2 (127.5.16.1:39503): Illegal state: must be running to vote when last-logged opid is not known
I20260608 12:54:19.594545  8405 raft_consensus.cc:493] T ae8d0ea254284a60bc6f86bbda58063a P 006a5b2dc7d14a599f1d93ab35e3dc02 [term 0 FOLLOWER]: Starting leader election (no leader contacted us within the election timeout)
I20260608 12:54:19.594619  8178 tablet_service.cc:1917] Received RequestConsensusVote() RPC: tablet_id: "e34e7e6b8a984189908539ded4479ccc" candidate_uuid: "5b88a94cc95e4e569e5a1237394cc7e3" candidate_term: 1 candidate_status { last_received { term: 0 index: 0 } } ignore_live_leader: false dest_uuid: "068a6c0565ec4e92b28361ca28b6aca2" is_pre_election: true
I20260608 12:54:19.595269  8405 raft_consensus.cc:3060] T ae8d0ea254284a60bc6f86bbda58063a P 006a5b2dc7d14a599f1d93ab35e3dc02 [term 0 FOLLOWER]: Advancing to term 1
I20260608 12:54:19.595767  8178 raft_consensus.cc:2468] T e34e7e6b8a984189908539ded4479ccc P 068a6c0565ec4e92b28361ca28b6aca2 [term 0 FOLLOWER]: Leader pre-election vote request: Granting yes vote for candidate 5b88a94cc95e4e569e5a1237394cc7e3 in term 0.
I20260608 12:54:19.598006  8372 tablet_bootstrap.cc:492] T 83319231f2da46b5970aa4ff9dbacf23 P 5b88a94cc95e4e569e5a1237394cc7e3: No bootstrap required, opened a new log
I20260608 12:54:19.597783  8216 leader_election.cc:304] T e34e7e6b8a984189908539ded4479ccc P 5b88a94cc95e4e569e5a1237394cc7e3 [CANDIDATE]: Term 1 pre-election: Election decided. Result: candidate won. Election summary: received 2 responses out of 3 voters: 2 yes votes; 0 no votes. yes voters: 068a6c0565ec4e92b28361ca28b6aca2, 5b88a94cc95e4e569e5a1237394cc7e3; no voters: 
I20260608 12:54:19.598693  8372 ts_tablet_manager.cc:1403] T 83319231f2da46b5970aa4ff9dbacf23 P 5b88a94cc95e4e569e5a1237394cc7e3: Time spent bootstrapping tablet: real 0.062s	user 0.011s	sys 0.012s
I20260608 12:54:19.599412  8327 tablet_service.cc:1917] Received RequestConsensusVote() RPC: tablet_id: "e34e7e6b8a984189908539ded4479ccc" candidate_uuid: "5b88a94cc95e4e569e5a1237394cc7e3" candidate_term: 1 candidate_status { last_received { term: 0 index: 0 } } ignore_live_leader: false dest_uuid: "006a5b2dc7d14a599f1d93ab35e3dc02" is_pre_election: true
I20260608 12:54:19.600517  8327 raft_consensus.cc:2468] T e34e7e6b8a984189908539ded4479ccc P 006a5b2dc7d14a599f1d93ab35e3dc02 [term 0 FOLLOWER]: Leader pre-election vote request: Granting yes vote for candidate 5b88a94cc95e4e569e5a1237394cc7e3 in term 0.
I20260608 12:54:19.601976  8398 raft_consensus.cc:2804] T e34e7e6b8a984189908539ded4479ccc P 5b88a94cc95e4e569e5a1237394cc7e3 [term 0 FOLLOWER]: Leader pre-election won for term 1
I20260608 12:54:19.602520  8398 raft_consensus.cc:493] T e34e7e6b8a984189908539ded4479ccc P 5b88a94cc95e4e569e5a1237394cc7e3 [term 0 FOLLOWER]: Starting leader election (no leader contacted us within the election timeout)
I20260608 12:54:19.602989  8398 raft_consensus.cc:3060] T e34e7e6b8a984189908539ded4479ccc P 5b88a94cc95e4e569e5a1237394cc7e3 [term 0 FOLLOWER]: Advancing to term 1
I20260608 12:54:19.603551  8372 raft_consensus.cc:359] T 83319231f2da46b5970aa4ff9dbacf23 P 5b88a94cc95e4e569e5a1237394cc7e3 [term 0 FOLLOWER]: Replica starting. Triggering 0 pending ops. Active config: opid_index: -1 OBSOLETE_local: false peers { permanent_uuid: "068a6c0565ec4e92b28361ca28b6aca2" member_type: VOTER last_known_addr { host: "127.5.16.1" port: 39503 } } peers { permanent_uuid: "5b88a94cc95e4e569e5a1237394cc7e3" member_type: VOTER last_known_addr { host: "127.5.16.2" port: 46161 } } peers { permanent_uuid: "006a5b2dc7d14a599f1d93ab35e3dc02" member_type: VOTER last_known_addr { host: "127.5.16.3" port: 44361 } }
I20260608 12:54:19.604578  8372 raft_consensus.cc:385] T 83319231f2da46b5970aa4ff9dbacf23 P 5b88a94cc95e4e569e5a1237394cc7e3 [term 0 FOLLOWER]: Consensus starting up: Expiring failure detector timer to make a prompt election more likely
I20260608 12:54:19.604964  8372 raft_consensus.cc:740] T 83319231f2da46b5970aa4ff9dbacf23 P 5b88a94cc95e4e569e5a1237394cc7e3 [term 0 FOLLOWER]: Becoming Follower/Learner. State: Replica: 5b88a94cc95e4e569e5a1237394cc7e3, State: Initialized, Role: FOLLOWER
I20260608 12:54:19.605461  8405 raft_consensus.cc:515] T ae8d0ea254284a60bc6f86bbda58063a P 006a5b2dc7d14a599f1d93ab35e3dc02 [term 1 FOLLOWER]: Starting leader election with config: opid_index: -1 OBSOLETE_local: false peers { permanent_uuid: "5b88a94cc95e4e569e5a1237394cc7e3" member_type: VOTER last_known_addr { host: "127.5.16.2" port: 46161 } } peers { permanent_uuid: "068a6c0565ec4e92b28361ca28b6aca2" member_type: VOTER last_known_addr { host: "127.5.16.1" port: 39503 } } peers { permanent_uuid: "006a5b2dc7d14a599f1d93ab35e3dc02" member_type: VOTER last_known_addr { host: "127.5.16.3" port: 44361 } }
I20260608 12:54:19.606243  8372 consensus_queue.cc:260] T 83319231f2da46b5970aa4ff9dbacf23 P 5b88a94cc95e4e569e5a1237394cc7e3 [NON_LEADER]: Queue going to NON_LEADER mode. State: All replicated index: 0, Majority replicated index: 0, Committed index: 0, Last appended: 0.0, Last appended by leader: 0, Current term: 0, Majority size: -1, State: 0, Mode: NON_LEADER, active raft config: opid_index: -1 OBSOLETE_local: false peers { permanent_uuid: "068a6c0565ec4e92b28361ca28b6aca2" member_type: VOTER last_known_addr { host: "127.5.16.1" port: 39503 } } peers { permanent_uuid: "5b88a94cc95e4e569e5a1237394cc7e3" member_type: VOTER last_known_addr { host: "127.5.16.2" port: 46161 } } peers { permanent_uuid: "006a5b2dc7d14a599f1d93ab35e3dc02" member_type: VOTER last_known_addr { host: "127.5.16.3" port: 44361 } }
I20260608 12:54:19.608255  8253 tablet_service.cc:1917] Received RequestConsensusVote() RPC: tablet_id: "184ceb18df14492ebee3dba978b0fc75" candidate_uuid: "068a6c0565ec4e92b28361ca28b6aca2" candidate_term: 1 candidate_status { last_received { term: 0 index: 0 } } ignore_live_leader: false dest_uuid: "5b88a94cc95e4e569e5a1237394cc7e3" is_pre_election: true
I20260608 12:54:19.608697  8379 leader_election.cc:290] T 184ceb18df14492ebee3dba978b0fc75 P 068a6c0565ec4e92b28361ca28b6aca2 [CANDIDATE]: Term 1 pre-election: Requested pre-vote from peers 5b88a94cc95e4e569e5a1237394cc7e3 (127.5.16.2:46161), 006a5b2dc7d14a599f1d93ab35e3dc02 (127.5.16.3:44361)
I20260608 12:54:19.609872  8380 raft_consensus.cc:2804] T e34e7e6b8a984189908539ded4479ccc P 006a5b2dc7d14a599f1d93ab35e3dc02 [term 0 FOLLOWER]: Leader pre-election won for term 1
I20260608 12:54:19.610185  8372 ts_tablet_manager.cc:1434] T 83319231f2da46b5970aa4ff9dbacf23 P 5b88a94cc95e4e569e5a1237394cc7e3: Time spent starting tablet: real 0.011s	user 0.010s	sys 0.000s
I20260608 12:54:19.610342  8380 raft_consensus.cc:493] T e34e7e6b8a984189908539ded4479ccc P 006a5b2dc7d14a599f1d93ab35e3dc02 [term 0 FOLLOWER]: Starting leader election (no leader contacted us within the election timeout)
I20260608 12:54:19.610898  8380 raft_consensus.cc:3060] T e34e7e6b8a984189908539ded4479ccc P 006a5b2dc7d14a599f1d93ab35e3dc02 [term 0 FOLLOWER]: Advancing to term 1
W20260608 12:54:19.611406  8142 leader_election.cc:343] T 184ceb18df14492ebee3dba978b0fc75 P 068a6c0565ec4e92b28361ca28b6aca2 [CANDIDATE]: Term 1 pre-election: Tablet error from VoteRequest() call to peer 5b88a94cc95e4e569e5a1237394cc7e3 (127.5.16.2:46161): Illegal state: must be running to vote when last-logged opid is not known
I20260608 12:54:19.612121  8372 tablet_bootstrap.cc:492] T f852322f41404e27a8217cc182d74b56 P 5b88a94cc95e4e569e5a1237394cc7e3: Bootstrap starting.
I20260608 12:54:19.612864  8327 tablet_service.cc:1917] Received RequestConsensusVote() RPC: tablet_id: "184ceb18df14492ebee3dba978b0fc75" candidate_uuid: "068a6c0565ec4e92b28361ca28b6aca2" candidate_term: 1 candidate_status { last_received { term: 0 index: 0 } } ignore_live_leader: false dest_uuid: "006a5b2dc7d14a599f1d93ab35e3dc02" is_pre_election: true
W20260608 12:54:19.614934  8143 leader_election.cc:343] T 184ceb18df14492ebee3dba978b0fc75 P 068a6c0565ec4e92b28361ca28b6aca2 [CANDIDATE]: Term 1 pre-election: Tablet error from VoteRequest() call to peer 006a5b2dc7d14a599f1d93ab35e3dc02 (127.5.16.3:44361): Illegal state: must be running to vote when last-logged opid is not known
I20260608 12:54:19.615585  8143 leader_election.cc:304] T 184ceb18df14492ebee3dba978b0fc75 P 068a6c0565ec4e92b28361ca28b6aca2 [CANDIDATE]: Term 1 pre-election: Election decided. Result: candidate lost. Election summary: received 3 responses out of 3 voters: 1 yes votes; 2 no votes. yes voters: 068a6c0565ec4e92b28361ca28b6aca2; no voters: 006a5b2dc7d14a599f1d93ab35e3dc02, 5b88a94cc95e4e569e5a1237394cc7e3
I20260608 12:54:19.622299  8379 raft_consensus.cc:2749] T 184ceb18df14492ebee3dba978b0fc75 P 068a6c0565ec4e92b28361ca28b6aca2 [term 0 FOLLOWER]: Leader pre-election lost for term 1. Reason: could not achieve majority
I20260608 12:54:19.623282  8372 tablet_bootstrap.cc:654] T f852322f41404e27a8217cc182d74b56 P 5b88a94cc95e4e569e5a1237394cc7e3: Neither blocks nor log segments found. Creating new log.
I20260608 12:54:19.626024  8253 tablet_service.cc:1917] Received RequestConsensusVote() RPC: tablet_id: "ae8d0ea254284a60bc6f86bbda58063a" candidate_uuid: "006a5b2dc7d14a599f1d93ab35e3dc02" candidate_term: 1 candidate_status { last_received { term: 0 index: 0 } } ignore_live_leader: false dest_uuid: "5b88a94cc95e4e569e5a1237394cc7e3"
I20260608 12:54:19.626832  8253 raft_consensus.cc:3060] T ae8d0ea254284a60bc6f86bbda58063a P 5b88a94cc95e4e569e5a1237394cc7e3 [term 0 FOLLOWER]: Advancing to term 1
I20260608 12:54:19.633283  8403 raft_consensus.cc:493] T 246a3616c9784701b4e33b3b6ae03f17 P 006a5b2dc7d14a599f1d93ab35e3dc02 [term 0 FOLLOWER]: Starting pre-election (no leader contacted us within the election timeout)
I20260608 12:54:19.634167  8403 raft_consensus.cc:515] T 246a3616c9784701b4e33b3b6ae03f17 P 006a5b2dc7d14a599f1d93ab35e3dc02 [term 0 FOLLOWER]: Starting pre-election with config: opid_index: -1 OBSOLETE_local: false peers { permanent_uuid: "068a6c0565ec4e92b28361ca28b6aca2" member_type: VOTER last_known_addr { host: "127.5.16.1" port: 39503 } } peers { permanent_uuid: "5b88a94cc95e4e569e5a1237394cc7e3" member_type: VOTER last_known_addr { host: "127.5.16.2" port: 46161 } } peers { permanent_uuid: "006a5b2dc7d14a599f1d93ab35e3dc02" member_type: VOTER last_known_addr { host: "127.5.16.3" port: 44361 } }
I20260608 12:54:19.640390  8405 leader_election.cc:290] T ae8d0ea254284a60bc6f86bbda58063a P 006a5b2dc7d14a599f1d93ab35e3dc02 [CANDIDATE]: Term 1 election: Requested vote from peers 5b88a94cc95e4e569e5a1237394cc7e3 (127.5.16.2:46161), 068a6c0565ec4e92b28361ca28b6aca2 (127.5.16.1:39503)
I20260608 12:54:19.642004  8178 tablet_service.cc:1917] Received RequestConsensusVote() RPC: tablet_id: "ae8d0ea254284a60bc6f86bbda58063a" candidate_uuid: "006a5b2dc7d14a599f1d93ab35e3dc02" candidate_term: 1 candidate_status { last_received { term: 0 index: 0 } } ignore_live_leader: false dest_uuid: "068a6c0565ec4e92b28361ca28b6aca2"
W20260608 12:54:19.645471  8290 leader_election.cc:343] T ae8d0ea254284a60bc6f86bbda58063a P 006a5b2dc7d14a599f1d93ab35e3dc02 [CANDIDATE]: Term 1 election: Tablet error from VoteRequest() call to peer 068a6c0565ec4e92b28361ca28b6aca2 (127.5.16.1:39503): Illegal state: must be running to vote when last-logged opid is not known
I20260608 12:54:19.645967  8253 raft_consensus.cc:2468] T ae8d0ea254284a60bc6f86bbda58063a P 5b88a94cc95e4e569e5a1237394cc7e3 [term 1 FOLLOWER]: Leader election vote request: Granting yes vote for candidate 006a5b2dc7d14a599f1d93ab35e3dc02 in term 1.
I20260608 12:54:19.651566  8252 tablet_service.cc:1917] Received RequestConsensusVote() RPC: tablet_id: "246a3616c9784701b4e33b3b6ae03f17" candidate_uuid: "006a5b2dc7d14a599f1d93ab35e3dc02" candidate_term: 1 candidate_status { last_received { term: 0 index: 0 } } ignore_live_leader: false dest_uuid: "5b88a94cc95e4e569e5a1237394cc7e3" is_pre_election: true
I20260608 12:54:19.652153  8291 leader_election.cc:304] T ae8d0ea254284a60bc6f86bbda58063a P 006a5b2dc7d14a599f1d93ab35e3dc02 [CANDIDATE]: Term 1 election: Election decided. Result: candidate won. Election summary: received 3 responses out of 3 voters: 2 yes votes; 1 no votes. yes voters: 006a5b2dc7d14a599f1d93ab35e3dc02, 5b88a94cc95e4e569e5a1237394cc7e3; no voters: 068a6c0565ec4e92b28361ca28b6aca2
W20260608 12:54:19.654748  8291 leader_election.cc:343] T 246a3616c9784701b4e33b3b6ae03f17 P 006a5b2dc7d14a599f1d93ab35e3dc02 [CANDIDATE]: Term 1 pre-election: Tablet error from VoteRequest() call to peer 5b88a94cc95e4e569e5a1237394cc7e3 (127.5.16.2:46161): Illegal state: must be running to vote when last-logged opid is not known
I20260608 12:54:19.655995  8405 raft_consensus.cc:2804] T ae8d0ea254284a60bc6f86bbda58063a P 006a5b2dc7d14a599f1d93ab35e3dc02 [term 1 FOLLOWER]: Leader election won for term 1
I20260608 12:54:19.656241  8178 tablet_service.cc:1917] Received RequestConsensusVote() RPC: tablet_id: "246a3616c9784701b4e33b3b6ae03f17" candidate_uuid: "006a5b2dc7d14a599f1d93ab35e3dc02" candidate_term: 1 candidate_status { last_received { term: 0 index: 0 } } ignore_live_leader: false dest_uuid: "068a6c0565ec4e92b28361ca28b6aca2" is_pre_election: true
W20260608 12:54:19.659106  8290 leader_election.cc:343] T 246a3616c9784701b4e33b3b6ae03f17 P 006a5b2dc7d14a599f1d93ab35e3dc02 [CANDIDATE]: Term 1 pre-election: Tablet error from VoteRequest() call to peer 068a6c0565ec4e92b28361ca28b6aca2 (127.5.16.1:39503): Illegal state: must be running to vote when last-logged opid is not known
I20260608 12:54:19.659838  8290 leader_election.cc:304] T 246a3616c9784701b4e33b3b6ae03f17 P 006a5b2dc7d14a599f1d93ab35e3dc02 [CANDIDATE]: Term 1 pre-election: Election decided. Result: candidate lost. Election summary: received 3 responses out of 3 voters: 1 yes votes; 2 no votes. yes voters: 006a5b2dc7d14a599f1d93ab35e3dc02; no voters: 068a6c0565ec4e92b28361ca28b6aca2, 5b88a94cc95e4e569e5a1237394cc7e3
I20260608 12:54:19.665318  8374 tablet_bootstrap.cc:492] T f8f217b01da0427cbc1bfe56b2c911dd P 006a5b2dc7d14a599f1d93ab35e3dc02: No bootstrap required, opened a new log
I20260608 12:54:19.663846  8403 leader_election.cc:290] T 246a3616c9784701b4e33b3b6ae03f17 P 006a5b2dc7d14a599f1d93ab35e3dc02 [CANDIDATE]: Term 1 pre-election: Requested pre-vote from peers 068a6c0565ec4e92b28361ca28b6aca2 (127.5.16.1:39503), 5b88a94cc95e4e569e5a1237394cc7e3 (127.5.16.2:46161)
I20260608 12:54:19.665431  8405 raft_consensus.cc:697] T ae8d0ea254284a60bc6f86bbda58063a P 006a5b2dc7d14a599f1d93ab35e3dc02 [term 1 LEADER]: Becoming Leader. State: Replica: 006a5b2dc7d14a599f1d93ab35e3dc02, State: Running, Role: LEADER
I20260608 12:54:19.666239  8374 ts_tablet_manager.cc:1403] T f8f217b01da0427cbc1bfe56b2c911dd P 006a5b2dc7d14a599f1d93ab35e3dc02: Time spent bootstrapping tablet: real 0.162s	user 0.033s	sys 0.048s
I20260608 12:54:19.667595  8408 raft_consensus.cc:2749] T 246a3616c9784701b4e33b3b6ae03f17 P 006a5b2dc7d14a599f1d93ab35e3dc02 [term 0 FOLLOWER]: Leader pre-election lost for term 1. Reason: could not achieve majority
W20260608 12:54:19.671109  8143 outbound_call.cc:321] RPC callback for RPC call kudu.consensus.ConsensusService.RequestConsensusVote -> {remote=127.5.16.3:44361, user_credentials={real_user=slave}} blocked reactor thread for 56248.9us
I20260608 12:54:19.672281  8373 tablet_bootstrap.cc:492] T ae8d0ea254284a60bc6f86bbda58063a P 068a6c0565ec4e92b28361ca28b6aca2: No bootstrap required, opened a new log
I20260608 12:54:19.671954  8374 raft_consensus.cc:359] T f8f217b01da0427cbc1bfe56b2c911dd P 006a5b2dc7d14a599f1d93ab35e3dc02 [term 0 FOLLOWER]: Replica starting. Triggering 0 pending ops. Active config: opid_index: -1 OBSOLETE_local: false peers { permanent_uuid: "5b88a94cc95e4e569e5a1237394cc7e3" member_type: VOTER last_known_addr { host: "127.5.16.2" port: 46161 } } peers { permanent_uuid: "068a6c0565ec4e92b28361ca28b6aca2" member_type: VOTER last_known_addr { host: "127.5.16.1" port: 39503 } } peers { permanent_uuid: "006a5b2dc7d14a599f1d93ab35e3dc02" member_type: VOTER last_known_addr { host: "127.5.16.3" port: 44361 } }
I20260608 12:54:19.672889  8374 raft_consensus.cc:385] T f8f217b01da0427cbc1bfe56b2c911dd P 006a5b2dc7d14a599f1d93ab35e3dc02 [term 0 FOLLOWER]: Consensus starting up: Expiring failure detector timer to make a prompt election more likely
I20260608 12:54:19.672978  8373 ts_tablet_manager.cc:1403] T ae8d0ea254284a60bc6f86bbda58063a P 068a6c0565ec4e92b28361ca28b6aca2: Time spent bootstrapping tablet: real 0.145s	user 0.044s	sys 0.080s
I20260608 12:54:19.673424  8374 raft_consensus.cc:740] T f8f217b01da0427cbc1bfe56b2c911dd P 006a5b2dc7d14a599f1d93ab35e3dc02 [term 0 FOLLOWER]: Becoming Follower/Learner. State: Replica: 006a5b2dc7d14a599f1d93ab35e3dc02, State: Initialized, Role: FOLLOWER
I20260608 12:54:19.674486  8398 raft_consensus.cc:515] T e34e7e6b8a984189908539ded4479ccc P 5b88a94cc95e4e569e5a1237394cc7e3 [term 1 FOLLOWER]: Starting leader election with config: opid_index: -1 OBSOLETE_local: false peers { permanent_uuid: "5b88a94cc95e4e569e5a1237394cc7e3" member_type: VOTER last_known_addr { host: "127.5.16.2" port: 46161 } } peers { permanent_uuid: "068a6c0565ec4e92b28361ca28b6aca2" member_type: VOTER last_known_addr { host: "127.5.16.1" port: 39503 } } peers { permanent_uuid: "006a5b2dc7d14a599f1d93ab35e3dc02" member_type: VOTER last_known_addr { host: "127.5.16.3" port: 44361 } }
I20260608 12:54:19.674721  8374 consensus_queue.cc:260] T f8f217b01da0427cbc1bfe56b2c911dd P 006a5b2dc7d14a599f1d93ab35e3dc02 [NON_LEADER]: Queue going to NON_LEADER mode. State: All replicated index: 0, Majority replicated index: 0, Committed index: 0, Last appended: 0.0, Last appended by leader: 0, Current term: 0, Majority size: -1, State: 0, Mode: NON_LEADER, active raft config: opid_index: -1 OBSOLETE_local: false peers { permanent_uuid: "5b88a94cc95e4e569e5a1237394cc7e3" member_type: VOTER last_known_addr { host: "127.5.16.2" port: 46161 } } peers { permanent_uuid: "068a6c0565ec4e92b28361ca28b6aca2" member_type: VOTER last_known_addr { host: "127.5.16.1" port: 39503 } } peers { permanent_uuid: "006a5b2dc7d14a599f1d93ab35e3dc02" member_type: VOTER last_known_addr { host: "127.5.16.3" port: 44361 } }
I20260608 12:54:19.676873  8373 raft_consensus.cc:359] T ae8d0ea254284a60bc6f86bbda58063a P 068a6c0565ec4e92b28361ca28b6aca2 [term 0 FOLLOWER]: Replica starting. Triggering 0 pending ops. Active config: opid_index: -1 OBSOLETE_local: false peers { permanent_uuid: "5b88a94cc95e4e569e5a1237394cc7e3" member_type: VOTER last_known_addr { host: "127.5.16.2" port: 46161 } } peers { permanent_uuid: "068a6c0565ec4e92b28361ca28b6aca2" member_type: VOTER last_known_addr { host: "127.5.16.1" port: 39503 } } peers { permanent_uuid: "006a5b2dc7d14a599f1d93ab35e3dc02" member_type: VOTER last_known_addr { host: "127.5.16.3" port: 44361 } }
I20260608 12:54:19.677717  8373 raft_consensus.cc:385] T ae8d0ea254284a60bc6f86bbda58063a P 068a6c0565ec4e92b28361ca28b6aca2 [term 0 FOLLOWER]: Consensus starting up: Expiring failure detector timer to make a prompt election more likely
I20260608 12:54:19.677706  8374 ts_tablet_manager.cc:1434] T f8f217b01da0427cbc1bfe56b2c911dd P 006a5b2dc7d14a599f1d93ab35e3dc02: Time spent starting tablet: real 0.011s	user 0.010s	sys 0.000s
I20260608 12:54:19.678225  8178 tablet_service.cc:1917] Received RequestConsensusVote() RPC: tablet_id: "e34e7e6b8a984189908539ded4479ccc" candidate_uuid: "5b88a94cc95e4e569e5a1237394cc7e3" candidate_term: 1 candidate_status { last_received { term: 0 index: 0 } } ignore_live_leader: false dest_uuid: "068a6c0565ec4e92b28361ca28b6aca2"
I20260608 12:54:19.678299  8373 raft_consensus.cc:740] T ae8d0ea254284a60bc6f86bbda58063a P 068a6c0565ec4e92b28361ca28b6aca2 [term 0 FOLLOWER]: Becoming Follower/Learner. State: Replica: 068a6c0565ec4e92b28361ca28b6aca2, State: Initialized, Role: FOLLOWER
I20260608 12:54:19.679037  8178 raft_consensus.cc:3060] T e34e7e6b8a984189908539ded4479ccc P 068a6c0565ec4e92b28361ca28b6aca2 [term 0 FOLLOWER]: Advancing to term 1
I20260608 12:54:19.679775  8374 tablet_bootstrap.cc:492] T 83319231f2da46b5970aa4ff9dbacf23 P 006a5b2dc7d14a599f1d93ab35e3dc02: Bootstrap starting.
I20260608 12:54:19.679517  8373 consensus_queue.cc:260] T ae8d0ea254284a60bc6f86bbda58063a P 068a6c0565ec4e92b28361ca28b6aca2 [NON_LEADER]: Queue going to NON_LEADER mode. State: All replicated index: 0, Majority replicated index: 0, Committed index: 0, Last appended: 0.0, Last appended by leader: 0, Current term: 0, Majority size: -1, State: 0, Mode: NON_LEADER, active raft config: opid_index: -1 OBSOLETE_local: false peers { permanent_uuid: "5b88a94cc95e4e569e5a1237394cc7e3" member_type: VOTER last_known_addr { host: "127.5.16.2" port: 46161 } } peers { permanent_uuid: "068a6c0565ec4e92b28361ca28b6aca2" member_type: VOTER last_known_addr { host: "127.5.16.1" port: 39503 } } peers { permanent_uuid: "006a5b2dc7d14a599f1d93ab35e3dc02" member_type: VOTER last_known_addr { host: "127.5.16.3" port: 44361 } }
I20260608 12:54:19.680881  8372 tablet_bootstrap.cc:492] T f852322f41404e27a8217cc182d74b56 P 5b88a94cc95e4e569e5a1237394cc7e3: No bootstrap required, opened a new log
I20260608 12:54:19.681587  8372 ts_tablet_manager.cc:1403] T f852322f41404e27a8217cc182d74b56 P 5b88a94cc95e4e569e5a1237394cc7e3: Time spent bootstrapping tablet: real 0.070s	user 0.024s	sys 0.027s
I20260608 12:54:19.682237  8373 ts_tablet_manager.cc:1434] T ae8d0ea254284a60bc6f86bbda58063a P 068a6c0565ec4e92b28361ca28b6aca2: Time spent starting tablet: real 0.009s	user 0.008s	sys 0.000s
I20260608 12:54:19.685897  8373 tablet_bootstrap.cc:492] T 246a3616c9784701b4e33b3b6ae03f17 P 068a6c0565ec4e92b28361ca28b6aca2: Bootstrap starting.
I20260608 12:54:19.676710  8405 consensus_queue.cc:237] T ae8d0ea254284a60bc6f86bbda58063a P 006a5b2dc7d14a599f1d93ab35e3dc02 [LEADER]: Queue going to LEADER mode. State: All replicated index: 0, Majority replicated index: 0, Committed index: 0, Last appended: 0.0, Last appended by leader: 0, Current term: 1, Majority size: 2, State: 0, Mode: LEADER, active raft config: opid_index: -1 OBSOLETE_local: false peers { permanent_uuid: "5b88a94cc95e4e569e5a1237394cc7e3" member_type: VOTER last_known_addr { host: "127.5.16.2" port: 46161 } } peers { permanent_uuid: "068a6c0565ec4e92b28361ca28b6aca2" member_type: VOTER last_known_addr { host: "127.5.16.1" port: 39503 } } peers { permanent_uuid: "006a5b2dc7d14a599f1d93ab35e3dc02" member_type: VOTER last_known_addr { host: "127.5.16.3" port: 44361 } }
I20260608 12:54:19.688603  8374 tablet_bootstrap.cc:654] T 83319231f2da46b5970aa4ff9dbacf23 P 006a5b2dc7d14a599f1d93ab35e3dc02: Neither blocks nor log segments found. Creating new log.
I20260608 12:54:19.690213  8379 raft_consensus.cc:493] T 999cbcf90488419ba29478ced6973339 P 068a6c0565ec4e92b28361ca28b6aca2 [term 0 FOLLOWER]: Starting pre-election (no leader contacted us within the election timeout)
I20260608 12:54:19.690783  8379 raft_consensus.cc:515] T 999cbcf90488419ba29478ced6973339 P 068a6c0565ec4e92b28361ca28b6aca2 [term 0 FOLLOWER]: Starting pre-election with config: opid_index: -1 OBSOLETE_local: false peers { permanent_uuid: "068a6c0565ec4e92b28361ca28b6aca2" member_type: VOTER last_known_addr { host: "127.5.16.1" port: 39503 } } peers { permanent_uuid: "5b88a94cc95e4e569e5a1237394cc7e3" member_type: VOTER last_known_addr { host: "127.5.16.2" port: 46161 } } peers { permanent_uuid: "006a5b2dc7d14a599f1d93ab35e3dc02" member_type: VOTER last_known_addr { host: "127.5.16.3" port: 44361 } }
I20260608 12:54:19.685745  8372 raft_consensus.cc:359] T f852322f41404e27a8217cc182d74b56 P 5b88a94cc95e4e569e5a1237394cc7e3 [term 0 FOLLOWER]: Replica starting. Triggering 0 pending ops. Active config: opid_index: -1 OBSOLETE_local: false peers { permanent_uuid: "006a5b2dc7d14a599f1d93ab35e3dc02" member_type: VOTER last_known_addr { host: "127.5.16.3" port: 44361 } } peers { permanent_uuid: "5b88a94cc95e4e569e5a1237394cc7e3" member_type: VOTER last_known_addr { host: "127.5.16.2" port: 46161 } } peers { permanent_uuid: "068a6c0565ec4e92b28361ca28b6aca2" member_type: VOTER last_known_addr { host: "127.5.16.1" port: 39503 } }
I20260608 12:54:19.692688  8178 raft_consensus.cc:2468] T e34e7e6b8a984189908539ded4479ccc P 068a6c0565ec4e92b28361ca28b6aca2 [term 1 FOLLOWER]: Leader election vote request: Granting yes vote for candidate 5b88a94cc95e4e569e5a1237394cc7e3 in term 1.
I20260608 12:54:19.693034  8372 raft_consensus.cc:385] T f852322f41404e27a8217cc182d74b56 P 5b88a94cc95e4e569e5a1237394cc7e3 [term 0 FOLLOWER]: Consensus starting up: Expiring failure detector timer to make a prompt election more likely
I20260608 12:54:19.693562  8379 leader_election.cc:290] T 999cbcf90488419ba29478ced6973339 P 068a6c0565ec4e92b28361ca28b6aca2 [CANDIDATE]: Term 1 pre-election: Requested pre-vote from peers 5b88a94cc95e4e569e5a1237394cc7e3 (127.5.16.2:46161), 006a5b2dc7d14a599f1d93ab35e3dc02 (127.5.16.3:44361)
I20260608 12:54:19.694416  8216 leader_election.cc:304] T e34e7e6b8a984189908539ded4479ccc P 5b88a94cc95e4e569e5a1237394cc7e3 [CANDIDATE]: Term 1 election: Election decided. Result: candidate won. Election summary: received 2 responses out of 3 voters: 2 yes votes; 0 no votes. yes voters: 068a6c0565ec4e92b28361ca28b6aca2, 5b88a94cc95e4e569e5a1237394cc7e3; no voters: 
I20260608 12:54:19.693535  8372 raft_consensus.cc:740] T f852322f41404e27a8217cc182d74b56 P 5b88a94cc95e4e569e5a1237394cc7e3 [term 0 FOLLOWER]: Becoming Follower/Learner. State: Replica: 5b88a94cc95e4e569e5a1237394cc7e3, State: Initialized, Role: FOLLOWER
I20260608 12:54:19.695436  8378 raft_consensus.cc:2804] T e34e7e6b8a984189908539ded4479ccc P 5b88a94cc95e4e569e5a1237394cc7e3 [term 1 FOLLOWER]: Leader election won for term 1
I20260608 12:54:19.695637  8253 tablet_service.cc:1917] Received RequestConsensusVote() RPC: tablet_id: "999cbcf90488419ba29478ced6973339" candidate_uuid: "068a6c0565ec4e92b28361ca28b6aca2" candidate_term: 1 candidate_status { last_received { term: 0 index: 0 } } ignore_live_leader: false dest_uuid: "5b88a94cc95e4e569e5a1237394cc7e3" is_pre_election: true
I20260608 12:54:19.697005  8253 raft_consensus.cc:2468] T 999cbcf90488419ba29478ced6973339 P 5b88a94cc95e4e569e5a1237394cc7e3 [term 0 FOLLOWER]: Leader pre-election vote request: Granting yes vote for candidate 068a6c0565ec4e92b28361ca28b6aca2 in term 0.
I20260608 12:54:19.698159  8327 tablet_service.cc:1917] Received RequestConsensusVote() RPC: tablet_id: "999cbcf90488419ba29478ced6973339" candidate_uuid: "068a6c0565ec4e92b28361ca28b6aca2" candidate_term: 1 candidate_status { last_received { term: 0 index: 0 } } ignore_live_leader: false dest_uuid: "006a5b2dc7d14a599f1d93ab35e3dc02" is_pre_election: true
I20260608 12:54:19.698822  8327 raft_consensus.cc:2468] T 999cbcf90488419ba29478ced6973339 P 006a5b2dc7d14a599f1d93ab35e3dc02 [term 0 FOLLOWER]: Leader pre-election vote request: Granting yes vote for candidate 068a6c0565ec4e92b28361ca28b6aca2 in term 0.
I20260608 12:54:19.700376  8142 leader_election.cc:304] T 999cbcf90488419ba29478ced6973339 P 068a6c0565ec4e92b28361ca28b6aca2 [CANDIDATE]: Term 1 pre-election: Election decided. Result: candidate won. Election summary: received 2 responses out of 3 voters: 2 yes votes; 0 no votes. yes voters: 068a6c0565ec4e92b28361ca28b6aca2, 5b88a94cc95e4e569e5a1237394cc7e3; no voters: 
I20260608 12:54:19.702039  8379 raft_consensus.cc:2804] T 999cbcf90488419ba29478ced6973339 P 068a6c0565ec4e92b28361ca28b6aca2 [term 0 FOLLOWER]: Leader pre-election won for term 1
I20260608 12:54:19.702445  8379 raft_consensus.cc:493] T 999cbcf90488419ba29478ced6973339 P 068a6c0565ec4e92b28361ca28b6aca2 [term 0 FOLLOWER]: Starting leader election (no leader contacted us within the election timeout)
I20260608 12:54:19.702515  8373 tablet_bootstrap.cc:654] T 246a3616c9784701b4e33b3b6ae03f17 P 068a6c0565ec4e92b28361ca28b6aca2: Neither blocks nor log segments found. Creating new log.
I20260608 12:54:19.702840  8379 raft_consensus.cc:3060] T 999cbcf90488419ba29478ced6973339 P 068a6c0565ec4e92b28361ca28b6aca2 [term 0 FOLLOWER]: Advancing to term 1
I20260608 12:54:19.705634  8372 consensus_queue.cc:260] T f852322f41404e27a8217cc182d74b56 P 5b88a94cc95e4e569e5a1237394cc7e3 [NON_LEADER]: Queue going to NON_LEADER mode. State: All replicated index: 0, Majority replicated index: 0, Committed index: 0, Last appended: 0.0, Last appended by leader: 0, Current term: 0, Majority size: -1, State: 0, Mode: NON_LEADER, active raft config: opid_index: -1 OBSOLETE_local: false peers { permanent_uuid: "006a5b2dc7d14a599f1d93ab35e3dc02" member_type: VOTER last_known_addr { host: "127.5.16.3" port: 44361 } } peers { permanent_uuid: "5b88a94cc95e4e569e5a1237394cc7e3" member_type: VOTER last_known_addr { host: "127.5.16.2" port: 46161 } } peers { permanent_uuid: "068a6c0565ec4e92b28361ca28b6aca2" member_type: VOTER last_known_addr { host: "127.5.16.1" port: 39503 } }
I20260608 12:54:19.706369  8380 raft_consensus.cc:515] T e34e7e6b8a984189908539ded4479ccc P 006a5b2dc7d14a599f1d93ab35e3dc02 [term 1 FOLLOWER]: Starting leader election with config: opid_index: -1 OBSOLETE_local: false peers { permanent_uuid: "5b88a94cc95e4e569e5a1237394cc7e3" member_type: VOTER last_known_addr { host: "127.5.16.2" port: 46161 } } peers { permanent_uuid: "068a6c0565ec4e92b28361ca28b6aca2" member_type: VOTER last_known_addr { host: "127.5.16.1" port: 39503 } } peers { permanent_uuid: "006a5b2dc7d14a599f1d93ab35e3dc02" member_type: VOTER last_known_addr { host: "127.5.16.3" port: 44361 } }
I20260608 12:54:19.710928  8253 tablet_service.cc:1917] Received RequestConsensusVote() RPC: tablet_id: "e34e7e6b8a984189908539ded4479ccc" candidate_uuid: "006a5b2dc7d14a599f1d93ab35e3dc02" candidate_term: 1 candidate_status { last_received { term: 0 index: 0 } } ignore_live_leader: false dest_uuid: "5b88a94cc95e4e569e5a1237394cc7e3"
I20260608 12:54:19.714013  8378 raft_consensus.cc:697] T e34e7e6b8a984189908539ded4479ccc P 5b88a94cc95e4e569e5a1237394cc7e3 [term 1 LEADER]: Becoming Leader. State: Replica: 5b88a94cc95e4e569e5a1237394cc7e3, State: Running, Role: LEADER
I20260608 12:54:19.715412  8378 consensus_queue.cc:237] T e34e7e6b8a984189908539ded4479ccc P 5b88a94cc95e4e569e5a1237394cc7e3 [LEADER]: Queue going to LEADER mode. State: All replicated index: 0, Majority replicated index: 0, Committed index: 0, Last appended: 0.0, Last appended by leader: 0, Current term: 1, Majority size: 2, State: 0, Mode: LEADER, active raft config: opid_index: -1 OBSOLETE_local: false peers { permanent_uuid: "5b88a94cc95e4e569e5a1237394cc7e3" member_type: VOTER last_known_addr { host: "127.5.16.2" port: 46161 } } peers { permanent_uuid: "068a6c0565ec4e92b28361ca28b6aca2" member_type: VOTER last_known_addr { host: "127.5.16.1" port: 39503 } } peers { permanent_uuid: "006a5b2dc7d14a599f1d93ab35e3dc02" member_type: VOTER last_known_addr { host: "127.5.16.3" port: 44361 } }
I20260608 12:54:19.717650  8374 tablet_bootstrap.cc:492] T 83319231f2da46b5970aa4ff9dbacf23 P 006a5b2dc7d14a599f1d93ab35e3dc02: No bootstrap required, opened a new log
I20260608 12:54:19.718436  8374 ts_tablet_manager.cc:1403] T 83319231f2da46b5970aa4ff9dbacf23 P 006a5b2dc7d14a599f1d93ab35e3dc02: Time spent bootstrapping tablet: real 0.039s	user 0.016s	sys 0.000s
I20260608 12:54:19.717710  8076 catalog_manager.cc:5696] T ae8d0ea254284a60bc6f86bbda58063a P 006a5b2dc7d14a599f1d93ab35e3dc02 reported cstate change: term changed from 0 to 1, leader changed from <none> to 006a5b2dc7d14a599f1d93ab35e3dc02 (127.5.16.3). New cstate: current_term: 1 leader_uuid: "006a5b2dc7d14a599f1d93ab35e3dc02" committed_config { opid_index: -1 OBSOLETE_local: false peers { permanent_uuid: "5b88a94cc95e4e569e5a1237394cc7e3" member_type: VOTER last_known_addr { host: "127.5.16.2" port: 46161 } health_report { overall_health: UNKNOWN } } peers { permanent_uuid: "068a6c0565ec4e92b28361ca28b6aca2" member_type: VOTER last_known_addr { host: "127.5.16.1" port: 39503 } health_report { overall_health: UNKNOWN } } peers { permanent_uuid: "006a5b2dc7d14a599f1d93ab35e3dc02" member_type: VOTER last_known_addr { host: "127.5.16.3" port: 44361 } health_report { overall_health: HEALTHY } } }
I20260608 12:54:19.720676  8327 tablet_service.cc:1917] Received RequestConsensusVote() RPC: tablet_id: "e34e7e6b8a984189908539ded4479ccc" candidate_uuid: "5b88a94cc95e4e569e5a1237394cc7e3" candidate_term: 1 candidate_status { last_received { term: 0 index: 0 } } ignore_live_leader: false dest_uuid: "006a5b2dc7d14a599f1d93ab35e3dc02"
I20260608 12:54:19.721855  8327 raft_consensus.cc:2393] T e34e7e6b8a984189908539ded4479ccc P 006a5b2dc7d14a599f1d93ab35e3dc02 [term 1 FOLLOWER]: Leader election vote request: Denying vote to candidate 5b88a94cc95e4e569e5a1237394cc7e3 in current term 1: Already voted for candidate 006a5b2dc7d14a599f1d93ab35e3dc02 in this term.
I20260608 12:54:19.724110  8374 raft_consensus.cc:359] T 83319231f2da46b5970aa4ff9dbacf23 P 006a5b2dc7d14a599f1d93ab35e3dc02 [term 0 FOLLOWER]: Replica starting. Triggering 0 pending ops. Active config: opid_index: -1 OBSOLETE_local: false peers { permanent_uuid: "068a6c0565ec4e92b28361ca28b6aca2" member_type: VOTER last_known_addr { host: "127.5.16.1" port: 39503 } } peers { permanent_uuid: "5b88a94cc95e4e569e5a1237394cc7e3" member_type: VOTER last_known_addr { host: "127.5.16.2" port: 46161 } } peers { permanent_uuid: "006a5b2dc7d14a599f1d93ab35e3dc02" member_type: VOTER last_known_addr { host: "127.5.16.3" port: 44361 } }
I20260608 12:54:19.725085  8374 raft_consensus.cc:385] T 83319231f2da46b5970aa4ff9dbacf23 P 006a5b2dc7d14a599f1d93ab35e3dc02 [term 0 FOLLOWER]: Consensus starting up: Expiring failure detector timer to make a prompt election more likely
I20260608 12:54:19.725613  8374 raft_consensus.cc:740] T 83319231f2da46b5970aa4ff9dbacf23 P 006a5b2dc7d14a599f1d93ab35e3dc02 [term 0 FOLLOWER]: Becoming Follower/Learner. State: Replica: 006a5b2dc7d14a599f1d93ab35e3dc02, State: Initialized, Role: FOLLOWER
I20260608 12:54:19.712867  8379 raft_consensus.cc:515] T 999cbcf90488419ba29478ced6973339 P 068a6c0565ec4e92b28361ca28b6aca2 [term 1 FOLLOWER]: Starting leader election with config: opid_index: -1 OBSOLETE_local: false peers { permanent_uuid: "068a6c0565ec4e92b28361ca28b6aca2" member_type: VOTER last_known_addr { host: "127.5.16.1" port: 39503 } } peers { permanent_uuid: "5b88a94cc95e4e569e5a1237394cc7e3" member_type: VOTER last_known_addr { host: "127.5.16.2" port: 46161 } } peers { permanent_uuid: "006a5b2dc7d14a599f1d93ab35e3dc02" member_type: VOTER last_known_addr { host: "127.5.16.3" port: 44361 } }
I20260608 12:54:19.727665  8406 raft_consensus.cc:493] T 83319231f2da46b5970aa4ff9dbacf23 P 068a6c0565ec4e92b28361ca28b6aca2 [term 0 FOLLOWER]: Starting pre-election (no leader contacted us within the election timeout)
I20260608 12:54:19.729219  8406 raft_consensus.cc:515] T 83319231f2da46b5970aa4ff9dbacf23 P 068a6c0565ec4e92b28361ca28b6aca2 [term 0 FOLLOWER]: Starting pre-election with config: opid_index: -1 OBSOLETE_local: false peers { permanent_uuid: "068a6c0565ec4e92b28361ca28b6aca2" member_type: VOTER last_known_addr { host: "127.5.16.1" port: 39503 } } peers { permanent_uuid: "5b88a94cc95e4e569e5a1237394cc7e3" member_type: VOTER last_known_addr { host: "127.5.16.2" port: 46161 } } peers { permanent_uuid: "006a5b2dc7d14a599f1d93ab35e3dc02" member_type: VOTER last_known_addr { host: "127.5.16.3" port: 44361 } }
I20260608 12:54:19.733170  8372 ts_tablet_manager.cc:1434] T f852322f41404e27a8217cc182d74b56 P 5b88a94cc95e4e569e5a1237394cc7e3: Time spent starting tablet: real 0.051s	user 0.014s	sys 0.006s
I20260608 12:54:19.734607  8406 leader_election.cc:290] T 83319231f2da46b5970aa4ff9dbacf23 P 068a6c0565ec4e92b28361ca28b6aca2 [CANDIDATE]: Term 1 pre-election: Requested pre-vote from peers 5b88a94cc95e4e569e5a1237394cc7e3 (127.5.16.2:46161), 006a5b2dc7d14a599f1d93ab35e3dc02 (127.5.16.3:44361)
I20260608 12:54:19.735642  8372 tablet_bootstrap.cc:492] T 246a3616c9784701b4e33b3b6ae03f17 P 5b88a94cc95e4e569e5a1237394cc7e3: Bootstrap starting.
I20260608 12:54:19.736230  8327 tablet_service.cc:1917] Received RequestConsensusVote() RPC: tablet_id: "83319231f2da46b5970aa4ff9dbacf23" candidate_uuid: "068a6c0565ec4e92b28361ca28b6aca2" candidate_term: 1 candidate_status { last_received { term: 0 index: 0 } } ignore_live_leader: false dest_uuid: "006a5b2dc7d14a599f1d93ab35e3dc02" is_pre_election: true
I20260608 12:54:19.729765  8398 leader_election.cc:290] T e34e7e6b8a984189908539ded4479ccc P 5b88a94cc95e4e569e5a1237394cc7e3 [CANDIDATE]: Term 1 election: Requested vote from peers 068a6c0565ec4e92b28361ca28b6aca2 (127.5.16.1:39503), 006a5b2dc7d14a599f1d93ab35e3dc02 (127.5.16.3:44361)
I20260608 12:54:19.737772  8251 tablet_service.cc:1917] Received RequestConsensusVote() RPC: tablet_id: "999cbcf90488419ba29478ced6973339" candidate_uuid: "068a6c0565ec4e92b28361ca28b6aca2" candidate_term: 1 candidate_status { last_received { term: 0 index: 0 } } ignore_live_leader: false dest_uuid: "5b88a94cc95e4e569e5a1237394cc7e3"
I20260608 12:54:19.737778  8252 tablet_service.cc:1917] Received RequestConsensusVote() RPC: tablet_id: "83319231f2da46b5970aa4ff9dbacf23" candidate_uuid: "068a6c0565ec4e92b28361ca28b6aca2" candidate_term: 1 candidate_status { last_received { term: 0 index: 0 } } ignore_live_leader: false dest_uuid: "5b88a94cc95e4e569e5a1237394cc7e3" is_pre_election: true
I20260608 12:54:19.728546  8374 consensus_queue.cc:260] T 83319231f2da46b5970aa4ff9dbacf23 P 006a5b2dc7d14a599f1d93ab35e3dc02 [NON_LEADER]: Queue going to NON_LEADER mode. State: All replicated index: 0, Majority replicated index: 0, Committed index: 0, Last appended: 0.0, Last appended by leader: 0, Current term: 0, Majority size: -1, State: 0, Mode: NON_LEADER, active raft config: opid_index: -1 OBSOLETE_local: false peers { permanent_uuid: "068a6c0565ec4e92b28361ca28b6aca2" member_type: VOTER last_known_addr { host: "127.5.16.1" port: 39503 } } peers { permanent_uuid: "5b88a94cc95e4e569e5a1237394cc7e3" member_type: VOTER last_known_addr { host: "127.5.16.2" port: 46161 } } peers { permanent_uuid: "006a5b2dc7d14a599f1d93ab35e3dc02" member_type: VOTER last_known_addr { host: "127.5.16.3" port: 44361 } }
I20260608 12:54:19.738579  8379 leader_election.cc:290] T 999cbcf90488419ba29478ced6973339 P 068a6c0565ec4e92b28361ca28b6aca2 [CANDIDATE]: Term 1 election: Requested vote from peers 5b88a94cc95e4e569e5a1237394cc7e3 (127.5.16.2:46161), 006a5b2dc7d14a599f1d93ab35e3dc02 (127.5.16.3:44361)
I20260608 12:54:19.742306  8327 raft_consensus.cc:2468] T 83319231f2da46b5970aa4ff9dbacf23 P 006a5b2dc7d14a599f1d93ab35e3dc02 [term 0 FOLLOWER]: Leader pre-election vote request: Granting yes vote for candidate 068a6c0565ec4e92b28361ca28b6aca2 in term 0.
I20260608 12:54:19.743852  8326 tablet_service.cc:1917] Received RequestConsensusVote() RPC: tablet_id: "999cbcf90488419ba29478ced6973339" candidate_uuid: "068a6c0565ec4e92b28361ca28b6aca2" candidate_term: 1 candidate_status { last_received { term: 0 index: 0 } } ignore_live_leader: false dest_uuid: "006a5b2dc7d14a599f1d93ab35e3dc02"
I20260608 12:54:19.739404  8251 raft_consensus.cc:3060] T 999cbcf90488419ba29478ced6973339 P 5b88a94cc95e4e569e5a1237394cc7e3 [term 0 FOLLOWER]: Advancing to term 1
I20260608 12:54:19.746438  8143 leader_election.cc:304] T 83319231f2da46b5970aa4ff9dbacf23 P 068a6c0565ec4e92b28361ca28b6aca2 [CANDIDATE]: Term 1 pre-election: Election decided. Result: candidate won. Election summary: received 2 responses out of 3 voters: 2 yes votes; 0 no votes. yes voters: 006a5b2dc7d14a599f1d93ab35e3dc02, 068a6c0565ec4e92b28361ca28b6aca2; no voters: 
I20260608 12:54:19.744642  8326 raft_consensus.cc:3060] T 999cbcf90488419ba29478ced6973339 P 006a5b2dc7d14a599f1d93ab35e3dc02 [term 0 FOLLOWER]: Advancing to term 1
I20260608 12:54:19.749188  8380 leader_election.cc:290] T e34e7e6b8a984189908539ded4479ccc P 006a5b2dc7d14a599f1d93ab35e3dc02 [CANDIDATE]: Term 1 election: Requested vote from peers 5b88a94cc95e4e569e5a1237394cc7e3 (127.5.16.2:46161), 068a6c0565ec4e92b28361ca28b6aca2 (127.5.16.1:39503)
I20260608 12:54:19.750739  8178 tablet_service.cc:1917] Received RequestConsensusVote() RPC: tablet_id: "e34e7e6b8a984189908539ded4479ccc" candidate_uuid: "006a5b2dc7d14a599f1d93ab35e3dc02" candidate_term: 1 candidate_status { last_received { term: 0 index: 0 } } ignore_live_leader: false dest_uuid: "068a6c0565ec4e92b28361ca28b6aca2"
I20260608 12:54:19.751390  8372 tablet_bootstrap.cc:654] T 246a3616c9784701b4e33b3b6ae03f17 P 5b88a94cc95e4e569e5a1237394cc7e3: Neither blocks nor log segments found. Creating new log.
I20260608 12:54:19.752082  8178 raft_consensus.cc:2393] T e34e7e6b8a984189908539ded4479ccc P 068a6c0565ec4e92b28361ca28b6aca2 [term 1 FOLLOWER]: Leader election vote request: Denying vote to candidate 006a5b2dc7d14a599f1d93ab35e3dc02 in current term 1: Already voted for candidate 5b88a94cc95e4e569e5a1237394cc7e3 in this term.
I20260608 12:54:19.752274  8374 ts_tablet_manager.cc:1434] T 83319231f2da46b5970aa4ff9dbacf23 P 006a5b2dc7d14a599f1d93ab35e3dc02: Time spent starting tablet: real 0.033s	user 0.010s	sys 0.000s
I20260608 12:54:19.740691  8252 raft_consensus.cc:2468] T 83319231f2da46b5970aa4ff9dbacf23 P 5b88a94cc95e4e569e5a1237394cc7e3 [term 0 FOLLOWER]: Leader pre-election vote request: Granting yes vote for candidate 068a6c0565ec4e92b28361ca28b6aca2 in term 0.
I20260608 12:54:19.753718  8290 leader_election.cc:304] T e34e7e6b8a984189908539ded4479ccc P 006a5b2dc7d14a599f1d93ab35e3dc02 [CANDIDATE]: Term 1 election: Election decided. Result: candidate lost. Election summary: received 3 responses out of 3 voters: 1 yes votes; 2 no votes. yes voters: 006a5b2dc7d14a599f1d93ab35e3dc02; no voters: 068a6c0565ec4e92b28361ca28b6aca2, 5b88a94cc95e4e569e5a1237394cc7e3
I20260608 12:54:19.754797  8380 raft_consensus.cc:2749] T e34e7e6b8a984189908539ded4479ccc P 006a5b2dc7d14a599f1d93ab35e3dc02 [term 1 FOLLOWER]: Leader election lost for term 1. Reason: could not achieve majority
I20260608 12:54:19.756453  8374 tablet_bootstrap.cc:492] T 184ceb18df14492ebee3dba978b0fc75 P 006a5b2dc7d14a599f1d93ab35e3dc02: Bootstrap starting.
I20260608 12:54:19.757460  8379 raft_consensus.cc:2804] T 83319231f2da46b5970aa4ff9dbacf23 P 068a6c0565ec4e92b28361ca28b6aca2 [term 0 FOLLOWER]: Leader pre-election won for term 1
I20260608 12:54:19.758476  8379 raft_consensus.cc:493] T 83319231f2da46b5970aa4ff9dbacf23 P 068a6c0565ec4e92b28361ca28b6aca2 [term 0 FOLLOWER]: Starting leader election (no leader contacted us within the election timeout)
I20260608 12:54:19.758980  8379 raft_consensus.cc:3060] T 83319231f2da46b5970aa4ff9dbacf23 P 068a6c0565ec4e92b28361ca28b6aca2 [term 0 FOLLOWER]: Advancing to term 1
I20260608 12:54:19.760778  8373 tablet_bootstrap.cc:492] T 246a3616c9784701b4e33b3b6ae03f17 P 068a6c0565ec4e92b28361ca28b6aca2: No bootstrap required, opened a new log
I20260608 12:54:19.761730  8373 ts_tablet_manager.cc:1403] T 246a3616c9784701b4e33b3b6ae03f17 P 068a6c0565ec4e92b28361ca28b6aca2: Time spent bootstrapping tablet: real 0.076s	user 0.024s	sys 0.003s
I20260608 12:54:19.764340  8326 raft_consensus.cc:2468] T 999cbcf90488419ba29478ced6973339 P 006a5b2dc7d14a599f1d93ab35e3dc02 [term 1 FOLLOWER]: Leader election vote request: Granting yes vote for candidate 068a6c0565ec4e92b28361ca28b6aca2 in term 1.
I20260608 12:54:19.766158  8143 leader_election.cc:304] T 999cbcf90488419ba29478ced6973339 P 068a6c0565ec4e92b28361ca28b6aca2 [CANDIDATE]: Term 1 election: Election decided. Result: candidate won. Election summary: received 2 responses out of 3 voters: 2 yes votes; 0 no votes. yes voters: 006a5b2dc7d14a599f1d93ab35e3dc02, 068a6c0565ec4e92b28361ca28b6aca2; no voters: 
I20260608 12:54:19.767553  8406 raft_consensus.cc:2804] T 999cbcf90488419ba29478ced6973339 P 068a6c0565ec4e92b28361ca28b6aca2 [term 1 FOLLOWER]: Leader election won for term 1
I20260608 12:54:19.767920  8373 raft_consensus.cc:359] T 246a3616c9784701b4e33b3b6ae03f17 P 068a6c0565ec4e92b28361ca28b6aca2 [term 0 FOLLOWER]: Replica starting. Triggering 0 pending ops. Active config: opid_index: -1 OBSOLETE_local: false peers { permanent_uuid: "068a6c0565ec4e92b28361ca28b6aca2" member_type: VOTER last_known_addr { host: "127.5.16.1" port: 39503 } } peers { permanent_uuid: "5b88a94cc95e4e569e5a1237394cc7e3" member_type: VOTER last_known_addr { host: "127.5.16.2" port: 46161 } } peers { permanent_uuid: "006a5b2dc7d14a599f1d93ab35e3dc02" member_type: VOTER last_known_addr { host: "127.5.16.3" port: 44361 } }
I20260608 12:54:19.769646  8373 raft_consensus.cc:385] T 246a3616c9784701b4e33b3b6ae03f17 P 068a6c0565ec4e92b28361ca28b6aca2 [term 0 FOLLOWER]: Consensus starting up: Expiring failure detector timer to make a prompt election more likely
I20260608 12:54:19.770061  8373 raft_consensus.cc:740] T 246a3616c9784701b4e33b3b6ae03f17 P 068a6c0565ec4e92b28361ca28b6aca2 [term 0 FOLLOWER]: Becoming Follower/Learner. State: Replica: 068a6c0565ec4e92b28361ca28b6aca2, State: Initialized, Role: FOLLOWER
W20260608 12:54:19.778126  8124 auto_rebalancer.cc:259] Could not retrieve cluster info: Service unavailable: Tablet not running
I20260608 12:54:19.778975  8251 raft_consensus.cc:2468] T 999cbcf90488419ba29478ced6973339 P 5b88a94cc95e4e569e5a1237394cc7e3 [term 1 FOLLOWER]: Leader election vote request: Granting yes vote for candidate 068a6c0565ec4e92b28361ca28b6aca2 in term 1.
I20260608 12:54:19.778429  8074 catalog_manager.cc:5696] T e34e7e6b8a984189908539ded4479ccc P 5b88a94cc95e4e569e5a1237394cc7e3 reported cstate change: term changed from 0 to 1, leader changed from <none> to 5b88a94cc95e4e569e5a1237394cc7e3 (127.5.16.2). New cstate: current_term: 1 leader_uuid: "5b88a94cc95e4e569e5a1237394cc7e3" committed_config { opid_index: -1 OBSOLETE_local: false peers { permanent_uuid: "5b88a94cc95e4e569e5a1237394cc7e3" member_type: VOTER last_known_addr { host: "127.5.16.2" port: 46161 } health_report { overall_health: HEALTHY } } peers { permanent_uuid: "068a6c0565ec4e92b28361ca28b6aca2" member_type: VOTER last_known_addr { host: "127.5.16.1" port: 39503 } health_report { overall_health: UNKNOWN } } peers { permanent_uuid: "006a5b2dc7d14a599f1d93ab35e3dc02" member_type: VOTER last_known_addr { host: "127.5.16.3" port: 44361 } health_report { overall_health: UNKNOWN } } }
I20260608 12:54:19.780786  8129 auto_leader_rebalancer.cc:140] leader rebalance for table range_aware_rebalance_new_range
I20260608 12:54:19.788106  8373 consensus_queue.cc:260] T 246a3616c9784701b4e33b3b6ae03f17 P 068a6c0565ec4e92b28361ca28b6aca2 [NON_LEADER]: Queue going to NON_LEADER mode. State: All replicated index: 0, Majority replicated index: 0, Committed index: 0, Last appended: 0.0, Last appended by leader: 0, Current term: 0, Majority size: -1, State: 0, Mode: NON_LEADER, active raft config: opid_index: -1 OBSOLETE_local: false peers { permanent_uuid: "068a6c0565ec4e92b28361ca28b6aca2" member_type: VOTER last_known_addr { host: "127.5.16.1" port: 39503 } } peers { permanent_uuid: "5b88a94cc95e4e569e5a1237394cc7e3" member_type: VOTER last_known_addr { host: "127.5.16.2" port: 46161 } } peers { permanent_uuid: "006a5b2dc7d14a599f1d93ab35e3dc02" member_type: VOTER last_known_addr { host: "127.5.16.3" port: 44361 } }
W20260608 12:54:19.785847  8129 auto_leader_rebalancer.cc:460] the master instance isn't leader: Service unavailable: Tablet not running
I20260608 12:54:19.766165  8379 raft_consensus.cc:515] T 83319231f2da46b5970aa4ff9dbacf23 P 068a6c0565ec4e92b28361ca28b6aca2 [term 1 FOLLOWER]: Starting leader election with config: opid_index: -1 OBSOLETE_local: false peers { permanent_uuid: "068a6c0565ec4e92b28361ca28b6aca2" member_type: VOTER last_known_addr { host: "127.5.16.1" port: 39503 } } peers { permanent_uuid: "5b88a94cc95e4e569e5a1237394cc7e3" member_type: VOTER last_known_addr { host: "127.5.16.2" port: 46161 } } peers { permanent_uuid: "006a5b2dc7d14a599f1d93ab35e3dc02" member_type: VOTER last_known_addr { host: "127.5.16.3" port: 44361 } }
I20260608 12:54:19.799443  8251 tablet_service.cc:1917] Received RequestConsensusVote() RPC: tablet_id: "83319231f2da46b5970aa4ff9dbacf23" candidate_uuid: "068a6c0565ec4e92b28361ca28b6aca2" candidate_term: 1 candidate_status { last_received { term: 0 index: 0 } } ignore_live_leader: false dest_uuid: "5b88a94cc95e4e569e5a1237394cc7e3"
I20260608 12:54:19.799652  8379 leader_election.cc:290] T 83319231f2da46b5970aa4ff9dbacf23 P 068a6c0565ec4e92b28361ca28b6aca2 [CANDIDATE]: Term 1 election: Requested vote from peers 5b88a94cc95e4e569e5a1237394cc7e3 (127.5.16.2:46161), 006a5b2dc7d14a599f1d93ab35e3dc02 (127.5.16.3:44361)
I20260608 12:54:19.800323  8251 raft_consensus.cc:3060] T 83319231f2da46b5970aa4ff9dbacf23 P 5b88a94cc95e4e569e5a1237394cc7e3 [term 0 FOLLOWER]: Advancing to term 1
I20260608 12:54:19.802166  8326 tablet_service.cc:1917] Received RequestConsensusVote() RPC: tablet_id: "83319231f2da46b5970aa4ff9dbacf23" candidate_uuid: "068a6c0565ec4e92b28361ca28b6aca2" candidate_term: 1 candidate_status { last_received { term: 0 index: 0 } } ignore_live_leader: false dest_uuid: "006a5b2dc7d14a599f1d93ab35e3dc02"
I20260608 12:54:19.803383  8326 raft_consensus.cc:3060] T 83319231f2da46b5970aa4ff9dbacf23 P 006a5b2dc7d14a599f1d93ab35e3dc02 [term 0 FOLLOWER]: Advancing to term 1
