I20260608 12:52:57.282625 17209 consensus_queue.cc:1048] T 00000000000000000000000000000000 P 0b8b0eebd3834ea4a2939fc66768e593 [LEADER]: Connected to new peer: Peer: permanent_uuid: "0109c63fb50c41dc88950036333ce2ed" member_type: VOTER last_known_addr { host: "127.16.154.190" port: 44901 }, Status: LMP_MISMATCH, Last received: 0.0, Next index: 1, Last known committed idx: 0, Time since last communication: 0.000s
I20260608 12:52:57.283962 17319 consensus_queue.cc:1048] T 00000000000000000000000000000000 P 0b8b0eebd3834ea4a2939fc66768e593 [LEADER]: Connected to new peer: Peer: permanent_uuid: "02ef9f912634486bb29c720da16a7144" member_type: VOTER last_known_addr { host: "127.16.154.188" port: 34295 }, Status: LMP_MISMATCH, Last received: 0.0, Next index: 1, Last known committed idx: 0, Time since last communication: 0.000s
I20260608 12:52:57.301803 17335 log_block_manager.cc:4031] Time spent loading block containers with low live blocks: real 0.000s	user 0.000s	sys 0.000s
I20260608 12:52:57.303051 17002 fs_manager.cc:730] Time spent opening block manager: real 0.017s	user 0.006s	sys 0.009s
I20260608 12:52:57.303447 17002 fs_manager.cc:647] Opened local filesystem: /tmp/dist-test-task_60_PJ/test-tmp/auto_rebalancer-test.0.AutoRebalancerTest.OnlyLeaderDoesAutoRebalancing.1780923174956427-17002-0/minicluster-data/ts-1-root
uuid: "5e5a4609d9214bf6b96db76a94555c59"
format_stamp: "Formatted at 2026-06-08 12:52:57 on dist-test-slave-d930"
I20260608 12:52:57.303833 17002 fs_report.cc:389] FS layout report
--------------------
wal directory: /tmp/dist-test-task_60_PJ/test-tmp/auto_rebalancer-test.0.AutoRebalancerTest.OnlyLeaderDoesAutoRebalancing.1780923174956427-17002-0/minicluster-data/ts-1-root
metadata directory: /tmp/dist-test-task_60_PJ/test-tmp/auto_rebalancer-test.0.AutoRebalancerTest.OnlyLeaderDoesAutoRebalancing.1780923174956427-17002-0/minicluster-data/ts-1-root
1 data directories: /tmp/dist-test-task_60_PJ/test-tmp/auto_rebalancer-test.0.AutoRebalancerTest.OnlyLeaderDoesAutoRebalancing.1780923174956427-17002-0/minicluster-data/ts-1-root/data
Total live blocks: 0
Total live bytes: 0
Total live bytes (after alignment): 0
Total number of LBM containers: 0 (0 full)
Did not check for missing blocks
Did not check for orphaned blocks
Total full LBM containers with extra space: 0 (0 repaired)
Total full LBM container extra space in bytes: 0 (0 repaired)
Total incomplete LBM containers: 0 (0 repaired)
Total LBM partial records: 0 (0 repaired)
Total corrupted LBM metadata records in RocksDB: 0 (0 repaired)
I20260608 12:52:57.305022 17208 sys_catalog.cc:455] T 00000000000000000000000000000000 P 0109c63fb50c41dc88950036333ce2ed [sys.catalog]: SysCatalogTable state changed. Reason: New leader 0b8b0eebd3834ea4a2939fc66768e593. Latest consensus state: current_term: 1 leader_uuid: "0b8b0eebd3834ea4a2939fc66768e593" committed_config { opid_index: -1 OBSOLETE_local: false peers { permanent_uuid: "0109c63fb50c41dc88950036333ce2ed" member_type: VOTER last_known_addr { host: "127.16.154.190" port: 44901 } } peers { permanent_uuid: "0b8b0eebd3834ea4a2939fc66768e593" member_type: VOTER last_known_addr { host: "127.16.154.189" port: 38695 } } peers { permanent_uuid: "02ef9f912634486bb29c720da16a7144" member_type: VOTER last_known_addr { host: "127.16.154.188" port: 34295 } } }
I20260608 12:52:57.306000 17208 sys_catalog.cc:458] T 00000000000000000000000000000000 P 0109c63fb50c41dc88950036333ce2ed [sys.catalog]: This master's current role is: FOLLOWER
I20260608 12:52:57.311630 17210 sys_catalog.cc:455] T 00000000000000000000000000000000 P 02ef9f912634486bb29c720da16a7144 [sys.catalog]: SysCatalogTable state changed. Reason: New leader 0b8b0eebd3834ea4a2939fc66768e593. Latest consensus state: current_term: 1 leader_uuid: "0b8b0eebd3834ea4a2939fc66768e593" committed_config { opid_index: -1 OBSOLETE_local: false peers { permanent_uuid: "0109c63fb50c41dc88950036333ce2ed" member_type: VOTER last_known_addr { host: "127.16.154.190" port: 44901 } } peers { permanent_uuid: "0b8b0eebd3834ea4a2939fc66768e593" member_type: VOTER last_known_addr { host: "127.16.154.189" port: 38695 } } peers { permanent_uuid: "02ef9f912634486bb29c720da16a7144" member_type: VOTER last_known_addr { host: "127.16.154.188" port: 34295 } } }
I20260608 12:52:57.312608 17210 sys_catalog.cc:458] T 00000000000000000000000000000000 P 02ef9f912634486bb29c720da16a7144 [sys.catalog]: This master's current role is: FOLLOWER
I20260608 12:52:57.318392 17333 mvcc.cc:204] Tried to move back new op lower bound from 7294661334119723008 to 7294661333870219264. Current Snapshot: MvccSnapshot[applied={T|T < 7294661334119723008}]
I20260608 12:52:57.330940 17208 sys_catalog.cc:455] T 00000000000000000000000000000000 P 0109c63fb50c41dc88950036333ce2ed [sys.catalog]: SysCatalogTable state changed. Reason: Replicated consensus-only round. Latest consensus state: current_term: 1 leader_uuid: "0b8b0eebd3834ea4a2939fc66768e593" committed_config { opid_index: -1 OBSOLETE_local: false peers { permanent_uuid: "0109c63fb50c41dc88950036333ce2ed" member_type: VOTER last_known_addr { host: "127.16.154.190" port: 44901 } } peers { permanent_uuid: "0b8b0eebd3834ea4a2939fc66768e593" member_type: VOTER last_known_addr { host: "127.16.154.189" port: 38695 } } peers { permanent_uuid: "02ef9f912634486bb29c720da16a7144" member_type: VOTER last_known_addr { host: "127.16.154.188" port: 34295 } } }
I20260608 12:52:57.332020 17208 sys_catalog.cc:458] T 00000000000000000000000000000000 P 0109c63fb50c41dc88950036333ce2ed [sys.catalog]: This master's current role is: FOLLOWER
I20260608 12:52:57.342454 17210 sys_catalog.cc:455] T 00000000000000000000000000000000 P 02ef9f912634486bb29c720da16a7144 [sys.catalog]: SysCatalogTable state changed. Reason: Replicated consensus-only round. Latest consensus state: current_term: 1 leader_uuid: "0b8b0eebd3834ea4a2939fc66768e593" committed_config { opid_index: -1 OBSOLETE_local: false peers { permanent_uuid: "0109c63fb50c41dc88950036333ce2ed" member_type: VOTER last_known_addr { host: "127.16.154.190" port: 44901 } } peers { permanent_uuid: "0b8b0eebd3834ea4a2939fc66768e593" member_type: VOTER last_known_addr { host: "127.16.154.189" port: 38695 } } peers { permanent_uuid: "02ef9f912634486bb29c720da16a7144" member_type: VOTER last_known_addr { host: "127.16.154.188" port: 34295 } } }
I20260608 12:52:57.343454 17210 sys_catalog.cc:458] T 00000000000000000000000000000000 P 02ef9f912634486bb29c720da16a7144 [sys.catalog]: This master's current role is: FOLLOWER
I20260608 12:52:57.345170 17330 catalog_manager.cc:1382] Generated new cluster ID: 38ba004131894687a8b3f458154b5dca
I20260608 12:52:57.345517 17330 catalog_manager.cc:1530] Initializing Kudu internal certificate authority...
I20260608 12:52:57.349907 17319 sys_catalog.cc:455] T 00000000000000000000000000000000 P 0b8b0eebd3834ea4a2939fc66768e593 [sys.catalog]: SysCatalogTable state changed. Reason: Peer health change. Latest consensus state: current_term: 1 leader_uuid: "0b8b0eebd3834ea4a2939fc66768e593" committed_config { opid_index: -1 OBSOLETE_local: false peers { permanent_uuid: "0109c63fb50c41dc88950036333ce2ed" member_type: VOTER last_known_addr { host: "127.16.154.190" port: 44901 } } peers { permanent_uuid: "0b8b0eebd3834ea4a2939fc66768e593" member_type: VOTER last_known_addr { host: "127.16.154.189" port: 38695 } } peers { permanent_uuid: "02ef9f912634486bb29c720da16a7144" member_type: VOTER last_known_addr { host: "127.16.154.188" port: 34295 } } }
I20260608 12:52:57.350666 17319 sys_catalog.cc:458] T 00000000000000000000000000000000 P 0b8b0eebd3834ea4a2939fc66768e593 [sys.catalog]: This master's current role is: LEADER
I20260608 12:52:57.354233 17319 sys_catalog.cc:455] T 00000000000000000000000000000000 P 0b8b0eebd3834ea4a2939fc66768e593 [sys.catalog]: SysCatalogTable state changed. Reason: Peer health change. Latest consensus state: current_term: 1 leader_uuid: "0b8b0eebd3834ea4a2939fc66768e593" committed_config { opid_index: -1 OBSOLETE_local: false peers { permanent_uuid: "0109c63fb50c41dc88950036333ce2ed" member_type: VOTER last_known_addr { host: "127.16.154.190" port: 44901 } } peers { permanent_uuid: "0b8b0eebd3834ea4a2939fc66768e593" member_type: VOTER last_known_addr { host: "127.16.154.189" port: 38695 } } peers { permanent_uuid: "02ef9f912634486bb29c720da16a7144" member_type: VOTER last_known_addr { host: "127.16.154.188" port: 34295 } } }
I20260608 12:52:57.354967 17319 sys_catalog.cc:458] T 00000000000000000000000000000000 P 0b8b0eebd3834ea4a2939fc66768e593 [sys.catalog]: This master's current role is: LEADER
I20260608 12:52:57.367923 17002 rpc_server.cc:225] running with OpenSSL 1.1.1  11 Sep 2018
I20260608 12:52:57.369879 17002 kserver.cc:163] Server-wide thread pool size limit: 3276
I20260608 12:52:57.371685 17002 txn_system_client.cc:432] TxnSystemClient initialization is disabled...
I20260608 12:52:57.374989 17002 ts_tablet_manager.cc:585] Loaded tablet metadata (0 total tablets, 0 live tablets)
I20260608 12:52:57.375351 17002 ts_tablet_manager.cc:531] Time spent load tablet metadata: real 0.000s	user 0.001s	sys 0.000s
I20260608 12:52:57.375656 17002 ts_tablet_manager.cc:616] Registered 0 tablets
I20260608 12:52:57.375870 17002 ts_tablet_manager.cc:595] Time spent register tablets: real 0.000s	user 0.000s	sys 0.000s
I20260608 12:52:57.392644 17330 catalog_manager.cc:1405] Generated new certificate authority record
I20260608 12:52:57.395028 17330 catalog_manager.cc:1539] Loading token signing keys...
I20260608 12:52:57.444113 17330 catalog_manager.cc:6069] T 00000000000000000000000000000000 P 0b8b0eebd3834ea4a2939fc66768e593: Generated new TSK 0
I20260608 12:52:57.445190 17330 catalog_manager.cc:1549] Initializing in-progress tserver states...
I20260608 12:52:57.501577 17002 rpc_server.cc:307] RPC server started. Bound to: 127.16.154.130:38793
I20260608 12:52:57.501659 17405 acceptor_pool.cc:272] collecting diagnostics on the listening RPC socket 127.16.154.130:38793 every 8 connection(s)
I20260608 12:52:57.551457 17406 heartbeater.cc:344] Connected to a master server at 127.16.154.188:34295
I20260608 12:52:57.551921 17406 heartbeater.cc:461] Registering TS with master...
I20260608 12:52:57.552983 17406 heartbeater.cc:507] Master 127.16.154.188:34295 requested a full tablet report, sending...
I20260608 12:52:57.556207 17408 heartbeater.cc:344] Connected to a master server at 127.16.154.190:44901
I20260608 12:52:57.556639 17408 heartbeater.cc:461] Registering TS with master...
I20260608 12:52:57.557682 17408 heartbeater.cc:507] Master 127.16.154.190:44901 requested a full tablet report, sending...
I20260608 12:52:57.559458 17407 heartbeater.cc:344] Connected to a master server at 127.16.154.189:38695
I20260608 12:52:57.559947 17407 heartbeater.cc:461] Registering TS with master...
I20260608 12:52:57.556658 17164 ts_manager.cc:194] Registered new tserver with Master: 5e5a4609d9214bf6b96db76a94555c59 (127.16.154.130:38793)
I20260608 12:52:57.560915 17407 heartbeater.cc:507] Master 127.16.154.189:38695 requested a full tablet report, sending...
I20260608 12:52:57.563076 17034 ts_manager.cc:194] Registered new tserver with Master: 5e5a4609d9214bf6b96db76a94555c59 (127.16.154.130:38793)
I20260608 12:52:57.563413 17099 ts_manager.cc:194] Registered new tserver with Master: 5e5a4609d9214bf6b96db76a94555c59 (127.16.154.130:38793)
I20260608 12:52:57.563824 17002 file_cache.cc:492] Constructed file cache file cache with capacity 419430
I20260608 12:52:57.566461 17099 master_service.cc:502] Signed X509 certificate for tserver {username='slave'} at 127.0.0.1:44726
W20260608 12:52:57.573326 17413 instance_detector.cc:116] could not retrieve AWS instance metadata: Network error: curl error: HTTP response code said error: The requested URL returned error: 404
W20260608 12:52:57.574493 17414 instance_detector.cc:116] could not retrieve Azure instance metadata: Network error: curl error: HTTP response code said error: The requested URL returned error: 404
I20260608 12:52:57.579922 17002 server_base.cc:1061] running on GCE node
W20260608 12:52:57.580495 17417 instance_detector.cc:116] could not retrieve OpenStack instance metadata: Network error: curl error: HTTP response code said error: The requested URL returned error: 404
I20260608 12:52:57.581562 17002 hybrid_clock.cc:584] initializing the hybrid clock with 'system_unsync' time source
W20260608 12:52:57.581823 17002 system_unsync_time.cc:38] NTP support is disabled. Clock error bounds will not be accurate. This configuration is not suitable for distributed clusters.
I20260608 12:52:57.582031 17002 hybrid_clock.cc:648] HybridClock initialized: now 1780923177582008 us; error 0 us; skew 500 ppm
I20260608 12:52:57.582603 17002 server_base.cc:861] Flag tcmalloc_max_total_thread_cache_bytes is not working since tcmalloc is not enabled.
I20260608 12:52:57.585137 17002 webserver.cc:533] Webserver started at http://127.16.154.131:33017/ using document root <none> and password file <none>
I20260608 12:52:57.585666 17002 fs_manager.cc:362] Metadata directory not provided
I20260608 12:52:57.585937 17002 fs_manager.cc:368] Using write-ahead log directory (fs_wal_dir) as metadata directory
I20260608 12:52:57.586225 17002 server_base.cc:909] This appears to be a new deployment of Kudu; creating new FS layout
I20260608 12:52:57.587296 17002 fs_manager.cc:1068] Generated new instance metadata in path /tmp/dist-test-task_60_PJ/test-tmp/auto_rebalancer-test.0.AutoRebalancerTest.OnlyLeaderDoesAutoRebalancing.1780923174956427-17002-0/minicluster-data/ts-2-root/instance:
uuid: "b4eba6ac1d144179b850250edf0c5fea"
format_stamp: "Formatted at 2026-06-08 12:52:57 on dist-test-slave-d930"
I20260608 12:52:57.592097 17002 fs_manager.cc:696] Time spent creating directory manager: real 0.004s	user 0.005s	sys 0.000s
I20260608 12:52:57.596294 17421 log_block_manager.cc:4031] Time spent loading block containers with low live blocks: real 0.000s	user 0.000s	sys 0.000s
I20260608 12:52:57.597126 17002 fs_manager.cc:730] Time spent opening block manager: real 0.003s	user 0.002s	sys 0.000s
I20260608 12:52:57.597440 17002 fs_manager.cc:647] Opened local filesystem: /tmp/dist-test-task_60_PJ/test-tmp/auto_rebalancer-test.0.AutoRebalancerTest.OnlyLeaderDoesAutoRebalancing.1780923174956427-17002-0/minicluster-data/ts-2-root
uuid: "b4eba6ac1d144179b850250edf0c5fea"
format_stamp: "Formatted at 2026-06-08 12:52:57 on dist-test-slave-d930"
I20260608 12:52:57.597743 17002 fs_report.cc:389] FS layout report
--------------------
wal directory: /tmp/dist-test-task_60_PJ/test-tmp/auto_rebalancer-test.0.AutoRebalancerTest.OnlyLeaderDoesAutoRebalancing.1780923174956427-17002-0/minicluster-data/ts-2-root
metadata directory: /tmp/dist-test-task_60_PJ/test-tmp/auto_rebalancer-test.0.AutoRebalancerTest.OnlyLeaderDoesAutoRebalancing.1780923174956427-17002-0/minicluster-data/ts-2-root
1 data directories: /tmp/dist-test-task_60_PJ/test-tmp/auto_rebalancer-test.0.AutoRebalancerTest.OnlyLeaderDoesAutoRebalancing.1780923174956427-17002-0/minicluster-data/ts-2-root/data
Total live blocks: 0
Total live bytes: 0
Total live bytes (after alignment): 0
Total number of LBM containers: 0 (0 full)
Did not check for missing blocks
Did not check for orphaned blocks
Total full LBM containers with extra space: 0 (0 repaired)
Total full LBM container extra space in bytes: 0 (0 repaired)
Total incomplete LBM containers: 0 (0 repaired)
Total LBM partial records: 0 (0 repaired)
Total corrupted LBM metadata records in RocksDB: 0 (0 repaired)
I20260608 12:52:57.613430 17002 rpc_server.cc:225] running with OpenSSL 1.1.1  11 Sep 2018
I20260608 12:52:57.614871 17002 kserver.cc:163] Server-wide thread pool size limit: 3276
I20260608 12:52:57.617730 17002 txn_system_client.cc:432] TxnSystemClient initialization is disabled...
I20260608 12:52:57.620873 17002 ts_tablet_manager.cc:585] Loaded tablet metadata (0 total tablets, 0 live tablets)
I20260608 12:52:57.621140 17002 ts_tablet_manager.cc:531] Time spent load tablet metadata: real 0.000s	user 0.000s	sys 0.000s
I20260608 12:52:57.621394 17002 ts_tablet_manager.cc:616] Registered 0 tablets
I20260608 12:52:57.621579 17002 ts_tablet_manager.cc:595] Time spent register tablets: real 0.000s	user 0.000s	sys 0.000s
I20260608 12:52:57.722715 17002 rpc_server.cc:307] RPC server started. Bound to: 127.16.154.131:34681
I20260608 12:52:57.723011 17483 acceptor_pool.cc:272] collecting diagnostics on the listening RPC socket 127.16.154.131:34681 every 8 connection(s)
I20260608 12:52:57.772861 17484 heartbeater.cc:344] Connected to a master server at 127.16.154.188:34295
I20260608 12:52:57.773384 17484 heartbeater.cc:461] Registering TS with master...
I20260608 12:52:57.774587 17484 heartbeater.cc:507] Master 127.16.154.188:34295 requested a full tablet report, sending...
I20260608 12:52:57.778020 17164 ts_manager.cc:194] Registered new tserver with Master: b4eba6ac1d144179b850250edf0c5fea (127.16.154.131:34681)
I20260608 12:52:57.784570 17486 heartbeater.cc:344] Connected to a master server at 127.16.154.190:44901
I20260608 12:52:57.785094 17486 heartbeater.cc:461] Registering TS with master...
I20260608 12:52:57.786381 17486 heartbeater.cc:507] Master 127.16.154.190:44901 requested a full tablet report, sending...
I20260608 12:52:57.787611 17485 heartbeater.cc:344] Connected to a master server at 127.16.154.189:38695
I20260608 12:52:57.788079 17485 heartbeater.cc:461] Registering TS with master...
I20260608 12:52:57.788955 17485 heartbeater.cc:507] Master 127.16.154.189:38695 requested a full tablet report, sending...
I20260608 12:52:57.791059 17034 ts_manager.cc:194] Registered new tserver with Master: b4eba6ac1d144179b850250edf0c5fea (127.16.154.131:34681)
I20260608 12:52:57.791438 17099 ts_manager.cc:194] Registered new tserver with Master: b4eba6ac1d144179b850250edf0c5fea (127.16.154.131:34681)
I20260608 12:52:57.791662 17002 internal_mini_cluster.cc:371] 3 TS(s) registered with all masters after 0.005853012s
I20260608 12:52:57.793337 17099 master_service.cc:502] Signed X509 certificate for tserver {username='slave'} at 127.0.0.1:44732
I20260608 12:52:57.970083 17240 catalog_manager.cc:1294] Loaded cluster ID: 38ba004131894687a8b3f458154b5dca
I20260608 12:52:57.970531 17240 catalog_manager.cc:1587] T 00000000000000000000000000000000 P 0109c63fb50c41dc88950036333ce2ed: loading cluster ID for follower catalog manager: success
I20260608 12:52:57.974087 17244 catalog_manager.cc:1294] Loaded cluster ID: 38ba004131894687a8b3f458154b5dca
I20260608 12:52:57.974390 17244 catalog_manager.cc:1587] T 00000000000000000000000000000000 P 02ef9f912634486bb29c720da16a7144: loading cluster ID for follower catalog manager: success
I20260608 12:52:57.975996 17240 catalog_manager.cc:1609] T 00000000000000000000000000000000 P 0109c63fb50c41dc88950036333ce2ed: acquiring CA information for follower catalog manager: success
I20260608 12:52:57.980322 17240 catalog_manager.cc:1637] T 00000000000000000000000000000000 P 0109c63fb50c41dc88950036333ce2ed: importing token verification keys for follower catalog manager: success; most recent TSK sequence number 0
I20260608 12:52:57.981642 17244 catalog_manager.cc:1609] T 00000000000000000000000000000000 P 02ef9f912634486bb29c720da16a7144: acquiring CA information for follower catalog manager: success
I20260608 12:52:57.986970 17244 catalog_manager.cc:1637] T 00000000000000000000000000000000 P 02ef9f912634486bb29c720da16a7144: importing token verification keys for follower catalog manager: success; most recent TSK sequence number 0
I20260608 12:52:58.248385 17099 master_service.cc:502] Signed X509 certificate for tserver {username='slave'} at 127.0.0.1:44722
I20260608 12:52:58.570300 17407 heartbeater.cc:499] Master 127.16.154.189:38695 was elected leader, sending a full tablet report...
I20260608 12:52:58.796765 17485 heartbeater.cc:499] Master 127.16.154.189:38695 was elected leader, sending a full tablet report...
I20260608 12:52:58.951654 17236 auto_leader_rebalancer.cc:451] All tables' leader rebalancing finished this round
I20260608 12:52:59.036932 17099 catalog_manager.cc:2282] Servicing CreateTable request from {username='slave'} at 127.0.0.1:44742:
name: "test-workload"
schema {
  columns {
    name: "key"
    type: INT32
    is_key: true
    is_nullable: false
    encoding: AUTO_ENCODING
    compression: DEFAULT_COMPRESSION
    cfile_block_size: 0
    immutable: false
  }
  columns {
    name: "int_val"
    type: INT32
    is_key: false
    is_nullable: false
    encoding: AUTO_ENCODING
    compression: DEFAULT_COMPRESSION
    cfile_block_size: 0
    immutable: false
  }
  columns {
    name: "string_val"
    type: STRING
    is_key: false
    is_nullable: true
    encoding: AUTO_ENCODING
    compression: DEFAULT_COMPRESSION
    cfile_block_size: 0
    immutable: false
  }
}
num_replicas: 1
split_rows_range_bounds {
  rows: "\004\001\000\377\377\377\037\004\001\000\376\377\377?\004\001\000\375\377\377_""\004\001\000\377\377\377\037\004\001\000\376\377\377?\004\001\000\375\377\377_"
  indirect_data: """"
}
partition_schema {
  range_schema {
    columns {
      name: "key"
    }
  }
}
I20260608 12:52:59.115587 17281 tablet_service.cc:1511] Processing CreateTablet for tablet f0999001a454453b83a909d0848a257c (DEFAULT_TABLE table=test-workload [id=4ee08a4888f64add9e6bbdc6a222b583]), partition=RANGE (key) PARTITION VALUES < 536870911
I20260608 12:52:59.117753 17281 data_dirs.cc:400] Could only allocate 1 dirs of requested 3 for tablet f0999001a454453b83a909d0848a257c. 1 dirs total, 0 dirs full, 0 dirs failed
I20260608 12:52:59.123937 17280 tablet_service.cc:1511] Processing CreateTablet for tablet c6187ffa77da40279c3596b6016e2fb7 (DEFAULT_TABLE table=test-workload [id=4ee08a4888f64add9e6bbdc6a222b583]), partition=RANGE (key) PARTITION 1610612733 <= VALUES
I20260608 12:52:59.125168 17280 data_dirs.cc:400] Could only allocate 1 dirs of requested 3 for tablet c6187ffa77da40279c3596b6016e2fb7. 1 dirs total, 0 dirs full, 0 dirs failed
I20260608 12:52:59.124697 17449 tablet_service.cc:1511] Processing CreateTablet for tablet e4c72d01cf1048a9b7c819860b5555a9 (DEFAULT_TABLE table=test-workload [id=4ee08a4888f64add9e6bbdc6a222b583]), partition=RANGE (key) PARTITION 536870911 <= VALUES < 1073741822
I20260608 12:52:59.126269 17449 data_dirs.cc:400] Could only allocate 1 dirs of requested 3 for tablet e4c72d01cf1048a9b7c819860b5555a9. 1 dirs total, 0 dirs full, 0 dirs failed
I20260608 12:52:59.131098 17371 tablet_service.cc:1511] Processing CreateTablet for tablet 83ebad0108be431099b4d4e7670ff3e7 (DEFAULT_TABLE table=test-workload [id=4ee08a4888f64add9e6bbdc6a222b583]), partition=RANGE (key) PARTITION 1073741822 <= VALUES < 1610612733
I20260608 12:52:59.132474 17371 data_dirs.cc:400] Could only allocate 1 dirs of requested 3 for tablet 83ebad0108be431099b4d4e7670ff3e7. 1 dirs total, 0 dirs full, 0 dirs failed
I20260608 12:52:59.152423 17520 tablet_bootstrap.cc:492] T c6187ffa77da40279c3596b6016e2fb7 P 4eaf7e77215a403b844c79deb2b334b8: Bootstrap starting.
I20260608 12:52:59.157929 17519 tablet_bootstrap.cc:492] T 83ebad0108be431099b4d4e7670ff3e7 P 5e5a4609d9214bf6b96db76a94555c59: Bootstrap starting.
I20260608 12:52:59.158661 17521 tablet_bootstrap.cc:492] T e4c72d01cf1048a9b7c819860b5555a9 P b4eba6ac1d144179b850250edf0c5fea: Bootstrap starting.
I20260608 12:52:59.164306 17520 tablet_bootstrap.cc:654] T c6187ffa77da40279c3596b6016e2fb7 P 4eaf7e77215a403b844c79deb2b334b8: Neither blocks nor log segments found. Creating new log.
I20260608 12:52:59.166005 17519 tablet_bootstrap.cc:654] T 83ebad0108be431099b4d4e7670ff3e7 P 5e5a4609d9214bf6b96db76a94555c59: Neither blocks nor log segments found. Creating new log.
I20260608 12:52:59.166752 17521 tablet_bootstrap.cc:654] T e4c72d01cf1048a9b7c819860b5555a9 P b4eba6ac1d144179b850250edf0c5fea: Neither blocks nor log segments found. Creating new log.
I20260608 12:52:59.176415 17520 tablet_bootstrap.cc:492] T c6187ffa77da40279c3596b6016e2fb7 P 4eaf7e77215a403b844c79deb2b334b8: No bootstrap required, opened a new log
I20260608 12:52:59.176458 17521 tablet_bootstrap.cc:492] T e4c72d01cf1048a9b7c819860b5555a9 P b4eba6ac1d144179b850250edf0c5fea: No bootstrap required, opened a new log
I20260608 12:52:59.177124 17520 ts_tablet_manager.cc:1403] T c6187ffa77da40279c3596b6016e2fb7 P 4eaf7e77215a403b844c79deb2b334b8: Time spent bootstrapping tablet: real 0.025s	user 0.008s	sys 0.009s
I20260608 12:52:59.177124 17521 ts_tablet_manager.cc:1403] T e4c72d01cf1048a9b7c819860b5555a9 P b4eba6ac1d144179b850250edf0c5fea: Time spent bootstrapping tablet: real 0.019s	user 0.010s	sys 0.006s
I20260608 12:52:59.177835 17519 tablet_bootstrap.cc:492] T 83ebad0108be431099b4d4e7670ff3e7 P 5e5a4609d9214bf6b96db76a94555c59: No bootstrap required, opened a new log
I20260608 12:52:59.178323 17519 ts_tablet_manager.cc:1403] T 83ebad0108be431099b4d4e7670ff3e7 P 5e5a4609d9214bf6b96db76a94555c59: Time spent bootstrapping tablet: real 0.021s	user 0.007s	sys 0.006s
I20260608 12:52:59.180752 17519 raft_consensus.cc:359] T 83ebad0108be431099b4d4e7670ff3e7 P 5e5a4609d9214bf6b96db76a94555c59 [term 0 FOLLOWER]: Replica starting. Triggering 0 pending ops. Active config: opid_index: -1 OBSOLETE_local: true peers { permanent_uuid: "5e5a4609d9214bf6b96db76a94555c59" member_type: VOTER last_known_addr { host: "127.16.154.130" port: 38793 } }
I20260608 12:52:59.180789 17521 raft_consensus.cc:359] T e4c72d01cf1048a9b7c819860b5555a9 P b4eba6ac1d144179b850250edf0c5fea [term 0 FOLLOWER]: Replica starting. Triggering 0 pending ops. Active config: opid_index: -1 OBSOLETE_local: true peers { permanent_uuid: "b4eba6ac1d144179b850250edf0c5fea" member_type: VOTER last_known_addr { host: "127.16.154.131" port: 34681 } }
I20260608 12:52:59.181324 17519 raft_consensus.cc:385] T 83ebad0108be431099b4d4e7670ff3e7 P 5e5a4609d9214bf6b96db76a94555c59 [term 0 FOLLOWER]: Consensus starting up: Expiring failure detector timer to make a prompt election more likely
I20260608 12:52:59.181238 17520 raft_consensus.cc:359] T c6187ffa77da40279c3596b6016e2fb7 P 4eaf7e77215a403b844c79deb2b334b8 [term 0 FOLLOWER]: Replica starting. Triggering 0 pending ops. Active config: opid_index: -1 OBSOLETE_local: true peers { permanent_uuid: "4eaf7e77215a403b844c79deb2b334b8" member_type: VOTER last_known_addr { host: "127.16.154.129" port: 45859 } }
I20260608 12:52:59.181502 17521 raft_consensus.cc:385] T e4c72d01cf1048a9b7c819860b5555a9 P b4eba6ac1d144179b850250edf0c5fea [term 0 FOLLOWER]: Consensus starting up: Expiring failure detector timer to make a prompt election more likely
I20260608 12:52:59.181790 17519 raft_consensus.cc:740] T 83ebad0108be431099b4d4e7670ff3e7 P 5e5a4609d9214bf6b96db76a94555c59 [term 0 FOLLOWER]: Becoming Follower/Learner. State: Replica: 5e5a4609d9214bf6b96db76a94555c59, State: Initialized, Role: FOLLOWER
I20260608 12:52:59.181962 17520 raft_consensus.cc:385] T c6187ffa77da40279c3596b6016e2fb7 P 4eaf7e77215a403b844c79deb2b334b8 [term 0 FOLLOWER]: Consensus starting up: Expiring failure detector timer to make a prompt election more likely
I20260608 12:52:59.182004 17521 raft_consensus.cc:740] T e4c72d01cf1048a9b7c819860b5555a9 P b4eba6ac1d144179b850250edf0c5fea [term 0 FOLLOWER]: Becoming Follower/Learner. State: Replica: b4eba6ac1d144179b850250edf0c5fea, State: Initialized, Role: FOLLOWER
I20260608 12:52:59.182521 17520 raft_consensus.cc:740] T c6187ffa77da40279c3596b6016e2fb7 P 4eaf7e77215a403b844c79deb2b334b8 [term 0 FOLLOWER]: Becoming Follower/Learner. State: Replica: 4eaf7e77215a403b844c79deb2b334b8, State: Initialized, Role: FOLLOWER
I20260608 12:52:59.182718 17519 consensus_queue.cc:260] T 83ebad0108be431099b4d4e7670ff3e7 P 5e5a4609d9214bf6b96db76a94555c59 [NON_LEADER]: Queue going to NON_LEADER mode. State: All replicated index: 0, Majority replicated index: 0, Committed index: 0, Last appended: 0.0, Last appended by leader: 0, Current term: 0, Majority size: -1, State: 0, Mode: NON_LEADER, active raft config: opid_index: -1 OBSOLETE_local: true peers { permanent_uuid: "5e5a4609d9214bf6b96db76a94555c59" member_type: VOTER last_known_addr { host: "127.16.154.130" port: 38793 } }
I20260608 12:52:59.183000 17521 consensus_queue.cc:260] T e4c72d01cf1048a9b7c819860b5555a9 P b4eba6ac1d144179b850250edf0c5fea [NON_LEADER]: Queue going to NON_LEADER mode. State: All replicated index: 0, Majority replicated index: 0, Committed index: 0, Last appended: 0.0, Last appended by leader: 0, Current term: 0, Majority size: -1, State: 0, Mode: NON_LEADER, active raft config: opid_index: -1 OBSOLETE_local: true peers { permanent_uuid: "b4eba6ac1d144179b850250edf0c5fea" member_type: VOTER last_known_addr { host: "127.16.154.131" port: 34681 } }
I20260608 12:52:59.183494 17519 raft_consensus.cc:399] T 83ebad0108be431099b4d4e7670ff3e7 P 5e5a4609d9214bf6b96db76a94555c59 [term 0 FOLLOWER]: Only one voter in the Raft config. Triggering election immediately
I20260608 12:52:59.183257 17520 consensus_queue.cc:260] T c6187ffa77da40279c3596b6016e2fb7 P 4eaf7e77215a403b844c79deb2b334b8 [NON_LEADER]: Queue going to NON_LEADER mode. State: All replicated index: 0, Majority replicated index: 0, Committed index: 0, Last appended: 0.0, Last appended by leader: 0, Current term: 0, Majority size: -1, State: 0, Mode: NON_LEADER, active raft config: opid_index: -1 OBSOLETE_local: true peers { permanent_uuid: "4eaf7e77215a403b844c79deb2b334b8" member_type: VOTER last_known_addr { host: "127.16.154.129" port: 45859 } }
I20260608 12:52:59.183732 17521 raft_consensus.cc:399] T e4c72d01cf1048a9b7c819860b5555a9 P b4eba6ac1d144179b850250edf0c5fea [term 0 FOLLOWER]: Only one voter in the Raft config. Triggering election immediately
I20260608 12:52:59.183943 17519 raft_consensus.cc:493] T 83ebad0108be431099b4d4e7670ff3e7 P 5e5a4609d9214bf6b96db76a94555c59 [term 0 FOLLOWER]: Starting leader election (initial election of a single-replica configuration)
I20260608 12:52:59.184098 17520 raft_consensus.cc:399] T c6187ffa77da40279c3596b6016e2fb7 P 4eaf7e77215a403b844c79deb2b334b8 [term 0 FOLLOWER]: Only one voter in the Raft config. Triggering election immediately
I20260608 12:52:59.184144 17521 raft_consensus.cc:493] T e4c72d01cf1048a9b7c819860b5555a9 P b4eba6ac1d144179b850250edf0c5fea [term 0 FOLLOWER]: Starting leader election (initial election of a single-replica configuration)
I20260608 12:52:59.184482 17519 raft_consensus.cc:3060] T 83ebad0108be431099b4d4e7670ff3e7 P 5e5a4609d9214bf6b96db76a94555c59 [term 0 FOLLOWER]: Advancing to term 1
I20260608 12:52:59.184679 17520 raft_consensus.cc:493] T c6187ffa77da40279c3596b6016e2fb7 P 4eaf7e77215a403b844c79deb2b334b8 [term 0 FOLLOWER]: Starting leader election (initial election of a single-replica configuration)
I20260608 12:52:59.184787 17521 raft_consensus.cc:3060] T e4c72d01cf1048a9b7c819860b5555a9 P b4eba6ac1d144179b850250edf0c5fea [term 0 FOLLOWER]: Advancing to term 1
I20260608 12:52:59.185246 17520 raft_consensus.cc:3060] T c6187ffa77da40279c3596b6016e2fb7 P 4eaf7e77215a403b844c79deb2b334b8 [term 0 FOLLOWER]: Advancing to term 1
I20260608 12:52:59.189369 17519 raft_consensus.cc:515] T 83ebad0108be431099b4d4e7670ff3e7 P 5e5a4609d9214bf6b96db76a94555c59 [term 1 FOLLOWER]: Starting leader election with config: opid_index: -1 OBSOLETE_local: true peers { permanent_uuid: "5e5a4609d9214bf6b96db76a94555c59" member_type: VOTER last_known_addr { host: "127.16.154.130" port: 38793 } }
I20260608 12:52:59.190012 17519 leader_election.cc:304] T 83ebad0108be431099b4d4e7670ff3e7 P 5e5a4609d9214bf6b96db76a94555c59 [CANDIDATE]: Term 1 election: Election decided. Result: candidate won. Election summary: received 1 responses out of 1 voters: 1 yes votes; 0 no votes. yes voters: 5e5a4609d9214bf6b96db76a94555c59; no voters: 
I20260608 12:52:59.191641 17521 raft_consensus.cc:515] T e4c72d01cf1048a9b7c819860b5555a9 P b4eba6ac1d144179b850250edf0c5fea [term 1 FOLLOWER]: Starting leader election with config: opid_index: -1 OBSOLETE_local: true peers { permanent_uuid: "b4eba6ac1d144179b850250edf0c5fea" member_type: VOTER last_known_addr { host: "127.16.154.131" port: 34681 } }
I20260608 12:52:59.191641 17520 raft_consensus.cc:515] T c6187ffa77da40279c3596b6016e2fb7 P 4eaf7e77215a403b844c79deb2b334b8 [term 1 FOLLOWER]: Starting leader election with config: opid_index: -1 OBSOLETE_local: true peers { permanent_uuid: "4eaf7e77215a403b844c79deb2b334b8" member_type: VOTER last_known_addr { host: "127.16.154.129" port: 45859 } }
I20260608 12:52:59.192584 17520 leader_election.cc:304] T c6187ffa77da40279c3596b6016e2fb7 P 4eaf7e77215a403b844c79deb2b334b8 [CANDIDATE]: Term 1 election: Election decided. Result: candidate won. Election summary: received 1 responses out of 1 voters: 1 yes votes; 0 no votes. yes voters: 4eaf7e77215a403b844c79deb2b334b8; no voters: 
I20260608 12:52:59.192564 17521 leader_election.cc:304] T e4c72d01cf1048a9b7c819860b5555a9 P b4eba6ac1d144179b850250edf0c5fea [CANDIDATE]: Term 1 election: Election decided. Result: candidate won. Election summary: received 1 responses out of 1 voters: 1 yes votes; 0 no votes. yes voters: b4eba6ac1d144179b850250edf0c5fea; no voters: 
I20260608 12:52:59.195536 17519 leader_election.cc:290] T 83ebad0108be431099b4d4e7670ff3e7 P 5e5a4609d9214bf6b96db76a94555c59 [CANDIDATE]: Term 1 election: Requested vote from peers 
I20260608 12:52:59.195822 17520 leader_election.cc:290] T c6187ffa77da40279c3596b6016e2fb7 P 4eaf7e77215a403b844c79deb2b334b8 [CANDIDATE]: Term 1 election: Requested vote from peers 
I20260608 12:52:59.196369 17525 raft_consensus.cc:2804] T 83ebad0108be431099b4d4e7670ff3e7 P 5e5a4609d9214bf6b96db76a94555c59 [term 1 FOLLOWER]: Leader election won for term 1
I20260608 12:52:59.196542 17526 raft_consensus.cc:2804] T c6187ffa77da40279c3596b6016e2fb7 P 4eaf7e77215a403b844c79deb2b334b8 [term 1 FOLLOWER]: Leader election won for term 1
I20260608 12:52:59.198808 17521 leader_election.cc:290] T e4c72d01cf1048a9b7c819860b5555a9 P b4eba6ac1d144179b850250edf0c5fea [CANDIDATE]: Term 1 election: Requested vote from peers 
I20260608 12:52:59.199373 17527 raft_consensus.cc:2804] T e4c72d01cf1048a9b7c819860b5555a9 P b4eba6ac1d144179b850250edf0c5fea [term 1 FOLLOWER]: Leader election won for term 1
I20260608 12:52:59.201984 17520 ts_tablet_manager.cc:1434] T c6187ffa77da40279c3596b6016e2fb7 P 4eaf7e77215a403b844c79deb2b334b8: Time spent starting tablet: real 0.024s	user 0.018s	sys 0.006s
I20260608 12:52:59.206593 17317 heartbeater.cc:499] Master 127.16.154.189:38695 was elected leader, sending a full tablet report...
I20260608 12:52:59.207036 17520 tablet_bootstrap.cc:492] T f0999001a454453b83a909d0848a257c P 4eaf7e77215a403b844c79deb2b334b8: Bootstrap starting.
I20260608 12:52:59.212401 17519 ts_tablet_manager.cc:1434] T 83ebad0108be431099b4d4e7670ff3e7 P 5e5a4609d9214bf6b96db76a94555c59: Time spent starting tablet: real 0.034s	user 0.019s	sys 0.011s
I20260608 12:52:59.214763 17525 raft_consensus.cc:697] T 83ebad0108be431099b4d4e7670ff3e7 P 5e5a4609d9214bf6b96db76a94555c59 [term 1 LEADER]: Becoming Leader. State: Replica: 5e5a4609d9214bf6b96db76a94555c59, State: Running, Role: LEADER
I20260608 12:52:59.216427 17526 raft_consensus.cc:697] T c6187ffa77da40279c3596b6016e2fb7 P 4eaf7e77215a403b844c79deb2b334b8 [term 1 LEADER]: Becoming Leader. State: Replica: 4eaf7e77215a403b844c79deb2b334b8, State: Running, Role: LEADER
I20260608 12:52:59.216861 17527 raft_consensus.cc:697] T e4c72d01cf1048a9b7c819860b5555a9 P b4eba6ac1d144179b850250edf0c5fea [term 1 LEADER]: Becoming Leader. State: Replica: b4eba6ac1d144179b850250edf0c5fea, State: Running, Role: LEADER
I20260608 12:52:59.216074 17525 consensus_queue.cc:237] T 83ebad0108be431099b4d4e7670ff3e7 P 5e5a4609d9214bf6b96db76a94555c59 [LEADER]: Queue going to LEADER mode. State: All replicated index: 0, Majority replicated index: 0, Committed index: 0, Last appended: 0.0, Last appended by leader: 0, Current term: 1, Majority size: 1, State: 0, Mode: LEADER, active raft config: opid_index: -1 OBSOLETE_local: true peers { permanent_uuid: "5e5a4609d9214bf6b96db76a94555c59" member_type: VOTER last_known_addr { host: "127.16.154.130" port: 38793 } }
I20260608 12:52:59.217240 17526 consensus_queue.cc:237] T c6187ffa77da40279c3596b6016e2fb7 P 4eaf7e77215a403b844c79deb2b334b8 [LEADER]: Queue going to LEADER mode. State: All replicated index: 0, Majority replicated index: 0, Committed index: 0, Last appended: 0.0, Last appended by leader: 0, Current term: 1, Majority size: 1, State: 0, Mode: LEADER, active raft config: opid_index: -1 OBSOLETE_local: true peers { permanent_uuid: "4eaf7e77215a403b844c79deb2b334b8" member_type: VOTER last_known_addr { host: "127.16.154.129" port: 45859 } }
I20260608 12:52:59.217736 17520 tablet_bootstrap.cc:654] T f0999001a454453b83a909d0848a257c P 4eaf7e77215a403b844c79deb2b334b8: Neither blocks nor log segments found. Creating new log.
I20260608 12:52:59.219376 17527 consensus_queue.cc:237] T e4c72d01cf1048a9b7c819860b5555a9 P b4eba6ac1d144179b850250edf0c5fea [LEADER]: Queue going to LEADER mode. State: All replicated index: 0, Majority replicated index: 0, Committed index: 0, Last appended: 0.0, Last appended by leader: 0, Current term: 1, Majority size: 1, State: 0, Mode: LEADER, active raft config: opid_index: -1 OBSOLETE_local: true peers { permanent_uuid: "b4eba6ac1d144179b850250edf0c5fea" member_type: VOTER last_known_addr { host: "127.16.154.131" port: 34681 } }
I20260608 12:52:59.225641 17521 ts_tablet_manager.cc:1434] T e4c72d01cf1048a9b7c819860b5555a9 P b4eba6ac1d144179b850250edf0c5fea: Time spent starting tablet: real 0.048s	user 0.016s	sys 0.016s
I20260608 12:52:59.230916 17520 tablet_bootstrap.cc:492] T f0999001a454453b83a909d0848a257c P 4eaf7e77215a403b844c79deb2b334b8: No bootstrap required, opened a new log
I20260608 12:52:59.231957 17520 ts_tablet_manager.cc:1403] T f0999001a454453b83a909d0848a257c P 4eaf7e77215a403b844c79deb2b334b8: Time spent bootstrapping tablet: real 0.025s	user 0.007s	sys 0.010s
I20260608 12:52:59.236457 17520 raft_consensus.cc:359] T f0999001a454453b83a909d0848a257c P 4eaf7e77215a403b844c79deb2b334b8 [term 0 FOLLOWER]: Replica starting. Triggering 0 pending ops. Active config: opid_index: -1 OBSOLETE_local: true peers { permanent_uuid: "4eaf7e77215a403b844c79deb2b334b8" member_type: VOTER last_known_addr { host: "127.16.154.129" port: 45859 } }
I20260608 12:52:59.237283 17520 raft_consensus.cc:385] T f0999001a454453b83a909d0848a257c P 4eaf7e77215a403b844c79deb2b334b8 [term 0 FOLLOWER]: Consensus starting up: Expiring failure detector timer to make a prompt election more likely
I20260608 12:52:59.236759 17099 catalog_manager.cc:5696] T 83ebad0108be431099b4d4e7670ff3e7 P 5e5a4609d9214bf6b96db76a94555c59 reported cstate change: term changed from 0 to 1, leader changed from <none> to 5e5a4609d9214bf6b96db76a94555c59 (127.16.154.130). New cstate: current_term: 1 leader_uuid: "5e5a4609d9214bf6b96db76a94555c59" committed_config { opid_index: -1 OBSOLETE_local: true peers { permanent_uuid: "5e5a4609d9214bf6b96db76a94555c59" member_type: VOTER last_known_addr { host: "127.16.154.130" port: 38793 } health_report { overall_health: HEALTHY } } }
I20260608 12:52:59.237637 17520 raft_consensus.cc:740] T f0999001a454453b83a909d0848a257c P 4eaf7e77215a403b844c79deb2b334b8 [term 0 FOLLOWER]: Becoming Follower/Learner. State: Replica: 4eaf7e77215a403b844c79deb2b334b8, State: Initialized, Role: FOLLOWER
I20260608 12:52:59.238508 17520 consensus_queue.cc:260] T f0999001a454453b83a909d0848a257c P 4eaf7e77215a403b844c79deb2b334b8 [NON_LEADER]: Queue going to NON_LEADER mode. State: All replicated index: 0, Majority replicated index: 0, Committed index: 0, Last appended: 0.0, Last appended by leader: 0, Current term: 0, Majority size: -1, State: 0, Mode: NON_LEADER, active raft config: opid_index: -1 OBSOLETE_local: true peers { permanent_uuid: "4eaf7e77215a403b844c79deb2b334b8" member_type: VOTER last_known_addr { host: "127.16.154.129" port: 45859 } }
I20260608 12:52:59.239231 17520 raft_consensus.cc:399] T f0999001a454453b83a909d0848a257c P 4eaf7e77215a403b844c79deb2b334b8 [term 0 FOLLOWER]: Only one voter in the Raft config. Triggering election immediately
I20260608 12:52:59.239763 17520 raft_consensus.cc:493] T f0999001a454453b83a909d0848a257c P 4eaf7e77215a403b844c79deb2b334b8 [term 0 FOLLOWER]: Starting leader election (initial election of a single-replica configuration)
I20260608 12:52:59.240144 17520 raft_consensus.cc:3060] T f0999001a454453b83a909d0848a257c P 4eaf7e77215a403b844c79deb2b334b8 [term 0 FOLLOWER]: Advancing to term 1
I20260608 12:52:59.243880 17098 catalog_manager.cc:5696] T c6187ffa77da40279c3596b6016e2fb7 P 4eaf7e77215a403b844c79deb2b334b8 reported cstate change: term changed from 0 to 1, leader changed from <none> to 4eaf7e77215a403b844c79deb2b334b8 (127.16.154.129). New cstate: current_term: 1 leader_uuid: "4eaf7e77215a403b844c79deb2b334b8" committed_config { opid_index: -1 OBSOLETE_local: true peers { permanent_uuid: "4eaf7e77215a403b844c79deb2b334b8" member_type: VOTER last_known_addr { host: "127.16.154.129" port: 45859 } health_report { overall_health: HEALTHY } } }
I20260608 12:52:59.250079 17520 raft_consensus.cc:515] T f0999001a454453b83a909d0848a257c P 4eaf7e77215a403b844c79deb2b334b8 [term 1 FOLLOWER]: Starting leader election with config: opid_index: -1 OBSOLETE_local: true peers { permanent_uuid: "4eaf7e77215a403b844c79deb2b334b8" member_type: VOTER last_known_addr { host: "127.16.154.129" port: 45859 } }
I20260608 12:52:59.251844 17520 leader_election.cc:304] T f0999001a454453b83a909d0848a257c P 4eaf7e77215a403b844c79deb2b334b8 [CANDIDATE]: Term 1 election: Election decided. Result: candidate won. Election summary: received 1 responses out of 1 voters: 1 yes votes; 0 no votes. yes voters: 4eaf7e77215a403b844c79deb2b334b8; no voters: 
I20260608 12:52:59.252725 17526 raft_consensus.cc:2804] T f0999001a454453b83a909d0848a257c P 4eaf7e77215a403b844c79deb2b334b8 [term 1 FOLLOWER]: Leader election won for term 1
I20260608 12:52:59.253309 17526 raft_consensus.cc:697] T f0999001a454453b83a909d0848a257c P 4eaf7e77215a403b844c79deb2b334b8 [term 1 LEADER]: Becoming Leader. State: Replica: 4eaf7e77215a403b844c79deb2b334b8, State: Running, Role: LEADER
I20260608 12:52:59.254158 17526 consensus_queue.cc:237] T f0999001a454453b83a909d0848a257c P 4eaf7e77215a403b844c79deb2b334b8 [LEADER]: Queue going to LEADER mode. State: All replicated index: 0, Majority replicated index: 0, Committed index: 0, Last appended: 0.0, Last appended by leader: 0, Current term: 1, Majority size: 1, State: 0, Mode: LEADER, active raft config: opid_index: -1 OBSOLETE_local: true peers { permanent_uuid: "4eaf7e77215a403b844c79deb2b334b8" member_type: VOTER last_known_addr { host: "127.16.154.129" port: 45859 } }
I20260608 12:52:59.252588 17097 catalog_manager.cc:5696] T e4c72d01cf1048a9b7c819860b5555a9 P b4eba6ac1d144179b850250edf0c5fea reported cstate change: term changed from 0 to 1, leader changed from <none> to b4eba6ac1d144179b850250edf0c5fea (127.16.154.131). New cstate: current_term: 1 leader_uuid: "b4eba6ac1d144179b850250edf0c5fea" committed_config { opid_index: -1 OBSOLETE_local: true peers { permanent_uuid: "b4eba6ac1d144179b850250edf0c5fea" member_type: VOTER last_known_addr { host: "127.16.154.131" port: 34681 } health_report { overall_health: HEALTHY } } }
I20260608 12:52:59.256958 17520 leader_election.cc:290] T f0999001a454453b83a909d0848a257c P 4eaf7e77215a403b844c79deb2b334b8 [CANDIDATE]: Term 1 election: Requested vote from peers 
I20260608 12:52:59.258816 17520 ts_tablet_manager.cc:1434] T f0999001a454453b83a909d0848a257c P 4eaf7e77215a403b844c79deb2b334b8: Time spent starting tablet: real 0.026s	user 0.008s	sys 0.009s
I20260608 12:52:59.313015 17098 catalog_manager.cc:5696] T f0999001a454453b83a909d0848a257c P 4eaf7e77215a403b844c79deb2b334b8 reported cstate change: term changed from 0 to 1, leader changed from <none> to 4eaf7e77215a403b844c79deb2b334b8 (127.16.154.129). New cstate: current_term: 1 leader_uuid: "4eaf7e77215a403b844c79deb2b334b8" committed_config { opid_index: -1 OBSOLETE_local: true peers { permanent_uuid: "4eaf7e77215a403b844c79deb2b334b8" member_type: VOTER last_known_addr { host: "127.16.154.129" port: 45859 } health_report { overall_health: HEALTHY } } }
I20260608 12:52:59.362500 17002 tablet_server.cc:179] TabletServer@127.16.154.129:0 shutting down...
I20260608 12:52:59.380826 17002 ts_tablet_manager.cc:1507] Shutting down tablet manager...
I20260608 12:52:59.381705 17002 tablet_replica.cc:333] T f0999001a454453b83a909d0848a257c P 4eaf7e77215a403b844c79deb2b334b8: stopping tablet replica
I20260608 12:52:59.382401 17002 raft_consensus.cc:2243] T f0999001a454453b83a909d0848a257c P 4eaf7e77215a403b844c79deb2b334b8 [term 1 LEADER]: Raft consensus shutting down.
I20260608 12:52:59.382849 17002 raft_consensus.cc:2272] T f0999001a454453b83a909d0848a257c P 4eaf7e77215a403b844c79deb2b334b8 [term 1 FOLLOWER]: Raft consensus is shut down!
I20260608 12:52:59.385641 17002 tablet_replica.cc:333] T c6187ffa77da40279c3596b6016e2fb7 P 4eaf7e77215a403b844c79deb2b334b8: stopping tablet replica
I20260608 12:52:59.386159 17002 raft_consensus.cc:2243] T c6187ffa77da40279c3596b6016e2fb7 P 4eaf7e77215a403b844c79deb2b334b8 [term 1 LEADER]: Raft consensus shutting down.
I20260608 12:52:59.386509 17002 raft_consensus.cc:2272] T c6187ffa77da40279c3596b6016e2fb7 P 4eaf7e77215a403b844c79deb2b334b8 [term 1 FOLLOWER]: Raft consensus is shut down!
I20260608 12:52:59.533753 17002 tablet_server.cc:196] TabletServer@127.16.154.129:0 shutdown complete.
I20260608 12:52:59.543455 17002 tablet_server.cc:179] TabletServer@127.16.154.130:0 shutting down...
I20260608 12:52:59.560009 17002 ts_tablet_manager.cc:1507] Shutting down tablet manager...
I20260608 12:52:59.560818 17002 tablet_replica.cc:333] T 83ebad0108be431099b4d4e7670ff3e7 P 5e5a4609d9214bf6b96db76a94555c59: stopping tablet replica
I20260608 12:52:59.561313 17002 raft_consensus.cc:2243] T 83ebad0108be431099b4d4e7670ff3e7 P 5e5a4609d9214bf6b96db76a94555c59 [term 1 LEADER]: Raft consensus shutting down.
I20260608 12:52:59.561733 17002 raft_consensus.cc:2272] T 83ebad0108be431099b4d4e7670ff3e7 P 5e5a4609d9214bf6b96db76a94555c59 [term 1 FOLLOWER]: Raft consensus is shut down!
I20260608 12:52:59.570761 17002 tablet_server.cc:196] TabletServer@127.16.154.130:0 shutdown complete.
I20260608 12:52:59.578632 17002 tablet_server.cc:179] TabletServer@127.16.154.131:0 shutting down...
I20260608 12:52:59.596951 17002 ts_tablet_manager.cc:1507] Shutting down tablet manager...
I20260608 12:52:59.597728 17002 tablet_replica.cc:333] T e4c72d01cf1048a9b7c819860b5555a9 P b4eba6ac1d144179b850250edf0c5fea: stopping tablet replica
I20260608 12:52:59.598261 17002 raft_consensus.cc:2243] T e4c72d01cf1048a9b7c819860b5555a9 P b4eba6ac1d144179b850250edf0c5fea [term 1 LEADER]: Raft consensus shutting down.
I20260608 12:52:59.598639 17002 raft_consensus.cc:2272] T e4c72d01cf1048a9b7c819860b5555a9 P b4eba6ac1d144179b850250edf0c5fea [term 1 FOLLOWER]: Raft consensus is shut down!
I20260608 12:52:59.618593 17002 tablet_server.cc:196] TabletServer@127.16.154.131:0 shutdown complete.
I20260608 12:52:59.626751 17002 master.cc:562] Master@127.16.154.190:44901 shutting down...
I20260608 12:52:59.726996 17002 raft_consensus.cc:2243] T 00000000000000000000000000000000 P 0109c63fb50c41dc88950036333ce2ed [term 1 FOLLOWER]: Raft consensus shutting down.
I20260608 12:52:59.727604 17002 raft_consensus.cc:2272] T 00000000000000000000000000000000 P 0109c63fb50c41dc88950036333ce2ed [term 1 FOLLOWER]: Raft consensus is shut down!
I20260608 12:52:59.727999 17002 tablet_replica.cc:333] T 00000000000000000000000000000000 P 0109c63fb50c41dc88950036333ce2ed: stopping tablet replica
W20260608 12:52:59.744807 17084 consensus_peers.cc:597] T 00000000000000000000000000000000 P 0b8b0eebd3834ea4a2939fc66768e593 -> Peer 0109c63fb50c41dc88950036333ce2ed (127.16.154.190:44901): Couldn't send request to peer 0109c63fb50c41dc88950036333ce2ed. Status: Network error: Client connection negotiation failed: client connection to 127.16.154.190:44901: connect: Connection refused (error 111). This is attempt 1: this message will repeat every 5th retry.
I20260608 12:52:59.746933 17002 master.cc:584] Master@127.16.154.190:44901 shutdown complete.
I20260608 12:52:59.757380 17002 master.cc:562] Master@127.16.154.189:38695 shutting down...
I20260608 12:52:59.770004 17002 raft_consensus.cc:2243] T 00000000000000000000000000000000 P 0b8b0eebd3834ea4a2939fc66768e593 [term 1 LEADER]: Raft consensus shutting down.
I20260608 12:52:59.770886 17002 raft_consensus.cc:2272] T 00000000000000000000000000000000 P 0b8b0eebd3834ea4a2939fc66768e593 [term 1 FOLLOWER]: Raft consensus is shut down!
I20260608 12:52:59.771242 17002 tablet_replica.cc:333] T 00000000000000000000000000000000 P 0b8b0eebd3834ea4a2939fc66768e593: stopping tablet replica
I20260608 12:52:59.804831 17002 master.cc:584] Master@127.16.154.189:38695 shutdown complete.
I20260608 12:52:59.818383 17002 master.cc:562] Master@127.16.154.188:34295 shutting down...
I20260608 12:52:59.832494 17002 raft_consensus.cc:2243] T 00000000000000000000000000000000 P 02ef9f912634486bb29c720da16a7144 [term 1 FOLLOWER]: Raft consensus shutting down.
I20260608 12:52:59.833027 17002 raft_consensus.cc:2272] T 00000000000000000000000000000000 P 02ef9f912634486bb29c720da16a7144 [term 1 FOLLOWER]: Raft consensus is shut down!
I20260608 12:52:59.833357 17002 tablet_replica.cc:333] T 00000000000000000000000000000000 P 02ef9f912634486bb29c720da16a7144: stopping tablet replica
I20260608 12:52:59.851346 17002 master.cc:584] Master@127.16.154.188:34295 shutdown complete.
[       OK ] AutoRebalancerTest.OnlyLeaderDoesAutoRebalancing (4754 ms)
[ RUN      ] AutoRebalancerTest.AutoRebalancingTurnOffAndOn
I20260608 12:52:59.878851 17002 internal_mini_cluster.cc:156] Creating distributed mini masters. Addrs: 127.16.154.190:43865
I20260608 12:52:59.879983 17002 file_cache.cc:492] Constructed file cache file cache with capacity 419430
