I20260608 12:54:09.595556  7934 raft_consensus.cc:515] T 6aa8564e7f73493baa360fd5b7fbaa10 P 43e382e9d5d6424ba31803d391c93da9 [term 0 FOLLOWER]: Starting pre-election with config: opid_index: -1 OBSOLETE_local: false peers { permanent_uuid: "69f7de8084b245ccb650b9c3e3a436c9" member_type: VOTER last_known_addr { host: "127.4.127.68" port: 43051 } } peers { permanent_uuid: "43e382e9d5d6424ba31803d391c93da9" member_type: VOTER last_known_addr { host: "127.4.127.65" port: 39697 } } peers { permanent_uuid: "5bc408eed8ff4bcea00fbf822a9fd7cd" member_type: VOTER last_known_addr { host: "127.4.127.66" port: 45541 } }
I20260608 12:54:09.596094  7918 raft_consensus.cc:359] T 334e2afd36cf4fa6b9e9d22fbe7b22d1 P d3d91990bab142ce86d3cb63f6f32a5a [term 0 FOLLOWER]: Replica starting. Triggering 0 pending ops. Active config: opid_index: -1 OBSOLETE_local: false peers { permanent_uuid: "d3d91990bab142ce86d3cb63f6f32a5a" member_type: VOTER last_known_addr { host: "127.4.127.67" port: 41223 } } peers { permanent_uuid: "43e382e9d5d6424ba31803d391c93da9" member_type: VOTER last_known_addr { host: "127.4.127.65" port: 39697 } } peers { permanent_uuid: "69f7de8084b245ccb650b9c3e3a436c9" member_type: VOTER last_known_addr { host: "127.4.127.68" port: 43051 } }
I20260608 12:54:09.596984  7918 raft_consensus.cc:385] T 334e2afd36cf4fa6b9e9d22fbe7b22d1 P d3d91990bab142ce86d3cb63f6f32a5a [term 0 FOLLOWER]: Consensus starting up: Expiring failure detector timer to make a prompt election more likely
I20260608 12:54:09.597317  7918 raft_consensus.cc:740] T 334e2afd36cf4fa6b9e9d22fbe7b22d1 P d3d91990bab142ce86d3cb63f6f32a5a [term 0 FOLLOWER]: Becoming Follower/Learner. State: Replica: d3d91990bab142ce86d3cb63f6f32a5a, State: Initialized, Role: FOLLOWER
I20260608 12:54:09.598265  7934 leader_election.cc:290] T 6aa8564e7f73493baa360fd5b7fbaa10 P 43e382e9d5d6424ba31803d391c93da9 [CANDIDATE]: Term 1 pre-election: Requested pre-vote from peers 69f7de8084b245ccb650b9c3e3a436c9 (127.4.127.68:43051), 5bc408eed8ff4bcea00fbf822a9fd7cd (127.4.127.66:45541)
I20260608 12:54:09.600601  7643 tablet_service.cc:1917] Received RequestConsensusVote() RPC: tablet_id: "6aa8564e7f73493baa360fd5b7fbaa10" candidate_uuid: "43e382e9d5d6424ba31803d391c93da9" candidate_term: 1 candidate_status { last_received { term: 0 index: 0 } } ignore_live_leader: false dest_uuid: "5bc408eed8ff4bcea00fbf822a9fd7cd" is_pre_election: true
W20260608 12:54:09.602298  7533 leader_election.cc:343] T 6aa8564e7f73493baa360fd5b7fbaa10 P 43e382e9d5d6424ba31803d391c93da9 [CANDIDATE]: Term 1 pre-election: Tablet error from VoteRequest() call to peer 5bc408eed8ff4bcea00fbf822a9fd7cd (127.4.127.66:45541): Illegal state: must be running to vote when last-logged opid is not known
I20260608 12:54:09.603029  7912 raft_consensus.cc:385] T 1f26aea36e254295b1bf189e99b59f14 P 43e382e9d5d6424ba31803d391c93da9 [term 0 FOLLOWER]: Consensus starting up: Expiring failure detector timer to make a prompt election more likely
I20260608 12:54:09.603464  7912 raft_consensus.cc:740] T 1f26aea36e254295b1bf189e99b59f14 P 43e382e9d5d6424ba31803d391c93da9 [term 0 FOLLOWER]: Becoming Follower/Learner. State: Replica: 43e382e9d5d6424ba31803d391c93da9, State: Initialized, Role: FOLLOWER
I20260608 12:54:09.603902  7567 tablet_service.cc:1917] Received RequestConsensusVote() RPC: tablet_id: "b32bb51c23844f25bc038f11163505e5" candidate_uuid: "69f7de8084b245ccb650b9c3e3a436c9" candidate_term: 1 candidate_status { last_received { term: 0 index: 0 } } ignore_live_leader: false dest_uuid: "43e382e9d5d6424ba31803d391c93da9" is_pre_election: true
I20260608 12:54:09.604655  7567 raft_consensus.cc:2468] T b32bb51c23844f25bc038f11163505e5 P 43e382e9d5d6424ba31803d391c93da9 [term 0 FOLLOWER]: Leader pre-election vote request: Granting yes vote for candidate 69f7de8084b245ccb650b9c3e3a436c9 in term 0.
I20260608 12:54:09.604511  7912 consensus_queue.cc:260] T 1f26aea36e254295b1bf189e99b59f14 P 43e382e9d5d6424ba31803d391c93da9 [NON_LEADER]: Queue going to NON_LEADER mode. State: All replicated index: 0, Majority replicated index: 0, Committed index: 0, Last appended: 0.0, Last appended by leader: 0, Current term: 0, Majority size: -1, State: 0, Mode: NON_LEADER, active raft config: opid_index: -1 OBSOLETE_local: false peers { permanent_uuid: "69f7de8084b245ccb650b9c3e3a436c9" member_type: VOTER last_known_addr { host: "127.4.127.68" port: 43051 } } peers { permanent_uuid: "d3d91990bab142ce86d3cb63f6f32a5a" member_type: VOTER last_known_addr { host: "127.4.127.67" port: 41223 } } peers { permanent_uuid: "43e382e9d5d6424ba31803d391c93da9" member_type: VOTER last_known_addr { host: "127.4.127.65" port: 39697 } }
I20260608 12:54:09.607626  7912 ts_tablet_manager.cc:1434] T 1f26aea36e254295b1bf189e99b59f14 P 43e382e9d5d6424ba31803d391c93da9: Time spent starting tablet: real 0.022s	user 0.006s	sys 0.002s
I20260608 12:54:09.610816  7912 tablet_bootstrap.cc:492] T 6af4c010a04e40d9b69b53dc7b98feff P 43e382e9d5d6424ba31803d391c93da9: Bootstrap starting.
I20260608 12:54:09.616568  7919 ts_tablet_manager.cc:1434] T b32bb51c23844f25bc038f11163505e5 P 69f7de8084b245ccb650b9c3e3a436c9: Time spent starting tablet: real 0.300s	user 0.019s	sys 0.016s
I20260608 12:54:09.617837  7919 tablet_bootstrap.cc:492] T 1f26aea36e254295b1bf189e99b59f14 P 69f7de8084b245ccb650b9c3e3a436c9: Bootstrap starting.
I20260608 12:54:09.620242  7920 tablet_bootstrap.cc:492] T 6aa8564e7f73493baa360fd5b7fbaa10 P 5bc408eed8ff4bcea00fbf822a9fd7cd: No bootstrap required, opened a new log
I20260608 12:54:09.620865  7920 ts_tablet_manager.cc:1403] T 6aa8564e7f73493baa360fd5b7fbaa10 P 5bc408eed8ff4bcea00fbf822a9fd7cd: Time spent bootstrapping tablet: real 0.267s	user 0.018s	sys 0.004s
I20260608 12:54:09.624205  7920 raft_consensus.cc:359] T 6aa8564e7f73493baa360fd5b7fbaa10 P 5bc408eed8ff4bcea00fbf822a9fd7cd [term 0 FOLLOWER]: Replica starting. Triggering 0 pending ops. Active config: opid_index: -1 OBSOLETE_local: false peers { permanent_uuid: "69f7de8084b245ccb650b9c3e3a436c9" member_type: VOTER last_known_addr { host: "127.4.127.68" port: 43051 } } peers { permanent_uuid: "43e382e9d5d6424ba31803d391c93da9" member_type: VOTER last_known_addr { host: "127.4.127.65" port: 39697 } } peers { permanent_uuid: "5bc408eed8ff4bcea00fbf822a9fd7cd" member_type: VOTER last_known_addr { host: "127.4.127.66" port: 45541 } }
I20260608 12:54:09.625754  7920 raft_consensus.cc:385] T 6aa8564e7f73493baa360fd5b7fbaa10 P 5bc408eed8ff4bcea00fbf822a9fd7cd [term 0 FOLLOWER]: Consensus starting up: Expiring failure detector timer to make a prompt election more likely
I20260608 12:54:09.629048  7920 raft_consensus.cc:740] T 6aa8564e7f73493baa360fd5b7fbaa10 P 5bc408eed8ff4bcea00fbf822a9fd7cd [term 0 FOLLOWER]: Becoming Follower/Learner. State: Replica: 5bc408eed8ff4bcea00fbf822a9fd7cd, State: Initialized, Role: FOLLOWER
I20260608 12:54:09.629977  7832 leader_election.cc:304] T b32bb51c23844f25bc038f11163505e5 P 69f7de8084b245ccb650b9c3e3a436c9 [CANDIDATE]: Term 1 pre-election: Election decided. Result: candidate won. Election summary: received 2 responses out of 3 voters: 2 yes votes; 0 no votes. yes voters: 43e382e9d5d6424ba31803d391c93da9, 69f7de8084b245ccb650b9c3e3a436c9; no voters: 
I20260608 12:54:09.631047  7933 raft_consensus.cc:2804] T b32bb51c23844f25bc038f11163505e5 P 69f7de8084b245ccb650b9c3e3a436c9 [term 0 FOLLOWER]: Leader pre-election won for term 1
I20260608 12:54:09.631440  7933 raft_consensus.cc:493] T b32bb51c23844f25bc038f11163505e5 P 69f7de8084b245ccb650b9c3e3a436c9 [term 0 FOLLOWER]: Starting leader election (no leader contacted us within the election timeout)
W20260608 12:54:09.631536  7515 auto_rebalancer.cc:259] Could not retrieve cluster info: Service unavailable: Tablet not running
I20260608 12:54:09.631814  7933 raft_consensus.cc:3060] T b32bb51c23844f25bc038f11163505e5 P 69f7de8084b245ccb650b9c3e3a436c9 [term 0 FOLLOWER]: Advancing to term 1
I20260608 12:54:09.635346  7520 auto_leader_rebalancer.cc:140] leader rebalance for table range_aware_rebalance_new_range
I20260608 12:54:09.636952  7918 consensus_queue.cc:260] T 334e2afd36cf4fa6b9e9d22fbe7b22d1 P d3d91990bab142ce86d3cb63f6f32a5a [NON_LEADER]: Queue going to NON_LEADER mode. State: All replicated index: 0, Majority replicated index: 0, Committed index: 0, Last appended: 0.0, Last appended by leader: 0, Current term: 0, Majority size: -1, State: 0, Mode: NON_LEADER, active raft config: opid_index: -1 OBSOLETE_local: false peers { permanent_uuid: "d3d91990bab142ce86d3cb63f6f32a5a" member_type: VOTER last_known_addr { host: "127.4.127.67" port: 41223 } } peers { permanent_uuid: "43e382e9d5d6424ba31803d391c93da9" member_type: VOTER last_known_addr { host: "127.4.127.65" port: 39697 } } peers { permanent_uuid: "69f7de8084b245ccb650b9c3e3a436c9" member_type: VOTER last_known_addr { host: "127.4.127.68" port: 43051 } }
W20260608 12:54:09.637714  7520 auto_leader_rebalancer.cc:460] the master instance isn't leader: Service unavailable: Tablet not running
I20260608 12:54:09.638620  7919 tablet_bootstrap.cc:654] T 1f26aea36e254295b1bf189e99b59f14 P 69f7de8084b245ccb650b9c3e3a436c9: Neither blocks nor log segments found. Creating new log.
I20260608 12:54:09.639149  7933 raft_consensus.cc:515] T b32bb51c23844f25bc038f11163505e5 P 69f7de8084b245ccb650b9c3e3a436c9 [term 1 FOLLOWER]: Starting leader election with config: opid_index: -1 OBSOLETE_local: false peers { permanent_uuid: "69f7de8084b245ccb650b9c3e3a436c9" member_type: VOTER last_known_addr { host: "127.4.127.68" port: 43051 } } peers { permanent_uuid: "d3d91990bab142ce86d3cb63f6f32a5a" member_type: VOTER last_known_addr { host: "127.4.127.67" port: 41223 } } peers { permanent_uuid: "43e382e9d5d6424ba31803d391c93da9" member_type: VOTER last_known_addr { host: "127.4.127.65" port: 39697 } }
I20260608 12:54:09.643345  7567 tablet_service.cc:1917] Received RequestConsensusVote() RPC: tablet_id: "b32bb51c23844f25bc038f11163505e5" candidate_uuid: "69f7de8084b245ccb650b9c3e3a436c9" candidate_term: 1 candidate_status { last_received { term: 0 index: 0 } } ignore_live_leader: false dest_uuid: "43e382e9d5d6424ba31803d391c93da9"
I20260608 12:54:09.643987  7567 raft_consensus.cc:3060] T b32bb51c23844f25bc038f11163505e5 P 43e382e9d5d6424ba31803d391c93da9 [term 0 FOLLOWER]: Advancing to term 1
I20260608 12:54:09.644950  7912 tablet_bootstrap.cc:654] T 6af4c010a04e40d9b69b53dc7b98feff P 43e382e9d5d6424ba31803d391c93da9: Neither blocks nor log segments found. Creating new log.
I20260608 12:54:09.644471  7933 leader_election.cc:290] T b32bb51c23844f25bc038f11163505e5 P 69f7de8084b245ccb650b9c3e3a436c9 [CANDIDATE]: Term 1 election: Requested vote from peers d3d91990bab142ce86d3cb63f6f32a5a (127.4.127.67:41223), 43e382e9d5d6424ba31803d391c93da9 (127.4.127.65:39697)
I20260608 12:54:09.643893  7918 ts_tablet_manager.cc:1434] T 334e2afd36cf4fa6b9e9d22fbe7b22d1 P d3d91990bab142ce86d3cb63f6f32a5a: Time spent starting tablet: real 0.051s	user 0.006s	sys 0.001s
I20260608 12:54:09.648017  7918 tablet_bootstrap.cc:492] T b32bb51c23844f25bc038f11163505e5 P d3d91990bab142ce86d3cb63f6f32a5a: Bootstrap starting.
I20260608 12:54:09.652009  7868 tablet_service.cc:1917] Received RequestConsensusVote() RPC: tablet_id: "9d3275959a7048b19ad46c2caea9c8f0" candidate_uuid: "5bc408eed8ff4bcea00fbf822a9fd7cd" candidate_term: 1 candidate_status { last_received { term: 0 index: 0 } } ignore_live_leader: false dest_uuid: "69f7de8084b245ccb650b9c3e3a436c9" is_pre_election: true
I20260608 12:54:09.654480  7868 tablet_service.cc:1917] Received RequestConsensusVote() RPC: tablet_id: "b32bb51c23844f25bc038f11163505e5" candidate_uuid: "43e382e9d5d6424ba31803d391c93da9" candidate_term: 1 candidate_status { last_received { term: 0 index: 0 } } ignore_live_leader: false dest_uuid: "69f7de8084b245ccb650b9c3e3a436c9" is_pre_election: true
I20260608 12:54:09.655283  7868 raft_consensus.cc:2393] T b32bb51c23844f25bc038f11163505e5 P 69f7de8084b245ccb650b9c3e3a436c9 [term 1 FOLLOWER]: Leader pre-election vote request: Denying vote to candidate 43e382e9d5d6424ba31803d391c93da9 in current term 1: Already voted for candidate 69f7de8084b245ccb650b9c3e3a436c9 in this term.
I20260608 12:54:09.661024  7868 tablet_service.cc:1917] Received RequestConsensusVote() RPC: tablet_id: "25fe70b400e444f9980279170efed1b6" candidate_uuid: "43e382e9d5d6424ba31803d391c93da9" candidate_term: 1 candidate_status { last_received { term: 0 index: 0 } } ignore_live_leader: false dest_uuid: "69f7de8084b245ccb650b9c3e3a436c9" is_pre_election: true
I20260608 12:54:09.662998  7467 catalog_manager.cc:5696] T 25fe70b400e444f9980279170efed1b6 P 43e382e9d5d6424ba31803d391c93da9 reported cstate change: term changed from 0 to 1, leader changed from <none> to 43e382e9d5d6424ba31803d391c93da9 (127.4.127.65). New cstate: current_term: 1 leader_uuid: "43e382e9d5d6424ba31803d391c93da9" committed_config { opid_index: -1 OBSOLETE_local: false peers { permanent_uuid: "69f7de8084b245ccb650b9c3e3a436c9" member_type: VOTER last_known_addr { host: "127.4.127.68" port: 43051 } health_report { overall_health: UNKNOWN } } peers { permanent_uuid: "43e382e9d5d6424ba31803d391c93da9" member_type: VOTER last_known_addr { host: "127.4.127.65" port: 39697 } health_report { overall_health: HEALTHY } } peers { permanent_uuid: "5bc408eed8ff4bcea00fbf822a9fd7cd" member_type: VOTER last_known_addr { host: "127.4.127.66" port: 45541 } health_report { overall_health: UNKNOWN } } }
I20260608 12:54:09.629987  7920 consensus_queue.cc:260] T 6aa8564e7f73493baa360fd5b7fbaa10 P 5bc408eed8ff4bcea00fbf822a9fd7cd [NON_LEADER]: Queue going to NON_LEADER mode. State: All replicated index: 0, Majority replicated index: 0, Committed index: 0, Last appended: 0.0, Last appended by leader: 0, Current term: 0, Majority size: -1, State: 0, Mode: NON_LEADER, active raft config: opid_index: -1 OBSOLETE_local: false peers { permanent_uuid: "69f7de8084b245ccb650b9c3e3a436c9" member_type: VOTER last_known_addr { host: "127.4.127.68" port: 43051 } } peers { permanent_uuid: "43e382e9d5d6424ba31803d391c93da9" member_type: VOTER last_known_addr { host: "127.4.127.65" port: 39697 } } peers { permanent_uuid: "5bc408eed8ff4bcea00fbf822a9fd7cd" member_type: VOTER last_known_addr { host: "127.4.127.66" port: 45541 } }
I20260608 12:54:09.676342  7868 tablet_service.cc:1917] Received RequestConsensusVote() RPC: tablet_id: "25fe70b400e444f9980279170efed1b6" candidate_uuid: "43e382e9d5d6424ba31803d391c93da9" candidate_term: 1 candidate_status { last_received { term: 0 index: 0 } } ignore_live_leader: false dest_uuid: "69f7de8084b245ccb650b9c3e3a436c9"
I20260608 12:54:09.679862  7919 tablet_bootstrap.cc:492] T 1f26aea36e254295b1bf189e99b59f14 P 69f7de8084b245ccb650b9c3e3a436c9: No bootstrap required, opened a new log
I20260608 12:54:09.680404  7919 ts_tablet_manager.cc:1403] T 1f26aea36e254295b1bf189e99b59f14 P 69f7de8084b245ccb650b9c3e3a436c9: Time spent bootstrapping tablet: real 0.063s	user 0.015s	sys 0.000s
I20260608 12:54:09.682281  7868 tablet_service.cc:1917] Received RequestConsensusVote() RPC: tablet_id: "6aa8564e7f73493baa360fd5b7fbaa10" candidate_uuid: "43e382e9d5d6424ba31803d391c93da9" candidate_term: 1 candidate_status { last_received { term: 0 index: 0 } } ignore_live_leader: false dest_uuid: "69f7de8084b245ccb650b9c3e3a436c9" is_pre_election: true
W20260608 12:54:09.683897  7608 leader_election.cc:343] T 9d3275959a7048b19ad46c2caea9c8f0 P 5bc408eed8ff4bcea00fbf822a9fd7cd [CANDIDATE]: Term 1 pre-election: Tablet error from VoteRequest() call to peer 69f7de8084b245ccb650b9c3e3a436c9 (127.4.127.68:43051): Illegal state: must be running to vote when last-logged opid is not known
I20260608 12:54:09.684454  7608 leader_election.cc:304] T 9d3275959a7048b19ad46c2caea9c8f0 P 5bc408eed8ff4bcea00fbf822a9fd7cd [CANDIDATE]: Term 1 pre-election: Election decided. Result: candidate lost. Election summary: received 3 responses out of 3 voters: 1 yes votes; 2 no votes. yes voters: 5bc408eed8ff4bcea00fbf822a9fd7cd; no voters: 69f7de8084b245ccb650b9c3e3a436c9, d3d91990bab142ce86d3cb63f6f32a5a
I20260608 12:54:09.684234  7919 raft_consensus.cc:359] T 1f26aea36e254295b1bf189e99b59f14 P 69f7de8084b245ccb650b9c3e3a436c9 [term 0 FOLLOWER]: Replica starting. Triggering 0 pending ops. Active config: opid_index: -1 OBSOLETE_local: false peers { permanent_uuid: "69f7de8084b245ccb650b9c3e3a436c9" member_type: VOTER last_known_addr { host: "127.4.127.68" port: 43051 } } peers { permanent_uuid: "d3d91990bab142ce86d3cb63f6f32a5a" member_type: VOTER last_known_addr { host: "127.4.127.67" port: 41223 } } peers { permanent_uuid: "43e382e9d5d6424ba31803d391c93da9" member_type: VOTER last_known_addr { host: "127.4.127.65" port: 39697 } }
I20260608 12:54:09.686069  7936 raft_consensus.cc:2749] T 9d3275959a7048b19ad46c2caea9c8f0 P 5bc408eed8ff4bcea00fbf822a9fd7cd [term 0 FOLLOWER]: Leader pre-election lost for term 1. Reason: could not achieve majority
I20260608 12:54:09.693478  7533 leader_election.cc:304] T b32bb51c23844f25bc038f11163505e5 P 43e382e9d5d6424ba31803d391c93da9 [CANDIDATE]: Term 1 pre-election: Election decided. Result: candidate lost. Election summary: received 3 responses out of 3 voters: 1 yes votes; 2 no votes. yes voters: 43e382e9d5d6424ba31803d391c93da9; no voters: 69f7de8084b245ccb650b9c3e3a436c9, d3d91990bab142ce86d3cb63f6f32a5a
I20260608 12:54:09.695715  7912 tablet_bootstrap.cc:492] T 6af4c010a04e40d9b69b53dc7b98feff P 43e382e9d5d6424ba31803d391c93da9: No bootstrap required, opened a new log
I20260608 12:54:09.696758  7912 ts_tablet_manager.cc:1403] T 6af4c010a04e40d9b69b53dc7b98feff P 43e382e9d5d6424ba31803d391c93da9: Time spent bootstrapping tablet: real 0.086s	user 0.012s	sys 0.006s
I20260608 12:54:09.699900  7912 raft_consensus.cc:359] T 6af4c010a04e40d9b69b53dc7b98feff P 43e382e9d5d6424ba31803d391c93da9 [term 0 FOLLOWER]: Replica starting. Triggering 0 pending ops. Active config: opid_index: -1 OBSOLETE_local: false peers { permanent_uuid: "43e382e9d5d6424ba31803d391c93da9" member_type: VOTER last_known_addr { host: "127.4.127.65" port: 39697 } } peers { permanent_uuid: "5bc408eed8ff4bcea00fbf822a9fd7cd" member_type: VOTER last_known_addr { host: "127.4.127.66" port: 45541 } } peers { permanent_uuid: "69f7de8084b245ccb650b9c3e3a436c9" member_type: VOTER last_known_addr { host: "127.4.127.68" port: 43051 } }
I20260608 12:54:09.700716  7912 raft_consensus.cc:385] T 6af4c010a04e40d9b69b53dc7b98feff P 43e382e9d5d6424ba31803d391c93da9 [term 0 FOLLOWER]: Consensus starting up: Expiring failure detector timer to make a prompt election more likely
I20260608 12:54:09.701014  7912 raft_consensus.cc:740] T 6af4c010a04e40d9b69b53dc7b98feff P 43e382e9d5d6424ba31803d391c93da9 [term 0 FOLLOWER]: Becoming Follower/Learner. State: Replica: 43e382e9d5d6424ba31803d391c93da9, State: Initialized, Role: FOLLOWER
I20260608 12:54:09.686867  7919 raft_consensus.cc:385] T 1f26aea36e254295b1bf189e99b59f14 P 69f7de8084b245ccb650b9c3e3a436c9 [term 0 FOLLOWER]: Consensus starting up: Expiring failure detector timer to make a prompt election more likely
I20260608 12:54:09.705189  7919 raft_consensus.cc:740] T 1f26aea36e254295b1bf189e99b59f14 P 69f7de8084b245ccb650b9c3e3a436c9 [term 0 FOLLOWER]: Becoming Follower/Learner. State: Replica: 69f7de8084b245ccb650b9c3e3a436c9, State: Initialized, Role: FOLLOWER
I20260608 12:54:09.705071  7715 tablet_service.cc:1917] Received RequestConsensusVote() RPC: tablet_id: "b32bb51c23844f25bc038f11163505e5" candidate_uuid: "69f7de8084b245ccb650b9c3e3a436c9" candidate_term: 1 candidate_status { last_received { term: 0 index: 0 } } ignore_live_leader: false dest_uuid: "d3d91990bab142ce86d3cb63f6f32a5a"
W20260608 12:54:09.704480  7533 leader_election.cc:343] T 25fe70b400e444f9980279170efed1b6 P 43e382e9d5d6424ba31803d391c93da9 [CANDIDATE]: Term 1 pre-election: Tablet error from VoteRequest() call to peer 69f7de8084b245ccb650b9c3e3a436c9 (127.4.127.68:43051): Illegal state: must be running to vote when last-logged opid is not known
I20260608 12:54:09.688189  7567 raft_consensus.cc:2468] T b32bb51c23844f25bc038f11163505e5 P 43e382e9d5d6424ba31803d391c93da9 [term 1 FOLLOWER]: Leader election vote request: Granting yes vote for candidate 69f7de8084b245ccb650b9c3e3a436c9 in term 1.
I20260608 12:54:09.705476  7920 ts_tablet_manager.cc:1434] T 6aa8564e7f73493baa360fd5b7fbaa10 P 5bc408eed8ff4bcea00fbf822a9fd7cd: Time spent starting tablet: real 0.084s	user 0.003s	sys 0.005s
I20260608 12:54:09.705508  7716 tablet_service.cc:1917] Received RequestConsensusVote() RPC: tablet_id: "b32bb51c23844f25bc038f11163505e5" candidate_uuid: "69f7de8084b245ccb650b9c3e3a436c9" candidate_term: 1 candidate_status { last_received { term: 0 index: 0 } } ignore_live_leader: false dest_uuid: "d3d91990bab142ce86d3cb63f6f32a5a" is_pre_election: true
I20260608 12:54:09.708736  7920 tablet_bootstrap.cc:492] T 39d1df6a1b5f4a6bb7f3ed9ec01ea135 P 5bc408eed8ff4bcea00fbf822a9fd7cd: Bootstrap starting.
I20260608 12:54:09.709383  7919 consensus_queue.cc:260] T 1f26aea36e254295b1bf189e99b59f14 P 69f7de8084b245ccb650b9c3e3a436c9 [NON_LEADER]: Queue going to NON_LEADER mode. State: All replicated index: 0, Majority replicated index: 0, Committed index: 0, Last appended: 0.0, Last appended by leader: 0, Current term: 0, Majority size: -1, State: 0, Mode: NON_LEADER, active raft config: opid_index: -1 OBSOLETE_local: false peers { permanent_uuid: "69f7de8084b245ccb650b9c3e3a436c9" member_type: VOTER last_known_addr { host: "127.4.127.68" port: 43051 } } peers { permanent_uuid: "d3d91990bab142ce86d3cb63f6f32a5a" member_type: VOTER last_known_addr { host: "127.4.127.67" port: 41223 } } peers { permanent_uuid: "43e382e9d5d6424ba31803d391c93da9" member_type: VOTER last_known_addr { host: "127.4.127.65" port: 39697 } }
W20260608 12:54:09.707347  7533 leader_election.cc:343] T 25fe70b400e444f9980279170efed1b6 P 43e382e9d5d6424ba31803d391c93da9 [CANDIDATE]: Term 1 election: Tablet error from VoteRequest() call to peer 69f7de8084b245ccb650b9c3e3a436c9 (127.4.127.68:43051): Illegal state: must be running to vote when last-logged opid is not known
W20260608 12:54:09.712867  7533 leader_election.cc:343] T 6aa8564e7f73493baa360fd5b7fbaa10 P 43e382e9d5d6424ba31803d391c93da9 [CANDIDATE]: Term 1 pre-election: Tablet error from VoteRequest() call to peer 69f7de8084b245ccb650b9c3e3a436c9 (127.4.127.68:43051): Illegal state: must be running to vote when last-logged opid is not known
I20260608 12:54:09.713934  7934 raft_consensus.cc:2749] T b32bb51c23844f25bc038f11163505e5 P 43e382e9d5d6424ba31803d391c93da9 [term 1 FOLLOWER]: Leader pre-election lost for term 1. Reason: could not achieve majority
I20260608 12:54:09.715763  7919 ts_tablet_manager.cc:1434] T 1f26aea36e254295b1bf189e99b59f14 P 69f7de8084b245ccb650b9c3e3a436c9: Time spent starting tablet: real 0.035s	user 0.005s	sys 0.004s
W20260608 12:54:09.715322  7832 leader_election.cc:343] T b32bb51c23844f25bc038f11163505e5 P 69f7de8084b245ccb650b9c3e3a436c9 [CANDIDATE]: Term 1 election: Tablet error from VoteRequest() call to peer d3d91990bab142ce86d3cb63f6f32a5a (127.4.127.67:41223): Illegal state: must be running to vote when last-logged opid is not known
I20260608 12:54:09.716693  7918 tablet_bootstrap.cc:654] T b32bb51c23844f25bc038f11163505e5 P d3d91990bab142ce86d3cb63f6f32a5a: Neither blocks nor log segments found. Creating new log.
I20260608 12:54:09.716924  7919 tablet_bootstrap.cc:492] T 9d3275959a7048b19ad46c2caea9c8f0 P 69f7de8084b245ccb650b9c3e3a436c9: Bootstrap starting.
W20260608 12:54:09.718261  7832 leader_election.cc:343] T b32bb51c23844f25bc038f11163505e5 P 69f7de8084b245ccb650b9c3e3a436c9 [CANDIDATE]: Term 1 pre-election: Tablet error from VoteRequest() call to peer d3d91990bab142ce86d3cb63f6f32a5a (127.4.127.67:41223): Illegal state: must be running to vote when last-logged opid is not known
I20260608 12:54:09.719086  7533 leader_election.cc:304] T 6aa8564e7f73493baa360fd5b7fbaa10 P 43e382e9d5d6424ba31803d391c93da9 [CANDIDATE]: Term 1 pre-election: Election decided. Result: candidate lost. Election summary: received 3 responses out of 3 voters: 1 yes votes; 2 no votes. yes voters: 43e382e9d5d6424ba31803d391c93da9; no voters: 5bc408eed8ff4bcea00fbf822a9fd7cd, 69f7de8084b245ccb650b9c3e3a436c9
I20260608 12:54:09.719976  7934 raft_consensus.cc:2749] T 6aa8564e7f73493baa360fd5b7fbaa10 P 43e382e9d5d6424ba31803d391c93da9 [term 0 FOLLOWER]: Leader pre-election lost for term 1. Reason: could not achieve majority
I20260608 12:54:09.715233  7912 consensus_queue.cc:260] T 6af4c010a04e40d9b69b53dc7b98feff P 43e382e9d5d6424ba31803d391c93da9 [NON_LEADER]: Queue going to NON_LEADER mode. State: All replicated index: 0, Majority replicated index: 0, Committed index: 0, Last appended: 0.0, Last appended by leader: 0, Current term: 0, Majority size: -1, State: 0, Mode: NON_LEADER, active raft config: opid_index: -1 OBSOLETE_local: false peers { permanent_uuid: "43e382e9d5d6424ba31803d391c93da9" member_type: VOTER last_known_addr { host: "127.4.127.65" port: 39697 } } peers { permanent_uuid: "5bc408eed8ff4bcea00fbf822a9fd7cd" member_type: VOTER last_known_addr { host: "127.4.127.66" port: 45541 } } peers { permanent_uuid: "69f7de8084b245ccb650b9c3e3a436c9" member_type: VOTER last_known_addr { host: "127.4.127.68" port: 43051 } }
I20260608 12:54:09.721345  7832 leader_election.cc:304] T b32bb51c23844f25bc038f11163505e5 P 69f7de8084b245ccb650b9c3e3a436c9 [CANDIDATE]: Term 1 election: Election decided. Result: candidate won. Election summary: received 3 responses out of 3 voters: 2 yes votes; 1 no votes. yes voters: 43e382e9d5d6424ba31803d391c93da9, 69f7de8084b245ccb650b9c3e3a436c9; no voters: d3d91990bab142ce86d3cb63f6f32a5a
I20260608 12:54:09.722227  7933 raft_consensus.cc:2804] T b32bb51c23844f25bc038f11163505e5 P 69f7de8084b245ccb650b9c3e3a436c9 [term 1 FOLLOWER]: Leader election won for term 1
I20260608 12:54:09.723397  7912 ts_tablet_manager.cc:1434] T 6af4c010a04e40d9b69b53dc7b98feff P 43e382e9d5d6424ba31803d391c93da9: Time spent starting tablet: real 0.026s	user 0.004s	sys 0.006s
I20260608 12:54:09.727667  7919 tablet_bootstrap.cc:654] T 9d3275959a7048b19ad46c2caea9c8f0 P 69f7de8084b245ccb650b9c3e3a436c9: Neither blocks nor log segments found. Creating new log.
I20260608 12:54:09.730808  7920 tablet_bootstrap.cc:654] T 39d1df6a1b5f4a6bb7f3ed9ec01ea135 P 5bc408eed8ff4bcea00fbf822a9fd7cd: Neither blocks nor log segments found. Creating new log.
I20260608 12:54:09.756448  7933 raft_consensus.cc:697] T b32bb51c23844f25bc038f11163505e5 P 69f7de8084b245ccb650b9c3e3a436c9 [term 1 LEADER]: Becoming Leader. State: Replica: 69f7de8084b245ccb650b9c3e3a436c9, State: Running, Role: LEADER
I20260608 12:54:09.757498  7933 consensus_queue.cc:237] T b32bb51c23844f25bc038f11163505e5 P 69f7de8084b245ccb650b9c3e3a436c9 [LEADER]: Queue going to LEADER mode. State: All replicated index: 0, Majority replicated index: 0, Committed index: 0, Last appended: 0.0, Last appended by leader: 0, Current term: 1, Majority size: 2, State: 0, Mode: LEADER, active raft config: opid_index: -1 OBSOLETE_local: false peers { permanent_uuid: "69f7de8084b245ccb650b9c3e3a436c9" member_type: VOTER last_known_addr { host: "127.4.127.68" port: 43051 } } peers { permanent_uuid: "d3d91990bab142ce86d3cb63f6f32a5a" member_type: VOTER last_known_addr { host: "127.4.127.67" port: 41223 } } peers { permanent_uuid: "43e382e9d5d6424ba31803d391c93da9" member_type: VOTER last_known_addr { host: "127.4.127.65" port: 39697 } }
I20260608 12:54:09.766268  7920 tablet_bootstrap.cc:492] T 39d1df6a1b5f4a6bb7f3ed9ec01ea135 P 5bc408eed8ff4bcea00fbf822a9fd7cd: No bootstrap required, opened a new log
I20260608 12:54:09.766932  7920 ts_tablet_manager.cc:1403] T 39d1df6a1b5f4a6bb7f3ed9ec01ea135 P 5bc408eed8ff4bcea00fbf822a9fd7cd: Time spent bootstrapping tablet: real 0.058s	user 0.008s	sys 0.007s
I20260608 12:54:09.766997  7936 raft_consensus.cc:493] T 6aa8564e7f73493baa360fd5b7fbaa10 P 5bc408eed8ff4bcea00fbf822a9fd7cd [term 0 FOLLOWER]: Starting pre-election (no leader contacted us within the election timeout)
I20260608 12:54:09.767117  7919 tablet_bootstrap.cc:492] T 9d3275959a7048b19ad46c2caea9c8f0 P 69f7de8084b245ccb650b9c3e3a436c9: No bootstrap required, opened a new log
I20260608 12:54:09.769846  7918 tablet_bootstrap.cc:492] T b32bb51c23844f25bc038f11163505e5 P d3d91990bab142ce86d3cb63f6f32a5a: No bootstrap required, opened a new log
I20260608 12:54:09.770437  7918 ts_tablet_manager.cc:1403] T b32bb51c23844f25bc038f11163505e5 P d3d91990bab142ce86d3cb63f6f32a5a: Time spent bootstrapping tablet: real 0.123s	user 0.011s	sys 0.020s
I20260608 12:54:09.770733  7934 raft_consensus.cc:493] T 334e2afd36cf4fa6b9e9d22fbe7b22d1 P 43e382e9d5d6424ba31803d391c93da9 [term 0 FOLLOWER]: Starting pre-election (no leader contacted us within the election timeout)
I20260608 12:54:09.771265  7934 raft_consensus.cc:515] T 334e2afd36cf4fa6b9e9d22fbe7b22d1 P 43e382e9d5d6424ba31803d391c93da9 [term 0 FOLLOWER]: Starting pre-election with config: opid_index: -1 OBSOLETE_local: false peers { permanent_uuid: "d3d91990bab142ce86d3cb63f6f32a5a" member_type: VOTER last_known_addr { host: "127.4.127.67" port: 41223 } } peers { permanent_uuid: "43e382e9d5d6424ba31803d391c93da9" member_type: VOTER last_known_addr { host: "127.4.127.65" port: 39697 } } peers { permanent_uuid: "69f7de8084b245ccb650b9c3e3a436c9" member_type: VOTER last_known_addr { host: "127.4.127.68" port: 43051 } }
I20260608 12:54:09.771662  7920 raft_consensus.cc:359] T 39d1df6a1b5f4a6bb7f3ed9ec01ea135 P 5bc408eed8ff4bcea00fbf822a9fd7cd [term 0 FOLLOWER]: Replica starting. Triggering 0 pending ops. Active config: opid_index: -1 OBSOLETE_local: false peers { permanent_uuid: "69f7de8084b245ccb650b9c3e3a436c9" member_type: VOTER last_known_addr { host: "127.4.127.68" port: 43051 } } peers { permanent_uuid: "5bc408eed8ff4bcea00fbf822a9fd7cd" member_type: VOTER last_known_addr { host: "127.4.127.66" port: 45541 } } peers { permanent_uuid: "d3d91990bab142ce86d3cb63f6f32a5a" member_type: VOTER last_known_addr { host: "127.4.127.67" port: 41223 } }
I20260608 12:54:09.772419  7920 raft_consensus.cc:385] T 39d1df6a1b5f4a6bb7f3ed9ec01ea135 P 5bc408eed8ff4bcea00fbf822a9fd7cd [term 0 FOLLOWER]: Consensus starting up: Expiring failure detector timer to make a prompt election more likely
I20260608 12:54:09.772732  7920 raft_consensus.cc:740] T 39d1df6a1b5f4a6bb7f3ed9ec01ea135 P 5bc408eed8ff4bcea00fbf822a9fd7cd [term 0 FOLLOWER]: Becoming Follower/Learner. State: Replica: 5bc408eed8ff4bcea00fbf822a9fd7cd, State: Initialized, Role: FOLLOWER
I20260608 12:54:09.767618  7936 raft_consensus.cc:515] T 6aa8564e7f73493baa360fd5b7fbaa10 P 5bc408eed8ff4bcea00fbf822a9fd7cd [term 0 FOLLOWER]: Starting pre-election with config: opid_index: -1 OBSOLETE_local: false peers { permanent_uuid: "69f7de8084b245ccb650b9c3e3a436c9" member_type: VOTER last_known_addr { host: "127.4.127.68" port: 43051 } } peers { permanent_uuid: "43e382e9d5d6424ba31803d391c93da9" member_type: VOTER last_known_addr { host: "127.4.127.65" port: 39697 } } peers { permanent_uuid: "5bc408eed8ff4bcea00fbf822a9fd7cd" member_type: VOTER last_known_addr { host: "127.4.127.66" port: 45541 } }
I20260608 12:54:09.773599  7934 leader_election.cc:290] T 334e2afd36cf4fa6b9e9d22fbe7b22d1 P 43e382e9d5d6424ba31803d391c93da9 [CANDIDATE]: Term 1 pre-election: Requested pre-vote from peers d3d91990bab142ce86d3cb63f6f32a5a (127.4.127.67:41223), 69f7de8084b245ccb650b9c3e3a436c9 (127.4.127.68:43051)
I20260608 12:54:09.774060  7918 raft_consensus.cc:359] T b32bb51c23844f25bc038f11163505e5 P d3d91990bab142ce86d3cb63f6f32a5a [term 0 FOLLOWER]: Replica starting. Triggering 0 pending ops. Active config: opid_index: -1 OBSOLETE_local: false peers { permanent_uuid: "69f7de8084b245ccb650b9c3e3a436c9" member_type: VOTER last_known_addr { host: "127.4.127.68" port: 43051 } } peers { permanent_uuid: "d3d91990bab142ce86d3cb63f6f32a5a" member_type: VOTER last_known_addr { host: "127.4.127.67" port: 41223 } } peers { permanent_uuid: "43e382e9d5d6424ba31803d391c93da9" member_type: VOTER last_known_addr { host: "127.4.127.65" port: 39697 } }
I20260608 12:54:09.774873  7918 raft_consensus.cc:385] T b32bb51c23844f25bc038f11163505e5 P d3d91990bab142ce86d3cb63f6f32a5a [term 0 FOLLOWER]: Consensus starting up: Expiring failure detector timer to make a prompt election more likely
I20260608 12:54:09.775216  7918 raft_consensus.cc:740] T b32bb51c23844f25bc038f11163505e5 P d3d91990bab142ce86d3cb63f6f32a5a [term 0 FOLLOWER]: Becoming Follower/Learner. State: Replica: d3d91990bab142ce86d3cb63f6f32a5a, State: Initialized, Role: FOLLOWER
I20260608 12:54:09.776114  7918 consensus_queue.cc:260] T b32bb51c23844f25bc038f11163505e5 P d3d91990bab142ce86d3cb63f6f32a5a [NON_LEADER]: Queue going to NON_LEADER mode. State: All replicated index: 0, Majority replicated index: 0, Committed index: 0, Last appended: 0.0, Last appended by leader: 0, Current term: 0, Majority size: -1, State: 0, Mode: NON_LEADER, active raft config: opid_index: -1 OBSOLETE_local: false peers { permanent_uuid: "69f7de8084b245ccb650b9c3e3a436c9" member_type: VOTER last_known_addr { host: "127.4.127.68" port: 43051 } } peers { permanent_uuid: "d3d91990bab142ce86d3cb63f6f32a5a" member_type: VOTER last_known_addr { host: "127.4.127.67" port: 41223 } } peers { permanent_uuid: "43e382e9d5d6424ba31803d391c93da9" member_type: VOTER last_known_addr { host: "127.4.127.65" port: 39697 } }
I20260608 12:54:09.767789  7919 ts_tablet_manager.cc:1403] T 9d3275959a7048b19ad46c2caea9c8f0 P 69f7de8084b245ccb650b9c3e3a436c9: Time spent bootstrapping tablet: real 0.051s	user 0.011s	sys 0.008s
I20260608 12:54:09.776652  7716 tablet_service.cc:1917] Received RequestConsensusVote() RPC: tablet_id: "334e2afd36cf4fa6b9e9d22fbe7b22d1" candidate_uuid: "43e382e9d5d6424ba31803d391c93da9" candidate_term: 1 candidate_status { last_received { term: 0 index: 0 } } ignore_live_leader: false dest_uuid: "d3d91990bab142ce86d3cb63f6f32a5a" is_pre_election: true
I20260608 12:54:09.777333  7716 raft_consensus.cc:2468] T 334e2afd36cf4fa6b9e9d22fbe7b22d1 P d3d91990bab142ce86d3cb63f6f32a5a [term 0 FOLLOWER]: Leader pre-election vote request: Granting yes vote for candidate 43e382e9d5d6424ba31803d391c93da9 in term 0.
I20260608 12:54:09.777033  7920 consensus_queue.cc:260] T 39d1df6a1b5f4a6bb7f3ed9ec01ea135 P 5bc408eed8ff4bcea00fbf822a9fd7cd [NON_LEADER]: Queue going to NON_LEADER mode. State: All replicated index: 0, Majority replicated index: 0, Committed index: 0, Last appended: 0.0, Last appended by leader: 0, Current term: 0, Majority size: -1, State: 0, Mode: NON_LEADER, active raft config: opid_index: -1 OBSOLETE_local: false peers { permanent_uuid: "69f7de8084b245ccb650b9c3e3a436c9" member_type: VOTER last_known_addr { host: "127.4.127.68" port: 43051 } } peers { permanent_uuid: "5bc408eed8ff4bcea00fbf822a9fd7cd" member_type: VOTER last_known_addr { host: "127.4.127.66" port: 45541 } } peers { permanent_uuid: "d3d91990bab142ce86d3cb63f6f32a5a" member_type: VOTER last_known_addr { host: "127.4.127.67" port: 41223 } }
I20260608 12:54:09.778398  7868 tablet_service.cc:1917] Received RequestConsensusVote() RPC: tablet_id: "334e2afd36cf4fa6b9e9d22fbe7b22d1" candidate_uuid: "43e382e9d5d6424ba31803d391c93da9" candidate_term: 1 candidate_status { last_received { term: 0 index: 0 } } ignore_live_leader: false dest_uuid: "69f7de8084b245ccb650b9c3e3a436c9" is_pre_election: true
I20260608 12:54:09.779521  7920 ts_tablet_manager.cc:1434] T 39d1df6a1b5f4a6bb7f3ed9ec01ea135 P 5bc408eed8ff4bcea00fbf822a9fd7cd: Time spent starting tablet: real 0.012s	user 0.005s	sys 0.001s
I20260608 12:54:09.780084  7867 tablet_service.cc:1917] Received RequestConsensusVote() RPC: tablet_id: "6aa8564e7f73493baa360fd5b7fbaa10" candidate_uuid: "5bc408eed8ff4bcea00fbf822a9fd7cd" candidate_term: 1 candidate_status { last_received { term: 0 index: 0 } } ignore_live_leader: false dest_uuid: "69f7de8084b245ccb650b9c3e3a436c9" is_pre_election: true
W20260608 12:54:09.780365  7533 leader_election.cc:343] T 334e2afd36cf4fa6b9e9d22fbe7b22d1 P 43e382e9d5d6424ba31803d391c93da9 [CANDIDATE]: Term 1 pre-election: Tablet error from VoteRequest() call to peer 69f7de8084b245ccb650b9c3e3a436c9 (127.4.127.68:43051): Illegal state: must be running to vote when last-logged opid is not known
I20260608 12:54:09.781534  7533 leader_election.cc:304] T 334e2afd36cf4fa6b9e9d22fbe7b22d1 P 43e382e9d5d6424ba31803d391c93da9 [CANDIDATE]: Term 1 pre-election: Election decided. Result: candidate won. Election summary: received 3 responses out of 3 voters: 2 yes votes; 1 no votes. yes voters: 43e382e9d5d6424ba31803d391c93da9, d3d91990bab142ce86d3cb63f6f32a5a; no voters: 69f7de8084b245ccb650b9c3e3a436c9
I20260608 12:54:09.781710  7567 tablet_service.cc:1917] Received RequestConsensusVote() RPC: tablet_id: "6aa8564e7f73493baa360fd5b7fbaa10" candidate_uuid: "5bc408eed8ff4bcea00fbf822a9fd7cd" candidate_term: 1 candidate_status { last_received { term: 0 index: 0 } } ignore_live_leader: false dest_uuid: "43e382e9d5d6424ba31803d391c93da9" is_pre_election: true
I20260608 12:54:09.782338  7567 raft_consensus.cc:2468] T 6aa8564e7f73493baa360fd5b7fbaa10 P 43e382e9d5d6424ba31803d391c93da9 [term 0 FOLLOWER]: Leader pre-election vote request: Granting yes vote for candidate 5bc408eed8ff4bcea00fbf822a9fd7cd in term 0.
I20260608 12:54:09.783167  7934 raft_consensus.cc:2804] T 334e2afd36cf4fa6b9e9d22fbe7b22d1 P 43e382e9d5d6424ba31803d391c93da9 [term 0 FOLLOWER]: Leader pre-election won for term 1
I20260608 12:54:09.783577  7934 raft_consensus.cc:493] T 334e2afd36cf4fa6b9e9d22fbe7b22d1 P 43e382e9d5d6424ba31803d391c93da9 [term 0 FOLLOWER]: Starting leader election (no leader contacted us within the election timeout)
I20260608 12:54:09.783934  7934 raft_consensus.cc:3060] T 334e2afd36cf4fa6b9e9d22fbe7b22d1 P 43e382e9d5d6424ba31803d391c93da9 [term 0 FOLLOWER]: Advancing to term 1
I20260608 12:54:09.784019  7918 ts_tablet_manager.cc:1434] T b32bb51c23844f25bc038f11163505e5 P d3d91990bab142ce86d3cb63f6f32a5a: Time spent starting tablet: real 0.013s	user 0.003s	sys 0.003s
I20260608 12:54:09.775336  7936 leader_election.cc:290] T 6aa8564e7f73493baa360fd5b7fbaa10 P 5bc408eed8ff4bcea00fbf822a9fd7cd [CANDIDATE]: Term 1 pre-election: Requested pre-vote from peers 69f7de8084b245ccb650b9c3e3a436c9 (127.4.127.68:43051), 43e382e9d5d6424ba31803d391c93da9 (127.4.127.65:39697)
W20260608 12:54:09.783900  7608 leader_election.cc:343] T 6aa8564e7f73493baa360fd5b7fbaa10 P 5bc408eed8ff4bcea00fbf822a9fd7cd [CANDIDATE]: Term 1 pre-election: Tablet error from VoteRequest() call to peer 69f7de8084b245ccb650b9c3e3a436c9 (127.4.127.68:43051): Illegal state: must be running to vote when last-logged opid is not known
I20260608 12:54:09.785528  7918 tablet_bootstrap.cc:492] T 9d3275959a7048b19ad46c2caea9c8f0 P d3d91990bab142ce86d3cb63f6f32a5a: Bootstrap starting.
I20260608 12:54:09.785722  7608 leader_election.cc:304] T 6aa8564e7f73493baa360fd5b7fbaa10 P 5bc408eed8ff4bcea00fbf822a9fd7cd [CANDIDATE]: Term 1 pre-election: Election decided. Result: candidate won. Election summary: received 3 responses out of 3 voters: 2 yes votes; 1 no votes. yes voters: 43e382e9d5d6424ba31803d391c93da9, 5bc408eed8ff4bcea00fbf822a9fd7cd; no voters: 69f7de8084b245ccb650b9c3e3a436c9
I20260608 12:54:09.786880  7936 raft_consensus.cc:2804] T 6aa8564e7f73493baa360fd5b7fbaa10 P 5bc408eed8ff4bcea00fbf822a9fd7cd [term 0 FOLLOWER]: Leader pre-election won for term 1
I20260608 12:54:09.787236  7936 raft_consensus.cc:493] T 6aa8564e7f73493baa360fd5b7fbaa10 P 5bc408eed8ff4bcea00fbf822a9fd7cd [term 0 FOLLOWER]: Starting leader election (no leader contacted us within the election timeout)
I20260608 12:54:09.787590  7936 raft_consensus.cc:3060] T 6aa8564e7f73493baa360fd5b7fbaa10 P 5bc408eed8ff4bcea00fbf822a9fd7cd [term 0 FOLLOWER]: Advancing to term 1
I20260608 12:54:09.780439  7919 raft_consensus.cc:359] T 9d3275959a7048b19ad46c2caea9c8f0 P 69f7de8084b245ccb650b9c3e3a436c9 [term 0 FOLLOWER]: Replica starting. Triggering 0 pending ops. Active config: opid_index: -1 OBSOLETE_local: false peers { permanent_uuid: "69f7de8084b245ccb650b9c3e3a436c9" member_type: VOTER last_known_addr { host: "127.4.127.68" port: 43051 } } peers { permanent_uuid: "d3d91990bab142ce86d3cb63f6f32a5a" member_type: VOTER last_known_addr { host: "127.4.127.67" port: 41223 } } peers { permanent_uuid: "5bc408eed8ff4bcea00fbf822a9fd7cd" member_type: VOTER last_known_addr { host: "127.4.127.66" port: 45541 } }
I20260608 12:54:09.789258  7919 raft_consensus.cc:385] T 9d3275959a7048b19ad46c2caea9c8f0 P 69f7de8084b245ccb650b9c3e3a436c9 [term 0 FOLLOWER]: Consensus starting up: Expiring failure detector timer to make a prompt election more likely
I20260608 12:54:09.789587  7919 raft_consensus.cc:740] T 9d3275959a7048b19ad46c2caea9c8f0 P 69f7de8084b245ccb650b9c3e3a436c9 [term 0 FOLLOWER]: Becoming Follower/Learner. State: Replica: 69f7de8084b245ccb650b9c3e3a436c9, State: Initialized, Role: FOLLOWER
I20260608 12:54:09.790581  7919 consensus_queue.cc:260] T 9d3275959a7048b19ad46c2caea9c8f0 P 69f7de8084b245ccb650b9c3e3a436c9 [NON_LEADER]: Queue going to NON_LEADER mode. State: All replicated index: 0, Majority replicated index: 0, Committed index: 0, Last appended: 0.0, Last appended by leader: 0, Current term: 0, Majority size: -1, State: 0, Mode: NON_LEADER, active raft config: opid_index: -1 OBSOLETE_local: false peers { permanent_uuid: "69f7de8084b245ccb650b9c3e3a436c9" member_type: VOTER last_known_addr { host: "127.4.127.68" port: 43051 } } peers { permanent_uuid: "d3d91990bab142ce86d3cb63f6f32a5a" member_type: VOTER last_known_addr { host: "127.4.127.67" port: 41223 } } peers { permanent_uuid: "5bc408eed8ff4bcea00fbf822a9fd7cd" member_type: VOTER last_known_addr { host: "127.4.127.66" port: 45541 } }
I20260608 12:54:09.793071  7919 ts_tablet_manager.cc:1434] T 9d3275959a7048b19ad46c2caea9c8f0 P 69f7de8084b245ccb650b9c3e3a436c9: Time spent starting tablet: real 0.016s	user 0.006s	sys 0.000s
I20260608 12:54:09.794312  7919 tablet_bootstrap.cc:492] T 6af4c010a04e40d9b69b53dc7b98feff P 69f7de8084b245ccb650b9c3e3a436c9: Bootstrap starting.
I20260608 12:54:09.800285  7936 raft_consensus.cc:515] T 6aa8564e7f73493baa360fd5b7fbaa10 P 5bc408eed8ff4bcea00fbf822a9fd7cd [term 1 FOLLOWER]: Starting leader election with config: opid_index: -1 OBSOLETE_local: false peers { permanent_uuid: "69f7de8084b245ccb650b9c3e3a436c9" member_type: VOTER last_known_addr { host: "127.4.127.68" port: 43051 } } peers { permanent_uuid: "43e382e9d5d6424ba31803d391c93da9" member_type: VOTER last_known_addr { host: "127.4.127.65" port: 39697 } } peers { permanent_uuid: "5bc408eed8ff4bcea00fbf822a9fd7cd" member_type: VOTER last_known_addr { host: "127.4.127.66" port: 45541 } }
I20260608 12:54:09.800278  7934 raft_consensus.cc:515] T 334e2afd36cf4fa6b9e9d22fbe7b22d1 P 43e382e9d5d6424ba31803d391c93da9 [term 1 FOLLOWER]: Starting leader election with config: opid_index: -1 OBSOLETE_local: false peers { permanent_uuid: "d3d91990bab142ce86d3cb63f6f32a5a" member_type: VOTER last_known_addr { host: "127.4.127.67" port: 41223 } } peers { permanent_uuid: "43e382e9d5d6424ba31803d391c93da9" member_type: VOTER last_known_addr { host: "127.4.127.65" port: 39697 } } peers { permanent_uuid: "69f7de8084b245ccb650b9c3e3a436c9" member_type: VOTER last_known_addr { host: "127.4.127.68" port: 43051 } }
I20260608 12:54:09.805135  7716 tablet_service.cc:1917] Received RequestConsensusVote() RPC: tablet_id: "334e2afd36cf4fa6b9e9d22fbe7b22d1" candidate_uuid: "43e382e9d5d6424ba31803d391c93da9" candidate_term: 1 candidate_status { last_received { term: 0 index: 0 } } ignore_live_leader: false dest_uuid: "d3d91990bab142ce86d3cb63f6f32a5a"
I20260608 12:54:09.805791  7716 raft_consensus.cc:3060] T 334e2afd36cf4fa6b9e9d22fbe7b22d1 P d3d91990bab142ce86d3cb63f6f32a5a [term 0 FOLLOWER]: Advancing to term 1
I20260608 12:54:09.808084  7867 tablet_service.cc:1917] Received RequestConsensusVote() RPC: tablet_id: "334e2afd36cf4fa6b9e9d22fbe7b22d1" candidate_uuid: "43e382e9d5d6424ba31803d391c93da9" candidate_term: 1 candidate_status { last_received { term: 0 index: 0 } } ignore_live_leader: false dest_uuid: "69f7de8084b245ccb650b9c3e3a436c9"
W20260608 12:54:09.811283  7533 leader_election.cc:343] T 334e2afd36cf4fa6b9e9d22fbe7b22d1 P 43e382e9d5d6424ba31803d391c93da9 [CANDIDATE]: Term 1 election: Tablet error from VoteRequest() call to peer 69f7de8084b245ccb650b9c3e3a436c9 (127.4.127.68:43051): Illegal state: must be running to vote when last-logged opid is not known
I20260608 12:54:09.813153  7918 tablet_bootstrap.cc:654] T 9d3275959a7048b19ad46c2caea9c8f0 P d3d91990bab142ce86d3cb63f6f32a5a: Neither blocks nor log segments found. Creating new log.
I20260608 12:54:09.812271  7567 tablet_service.cc:1917] Received RequestConsensusVote() RPC: tablet_id: "6aa8564e7f73493baa360fd5b7fbaa10" candidate_uuid: "5bc408eed8ff4bcea00fbf822a9fd7cd" candidate_term: 1 candidate_status { last_received { term: 0 index: 0 } } ignore_live_leader: false dest_uuid: "43e382e9d5d6424ba31803d391c93da9"
I20260608 12:54:09.812186  7867 tablet_service.cc:1917] Received RequestConsensusVote() RPC: tablet_id: "6aa8564e7f73493baa360fd5b7fbaa10" candidate_uuid: "5bc408eed8ff4bcea00fbf822a9fd7cd" candidate_term: 1 candidate_status { last_received { term: 0 index: 0 } } ignore_live_leader: false dest_uuid: "69f7de8084b245ccb650b9c3e3a436c9"
I20260608 12:54:09.813639  7567 raft_consensus.cc:3060] T 6aa8564e7f73493baa360fd5b7fbaa10 P 43e382e9d5d6424ba31803d391c93da9 [term 0 FOLLOWER]: Advancing to term 1
I20260608 12:54:09.815924  7903 raft_consensus.cc:493] T 6af4c010a04e40d9b69b53dc7b98feff P 5bc408eed8ff4bcea00fbf822a9fd7cd [term 0 FOLLOWER]: Starting pre-election (no leader contacted us within the election timeout)
I20260608 12:54:09.816496  7903 raft_consensus.cc:515] T 6af4c010a04e40d9b69b53dc7b98feff P 5bc408eed8ff4bcea00fbf822a9fd7cd [term 0 FOLLOWER]: Starting pre-election with config: opid_index: -1 OBSOLETE_local: false peers { permanent_uuid: "43e382e9d5d6424ba31803d391c93da9" member_type: VOTER last_known_addr { host: "127.4.127.65" port: 39697 } } peers { permanent_uuid: "5bc408eed8ff4bcea00fbf822a9fd7cd" member_type: VOTER last_known_addr { host: "127.4.127.66" port: 45541 } } peers { permanent_uuid: "69f7de8084b245ccb650b9c3e3a436c9" member_type: VOTER last_known_addr { host: "127.4.127.68" port: 43051 } }
I20260608 12:54:09.812853  7936 leader_election.cc:290] T 6aa8564e7f73493baa360fd5b7fbaa10 P 5bc408eed8ff4bcea00fbf822a9fd7cd [CANDIDATE]: Term 1 election: Requested vote from peers 69f7de8084b245ccb650b9c3e3a436c9 (127.4.127.68:43051), 43e382e9d5d6424ba31803d391c93da9 (127.4.127.65:39697)
I20260608 12:54:09.808898  7934 leader_election.cc:290] T 334e2afd36cf4fa6b9e9d22fbe7b22d1 P 43e382e9d5d6424ba31803d391c93da9 [CANDIDATE]: Term 1 election: Requested vote from peers d3d91990bab142ce86d3cb63f6f32a5a (127.4.127.67:41223), 69f7de8084b245ccb650b9c3e3a436c9 (127.4.127.68:43051)
I20260608 12:54:09.818745  7903 leader_election.cc:290] T 6af4c010a04e40d9b69b53dc7b98feff P 5bc408eed8ff4bcea00fbf822a9fd7cd [CANDIDATE]: Term 1 pre-election: Requested pre-vote from peers 43e382e9d5d6424ba31803d391c93da9 (127.4.127.65:39697), 69f7de8084b245ccb650b9c3e3a436c9 (127.4.127.68:43051)
W20260608 12:54:09.816388  7608 leader_election.cc:343] T 6aa8564e7f73493baa360fd5b7fbaa10 P 5bc408eed8ff4bcea00fbf822a9fd7cd [CANDIDATE]: Term 1 election: Tablet error from VoteRequest() call to peer 69f7de8084b245ccb650b9c3e3a436c9 (127.4.127.68:43051): Illegal state: must be running to vote when last-logged opid is not known
I20260608 12:54:09.820137  7716 raft_consensus.cc:2468] T 334e2afd36cf4fa6b9e9d22fbe7b22d1 P d3d91990bab142ce86d3cb63f6f32a5a [term 1 FOLLOWER]: Leader election vote request: Granting yes vote for candidate 43e382e9d5d6424ba31803d391c93da9 in term 1.
I20260608 12:54:09.821897  7568 tablet_service.cc:1917] Received RequestConsensusVote() RPC: tablet_id: "6af4c010a04e40d9b69b53dc7b98feff" candidate_uuid: "5bc408eed8ff4bcea00fbf822a9fd7cd" candidate_term: 1 candidate_status { last_received { term: 0 index: 0 } } ignore_live_leader: false dest_uuid: "43e382e9d5d6424ba31803d391c93da9" is_pre_election: true
I20260608 12:54:09.822131  7533 leader_election.cc:304] T 334e2afd36cf4fa6b9e9d22fbe7b22d1 P 43e382e9d5d6424ba31803d391c93da9 [CANDIDATE]: Term 1 election: Election decided. Result: candidate won. Election summary: received 3 responses out of 3 voters: 2 yes votes; 1 no votes. yes voters: 43e382e9d5d6424ba31803d391c93da9, d3d91990bab142ce86d3cb63f6f32a5a; no voters: 69f7de8084b245ccb650b9c3e3a436c9
I20260608 12:54:09.822589  7568 raft_consensus.cc:2468] T 6af4c010a04e40d9b69b53dc7b98feff P 43e382e9d5d6424ba31803d391c93da9 [term 0 FOLLOWER]: Leader pre-election vote request: Granting yes vote for candidate 5bc408eed8ff4bcea00fbf822a9fd7cd in term 0.
I20260608 12:54:09.823025  7867 tablet_service.cc:1917] Received RequestConsensusVote() RPC: tablet_id: "6af4c010a04e40d9b69b53dc7b98feff" candidate_uuid: "5bc408eed8ff4bcea00fbf822a9fd7cd" candidate_term: 1 candidate_status { last_received { term: 0 index: 0 } } ignore_live_leader: false dest_uuid: "69f7de8084b245ccb650b9c3e3a436c9" is_pre_election: true
I20260608 12:54:09.823545  7567 raft_consensus.cc:2468] T 6aa8564e7f73493baa360fd5b7fbaa10 P 43e382e9d5d6424ba31803d391c93da9 [term 1 FOLLOWER]: Leader election vote request: Granting yes vote for candidate 5bc408eed8ff4bcea00fbf822a9fd7cd in term 1.
I20260608 12:54:09.823949  7608 leader_election.cc:304] T 6af4c010a04e40d9b69b53dc7b98feff P 5bc408eed8ff4bcea00fbf822a9fd7cd [CANDIDATE]: Term 1 pre-election: Election decided. Result: candidate won. Election summary: received 2 responses out of 3 voters: 2 yes votes; 0 no votes. yes voters: 43e382e9d5d6424ba31803d391c93da9, 5bc408eed8ff4bcea00fbf822a9fd7cd; no voters: 
