I20260608 12:54:41.134815  9369 tablet_service.cc:1917] Received RequestConsensusVote() RPC: tablet_id: "b4f82e546e60490d9a81a6c47019b168" candidate_uuid: "7b16dce10f4c44ffae5987ebf50256e9" candidate_term: 1 candidate_status { last_received { term: 0 index: 0 } } ignore_live_leader: false dest_uuid: "73cef30345884d53af84977f3ad31804" is_pre_election: true
I20260608 12:54:41.135496  9567 ts_tablet_manager.cc:1434] T b4f82e546e60490d9a81a6c47019b168 P 73cef30345884d53af84977f3ad31804: Time spent starting tablet: real 0.008s	user 0.008s	sys 0.000s
I20260608 12:54:41.135443  9369 raft_consensus.cc:2468] T b4f82e546e60490d9a81a6c47019b168 P 73cef30345884d53af84977f3ad31804 [term 0 FOLLOWER]: Leader pre-election vote request: Granting yes vote for candidate 7b16dce10f4c44ffae5987ebf50256e9 in term 0.
W20260608 12:54:41.135695  9410 leader_election.cc:343] T b4f82e546e60490d9a81a6c47019b168 P 7b16dce10f4c44ffae5987ebf50256e9 [CANDIDATE]: Term 1 pre-election: Tablet error from VoteRequest() call to peer 85af712e0b8645ae997de8e8721f4c82 (127.4.188.67:46353): Illegal state: must be running to vote when last-logged opid is not known
I20260608 12:54:41.136631  9567 tablet_bootstrap.cc:492] T 09ba05ec2ba44ca6844f68e2e6664636 P 73cef30345884d53af84977f3ad31804: Bootstrap starting.
I20260608 12:54:41.137212  9409 leader_election.cc:304] T b4f82e546e60490d9a81a6c47019b168 P 7b16dce10f4c44ffae5987ebf50256e9 [CANDIDATE]: Term 1 pre-election: Election decided. Result: candidate won. Election summary: received 3 responses out of 3 voters: 2 yes votes; 1 no votes. yes voters: 73cef30345884d53af84977f3ad31804, 7b16dce10f4c44ffae5987ebf50256e9; no voters: 85af712e0b8645ae997de8e8721f4c82
I20260608 12:54:41.145826  9583 raft_consensus.cc:2804] T b4f82e546e60490d9a81a6c47019b168 P 7b16dce10f4c44ffae5987ebf50256e9 [term 0 FOLLOWER]: Leader pre-election won for term 1
I20260608 12:54:41.146140  9567 tablet_bootstrap.cc:654] T 09ba05ec2ba44ca6844f68e2e6664636 P 73cef30345884d53af84977f3ad31804: Neither blocks nor log segments found. Creating new log.
I20260608 12:54:41.146533  9583 raft_consensus.cc:493] T b4f82e546e60490d9a81a6c47019b168 P 7b16dce10f4c44ffae5987ebf50256e9 [term 0 FOLLOWER]: Starting leader election (no leader contacted us within the election timeout)
I20260608 12:54:41.147087  9583 raft_consensus.cc:3060] T b4f82e546e60490d9a81a6c47019b168 P 7b16dce10f4c44ffae5987ebf50256e9 [term 0 FOLLOWER]: Advancing to term 1
I20260608 12:54:41.158916  9567 tablet_bootstrap.cc:492] T 09ba05ec2ba44ca6844f68e2e6664636 P 73cef30345884d53af84977f3ad31804: No bootstrap required, opened a new log
I20260608 12:54:41.159454  9567 ts_tablet_manager.cc:1403] T 09ba05ec2ba44ca6844f68e2e6664636 P 73cef30345884d53af84977f3ad31804: Time spent bootstrapping tablet: real 0.023s	user 0.014s	sys 0.004s
I20260608 12:54:41.162369  9567 raft_consensus.cc:359] T 09ba05ec2ba44ca6844f68e2e6664636 P 73cef30345884d53af84977f3ad31804 [term 0 FOLLOWER]: Replica starting. Triggering 0 pending ops. Active config: opid_index: -1 OBSOLETE_local: false peers { permanent_uuid: "73cef30345884d53af84977f3ad31804" member_type: VOTER last_known_addr { host: "127.4.188.65" port: 36929 } } peers { permanent_uuid: "7b16dce10f4c44ffae5987ebf50256e9" member_type: VOTER last_known_addr { host: "127.4.188.66" port: 36565 } } peers { permanent_uuid: "85af712e0b8645ae997de8e8721f4c82" member_type: VOTER last_known_addr { host: "127.4.188.67" port: 46353 } }
I20260608 12:54:41.163110  9594 consensus_queue.cc:1048] T 96355d5e910340248c164589ecd75115 P 7b16dce10f4c44ffae5987ebf50256e9 [LEADER]: Connected to new peer: Peer: permanent_uuid: "73cef30345884d53af84977f3ad31804" member_type: VOTER last_known_addr { host: "127.4.188.65" port: 36929 }, Status: LMP_MISMATCH, Last received: 0.0, Next index: 1, Last known committed idx: 0, Time since last communication: 0.001s
I20260608 12:54:41.165009  9565 tablet_bootstrap.cc:492] T e4704ee18ba04a4bacce9ea69c40792a P 85af712e0b8645ae997de8e8721f4c82: No bootstrap required, opened a new log
I20260608 12:54:41.165524  9565 ts_tablet_manager.cc:1403] T e4704ee18ba04a4bacce9ea69c40792a P 85af712e0b8645ae997de8e8721f4c82: Time spent bootstrapping tablet: real 0.105s	user 0.010s	sys 0.004s
I20260608 12:54:41.170356  9594 raft_consensus.cc:493] T 9ae73c75eb8c4fc5b6a32b2f16a8c511 P 7b16dce10f4c44ffae5987ebf50256e9 [term 0 FOLLOWER]: Starting pre-election (no leader contacted us within the election timeout)
I20260608 12:54:41.171276  9594 raft_consensus.cc:515] T 9ae73c75eb8c4fc5b6a32b2f16a8c511 P 7b16dce10f4c44ffae5987ebf50256e9 [term 0 FOLLOWER]: Starting pre-election with config: opid_index: -1 OBSOLETE_local: false peers { permanent_uuid: "73cef30345884d53af84977f3ad31804" member_type: VOTER last_known_addr { host: "127.4.188.65" port: 36929 } } peers { permanent_uuid: "7b16dce10f4c44ffae5987ebf50256e9" member_type: VOTER last_known_addr { host: "127.4.188.66" port: 36565 } } peers { permanent_uuid: "85af712e0b8645ae997de8e8721f4c82" member_type: VOTER last_known_addr { host: "127.4.188.67" port: 46353 } }
I20260608 12:54:41.163115  9567 raft_consensus.cc:385] T 09ba05ec2ba44ca6844f68e2e6664636 P 73cef30345884d53af84977f3ad31804 [term 0 FOLLOWER]: Consensus starting up: Expiring failure detector timer to make a prompt election more likely
I20260608 12:54:41.172348  9567 raft_consensus.cc:740] T 09ba05ec2ba44ca6844f68e2e6664636 P 73cef30345884d53af84977f3ad31804 [term 0 FOLLOWER]: Becoming Follower/Learner. State: Replica: 73cef30345884d53af84977f3ad31804, State: Initialized, Role: FOLLOWER
I20260608 12:54:41.173136  9567 consensus_queue.cc:260] T 09ba05ec2ba44ca6844f68e2e6664636 P 73cef30345884d53af84977f3ad31804 [NON_LEADER]: Queue going to NON_LEADER mode. State: All replicated index: 0, Majority replicated index: 0, Committed index: 0, Last appended: 0.0, Last appended by leader: 0, Current term: 0, Majority size: -1, State: 0, Mode: NON_LEADER, active raft config: opid_index: -1 OBSOLETE_local: false peers { permanent_uuid: "73cef30345884d53af84977f3ad31804" member_type: VOTER last_known_addr { host: "127.4.188.65" port: 36929 } } peers { permanent_uuid: "7b16dce10f4c44ffae5987ebf50256e9" member_type: VOTER last_known_addr { host: "127.4.188.66" port: 36565 } } peers { permanent_uuid: "85af712e0b8645ae997de8e8721f4c82" member_type: VOTER last_known_addr { host: "127.4.188.67" port: 46353 } }
I20260608 12:54:41.174611  9565 raft_consensus.cc:359] T e4704ee18ba04a4bacce9ea69c40792a P 85af712e0b8645ae997de8e8721f4c82 [term 0 FOLLOWER]: Replica starting. Triggering 0 pending ops. Active config: opid_index: -1 OBSOLETE_local: false peers { permanent_uuid: "73cef30345884d53af84977f3ad31804" member_type: VOTER last_known_addr { host: "127.4.188.65" port: 36929 } } peers { permanent_uuid: "7b16dce10f4c44ffae5987ebf50256e9" member_type: VOTER last_known_addr { host: "127.4.188.66" port: 36565 } } peers { permanent_uuid: "85af712e0b8645ae997de8e8721f4c82" member_type: VOTER last_known_addr { host: "127.4.188.67" port: 46353 } }
I20260608 12:54:41.175200  9567 ts_tablet_manager.cc:1434] T 09ba05ec2ba44ca6844f68e2e6664636 P 73cef30345884d53af84977f3ad31804: Time spent starting tablet: real 0.015s	user 0.005s	sys 0.000s
I20260608 12:54:41.175279  9565 raft_consensus.cc:385] T e4704ee18ba04a4bacce9ea69c40792a P 85af712e0b8645ae997de8e8721f4c82 [term 0 FOLLOWER]: Consensus starting up: Expiring failure detector timer to make a prompt election more likely
I20260608 12:54:41.175639  9565 raft_consensus.cc:740] T e4704ee18ba04a4bacce9ea69c40792a P 85af712e0b8645ae997de8e8721f4c82 [term 0 FOLLOWER]: Becoming Follower/Learner. State: Replica: 85af712e0b8645ae997de8e8721f4c82, State: Initialized, Role: FOLLOWER
I20260608 12:54:41.176822  9518 tablet_service.cc:1917] Received RequestConsensusVote() RPC: tablet_id: "9ae73c75eb8c4fc5b6a32b2f16a8c511" candidate_uuid: "7b16dce10f4c44ffae5987ebf50256e9" candidate_term: 1 candidate_status { last_received { term: 0 index: 0 } } ignore_live_leader: false dest_uuid: "85af712e0b8645ae997de8e8721f4c82" is_pre_election: true
I20260608 12:54:41.176895  9565 consensus_queue.cc:260] T e4704ee18ba04a4bacce9ea69c40792a P 85af712e0b8645ae997de8e8721f4c82 [NON_LEADER]: Queue going to NON_LEADER mode. State: All replicated index: 0, Majority replicated index: 0, Committed index: 0, Last appended: 0.0, Last appended by leader: 0, Current term: 0, Majority size: -1, State: 0, Mode: NON_LEADER, active raft config: opid_index: -1 OBSOLETE_local: false peers { permanent_uuid: "73cef30345884d53af84977f3ad31804" member_type: VOTER last_known_addr { host: "127.4.188.65" port: 36929 } } peers { permanent_uuid: "7b16dce10f4c44ffae5987ebf50256e9" member_type: VOTER last_known_addr { host: "127.4.188.66" port: 36565 } } peers { permanent_uuid: "85af712e0b8645ae997de8e8721f4c82" member_type: VOTER last_known_addr { host: "127.4.188.67" port: 46353 } }
I20260608 12:54:41.181245  9594 leader_election.cc:290] T 9ae73c75eb8c4fc5b6a32b2f16a8c511 P 7b16dce10f4c44ffae5987ebf50256e9 [CANDIDATE]: Term 1 pre-election: Requested pre-vote from peers 73cef30345884d53af84977f3ad31804 (127.4.188.65:36929), 85af712e0b8645ae997de8e8721f4c82 (127.4.188.67:46353)
I20260608 12:54:41.181550  9370 tablet_service.cc:1917] Received RequestConsensusVote() RPC: tablet_id: "9ae73c75eb8c4fc5b6a32b2f16a8c511" candidate_uuid: "7b16dce10f4c44ffae5987ebf50256e9" candidate_term: 1 candidate_status { last_received { term: 0 index: 0 } } ignore_live_leader: false dest_uuid: "73cef30345884d53af84977f3ad31804" is_pre_election: true
I20260608 12:54:41.182753  9370 raft_consensus.cc:2393] T 9ae73c75eb8c4fc5b6a32b2f16a8c511 P 73cef30345884d53af84977f3ad31804 [term 1 FOLLOWER]: Leader pre-election vote request: Denying vote to candidate 7b16dce10f4c44ffae5987ebf50256e9 in current term 1: Already voted for candidate 85af712e0b8645ae997de8e8721f4c82 in this term.
I20260608 12:54:41.186694  9409 leader_election.cc:304] T 9ae73c75eb8c4fc5b6a32b2f16a8c511 P 7b16dce10f4c44ffae5987ebf50256e9 [CANDIDATE]: Term 1 pre-election: Election decided. Result: candidate lost. Election summary: received 3 responses out of 3 voters: 1 yes votes; 2 no votes. yes voters: 7b16dce10f4c44ffae5987ebf50256e9; no voters: 73cef30345884d53af84977f3ad31804, 85af712e0b8645ae997de8e8721f4c82
I20260608 12:54:41.189230  9594 raft_consensus.cc:3060] T 9ae73c75eb8c4fc5b6a32b2f16a8c511 P 7b16dce10f4c44ffae5987ebf50256e9 [term 0 FOLLOWER]: Advancing to term 1
I20260608 12:54:41.188421  9263 catalog_manager.cc:5696] T c3cb3d5727004d29a5c4b7fef7acbbb8 P 73cef30345884d53af84977f3ad31804 reported cstate change: term changed from 0 to 1, leader changed from <none> to 73cef30345884d53af84977f3ad31804 (127.4.188.65). New cstate: current_term: 1 leader_uuid: "73cef30345884d53af84977f3ad31804" committed_config { opid_index: -1 OBSOLETE_local: false peers { permanent_uuid: "85af712e0b8645ae997de8e8721f4c82" member_type: VOTER last_known_addr { host: "127.4.188.67" port: 46353 } health_report { overall_health: UNKNOWN } } peers { permanent_uuid: "7b16dce10f4c44ffae5987ebf50256e9" member_type: VOTER last_known_addr { host: "127.4.188.66" port: 36565 } health_report { overall_health: UNKNOWN } } peers { permanent_uuid: "73cef30345884d53af84977f3ad31804" member_type: VOTER last_known_addr { host: "127.4.188.65" port: 36929 } health_report { overall_health: HEALTHY } } }
I20260608 12:54:41.196208  9565 ts_tablet_manager.cc:1434] T e4704ee18ba04a4bacce9ea69c40792a P 85af712e0b8645ae997de8e8721f4c82: Time spent starting tablet: real 0.030s	user 0.007s	sys 0.000s
I20260608 12:54:41.199536  9565 tablet_bootstrap.cc:492] T 2a3b913c1edf4309adcacf33f018fd2d P 85af712e0b8645ae997de8e8721f4c82: Bootstrap starting.
I20260608 12:54:41.206243  9565 tablet_bootstrap.cc:654] T 2a3b913c1edf4309adcacf33f018fd2d P 85af712e0b8645ae997de8e8721f4c82: Neither blocks nor log segments found. Creating new log.
I20260608 12:54:41.187233  9583 raft_consensus.cc:515] T b4f82e546e60490d9a81a6c47019b168 P 7b16dce10f4c44ffae5987ebf50256e9 [term 1 FOLLOWER]: Starting leader election with config: opid_index: -1 OBSOLETE_local: false peers { permanent_uuid: "73cef30345884d53af84977f3ad31804" member_type: VOTER last_known_addr { host: "127.4.188.65" port: 36929 } } peers { permanent_uuid: "7b16dce10f4c44ffae5987ebf50256e9" member_type: VOTER last_known_addr { host: "127.4.188.66" port: 36565 } } peers { permanent_uuid: "85af712e0b8645ae997de8e8721f4c82" member_type: VOTER last_known_addr { host: "127.4.188.67" port: 46353 } }
I20260608 12:54:41.210824  9370 tablet_service.cc:1917] Received RequestConsensusVote() RPC: tablet_id: "b4f82e546e60490d9a81a6c47019b168" candidate_uuid: "7b16dce10f4c44ffae5987ebf50256e9" candidate_term: 1 candidate_status { last_received { term: 0 index: 0 } } ignore_live_leader: false dest_uuid: "73cef30345884d53af84977f3ad31804"
I20260608 12:54:41.211663  9370 raft_consensus.cc:3060] T b4f82e546e60490d9a81a6c47019b168 P 73cef30345884d53af84977f3ad31804 [term 0 FOLLOWER]: Advancing to term 1
I20260608 12:54:41.215225  9594 raft_consensus.cc:2749] T 9ae73c75eb8c4fc5b6a32b2f16a8c511 P 7b16dce10f4c44ffae5987ebf50256e9 [term 1 FOLLOWER]: Leader pre-election lost for term 1. Reason: could not achieve majority
I20260608 12:54:41.215809  9583 leader_election.cc:290] T b4f82e546e60490d9a81a6c47019b168 P 7b16dce10f4c44ffae5987ebf50256e9 [CANDIDATE]: Term 1 election: Requested vote from peers 73cef30345884d53af84977f3ad31804 (127.4.188.65:36929), 85af712e0b8645ae997de8e8721f4c82 (127.4.188.67:46353)
I20260608 12:54:41.218272  9518 tablet_service.cc:1917] Received RequestConsensusVote() RPC: tablet_id: "b4f82e546e60490d9a81a6c47019b168" candidate_uuid: "7b16dce10f4c44ffae5987ebf50256e9" candidate_term: 1 candidate_status { last_received { term: 0 index: 0 } } ignore_live_leader: false dest_uuid: "85af712e0b8645ae997de8e8721f4c82"
W20260608 12:54:41.224512  9410 leader_election.cc:343] T b4f82e546e60490d9a81a6c47019b168 P 7b16dce10f4c44ffae5987ebf50256e9 [CANDIDATE]: Term 1 election: Tablet error from VoteRequest() call to peer 85af712e0b8645ae997de8e8721f4c82 (127.4.188.67:46353): Illegal state: must be running to vote when last-logged opid is not known
I20260608 12:54:41.229349  9370 raft_consensus.cc:2468] T b4f82e546e60490d9a81a6c47019b168 P 73cef30345884d53af84977f3ad31804 [term 1 FOLLOWER]: Leader election vote request: Granting yes vote for candidate 7b16dce10f4c44ffae5987ebf50256e9 in term 1.
I20260608 12:54:41.232111  9565 tablet_bootstrap.cc:492] T 2a3b913c1edf4309adcacf33f018fd2d P 85af712e0b8645ae997de8e8721f4c82: No bootstrap required, opened a new log
I20260608 12:54:41.232697  9565 ts_tablet_manager.cc:1403] T 2a3b913c1edf4309adcacf33f018fd2d P 85af712e0b8645ae997de8e8721f4c82: Time spent bootstrapping tablet: real 0.033s	user 0.012s	sys 0.016s
I20260608 12:54:41.233881  9564 tablet_bootstrap.cc:492] T 9b00f6312b8c4101b133d35433e7cf85 P 7b16dce10f4c44ffae5987ebf50256e9: No bootstrap required, opened a new log
I20260608 12:54:41.234462  9564 ts_tablet_manager.cc:1403] T 9b00f6312b8c4101b133d35433e7cf85 P 7b16dce10f4c44ffae5987ebf50256e9: Time spent bootstrapping tablet: real 0.106s	user 0.044s	sys 0.047s
I20260608 12:54:41.234803  9409 leader_election.cc:304] T b4f82e546e60490d9a81a6c47019b168 P 7b16dce10f4c44ffae5987ebf50256e9 [CANDIDATE]: Term 1 election: Election decided. Result: candidate won. Election summary: received 3 responses out of 3 voters: 2 yes votes; 1 no votes. yes voters: 73cef30345884d53af84977f3ad31804, 7b16dce10f4c44ffae5987ebf50256e9; no voters: 85af712e0b8645ae997de8e8721f4c82
I20260608 12:54:41.235756  9565 raft_consensus.cc:359] T 2a3b913c1edf4309adcacf33f018fd2d P 85af712e0b8645ae997de8e8721f4c82 [term 0 FOLLOWER]: Replica starting. Triggering 0 pending ops. Active config: opid_index: -1 OBSOLETE_local: false peers { permanent_uuid: "73cef30345884d53af84977f3ad31804" member_type: VOTER last_known_addr { host: "127.4.188.65" port: 36929 } } peers { permanent_uuid: "7b16dce10f4c44ffae5987ebf50256e9" member_type: VOTER last_known_addr { host: "127.4.188.66" port: 36565 } } peers { permanent_uuid: "85af712e0b8645ae997de8e8721f4c82" member_type: VOTER last_known_addr { host: "127.4.188.67" port: 46353 } }
I20260608 12:54:41.236461  9565 raft_consensus.cc:385] T 2a3b913c1edf4309adcacf33f018fd2d P 85af712e0b8645ae997de8e8721f4c82 [term 0 FOLLOWER]: Consensus starting up: Expiring failure detector timer to make a prompt election more likely
I20260608 12:54:41.237092  9565 raft_consensus.cc:740] T 2a3b913c1edf4309adcacf33f018fd2d P 85af712e0b8645ae997de8e8721f4c82 [term 0 FOLLOWER]: Becoming Follower/Learner. State: Replica: 85af712e0b8645ae997de8e8721f4c82, State: Initialized, Role: FOLLOWER
I20260608 12:54:41.236438  9594 raft_consensus.cc:2804] T b4f82e546e60490d9a81a6c47019b168 P 7b16dce10f4c44ffae5987ebf50256e9 [term 1 FOLLOWER]: Leader election won for term 1
I20260608 12:54:41.238068  9564 raft_consensus.cc:359] T 9b00f6312b8c4101b133d35433e7cf85 P 7b16dce10f4c44ffae5987ebf50256e9 [term 0 FOLLOWER]: Replica starting. Triggering 0 pending ops. Active config: opid_index: -1 OBSOLETE_local: false peers { permanent_uuid: "73cef30345884d53af84977f3ad31804" member_type: VOTER last_known_addr { host: "127.4.188.65" port: 36929 } } peers { permanent_uuid: "7b16dce10f4c44ffae5987ebf50256e9" member_type: VOTER last_known_addr { host: "127.4.188.66" port: 36565 } } peers { permanent_uuid: "85af712e0b8645ae997de8e8721f4c82" member_type: VOTER last_known_addr { host: "127.4.188.67" port: 46353 } }
I20260608 12:54:41.238144  9565 consensus_queue.cc:260] T 2a3b913c1edf4309adcacf33f018fd2d P 85af712e0b8645ae997de8e8721f4c82 [NON_LEADER]: Queue going to NON_LEADER mode. State: All replicated index: 0, Majority replicated index: 0, Committed index: 0, Last appended: 0.0, Last appended by leader: 0, Current term: 0, Majority size: -1, State: 0, Mode: NON_LEADER, active raft config: opid_index: -1 OBSOLETE_local: false peers { permanent_uuid: "73cef30345884d53af84977f3ad31804" member_type: VOTER last_known_addr { host: "127.4.188.65" port: 36929 } } peers { permanent_uuid: "7b16dce10f4c44ffae5987ebf50256e9" member_type: VOTER last_known_addr { host: "127.4.188.66" port: 36565 } } peers { permanent_uuid: "85af712e0b8645ae997de8e8721f4c82" member_type: VOTER last_known_addr { host: "127.4.188.67" port: 46353 } }
I20260608 12:54:41.239066  9564 raft_consensus.cc:385] T 9b00f6312b8c4101b133d35433e7cf85 P 7b16dce10f4c44ffae5987ebf50256e9 [term 0 FOLLOWER]: Consensus starting up: Expiring failure detector timer to make a prompt election more likely
I20260608 12:54:41.239446  9564 raft_consensus.cc:740] T 9b00f6312b8c4101b133d35433e7cf85 P 7b16dce10f4c44ffae5987ebf50256e9 [term 0 FOLLOWER]: Becoming Follower/Learner. State: Replica: 7b16dce10f4c44ffae5987ebf50256e9, State: Initialized, Role: FOLLOWER
I20260608 12:54:41.240248  9564 consensus_queue.cc:260] T 9b00f6312b8c4101b133d35433e7cf85 P 7b16dce10f4c44ffae5987ebf50256e9 [NON_LEADER]: Queue going to NON_LEADER mode. State: All replicated index: 0, Majority replicated index: 0, Committed index: 0, Last appended: 0.0, Last appended by leader: 0, Current term: 0, Majority size: -1, State: 0, Mode: NON_LEADER, active raft config: opid_index: -1 OBSOLETE_local: false peers { permanent_uuid: "73cef30345884d53af84977f3ad31804" member_type: VOTER last_known_addr { host: "127.4.188.65" port: 36929 } } peers { permanent_uuid: "7b16dce10f4c44ffae5987ebf50256e9" member_type: VOTER last_known_addr { host: "127.4.188.66" port: 36565 } } peers { permanent_uuid: "85af712e0b8645ae997de8e8721f4c82" member_type: VOTER last_known_addr { host: "127.4.188.67" port: 46353 } }
W20260608 12:54:41.244095  9410 consensus_peers.cc:597] T 96355d5e910340248c164589ecd75115 P 7b16dce10f4c44ffae5987ebf50256e9 -> Peer 85af712e0b8645ae997de8e8721f4c82 (127.4.188.67:46353): Couldn't send request to peer 85af712e0b8645ae997de8e8721f4c82. Error code: TABLET_NOT_RUNNING (12). Status: Illegal state: Tablet not RUNNING: INITIALIZED. This is attempt 1: this message will repeat every 5th retry.
I20260608 12:54:41.239771  9594 raft_consensus.cc:697] T b4f82e546e60490d9a81a6c47019b168 P 7b16dce10f4c44ffae5987ebf50256e9 [term 1 LEADER]: Becoming Leader. State: Replica: 7b16dce10f4c44ffae5987ebf50256e9, State: Running, Role: LEADER
I20260608 12:54:41.245390  9594 consensus_queue.cc:237] T b4f82e546e60490d9a81a6c47019b168 P 7b16dce10f4c44ffae5987ebf50256e9 [LEADER]: Queue going to LEADER mode. State: All replicated index: 0, Majority replicated index: 0, Committed index: 0, Last appended: 0.0, Last appended by leader: 0, Current term: 1, Majority size: 2, State: 0, Mode: LEADER, active raft config: opid_index: -1 OBSOLETE_local: false peers { permanent_uuid: "73cef30345884d53af84977f3ad31804" member_type: VOTER last_known_addr { host: "127.4.188.65" port: 36929 } } peers { permanent_uuid: "7b16dce10f4c44ffae5987ebf50256e9" member_type: VOTER last_known_addr { host: "127.4.188.66" port: 36565 } } peers { permanent_uuid: "85af712e0b8645ae997de8e8721f4c82" member_type: VOTER last_known_addr { host: "127.4.188.67" port: 46353 } }
I20260608 12:54:41.246855  9565 ts_tablet_manager.cc:1434] T 2a3b913c1edf4309adcacf33f018fd2d P 85af712e0b8645ae997de8e8721f4c82: Time spent starting tablet: real 0.014s	user 0.006s	sys 0.000s
I20260608 12:54:41.248246  9565 tablet_bootstrap.cc:492] T 96355d5e910340248c164589ecd75115 P 85af712e0b8645ae997de8e8721f4c82: Bootstrap starting.
I20260608 12:54:41.256292  9565 tablet_bootstrap.cc:654] T 96355d5e910340248c164589ecd75115 P 85af712e0b8645ae997de8e8721f4c82: Neither blocks nor log segments found. Creating new log.
I20260608 12:54:41.266122  9564 ts_tablet_manager.cc:1434] T 9b00f6312b8c4101b133d35433e7cf85 P 7b16dce10f4c44ffae5987ebf50256e9: Time spent starting tablet: real 0.031s	user 0.021s	sys 0.007s
I20260608 12:54:41.267269  9564 tablet_bootstrap.cc:492] T 09ba05ec2ba44ca6844f68e2e6664636 P 7b16dce10f4c44ffae5987ebf50256e9: Bootstrap starting.
I20260608 12:54:41.270838  9263 catalog_manager.cc:5696] T b4f82e546e60490d9a81a6c47019b168 P 7b16dce10f4c44ffae5987ebf50256e9 reported cstate change: term changed from 0 to 1, leader changed from <none> to 7b16dce10f4c44ffae5987ebf50256e9 (127.4.188.66). New cstate: current_term: 1 leader_uuid: "7b16dce10f4c44ffae5987ebf50256e9" committed_config { opid_index: -1 OBSOLETE_local: false peers { permanent_uuid: "73cef30345884d53af84977f3ad31804" member_type: VOTER last_known_addr { host: "127.4.188.65" port: 36929 } health_report { overall_health: UNKNOWN } } peers { permanent_uuid: "7b16dce10f4c44ffae5987ebf50256e9" member_type: VOTER last_known_addr { host: "127.4.188.66" port: 36565 } health_report { overall_health: HEALTHY } } peers { permanent_uuid: "85af712e0b8645ae997de8e8721f4c82" member_type: VOTER last_known_addr { host: "127.4.188.67" port: 46353 } health_report { overall_health: UNKNOWN } } }
I20260608 12:54:41.271950  9565 tablet_bootstrap.cc:492] T 96355d5e910340248c164589ecd75115 P 85af712e0b8645ae997de8e8721f4c82: No bootstrap required, opened a new log
I20260608 12:54:41.273380  9565 ts_tablet_manager.cc:1403] T 96355d5e910340248c164589ecd75115 P 85af712e0b8645ae997de8e8721f4c82: Time spent bootstrapping tablet: real 0.025s	user 0.015s	sys 0.003s
I20260608 12:54:41.274501  9564 tablet_bootstrap.cc:654] T 09ba05ec2ba44ca6844f68e2e6664636 P 7b16dce10f4c44ffae5987ebf50256e9: Neither blocks nor log segments found. Creating new log.
I20260608 12:54:41.276674  9565 raft_consensus.cc:359] T 96355d5e910340248c164589ecd75115 P 85af712e0b8645ae997de8e8721f4c82 [term 0 FOLLOWER]: Replica starting. Triggering 0 pending ops. Active config: opid_index: -1 OBSOLETE_local: false peers { permanent_uuid: "73cef30345884d53af84977f3ad31804" member_type: VOTER last_known_addr { host: "127.4.188.65" port: 36929 } } peers { permanent_uuid: "7b16dce10f4c44ffae5987ebf50256e9" member_type: VOTER last_known_addr { host: "127.4.188.66" port: 36565 } } peers { permanent_uuid: "85af712e0b8645ae997de8e8721f4c82" member_type: VOTER last_known_addr { host: "127.4.188.67" port: 46353 } }
I20260608 12:54:41.277518  9565 raft_consensus.cc:385] T 96355d5e910340248c164589ecd75115 P 85af712e0b8645ae997de8e8721f4c82 [term 0 FOLLOWER]: Consensus starting up: Expiring failure detector timer to make a prompt election more likely
I20260608 12:54:41.277910  9565 raft_consensus.cc:740] T 96355d5e910340248c164589ecd75115 P 85af712e0b8645ae997de8e8721f4c82 [term 0 FOLLOWER]: Becoming Follower/Learner. State: Replica: 85af712e0b8645ae997de8e8721f4c82, State: Initialized, Role: FOLLOWER
I20260608 12:54:41.279486  9572 raft_consensus.cc:493] T 09ba05ec2ba44ca6844f68e2e6664636 P 85af712e0b8645ae997de8e8721f4c82 [term 0 FOLLOWER]: Starting pre-election (no leader contacted us within the election timeout)
I20260608 12:54:41.280190  9572 raft_consensus.cc:515] T 09ba05ec2ba44ca6844f68e2e6664636 P 85af712e0b8645ae997de8e8721f4c82 [term 0 FOLLOWER]: Starting pre-election with config: opid_index: -1 OBSOLETE_local: false peers { permanent_uuid: "73cef30345884d53af84977f3ad31804" member_type: VOTER last_known_addr { host: "127.4.188.65" port: 36929 } } peers { permanent_uuid: "7b16dce10f4c44ffae5987ebf50256e9" member_type: VOTER last_known_addr { host: "127.4.188.66" port: 36565 } } peers { permanent_uuid: "85af712e0b8645ae997de8e8721f4c82" member_type: VOTER last_known_addr { host: "127.4.188.67" port: 46353 } }
I20260608 12:54:41.284303  9369 tablet_service.cc:1917] Received RequestConsensusVote() RPC: tablet_id: "09ba05ec2ba44ca6844f68e2e6664636" candidate_uuid: "85af712e0b8645ae997de8e8721f4c82" candidate_term: 1 candidate_status { last_received { term: 0 index: 0 } } ignore_live_leader: false dest_uuid: "73cef30345884d53af84977f3ad31804" is_pre_election: true
I20260608 12:54:41.284390  9572 leader_election.cc:290] T 09ba05ec2ba44ca6844f68e2e6664636 P 85af712e0b8645ae997de8e8721f4c82 [CANDIDATE]: Term 1 pre-election: Requested pre-vote from peers 73cef30345884d53af84977f3ad31804 (127.4.188.65:36929), 7b16dce10f4c44ffae5987ebf50256e9 (127.4.188.66:36565)
I20260608 12:54:41.285017  9369 raft_consensus.cc:2468] T 09ba05ec2ba44ca6844f68e2e6664636 P 73cef30345884d53af84977f3ad31804 [term 0 FOLLOWER]: Leader pre-election vote request: Granting yes vote for candidate 85af712e0b8645ae997de8e8721f4c82 in term 0.
I20260608 12:54:41.286283  9444 tablet_service.cc:1917] Received RequestConsensusVote() RPC: tablet_id: "09ba05ec2ba44ca6844f68e2e6664636" candidate_uuid: "85af712e0b8645ae997de8e8721f4c82" candidate_term: 1 candidate_status { last_received { term: 0 index: 0 } } ignore_live_leader: false dest_uuid: "7b16dce10f4c44ffae5987ebf50256e9" is_pre_election: true
I20260608 12:54:41.286330  9483 leader_election.cc:304] T 09ba05ec2ba44ca6844f68e2e6664636 P 85af712e0b8645ae997de8e8721f4c82 [CANDIDATE]: Term 1 pre-election: Election decided. Result: candidate won. Election summary: received 2 responses out of 3 voters: 2 yes votes; 0 no votes. yes voters: 73cef30345884d53af84977f3ad31804, 85af712e0b8645ae997de8e8721f4c82; no voters: 
I20260608 12:54:41.287290  9572 raft_consensus.cc:2804] T 09ba05ec2ba44ca6844f68e2e6664636 P 85af712e0b8645ae997de8e8721f4c82 [term 0 FOLLOWER]: Leader pre-election won for term 1
I20260608 12:54:41.287734  9572 raft_consensus.cc:493] T 09ba05ec2ba44ca6844f68e2e6664636 P 85af712e0b8645ae997de8e8721f4c82 [term 0 FOLLOWER]: Starting leader election (no leader contacted us within the election timeout)
W20260608 12:54:41.287865  9485 leader_election.cc:343] T 09ba05ec2ba44ca6844f68e2e6664636 P 85af712e0b8645ae997de8e8721f4c82 [CANDIDATE]: Term 1 pre-election: Tablet error from VoteRequest() call to peer 7b16dce10f4c44ffae5987ebf50256e9 (127.4.188.66:36565): Illegal state: must be running to vote when last-logged opid is not known
I20260608 12:54:41.288180  9572 raft_consensus.cc:3060] T 09ba05ec2ba44ca6844f68e2e6664636 P 85af712e0b8645ae997de8e8721f4c82 [term 0 FOLLOWER]: Advancing to term 1
I20260608 12:54:41.288419  9564 tablet_bootstrap.cc:492] T 09ba05ec2ba44ca6844f68e2e6664636 P 7b16dce10f4c44ffae5987ebf50256e9: No bootstrap required, opened a new log
I20260608 12:54:41.285027  9565 consensus_queue.cc:260] T 96355d5e910340248c164589ecd75115 P 85af712e0b8645ae997de8e8721f4c82 [NON_LEADER]: Queue going to NON_LEADER mode. State: All replicated index: 0, Majority replicated index: 0, Committed index: 0, Last appended: 0.0, Last appended by leader: 0, Current term: 0, Majority size: -1, State: 0, Mode: NON_LEADER, active raft config: opid_index: -1 OBSOLETE_local: false peers { permanent_uuid: "73cef30345884d53af84977f3ad31804" member_type: VOTER last_known_addr { host: "127.4.188.65" port: 36929 } } peers { permanent_uuid: "7b16dce10f4c44ffae5987ebf50256e9" member_type: VOTER last_known_addr { host: "127.4.188.66" port: 36565 } } peers { permanent_uuid: "85af712e0b8645ae997de8e8721f4c82" member_type: VOTER last_known_addr { host: "127.4.188.67" port: 46353 } }
I20260608 12:54:41.289258  9564 ts_tablet_manager.cc:1403] T 09ba05ec2ba44ca6844f68e2e6664636 P 7b16dce10f4c44ffae5987ebf50256e9: Time spent bootstrapping tablet: real 0.022s	user 0.018s	sys 0.002s
I20260608 12:54:41.290884  9565 ts_tablet_manager.cc:1434] T 96355d5e910340248c164589ecd75115 P 85af712e0b8645ae997de8e8721f4c82: Time spent starting tablet: real 0.017s	user 0.007s	sys 0.000s
I20260608 12:54:41.292385  9594 consensus_queue.cc:1048] T 2b93b13014bd4c84b2ba2b21d29daac6 P 7b16dce10f4c44ffae5987ebf50256e9 [LEADER]: Connected to new peer: Peer: permanent_uuid: "85af712e0b8645ae997de8e8721f4c82" member_type: VOTER last_known_addr { host: "127.4.188.67" port: 46353 }, Status: LMP_MISMATCH, Last received: 0.0, Next index: 1, Last known committed idx: 0, Time since last communication: 0.000s
I20260608 12:54:41.293443  9564 raft_consensus.cc:359] T 09ba05ec2ba44ca6844f68e2e6664636 P 7b16dce10f4c44ffae5987ebf50256e9 [term 0 FOLLOWER]: Replica starting. Triggering 0 pending ops. Active config: opid_index: -1 OBSOLETE_local: false peers { permanent_uuid: "73cef30345884d53af84977f3ad31804" member_type: VOTER last_known_addr { host: "127.4.188.65" port: 36929 } } peers { permanent_uuid: "7b16dce10f4c44ffae5987ebf50256e9" member_type: VOTER last_known_addr { host: "127.4.188.66" port: 36565 } } peers { permanent_uuid: "85af712e0b8645ae997de8e8721f4c82" member_type: VOTER last_known_addr { host: "127.4.188.67" port: 46353 } }
I20260608 12:54:41.294117  9564 raft_consensus.cc:385] T 09ba05ec2ba44ca6844f68e2e6664636 P 7b16dce10f4c44ffae5987ebf50256e9 [term 0 FOLLOWER]: Consensus starting up: Expiring failure detector timer to make a prompt election more likely
I20260608 12:54:41.294413  9564 raft_consensus.cc:740] T 09ba05ec2ba44ca6844f68e2e6664636 P 7b16dce10f4c44ffae5987ebf50256e9 [term 0 FOLLOWER]: Becoming Follower/Learner. State: Replica: 7b16dce10f4c44ffae5987ebf50256e9, State: Initialized, Role: FOLLOWER
I20260608 12:54:41.295257  9564 consensus_queue.cc:260] T 09ba05ec2ba44ca6844f68e2e6664636 P 7b16dce10f4c44ffae5987ebf50256e9 [NON_LEADER]: Queue going to NON_LEADER mode. State: All replicated index: 0, Majority replicated index: 0, Committed index: 0, Last appended: 0.0, Last appended by leader: 0, Current term: 0, Majority size: -1, State: 0, Mode: NON_LEADER, active raft config: opid_index: -1 OBSOLETE_local: false peers { permanent_uuid: "73cef30345884d53af84977f3ad31804" member_type: VOTER last_known_addr { host: "127.4.188.65" port: 36929 } } peers { permanent_uuid: "7b16dce10f4c44ffae5987ebf50256e9" member_type: VOTER last_known_addr { host: "127.4.188.66" port: 36565 } } peers { permanent_uuid: "85af712e0b8645ae997de8e8721f4c82" member_type: VOTER last_known_addr { host: "127.4.188.67" port: 46353 } }
I20260608 12:54:41.297084  9572 raft_consensus.cc:515] T 09ba05ec2ba44ca6844f68e2e6664636 P 85af712e0b8645ae997de8e8721f4c82 [term 1 FOLLOWER]: Starting leader election with config: opid_index: -1 OBSOLETE_local: false peers { permanent_uuid: "73cef30345884d53af84977f3ad31804" member_type: VOTER last_known_addr { host: "127.4.188.65" port: 36929 } } peers { permanent_uuid: "7b16dce10f4c44ffae5987ebf50256e9" member_type: VOTER last_known_addr { host: "127.4.188.66" port: 36565 } } peers { permanent_uuid: "85af712e0b8645ae997de8e8721f4c82" member_type: VOTER last_known_addr { host: "127.4.188.67" port: 46353 } }
I20260608 12:54:41.297703  9564 ts_tablet_manager.cc:1434] T 09ba05ec2ba44ca6844f68e2e6664636 P 7b16dce10f4c44ffae5987ebf50256e9: Time spent starting tablet: real 0.008s	user 0.006s	sys 0.000s
I20260608 12:54:41.300547  9572 leader_election.cc:290] T 09ba05ec2ba44ca6844f68e2e6664636 P 85af712e0b8645ae997de8e8721f4c82 [CANDIDATE]: Term 1 election: Requested vote from peers 73cef30345884d53af84977f3ad31804 (127.4.188.65:36929), 7b16dce10f4c44ffae5987ebf50256e9 (127.4.188.66:36565)
I20260608 12:54:41.300879  9444 tablet_service.cc:1917] Received RequestConsensusVote() RPC: tablet_id: "09ba05ec2ba44ca6844f68e2e6664636" candidate_uuid: "85af712e0b8645ae997de8e8721f4c82" candidate_term: 1 candidate_status { last_received { term: 0 index: 0 } } ignore_live_leader: false dest_uuid: "7b16dce10f4c44ffae5987ebf50256e9"
I20260608 12:54:41.301543  9444 raft_consensus.cc:3060] T 09ba05ec2ba44ca6844f68e2e6664636 P 7b16dce10f4c44ffae5987ebf50256e9 [term 0 FOLLOWER]: Advancing to term 1
I20260608 12:54:41.303202  9369 tablet_service.cc:1917] Received RequestConsensusVote() RPC: tablet_id: "09ba05ec2ba44ca6844f68e2e6664636" candidate_uuid: "85af712e0b8645ae997de8e8721f4c82" candidate_term: 1 candidate_status { last_received { term: 0 index: 0 } } ignore_live_leader: false dest_uuid: "73cef30345884d53af84977f3ad31804"
I20260608 12:54:41.303813  9369 raft_consensus.cc:3060] T 09ba05ec2ba44ca6844f68e2e6664636 P 73cef30345884d53af84977f3ad31804 [term 0 FOLLOWER]: Advancing to term 1
I20260608 12:54:41.307608  9594 consensus_queue.cc:1048] T 2b93b13014bd4c84b2ba2b21d29daac6 P 7b16dce10f4c44ffae5987ebf50256e9 [LEADER]: Connected to new peer: Peer: permanent_uuid: "73cef30345884d53af84977f3ad31804" member_type: VOTER last_known_addr { host: "127.4.188.65" port: 36929 }, Status: LMP_MISMATCH, Last received: 0.0, Next index: 1, Last known committed idx: 0, Time since last communication: 0.000s
I20260608 12:54:41.308218  9444 raft_consensus.cc:2468] T 09ba05ec2ba44ca6844f68e2e6664636 P 7b16dce10f4c44ffae5987ebf50256e9 [term 1 FOLLOWER]: Leader election vote request: Granting yes vote for candidate 85af712e0b8645ae997de8e8721f4c82 in term 1.
I20260608 12:54:41.309625  9485 leader_election.cc:304] T 09ba05ec2ba44ca6844f68e2e6664636 P 85af712e0b8645ae997de8e8721f4c82 [CANDIDATE]: Term 1 election: Election decided. Result: candidate won. Election summary: received 2 responses out of 3 voters: 2 yes votes; 0 no votes. yes voters: 7b16dce10f4c44ffae5987ebf50256e9, 85af712e0b8645ae997de8e8721f4c82; no voters: 
I20260608 12:54:41.312568  9572 raft_consensus.cc:2804] T 09ba05ec2ba44ca6844f68e2e6664636 P 85af712e0b8645ae997de8e8721f4c82 [term 1 FOLLOWER]: Leader election won for term 1
I20260608 12:54:41.313122  9572 raft_consensus.cc:697] T 09ba05ec2ba44ca6844f68e2e6664636 P 85af712e0b8645ae997de8e8721f4c82 [term 1 LEADER]: Becoming Leader. State: Replica: 85af712e0b8645ae997de8e8721f4c82, State: Running, Role: LEADER
I20260608 12:54:41.314143  9369 raft_consensus.cc:2468] T 09ba05ec2ba44ca6844f68e2e6664636 P 73cef30345884d53af84977f3ad31804 [term 1 FOLLOWER]: Leader election vote request: Granting yes vote for candidate 85af712e0b8645ae997de8e8721f4c82 in term 1.
I20260608 12:54:41.314002  9572 consensus_queue.cc:237] T 09ba05ec2ba44ca6844f68e2e6664636 P 85af712e0b8645ae997de8e8721f4c82 [LEADER]: Queue going to LEADER mode. State: All replicated index: 0, Majority replicated index: 0, Committed index: 0, Last appended: 0.0, Last appended by leader: 0, Current term: 1, Majority size: 2, State: 0, Mode: LEADER, active raft config: opid_index: -1 OBSOLETE_local: false peers { permanent_uuid: "73cef30345884d53af84977f3ad31804" member_type: VOTER last_known_addr { host: "127.4.188.65" port: 36929 } } peers { permanent_uuid: "7b16dce10f4c44ffae5987ebf50256e9" member_type: VOTER last_known_addr { host: "127.4.188.66" port: 36565 } } peers { permanent_uuid: "85af712e0b8645ae997de8e8721f4c82" member_type: VOTER last_known_addr { host: "127.4.188.67" port: 46353 } }
I20260608 12:54:41.316089  9565 tablet_bootstrap.cc:492] T 78a26a664d9e4127a3017357a7ee6816 P 85af712e0b8645ae997de8e8721f4c82: Bootstrap starting.
I20260608 12:54:41.323452  9565 tablet_bootstrap.cc:654] T 78a26a664d9e4127a3017357a7ee6816 P 85af712e0b8645ae997de8e8721f4c82: Neither blocks nor log segments found. Creating new log.
I20260608 12:54:41.340922  9572 raft_consensus.cc:493] T 2a3b913c1edf4309adcacf33f018fd2d P 85af712e0b8645ae997de8e8721f4c82 [term 0 FOLLOWER]: Starting pre-election (no leader contacted us within the election timeout)
I20260608 12:54:41.342531  9572 raft_consensus.cc:515] T 2a3b913c1edf4309adcacf33f018fd2d P 85af712e0b8645ae997de8e8721f4c82 [term 0 FOLLOWER]: Starting pre-election with config: opid_index: -1 OBSOLETE_local: false peers { permanent_uuid: "73cef30345884d53af84977f3ad31804" member_type: VOTER last_known_addr { host: "127.4.188.65" port: 36929 } } peers { permanent_uuid: "7b16dce10f4c44ffae5987ebf50256e9" member_type: VOTER last_known_addr { host: "127.4.188.66" port: 36565 } } peers { permanent_uuid: "85af712e0b8645ae997de8e8721f4c82" member_type: VOTER last_known_addr { host: "127.4.188.67" port: 46353 } }
I20260608 12:54:41.346263  9370 tablet_service.cc:1917] Received RequestConsensusVote() RPC: tablet_id: "2a3b913c1edf4309adcacf33f018fd2d" candidate_uuid: "85af712e0b8645ae997de8e8721f4c82" candidate_term: 1 candidate_status { last_received { term: 0 index: 0 } } ignore_live_leader: false dest_uuid: "73cef30345884d53af84977f3ad31804" is_pre_election: true
I20260608 12:54:41.346853  9572 leader_election.cc:290] T 2a3b913c1edf4309adcacf33f018fd2d P 85af712e0b8645ae997de8e8721f4c82 [CANDIDATE]: Term 1 pre-election: Requested pre-vote from peers 73cef30345884d53af84977f3ad31804 (127.4.188.65:36929), 7b16dce10f4c44ffae5987ebf50256e9 (127.4.188.66:36565)
I20260608 12:54:41.346969  9370 raft_consensus.cc:2468] T 2a3b913c1edf4309adcacf33f018fd2d P 73cef30345884d53af84977f3ad31804 [term 0 FOLLOWER]: Leader pre-election vote request: Granting yes vote for candidate 85af712e0b8645ae997de8e8721f4c82 in term 0.
I20260608 12:54:41.347368  9444 tablet_service.cc:1917] Received RequestConsensusVote() RPC: tablet_id: "2a3b913c1edf4309adcacf33f018fd2d" candidate_uuid: "85af712e0b8645ae997de8e8721f4c82" candidate_term: 1 candidate_status { last_received { term: 0 index: 0 } } ignore_live_leader: false dest_uuid: "7b16dce10f4c44ffae5987ebf50256e9" is_pre_election: true
I20260608 12:54:41.348044  9444 raft_consensus.cc:2468] T 2a3b913c1edf4309adcacf33f018fd2d P 7b16dce10f4c44ffae5987ebf50256e9 [term 0 FOLLOWER]: Leader pre-election vote request: Granting yes vote for candidate 85af712e0b8645ae997de8e8721f4c82 in term 0.
I20260608 12:54:41.349177  9483 leader_election.cc:304] T 2a3b913c1edf4309adcacf33f018fd2d P 85af712e0b8645ae997de8e8721f4c82 [CANDIDATE]: Term 1 pre-election: Election decided. Result: candidate won. Election summary: received 2 responses out of 3 voters: 2 yes votes; 0 no votes. yes voters: 73cef30345884d53af84977f3ad31804, 85af712e0b8645ae997de8e8721f4c82; no voters: 
I20260608 12:54:41.351289  9572 raft_consensus.cc:2804] T 2a3b913c1edf4309adcacf33f018fd2d P 85af712e0b8645ae997de8e8721f4c82 [term 0 FOLLOWER]: Leader pre-election won for term 1
I20260608 12:54:41.351711  9572 raft_consensus.cc:493] T 2a3b913c1edf4309adcacf33f018fd2d P 85af712e0b8645ae997de8e8721f4c82 [term 0 FOLLOWER]: Starting leader election (no leader contacted us within the election timeout)
I20260608 12:54:41.350437  9263 catalog_manager.cc:5696] T 09ba05ec2ba44ca6844f68e2e6664636 P 85af712e0b8645ae997de8e8721f4c82 reported cstate change: term changed from 0 to 1, leader changed from <none> to 85af712e0b8645ae997de8e8721f4c82 (127.4.188.67). New cstate: current_term: 1 leader_uuid: "85af712e0b8645ae997de8e8721f4c82" committed_config { opid_index: -1 OBSOLETE_local: false peers { permanent_uuid: "73cef30345884d53af84977f3ad31804" member_type: VOTER last_known_addr { host: "127.4.188.65" port: 36929 } health_report { overall_health: UNKNOWN } } peers { permanent_uuid: "7b16dce10f4c44ffae5987ebf50256e9" member_type: VOTER last_known_addr { host: "127.4.188.66" port: 36565 } health_report { overall_health: UNKNOWN } } peers { permanent_uuid: "85af712e0b8645ae997de8e8721f4c82" member_type: VOTER last_known_addr { host: "127.4.188.67" port: 46353 } health_report { overall_health: HEALTHY } } }
I20260608 12:54:41.352072  9572 raft_consensus.cc:3060] T 2a3b913c1edf4309adcacf33f018fd2d P 85af712e0b8645ae997de8e8721f4c82 [term 0 FOLLOWER]: Advancing to term 1
I20260608 12:54:41.357998  9565 tablet_bootstrap.cc:492] T 78a26a664d9e4127a3017357a7ee6816 P 85af712e0b8645ae997de8e8721f4c82: No bootstrap required, opened a new log
I20260608 12:54:41.358672  9565 ts_tablet_manager.cc:1403] T 78a26a664d9e4127a3017357a7ee6816 P 85af712e0b8645ae997de8e8721f4c82: Time spent bootstrapping tablet: real 0.043s	user 0.024s	sys 0.014s
I20260608 12:54:41.358332  9572 raft_consensus.cc:515] T 2a3b913c1edf4309adcacf33f018fd2d P 85af712e0b8645ae997de8e8721f4c82 [term 1 FOLLOWER]: Starting leader election with config: opid_index: -1 OBSOLETE_local: false peers { permanent_uuid: "73cef30345884d53af84977f3ad31804" member_type: VOTER last_known_addr { host: "127.4.188.65" port: 36929 } } peers { permanent_uuid: "7b16dce10f4c44ffae5987ebf50256e9" member_type: VOTER last_known_addr { host: "127.4.188.66" port: 36565 } } peers { permanent_uuid: "85af712e0b8645ae997de8e8721f4c82" member_type: VOTER last_known_addr { host: "127.4.188.67" port: 46353 } }
I20260608 12:54:41.361447  9565 raft_consensus.cc:359] T 78a26a664d9e4127a3017357a7ee6816 P 85af712e0b8645ae997de8e8721f4c82 [term 0 FOLLOWER]: Replica starting. Triggering 0 pending ops. Active config: opid_index: -1 OBSOLETE_local: false peers { permanent_uuid: "73cef30345884d53af84977f3ad31804" member_type: VOTER last_known_addr { host: "127.4.188.65" port: 36929 } } peers { permanent_uuid: "7b16dce10f4c44ffae5987ebf50256e9" member_type: VOTER last_known_addr { host: "127.4.188.66" port: 36565 } } peers { permanent_uuid: "85af712e0b8645ae997de8e8721f4c82" member_type: VOTER last_known_addr { host: "127.4.188.67" port: 46353 } }
I20260608 12:54:41.362207  9565 raft_consensus.cc:385] T 78a26a664d9e4127a3017357a7ee6816 P 85af712e0b8645ae997de8e8721f4c82 [term 0 FOLLOWER]: Consensus starting up: Expiring failure detector timer to make a prompt election more likely
I20260608 12:54:41.362324  9370 tablet_service.cc:1917] Received RequestConsensusVote() RPC: tablet_id: "2a3b913c1edf4309adcacf33f018fd2d" candidate_uuid: "85af712e0b8645ae997de8e8721f4c82" candidate_term: 1 candidate_status { last_received { term: 0 index: 0 } } ignore_live_leader: false dest_uuid: "73cef30345884d53af84977f3ad31804"
I20260608 12:54:41.362589  9565 raft_consensus.cc:740] T 78a26a664d9e4127a3017357a7ee6816 P 85af712e0b8645ae997de8e8721f4c82 [term 0 FOLLOWER]: Becoming Follower/Learner. State: Replica: 85af712e0b8645ae997de8e8721f4c82, State: Initialized, Role: FOLLOWER
I20260608 12:54:41.362969  9370 raft_consensus.cc:3060] T 2a3b913c1edf4309adcacf33f018fd2d P 73cef30345884d53af84977f3ad31804 [term 0 FOLLOWER]: Advancing to term 1
I20260608 12:54:41.363070  9572 leader_election.cc:290] T 2a3b913c1edf4309adcacf33f018fd2d P 85af712e0b8645ae997de8e8721f4c82 [CANDIDATE]: Term 1 election: Requested vote from peers 73cef30345884d53af84977f3ad31804 (127.4.188.65:36929), 7b16dce10f4c44ffae5987ebf50256e9 (127.4.188.66:36565)
I20260608 12:54:41.363593  9565 consensus_queue.cc:260] T 78a26a664d9e4127a3017357a7ee6816 P 85af712e0b8645ae997de8e8721f4c82 [NON_LEADER]: Queue going to NON_LEADER mode. State: All replicated index: 0, Majority replicated index: 0, Committed index: 0, Last appended: 0.0, Last appended by leader: 0, Current term: 0, Majority size: -1, State: 0, Mode: NON_LEADER, active raft config: opid_index: -1 OBSOLETE_local: false peers { permanent_uuid: "73cef30345884d53af84977f3ad31804" member_type: VOTER last_known_addr { host: "127.4.188.65" port: 36929 } } peers { permanent_uuid: "7b16dce10f4c44ffae5987ebf50256e9" member_type: VOTER last_known_addr { host: "127.4.188.66" port: 36565 } } peers { permanent_uuid: "85af712e0b8645ae997de8e8721f4c82" member_type: VOTER last_known_addr { host: "127.4.188.67" port: 46353 } }
I20260608 12:54:41.362985  9444 tablet_service.cc:1917] Received RequestConsensusVote() RPC: tablet_id: "2a3b913c1edf4309adcacf33f018fd2d" candidate_uuid: "85af712e0b8645ae997de8e8721f4c82" candidate_term: 1 candidate_status { last_received { term: 0 index: 0 } } ignore_live_leader: false dest_uuid: "7b16dce10f4c44ffae5987ebf50256e9"
I20260608 12:54:41.365033  9444 raft_consensus.cc:3060] T 2a3b913c1edf4309adcacf33f018fd2d P 7b16dce10f4c44ffae5987ebf50256e9 [term 0 FOLLOWER]: Advancing to term 1
I20260608 12:54:41.366075  9565 ts_tablet_manager.cc:1434] T 78a26a664d9e4127a3017357a7ee6816 P 85af712e0b8645ae997de8e8721f4c82: Time spent starting tablet: real 0.007s	user 0.006s	sys 0.000s
I20260608 12:54:41.368479  9565 tablet_bootstrap.cc:492] T b4f82e546e60490d9a81a6c47019b168 P 85af712e0b8645ae997de8e8721f4c82: Bootstrap starting.
I20260608 12:54:41.370831  9370 raft_consensus.cc:2468] T 2a3b913c1edf4309adcacf33f018fd2d P 73cef30345884d53af84977f3ad31804 [term 1 FOLLOWER]: Leader election vote request: Granting yes vote for candidate 85af712e0b8645ae997de8e8721f4c82 in term 1.
I20260608 12:54:41.372243  9483 leader_election.cc:304] T 2a3b913c1edf4309adcacf33f018fd2d P 85af712e0b8645ae997de8e8721f4c82 [CANDIDATE]: Term 1 election: Election decided. Result: candidate won. Election summary: received 2 responses out of 3 voters: 2 yes votes; 0 no votes. yes voters: 73cef30345884d53af84977f3ad31804, 85af712e0b8645ae997de8e8721f4c82; no voters: 
I20260608 12:54:41.372633  9444 raft_consensus.cc:2468] T 2a3b913c1edf4309adcacf33f018fd2d P 7b16dce10f4c44ffae5987ebf50256e9 [term 1 FOLLOWER]: Leader election vote request: Granting yes vote for candidate 85af712e0b8645ae997de8e8721f4c82 in term 1.
I20260608 12:54:41.373705  9572 raft_consensus.cc:2804] T 2a3b913c1edf4309adcacf33f018fd2d P 85af712e0b8645ae997de8e8721f4c82 [term 1 FOLLOWER]: Leader election won for term 1
I20260608 12:54:41.374478  9572 raft_consensus.cc:697] T 2a3b913c1edf4309adcacf33f018fd2d P 85af712e0b8645ae997de8e8721f4c82 [term 1 LEADER]: Becoming Leader. State: Replica: 85af712e0b8645ae997de8e8721f4c82, State: Running, Role: LEADER
I20260608 12:54:41.375119  9565 tablet_bootstrap.cc:654] T b4f82e546e60490d9a81a6c47019b168 P 85af712e0b8645ae997de8e8721f4c82: Neither blocks nor log segments found. Creating new log.
I20260608 12:54:41.375324  9572 consensus_queue.cc:237] T 2a3b913c1edf4309adcacf33f018fd2d P 85af712e0b8645ae997de8e8721f4c82 [LEADER]: Queue going to LEADER mode. State: All replicated index: 0, Majority replicated index: 0, Committed index: 0, Last appended: 0.0, Last appended by leader: 0, Current term: 1, Majority size: 2, State: 0, Mode: LEADER, active raft config: opid_index: -1 OBSOLETE_local: false peers { permanent_uuid: "73cef30345884d53af84977f3ad31804" member_type: VOTER last_known_addr { host: "127.4.188.65" port: 36929 } } peers { permanent_uuid: "7b16dce10f4c44ffae5987ebf50256e9" member_type: VOTER last_known_addr { host: "127.4.188.66" port: 36565 } } peers { permanent_uuid: "85af712e0b8645ae997de8e8721f4c82" member_type: VOTER last_known_addr { host: "127.4.188.67" port: 46353 } }
I20260608 12:54:41.380364  9565 tablet_bootstrap.cc:492] T b4f82e546e60490d9a81a6c47019b168 P 85af712e0b8645ae997de8e8721f4c82: No bootstrap required, opened a new log
I20260608 12:54:41.380939  9565 ts_tablet_manager.cc:1403] T b4f82e546e60490d9a81a6c47019b168 P 85af712e0b8645ae997de8e8721f4c82: Time spent bootstrapping tablet: real 0.013s	user 0.009s	sys 0.000s
I20260608 12:54:41.383164  9565 raft_consensus.cc:359] T b4f82e546e60490d9a81a6c47019b168 P 85af712e0b8645ae997de8e8721f4c82 [term 0 FOLLOWER]: Replica starting. Triggering 0 pending ops. Active config: opid_index: -1 OBSOLETE_local: false peers { permanent_uuid: "73cef30345884d53af84977f3ad31804" member_type: VOTER last_known_addr { host: "127.4.188.65" port: 36929 } } peers { permanent_uuid: "7b16dce10f4c44ffae5987ebf50256e9" member_type: VOTER last_known_addr { host: "127.4.188.66" port: 36565 } } peers { permanent_uuid: "85af712e0b8645ae997de8e8721f4c82" member_type: VOTER last_known_addr { host: "127.4.188.67" port: 46353 } }
I20260608 12:54:41.383826  9565 raft_consensus.cc:385] T b4f82e546e60490d9a81a6c47019b168 P 85af712e0b8645ae997de8e8721f4c82 [term 0 FOLLOWER]: Consensus starting up: Expiring failure detector timer to make a prompt election more likely
I20260608 12:54:41.383863  9572 raft_consensus.cc:493] T e4704ee18ba04a4bacce9ea69c40792a P 85af712e0b8645ae997de8e8721f4c82 [term 0 FOLLOWER]: Starting pre-election (no leader contacted us within the election timeout)
I20260608 12:54:41.384104  9565 raft_consensus.cc:740] T b4f82e546e60490d9a81a6c47019b168 P 85af712e0b8645ae997de8e8721f4c82 [term 0 FOLLOWER]: Becoming Follower/Learner. State: Replica: 85af712e0b8645ae997de8e8721f4c82, State: Initialized, Role: FOLLOWER
