I20260608 12:38:08.715272   431 raft_consensus.cc:2243] T f18a6abc9b6f4d8fafe43dd171fba524 P ab9a565509d049f79ebc586b3d1d4f27 [term 1 LEADER]: Raft consensus shutting down.
I20260608 12:38:08.715761   431 raft_consensus.cc:2272] T f18a6abc9b6f4d8fafe43dd171fba524 P ab9a565509d049f79ebc586b3d1d4f27 [term 1 FOLLOWER]: Raft consensus is shut down!
I20260608 12:38:08.734325   431 tablet_server.cc:196] TabletServer@127.0.107.195:0 shutdown complete.
I20260608 12:38:08.744077   431 master.cc:562] Master@127.0.107.253:44159 shutting down...
I20260608 12:38:08.761219   431 raft_consensus.cc:2243] T 00000000000000000000000000000000 P 2f4f9bc6e591409bad520909f71fb9d5 [term 2 LEADER]: Raft consensus shutting down.
I20260608 12:38:08.761960   431 pending_rounds.cc:70] T 00000000000000000000000000000000 P 2f4f9bc6e591409bad520909f71fb9d5: Trying to abort 1 pending ops.
I20260608 12:38:08.762288   431 pending_rounds.cc:77] T 00000000000000000000000000000000 P 2f4f9bc6e591409bad520909f71fb9d5: Aborting op as it isn't in flight: id { term: 2 index: 11 } timestamp: 7294657693621321728 op_type: NO_OP noop_request { }
I20260608 12:38:08.762636   431 raft_consensus.cc:2889] T 00000000000000000000000000000000 P 2f4f9bc6e591409bad520909f71fb9d5 [term 2 LEADER]: NO_OP replication failed: Aborted: Op aborted
I20260608 12:38:08.762948   431 raft_consensus.cc:2272] T 00000000000000000000000000000000 P 2f4f9bc6e591409bad520909f71fb9d5 [term 2 FOLLOWER]: Raft consensus is shut down!
I20260608 12:38:08.763401   431 tablet_replica.cc:333] T 00000000000000000000000000000000 P 2f4f9bc6e591409bad520909f71fb9d5: stopping tablet replica
I20260608 12:38:08.783540   431 master.cc:584] Master@127.0.107.253:44159 shutdown complete.
I20260608 12:38:08.796182   431 master.cc:562] Master@127.0.107.252:45387 shutting down...
I20260608 12:38:08.815750   431 raft_consensus.cc:2243] T 00000000000000000000000000000000 P 5fb3aa988136423aa6b1d733615e9b7c [term 2 FOLLOWER]: Raft consensus shutting down.
I20260608 12:38:08.816340   431 raft_consensus.cc:2272] T 00000000000000000000000000000000 P 5fb3aa988136423aa6b1d733615e9b7c [term 2 FOLLOWER]: Raft consensus is shut down!
I20260608 12:38:08.816643   431 tablet_replica.cc:333] T 00000000000000000000000000000000 P 5fb3aa988136423aa6b1d733615e9b7c: stopping tablet replica
I20260608 12:38:08.836081   431 master.cc:584] Master@127.0.107.252:45387 shutdown complete.
[       OK ] AutoRebalancerTest.NextLeaderResumesAutoRebalancing (4694 ms)
[ RUN      ] AutoRebalancerTest.MovesScheduledIfAddTserver
I20260608 12:38:08.866914   431 internal_mini_cluster.cc:156] Creating distributed mini masters. Addrs: 127.0.107.254:46091
I20260608 12:38:08.868022   431 file_cache.cc:492] Constructed file cache file cache with capacity 419430
W20260608 12:38:08.873606  2068 instance_detector.cc:116] could not retrieve AWS instance metadata: Network error: curl error: HTTP response code said error: The requested URL returned error: 404
W20260608 12:38:08.873898  2069 instance_detector.cc:116] could not retrieve Azure instance metadata: Network error: curl error: HTTP response code said error: The requested URL returned error: 404
W20260608 12:38:08.875039  2071 instance_detector.cc:116] could not retrieve OpenStack instance metadata: Network error: curl error: HTTP response code said error: The requested URL returned error: 404
I20260608 12:38:08.875586   431 server_base.cc:1061] running on GCE node
I20260608 12:38:08.876384   431 hybrid_clock.cc:584] initializing the hybrid clock with 'system_unsync' time source
W20260608 12:38:08.876561   431 system_unsync_time.cc:38] NTP support is disabled. Clock error bounds will not be accurate. This configuration is not suitable for distributed clusters.
I20260608 12:38:08.876680   431 hybrid_clock.cc:648] HybridClock initialized: now 1780922288876668 us; error 0 us; skew 500 ppm
I20260608 12:38:08.877235   431 server_base.cc:861] Flag tcmalloc_max_total_thread_cache_bytes is not working since tcmalloc is not enabled.
I20260608 12:38:08.879693   431 webserver.cc:533] Webserver started at http://127.0.107.254:34241/ using document root <none> and password file <none>
I20260608 12:38:08.880158   431 fs_manager.cc:362] Metadata directory not provided
I20260608 12:38:08.880308   431 fs_manager.cc:368] Using write-ahead log directory (fs_wal_dir) as metadata directory
I20260608 12:38:08.880522   431 server_base.cc:909] This appears to be a new deployment of Kudu; creating new FS layout
I20260608 12:38:08.881562   431 fs_manager.cc:1068] Generated new instance metadata in path /tmp/dist-test-taskKRhbqc/test-tmp/auto_rebalancer-test.0.AutoRebalancerTest.MovesScheduledIfAddTserver.1780922265222320-431-0/minicluster-data/master-0-root/instance:
uuid: "07ebce31013f47129ee79b604adfea0c"
format_stamp: "Formatted at 2026-06-08 12:38:08 on dist-test-slave-hhqk"
I20260608 12:38:08.886255   431 fs_manager.cc:696] Time spent creating directory manager: real 0.004s	user 0.006s	sys 0.000s
I20260608 12:38:08.889742  2076 log_block_manager.cc:4031] Time spent loading block containers with low live blocks: real 0.000s	user 0.000s	sys 0.000s
I20260608 12:38:08.890650   431 fs_manager.cc:730] Time spent opening block manager: real 0.002s	user 0.003s	sys 0.000s
I20260608 12:38:08.890956   431 fs_manager.cc:647] Opened local filesystem: /tmp/dist-test-taskKRhbqc/test-tmp/auto_rebalancer-test.0.AutoRebalancerTest.MovesScheduledIfAddTserver.1780922265222320-431-0/minicluster-data/master-0-root
uuid: "07ebce31013f47129ee79b604adfea0c"
format_stamp: "Formatted at 2026-06-08 12:38:08 on dist-test-slave-hhqk"
I20260608 12:38:08.891206   431 fs_report.cc:389] FS layout report
--------------------
wal directory: /tmp/dist-test-taskKRhbqc/test-tmp/auto_rebalancer-test.0.AutoRebalancerTest.MovesScheduledIfAddTserver.1780922265222320-431-0/minicluster-data/master-0-root
metadata directory: /tmp/dist-test-taskKRhbqc/test-tmp/auto_rebalancer-test.0.AutoRebalancerTest.MovesScheduledIfAddTserver.1780922265222320-431-0/minicluster-data/master-0-root
1 data directories: /tmp/dist-test-taskKRhbqc/test-tmp/auto_rebalancer-test.0.AutoRebalancerTest.MovesScheduledIfAddTserver.1780922265222320-431-0/minicluster-data/master-0-root/data
Total live blocks: 0
Total live bytes: 0
Total live bytes (after alignment): 0
Total number of LBM containers: 0 (0 full)
Did not check for missing blocks
Did not check for orphaned blocks
Total full LBM containers with extra space: 0 (0 repaired)
Total full LBM container extra space in bytes: 0 (0 repaired)
Total incomplete LBM containers: 0 (0 repaired)
Total LBM partial records: 0 (0 repaired)
Total corrupted LBM metadata records in RocksDB: 0 (0 repaired)
I20260608 12:38:08.905323   431 rpc_server.cc:225] running with OpenSSL 1.1.1  11 Sep 2018
I20260608 12:38:08.906620   431 kserver.cc:163] Server-wide thread pool size limit: 3276
I20260608 12:38:08.945288   431 rpc_server.cc:307] RPC server started. Bound to: 127.0.107.254:46091
I20260608 12:38:08.945360  2127 acceptor_pool.cc:272] collecting diagnostics on the listening RPC socket 127.0.107.254:46091 every 8 connection(s)
I20260608 12:38:08.949564  2128 data_dirs.cc:400] Could only allocate 1 dirs of requested 3 for tablet 00000000000000000000000000000000. 1 dirs total, 0 dirs full, 0 dirs failed
I20260608 12:38:08.959781  2128 tablet_bootstrap.cc:492] T 00000000000000000000000000000000 P 07ebce31013f47129ee79b604adfea0c: Bootstrap starting.
I20260608 12:38:08.964517  2128 tablet_bootstrap.cc:654] T 00000000000000000000000000000000 P 07ebce31013f47129ee79b604adfea0c: Neither blocks nor log segments found. Creating new log.
I20260608 12:38:08.968870  2128 tablet_bootstrap.cc:492] T 00000000000000000000000000000000 P 07ebce31013f47129ee79b604adfea0c: No bootstrap required, opened a new log
I20260608 12:38:08.971033  2128 raft_consensus.cc:359] T 00000000000000000000000000000000 P 07ebce31013f47129ee79b604adfea0c [term 0 FOLLOWER]: Replica starting. Triggering 0 pending ops. Active config: opid_index: -1 OBSOLETE_local: true peers { permanent_uuid: "07ebce31013f47129ee79b604adfea0c" member_type: VOTER }
I20260608 12:38:08.971400  2128 raft_consensus.cc:385] T 00000000000000000000000000000000 P 07ebce31013f47129ee79b604adfea0c [term 0 FOLLOWER]: Consensus starting up: Expiring failure detector timer to make a prompt election more likely
I20260608 12:38:08.971695  2128 raft_consensus.cc:740] T 00000000000000000000000000000000 P 07ebce31013f47129ee79b604adfea0c [term 0 FOLLOWER]: Becoming Follower/Learner. State: Replica: 07ebce31013f47129ee79b604adfea0c, State: Initialized, Role: FOLLOWER
I20260608 12:38:08.972375  2128 consensus_queue.cc:260] T 00000000000000000000000000000000 P 07ebce31013f47129ee79b604adfea0c [NON_LEADER]: Queue going to NON_LEADER mode. State: All replicated index: 0, Majority replicated index: 0, Committed index: 0, Last appended: 0.0, Last appended by leader: 0, Current term: 0, Majority size: -1, State: 0, Mode: NON_LEADER, active raft config: opid_index: -1 OBSOLETE_local: true peers { permanent_uuid: "07ebce31013f47129ee79b604adfea0c" member_type: VOTER }
I20260608 12:38:08.972846  2128 raft_consensus.cc:399] T 00000000000000000000000000000000 P 07ebce31013f47129ee79b604adfea0c [term 0 FOLLOWER]: Only one voter in the Raft config. Triggering election immediately
I20260608 12:38:08.973076  2128 raft_consensus.cc:493] T 00000000000000000000000000000000 P 07ebce31013f47129ee79b604adfea0c [term 0 FOLLOWER]: Starting leader election (initial election of a single-replica configuration)
I20260608 12:38:08.973361  2128 raft_consensus.cc:3060] T 00000000000000000000000000000000 P 07ebce31013f47129ee79b604adfea0c [term 0 FOLLOWER]: Advancing to term 1
I20260608 12:38:08.977890  2128 raft_consensus.cc:515] T 00000000000000000000000000000000 P 07ebce31013f47129ee79b604adfea0c [term 1 FOLLOWER]: Starting leader election with config: opid_index: -1 OBSOLETE_local: true peers { permanent_uuid: "07ebce31013f47129ee79b604adfea0c" member_type: VOTER }
I20260608 12:38:08.978488  2128 leader_election.cc:304] T 00000000000000000000000000000000 P 07ebce31013f47129ee79b604adfea0c [CANDIDATE]: Term 1 election: Election decided. Result: candidate won. Election summary: received 1 responses out of 1 voters: 1 yes votes; 0 no votes. yes voters: 07ebce31013f47129ee79b604adfea0c; no voters: 
I20260608 12:38:08.979676  2128 leader_election.cc:290] T 00000000000000000000000000000000 P 07ebce31013f47129ee79b604adfea0c [CANDIDATE]: Term 1 election: Requested vote from peers 
I20260608 12:38:08.980118  2131 raft_consensus.cc:2804] T 00000000000000000000000000000000 P 07ebce31013f47129ee79b604adfea0c [term 1 FOLLOWER]: Leader election won for term 1
I20260608 12:38:08.981509  2131 raft_consensus.cc:697] T 00000000000000000000000000000000 P 07ebce31013f47129ee79b604adfea0c [term 1 LEADER]: Becoming Leader. State: Replica: 07ebce31013f47129ee79b604adfea0c, State: Running, Role: LEADER
I20260608 12:38:08.982337  2131 consensus_queue.cc:237] T 00000000000000000000000000000000 P 07ebce31013f47129ee79b604adfea0c [LEADER]: Queue going to LEADER mode. State: All replicated index: 0, Majority replicated index: 0, Committed index: 0, Last appended: 0.0, Last appended by leader: 0, Current term: 1, Majority size: 1, State: 0, Mode: LEADER, active raft config: opid_index: -1 OBSOLETE_local: true peers { permanent_uuid: "07ebce31013f47129ee79b604adfea0c" member_type: VOTER }
I20260608 12:38:08.982627  2128 sys_catalog.cc:565] T 00000000000000000000000000000000 P 07ebce31013f47129ee79b604adfea0c [sys.catalog]: configured and running, proceeding with master startup.
I20260608 12:38:08.985649  2133 sys_catalog.cc:455] T 00000000000000000000000000000000 P 07ebce31013f47129ee79b604adfea0c [sys.catalog]: SysCatalogTable state changed. Reason: New leader 07ebce31013f47129ee79b604adfea0c. Latest consensus state: current_term: 1 leader_uuid: "07ebce31013f47129ee79b604adfea0c" committed_config { opid_index: -1 OBSOLETE_local: true peers { permanent_uuid: "07ebce31013f47129ee79b604adfea0c" member_type: VOTER } }
I20260608 12:38:08.985725  2132 sys_catalog.cc:455] T 00000000000000000000000000000000 P 07ebce31013f47129ee79b604adfea0c [sys.catalog]: SysCatalogTable state changed. Reason: RaftConsensus started. Latest consensus state: current_term: 1 leader_uuid: "07ebce31013f47129ee79b604adfea0c" committed_config { opid_index: -1 OBSOLETE_local: true peers { permanent_uuid: "07ebce31013f47129ee79b604adfea0c" member_type: VOTER } }
I20260608 12:38:08.986291  2133 sys_catalog.cc:458] T 00000000000000000000000000000000 P 07ebce31013f47129ee79b604adfea0c [sys.catalog]: This master's current role is: LEADER
I20260608 12:38:08.986557  2132 sys_catalog.cc:458] T 00000000000000000000000000000000 P 07ebce31013f47129ee79b604adfea0c [sys.catalog]: This master's current role is: LEADER
I20260608 12:38:08.989753  2136 catalog_manager.cc:1510] Loading table and tablet metadata into memory...
I20260608 12:38:08.994947  2136 catalog_manager.cc:1519] Initializing Kudu cluster ID...
I20260608 12:38:08.999539   431 internal_mini_cluster.cc:184] Waiting to initialize catalog manager on master 0
I20260608 12:38:09.004558  2136 catalog_manager.cc:1382] Generated new cluster ID: 18297f434c344c2590041c929d967eea
I20260608 12:38:09.004868  2136 catalog_manager.cc:1530] Initializing Kudu internal certificate authority...
I20260608 12:38:09.029089  2136 catalog_manager.cc:1405] Generated new certificate authority record
I20260608 12:38:09.030435  2136 catalog_manager.cc:1539] Loading token signing keys...
I20260608 12:38:09.043380  2136 catalog_manager.cc:6069] T 00000000000000000000000000000000 P 07ebce31013f47129ee79b604adfea0c: Generated new TSK 0
I20260608 12:38:09.043996  2136 catalog_manager.cc:1549] Initializing in-progress tserver states...
I20260608 12:38:09.066200   431 file_cache.cc:492] Constructed file cache file cache with capacity 419430
W20260608 12:38:09.072618  2149 instance_detector.cc:116] could not retrieve AWS instance metadata: Network error: curl error: HTTP response code said error: The requested URL returned error: 404
W20260608 12:38:09.073653  2150 instance_detector.cc:116] could not retrieve Azure instance metadata: Network error: curl error: HTTP response code said error: The requested URL returned error: 404
W20260608 12:38:09.075588  2152 instance_detector.cc:116] could not retrieve OpenStack instance metadata: Network error: curl error: HTTP response code said error: The requested URL returned error: 404
I20260608 12:38:09.076205   431 server_base.cc:1061] running on GCE node
I20260608 12:38:09.077009   431 hybrid_clock.cc:584] initializing the hybrid clock with 'system_unsync' time source
W20260608 12:38:09.077209   431 system_unsync_time.cc:38] NTP support is disabled. Clock error bounds will not be accurate. This configuration is not suitable for distributed clusters.
I20260608 12:38:09.077401   431 hybrid_clock.cc:648] HybridClock initialized: now 1780922289077387 us; error 0 us; skew 500 ppm
I20260608 12:38:09.077921   431 server_base.cc:861] Flag tcmalloc_max_total_thread_cache_bytes is not working since tcmalloc is not enabled.
I20260608 12:38:09.080276   431 webserver.cc:533] Webserver started at http://127.0.107.193:46641/ using document root <none> and password file <none>
I20260608 12:38:09.080751   431 fs_manager.cc:362] Metadata directory not provided
I20260608 12:38:09.080911   431 fs_manager.cc:368] Using write-ahead log directory (fs_wal_dir) as metadata directory
I20260608 12:38:09.081135   431 server_base.cc:909] This appears to be a new deployment of Kudu; creating new FS layout
I20260608 12:38:09.082237   431 fs_manager.cc:1068] Generated new instance metadata in path /tmp/dist-test-taskKRhbqc/test-tmp/auto_rebalancer-test.0.AutoRebalancerTest.MovesScheduledIfAddTserver.1780922265222320-431-0/minicluster-data/ts-0-root/instance:
uuid: "10ea3274d3c546b09038e6c79fa022c0"
format_stamp: "Formatted at 2026-06-08 12:38:09 on dist-test-slave-hhqk"
I20260608 12:38:09.086900   431 fs_manager.cc:696] Time spent creating directory manager: real 0.004s	user 0.004s	sys 0.000s
I20260608 12:38:09.090219  2157 log_block_manager.cc:4031] Time spent loading block containers with low live blocks: real 0.000s	user 0.000s	sys 0.000s
I20260608 12:38:09.090994   431 fs_manager.cc:730] Time spent opening block manager: real 0.002s	user 0.003s	sys 0.000s
I20260608 12:38:09.091267   431 fs_manager.cc:647] Opened local filesystem: /tmp/dist-test-taskKRhbqc/test-tmp/auto_rebalancer-test.0.AutoRebalancerTest.MovesScheduledIfAddTserver.1780922265222320-431-0/minicluster-data/ts-0-root
uuid: "10ea3274d3c546b09038e6c79fa022c0"
format_stamp: "Formatted at 2026-06-08 12:38:09 on dist-test-slave-hhqk"
I20260608 12:38:09.091501   431 fs_report.cc:389] FS layout report
--------------------
wal directory: /tmp/dist-test-taskKRhbqc/test-tmp/auto_rebalancer-test.0.AutoRebalancerTest.MovesScheduledIfAddTserver.1780922265222320-431-0/minicluster-data/ts-0-root
metadata directory: /tmp/dist-test-taskKRhbqc/test-tmp/auto_rebalancer-test.0.AutoRebalancerTest.MovesScheduledIfAddTserver.1780922265222320-431-0/minicluster-data/ts-0-root
1 data directories: /tmp/dist-test-taskKRhbqc/test-tmp/auto_rebalancer-test.0.AutoRebalancerTest.MovesScheduledIfAddTserver.1780922265222320-431-0/minicluster-data/ts-0-root/data
Total live blocks: 0
Total live bytes: 0
Total live bytes (after alignment): 0
Total number of LBM containers: 0 (0 full)
Did not check for missing blocks
Did not check for orphaned blocks
Total full LBM containers with extra space: 0 (0 repaired)
Total full LBM container extra space in bytes: 0 (0 repaired)
Total incomplete LBM containers: 0 (0 repaired)
Total LBM partial records: 0 (0 repaired)
Total corrupted LBM metadata records in RocksDB: 0 (0 repaired)
I20260608 12:38:09.102907   431 rpc_server.cc:225] running with OpenSSL 1.1.1  11 Sep 2018
I20260608 12:38:09.104048   431 kserver.cc:163] Server-wide thread pool size limit: 3276
I20260608 12:38:09.105475   431 txn_system_client.cc:432] TxnSystemClient initialization is disabled...
I20260608 12:38:09.107933   431 ts_tablet_manager.cc:585] Loaded tablet metadata (0 total tablets, 0 live tablets)
I20260608 12:38:09.108144   431 ts_tablet_manager.cc:531] Time spent load tablet metadata: real 0.000s	user 0.000s	sys 0.000s
I20260608 12:38:09.108414   431 ts_tablet_manager.cc:616] Registered 0 tablets
I20260608 12:38:09.108554   431 ts_tablet_manager.cc:595] Time spent register tablets: real 0.000s	user 0.000s	sys 0.000s
I20260608 12:38:09.148728   431 rpc_server.cc:307] RPC server started. Bound to: 127.0.107.193:42731
I20260608 12:38:09.148854  2219 acceptor_pool.cc:272] collecting diagnostics on the listening RPC socket 127.0.107.193:42731 every 8 connection(s)
I20260608 12:38:09.153726   431 file_cache.cc:492] Constructed file cache file cache with capacity 419430
W20260608 12:38:09.161741  2224 instance_detector.cc:116] could not retrieve AWS instance metadata: Network error: curl error: HTTP response code said error: The requested URL returned error: 404
W20260608 12:38:09.163038  2225 instance_detector.cc:116] could not retrieve Azure instance metadata: Network error: curl error: HTTP response code said error: The requested URL returned error: 404
I20260608 12:38:09.165884   431 server_base.cc:1061] running on GCE node
W20260608 12:38:09.165936  2228 instance_detector.cc:116] could not retrieve OpenStack instance metadata: Network error: curl error: HTTP response code said error: The requested URL returned error: 404
I20260608 12:38:09.167105   431 hybrid_clock.cc:584] initializing the hybrid clock with 'system_unsync' time source
W20260608 12:38:09.167328   431 system_unsync_time.cc:38] NTP support is disabled. Clock error bounds will not be accurate. This configuration is not suitable for distributed clusters.
I20260608 12:38:09.167513   431 hybrid_clock.cc:648] HybridClock initialized: now 1780922289167493 us; error 0 us; skew 500 ppm
I20260608 12:38:09.168145   431 server_base.cc:861] Flag tcmalloc_max_total_thread_cache_bytes is not working since tcmalloc is not enabled.
I20260608 12:38:09.170935   431 webserver.cc:533] Webserver started at http://127.0.107.194:42115/ using document root <none> and password file <none>
I20260608 12:38:09.171532   431 fs_manager.cc:362] Metadata directory not provided
I20260608 12:38:09.171831   431 fs_manager.cc:368] Using write-ahead log directory (fs_wal_dir) as metadata directory
I20260608 12:38:09.172235   431 server_base.cc:909] This appears to be a new deployment of Kudu; creating new FS layout
I20260608 12:38:09.172446  2220 heartbeater.cc:344] Connected to a master server at 127.0.107.254:46091
I20260608 12:38:09.172869  2220 heartbeater.cc:461] Registering TS with master...
I20260608 12:38:09.173449   431 fs_manager.cc:1068] Generated new instance metadata in path /tmp/dist-test-taskKRhbqc/test-tmp/auto_rebalancer-test.0.AutoRebalancerTest.MovesScheduledIfAddTserver.1780922265222320-431-0/minicluster-data/ts-1-root/instance:
uuid: "1cd617def2d343fe9433821f477706fc"
format_stamp: "Formatted at 2026-06-08 12:38:09 on dist-test-slave-hhqk"
I20260608 12:38:09.173591  2220 heartbeater.cc:507] Master 127.0.107.254:46091 requested a full tablet report, sending...
I20260608 12:38:09.176126  2093 ts_manager.cc:194] Registered new tserver with Master: 10ea3274d3c546b09038e6c79fa022c0 (127.0.107.193:42731)
I20260608 12:38:09.178673  2093 master_service.cc:502] Signed X509 certificate for tserver {username='slave'} at 127.0.0.1:40540
I20260608 12:38:09.179483   431 fs_manager.cc:696] Time spent creating directory manager: real 0.005s	user 0.004s	sys 0.002s
I20260608 12:38:09.183226  2232 log_block_manager.cc:4031] Time spent loading block containers with low live blocks: real 0.000s	user 0.000s	sys 0.000s
I20260608 12:38:09.184242   431 fs_manager.cc:730] Time spent opening block manager: real 0.003s	user 0.004s	sys 0.000s
I20260608 12:38:09.184578   431 fs_manager.cc:647] Opened local filesystem: /tmp/dist-test-taskKRhbqc/test-tmp/auto_rebalancer-test.0.AutoRebalancerTest.MovesScheduledIfAddTserver.1780922265222320-431-0/minicluster-data/ts-1-root
uuid: "1cd617def2d343fe9433821f477706fc"
format_stamp: "Formatted at 2026-06-08 12:38:09 on dist-test-slave-hhqk"
I20260608 12:38:09.184835   431 fs_report.cc:389] FS layout report
--------------------
wal directory: /tmp/dist-test-taskKRhbqc/test-tmp/auto_rebalancer-test.0.AutoRebalancerTest.MovesScheduledIfAddTserver.1780922265222320-431-0/minicluster-data/ts-1-root
metadata directory: /tmp/dist-test-taskKRhbqc/test-tmp/auto_rebalancer-test.0.AutoRebalancerTest.MovesScheduledIfAddTserver.1780922265222320-431-0/minicluster-data/ts-1-root
1 data directories: /tmp/dist-test-taskKRhbqc/test-tmp/auto_rebalancer-test.0.AutoRebalancerTest.MovesScheduledIfAddTserver.1780922265222320-431-0/minicluster-data/ts-1-root/data
Total live blocks: 0
Total live bytes: 0
Total live bytes (after alignment): 0
Total number of LBM containers: 0 (0 full)
Did not check for missing blocks
Did not check for orphaned blocks
Total full LBM containers with extra space: 0 (0 repaired)
Total full LBM container extra space in bytes: 0 (0 repaired)
Total incomplete LBM containers: 0 (0 repaired)
Total LBM partial records: 0 (0 repaired)
Total corrupted LBM metadata records in RocksDB: 0 (0 repaired)
I20260608 12:38:09.198899   431 rpc_server.cc:225] running with OpenSSL 1.1.1  11 Sep 2018
I20260608 12:38:09.200084   431 kserver.cc:163] Server-wide thread pool size limit: 3276
I20260608 12:38:09.201561   431 txn_system_client.cc:432] TxnSystemClient initialization is disabled...
I20260608 12:38:09.203986   431 ts_tablet_manager.cc:585] Loaded tablet metadata (0 total tablets, 0 live tablets)
I20260608 12:38:09.204217   431 ts_tablet_manager.cc:531] Time spent load tablet metadata: real 0.000s	user 0.000s	sys 0.000s
I20260608 12:38:09.204453   431 ts_tablet_manager.cc:616] Registered 0 tablets
I20260608 12:38:09.204640   431 ts_tablet_manager.cc:595] Time spent register tablets: real 0.000s	user 0.000s	sys 0.000s
I20260608 12:38:09.244117   431 rpc_server.cc:307] RPC server started. Bound to: 127.0.107.194:40499
I20260608 12:38:09.244238  2294 acceptor_pool.cc:272] collecting diagnostics on the listening RPC socket 127.0.107.194:40499 every 8 connection(s)
I20260608 12:38:09.249141   431 file_cache.cc:492] Constructed file cache file cache with capacity 419430
W20260608 12:38:09.256043  2298 instance_detector.cc:116] could not retrieve AWS instance metadata: Network error: curl error: HTTP response code said error: The requested URL returned error: 404
W20260608 12:38:09.258522  2299 instance_detector.cc:116] could not retrieve Azure instance metadata: Network error: curl error: HTTP response code said error: The requested URL returned error: 404
W20260608 12:38:09.259488  2301 instance_detector.cc:116] could not retrieve OpenStack instance metadata: Network error: curl error: HTTP response code said error: The requested URL returned error: 404
I20260608 12:38:09.259706   431 server_base.cc:1061] running on GCE node
I20260608 12:38:09.261029   431 hybrid_clock.cc:584] initializing the hybrid clock with 'system_unsync' time source
W20260608 12:38:09.261335   431 system_unsync_time.cc:38] NTP support is disabled. Clock error bounds will not be accurate. This configuration is not suitable for distributed clusters.
I20260608 12:38:09.261559   431 hybrid_clock.cc:648] HybridClock initialized: now 1780922289261539 us; error 0 us; skew 500 ppm
I20260608 12:38:09.261672  2295 heartbeater.cc:344] Connected to a master server at 127.0.107.254:46091
I20260608 12:38:09.262125  2295 heartbeater.cc:461] Registering TS with master...
I20260608 12:38:09.262480   431 server_base.cc:861] Flag tcmalloc_max_total_thread_cache_bytes is not working since tcmalloc is not enabled.
I20260608 12:38:09.263060  2295 heartbeater.cc:507] Master 127.0.107.254:46091 requested a full tablet report, sending...
I20260608 12:38:09.265192   431 webserver.cc:533] Webserver started at http://127.0.107.195:39307/ using document root <none> and password file <none>
I20260608 12:38:09.265583  2093 ts_manager.cc:194] Registered new tserver with Master: 1cd617def2d343fe9433821f477706fc (127.0.107.194:40499)
I20260608 12:38:09.265923   431 fs_manager.cc:362] Metadata directory not provided
I20260608 12:38:09.266219   431 fs_manager.cc:368] Using write-ahead log directory (fs_wal_dir) as metadata directory
I20260608 12:38:09.266561   431 server_base.cc:909] This appears to be a new deployment of Kudu; creating new FS layout
I20260608 12:38:09.267499  2093 master_service.cc:502] Signed X509 certificate for tserver {username='slave'} at 127.0.0.1:40554
I20260608 12:38:09.268052   431 fs_manager.cc:1068] Generated new instance metadata in path /tmp/dist-test-taskKRhbqc/test-tmp/auto_rebalancer-test.0.AutoRebalancerTest.MovesScheduledIfAddTserver.1780922265222320-431-0/minicluster-data/ts-2-root/instance:
uuid: "7f34a911335e4a2ea5ded4b574490d23"
format_stamp: "Formatted at 2026-06-08 12:38:09 on dist-test-slave-hhqk"
I20260608 12:38:09.273073   431 fs_manager.cc:696] Time spent creating directory manager: real 0.004s	user 0.006s	sys 0.000s
I20260608 12:38:09.276517  2306 log_block_manager.cc:4031] Time spent loading block containers with low live blocks: real 0.000s	user 0.000s	sys 0.000s
I20260608 12:38:09.277261   431 fs_manager.cc:730] Time spent opening block manager: real 0.002s	user 0.002s	sys 0.000s
I20260608 12:38:09.277566   431 fs_manager.cc:647] Opened local filesystem: /tmp/dist-test-taskKRhbqc/test-tmp/auto_rebalancer-test.0.AutoRebalancerTest.MovesScheduledIfAddTserver.1780922265222320-431-0/minicluster-data/ts-2-root
uuid: "7f34a911335e4a2ea5ded4b574490d23"
format_stamp: "Formatted at 2026-06-08 12:38:09 on dist-test-slave-hhqk"
I20260608 12:38:09.277825   431 fs_report.cc:389] FS layout report
--------------------
wal directory: /tmp/dist-test-taskKRhbqc/test-tmp/auto_rebalancer-test.0.AutoRebalancerTest.MovesScheduledIfAddTserver.1780922265222320-431-0/minicluster-data/ts-2-root
metadata directory: /tmp/dist-test-taskKRhbqc/test-tmp/auto_rebalancer-test.0.AutoRebalancerTest.MovesScheduledIfAddTserver.1780922265222320-431-0/minicluster-data/ts-2-root
1 data directories: /tmp/dist-test-taskKRhbqc/test-tmp/auto_rebalancer-test.0.AutoRebalancerTest.MovesScheduledIfAddTserver.1780922265222320-431-0/minicluster-data/ts-2-root/data
Total live blocks: 0
Total live bytes: 0
Total live bytes (after alignment): 0
Total number of LBM containers: 0 (0 full)
Did not check for missing blocks
Did not check for orphaned blocks
Total full LBM containers with extra space: 0 (0 repaired)
Total full LBM container extra space in bytes: 0 (0 repaired)
Total incomplete LBM containers: 0 (0 repaired)
Total LBM partial records: 0 (0 repaired)
Total corrupted LBM metadata records in RocksDB: 0 (0 repaired)
I20260608 12:38:09.292101   431 rpc_server.cc:225] running with OpenSSL 1.1.1  11 Sep 2018
I20260608 12:38:09.293599   431 kserver.cc:163] Server-wide thread pool size limit: 3276
I20260608 12:38:09.295188   431 txn_system_client.cc:432] TxnSystemClient initialization is disabled...
I20260608 12:38:09.297431   431 ts_tablet_manager.cc:585] Loaded tablet metadata (0 total tablets, 0 live tablets)
I20260608 12:38:09.297657   431 ts_tablet_manager.cc:531] Time spent load tablet metadata: real 0.000s	user 0.000s	sys 0.000s
I20260608 12:38:09.297915   431 ts_tablet_manager.cc:616] Registered 0 tablets
I20260608 12:38:09.298126   431 ts_tablet_manager.cc:595] Time spent register tablets: real 0.000s	user 0.001s	sys 0.000s
I20260608 12:38:09.337407   431 rpc_server.cc:307] RPC server started. Bound to: 127.0.107.195:42247
I20260608 12:38:09.337524  2368 acceptor_pool.cc:272] collecting diagnostics on the listening RPC socket 127.0.107.195:42247 every 8 connection(s)
I20260608 12:38:09.351716  2369 heartbeater.cc:344] Connected to a master server at 127.0.107.254:46091
I20260608 12:38:09.352053  2369 heartbeater.cc:461] Registering TS with master...
I20260608 12:38:09.352735  2369 heartbeater.cc:507] Master 127.0.107.254:46091 requested a full tablet report, sending...
I20260608 12:38:09.354743  2093 ts_manager.cc:194] Registered new tserver with Master: 7f34a911335e4a2ea5ded4b574490d23 (127.0.107.195:42247)
I20260608 12:38:09.355487   431 internal_mini_cluster.cc:371] 3 TS(s) registered with all masters after 0.014845267s
I20260608 12:38:09.356395  2093 master_service.cc:502] Signed X509 certificate for tserver {username='slave'} at 127.0.0.1:40564
I20260608 12:38:10.181440  2220 heartbeater.cc:499] Master 127.0.107.254:46091 was elected leader, sending a full tablet report...
I20260608 12:38:10.270521  2295 heartbeater.cc:499] Master 127.0.107.254:46091 was elected leader, sending a full tablet report...
I20260608 12:38:10.359325  2369 heartbeater.cc:499] Master 127.0.107.254:46091 was elected leader, sending a full tablet report...
I20260608 12:38:10.418457  2093 catalog_manager.cc:2282] Servicing CreateTable request from {username='slave'} at 127.0.0.1:40566:
name: "test-workload"
schema {
  columns {
    name: "key"
    type: INT32
    is_key: true
    is_nullable: false
    encoding: AUTO_ENCODING
    compression: DEFAULT_COMPRESSION
    cfile_block_size: 0
    immutable: false
  }
  columns {
    name: "int_val"
    type: INT32
    is_key: false
    is_nullable: false
    encoding: AUTO_ENCODING
    compression: DEFAULT_COMPRESSION
    cfile_block_size: 0
    immutable: false
  }
  columns {
    name: "string_val"
    type: STRING
    is_key: false
    is_nullable: true
    encoding: AUTO_ENCODING
    compression: DEFAULT_COMPRESSION
    cfile_block_size: 0
    immutable: false
  }
}
num_replicas: 3
split_rows_range_bounds {
  rows: "\004\001\000\377\377\377?""\004\001\000\377\377\377?"
  indirect_data: """"
}
partition_schema {
  range_schema {
    columns {
      name: "key"
    }
  }
}
W20260608 12:38:10.420584  2093 catalog_manager.cc:7076] The number of live tablet servers is not enough to re-replicate a tablet replica of the newly created table test-workload in case of a server failure: 4 tablet servers would be needed, 3 are available. Consider bringing up more tablet servers.
I20260608 12:38:10.478226  2334 tablet_service.cc:1511] Processing CreateTablet for tablet 529da521c2ee4d5c864c189d15d82265 (DEFAULT_TABLE table=test-workload [id=03b22db4d0584e5880691f0768180d04]), partition=RANGE (key) PARTITION VALUES < 1073741823
I20260608 12:38:10.479727  2334 data_dirs.cc:400] Could only allocate 1 dirs of requested 3 for tablet 529da521c2ee4d5c864c189d15d82265. 1 dirs total, 0 dirs full, 0 dirs failed
I20260608 12:38:10.481540  2333 tablet_service.cc:1511] Processing CreateTablet for tablet 89fe146ff0504eb59d5c27cac6a05641 (DEFAULT_TABLE table=test-workload [id=03b22db4d0584e5880691f0768180d04]), partition=RANGE (key) PARTITION 1073741823 <= VALUES
I20260608 12:38:10.483098  2333 data_dirs.cc:400] Could only allocate 1 dirs of requested 3 for tablet 89fe146ff0504eb59d5c27cac6a05641. 1 dirs total, 0 dirs full, 0 dirs failed
I20260608 12:38:10.483353  2259 tablet_service.cc:1511] Processing CreateTablet for tablet 89fe146ff0504eb59d5c27cac6a05641 (DEFAULT_TABLE table=test-workload [id=03b22db4d0584e5880691f0768180d04]), partition=RANGE (key) PARTITION 1073741823 <= VALUES
I20260608 12:38:10.483353  2260 tablet_service.cc:1511] Processing CreateTablet for tablet 529da521c2ee4d5c864c189d15d82265 (DEFAULT_TABLE table=test-workload [id=03b22db4d0584e5880691f0768180d04]), partition=RANGE (key) PARTITION VALUES < 1073741823
I20260608 12:38:10.484884  2259 data_dirs.cc:400] Could only allocate 1 dirs of requested 3 for tablet 89fe146ff0504eb59d5c27cac6a05641. 1 dirs total, 0 dirs full, 0 dirs failed
I20260608 12:38:10.487676  2260 data_dirs.cc:400] Could only allocate 1 dirs of requested 3 for tablet 529da521c2ee4d5c864c189d15d82265. 1 dirs total, 0 dirs full, 0 dirs failed
I20260608 12:38:10.490448  2185 tablet_service.cc:1511] Processing CreateTablet for tablet 529da521c2ee4d5c864c189d15d82265 (DEFAULT_TABLE table=test-workload [id=03b22db4d0584e5880691f0768180d04]), partition=RANGE (key) PARTITION VALUES < 1073741823
I20260608 12:38:10.491899  2185 data_dirs.cc:400] Could only allocate 1 dirs of requested 3 for tablet 529da521c2ee4d5c864c189d15d82265. 1 dirs total, 0 dirs full, 0 dirs failed
I20260608 12:38:10.493649  2184 tablet_service.cc:1511] Processing CreateTablet for tablet 89fe146ff0504eb59d5c27cac6a05641 (DEFAULT_TABLE table=test-workload [id=03b22db4d0584e5880691f0768180d04]), partition=RANGE (key) PARTITION 1073741823 <= VALUES
I20260608 12:38:10.495002  2184 data_dirs.cc:400] Could only allocate 1 dirs of requested 3 for tablet 89fe146ff0504eb59d5c27cac6a05641. 1 dirs total, 0 dirs full, 0 dirs failed
I20260608 12:38:10.505209  2389 tablet_bootstrap.cc:492] T 529da521c2ee4d5c864c189d15d82265 P 7f34a911335e4a2ea5ded4b574490d23: Bootstrap starting.
I20260608 12:38:10.514031  2389 tablet_bootstrap.cc:654] T 529da521c2ee4d5c864c189d15d82265 P 7f34a911335e4a2ea5ded4b574490d23: Neither blocks nor log segments found. Creating new log.
I20260608 12:38:10.520615  2390 tablet_bootstrap.cc:492] T 529da521c2ee4d5c864c189d15d82265 P 1cd617def2d343fe9433821f477706fc: Bootstrap starting.
I20260608 12:38:10.521322  2392 tablet_bootstrap.cc:492] T 89fe146ff0504eb59d5c27cac6a05641 P 10ea3274d3c546b09038e6c79fa022c0: Bootstrap starting.
I20260608 12:38:10.524302  2389 tablet_bootstrap.cc:492] T 529da521c2ee4d5c864c189d15d82265 P 7f34a911335e4a2ea5ded4b574490d23: No bootstrap required, opened a new log
I20260608 12:38:10.524883  2389 ts_tablet_manager.cc:1403] T 529da521c2ee4d5c864c189d15d82265 P 7f34a911335e4a2ea5ded4b574490d23: Time spent bootstrapping tablet: real 0.020s	user 0.010s	sys 0.006s
I20260608 12:38:10.528810  2392 tablet_bootstrap.cc:654] T 89fe146ff0504eb59d5c27cac6a05641 P 10ea3274d3c546b09038e6c79fa022c0: Neither blocks nor log segments found. Creating new log.
I20260608 12:38:10.528569  2389 raft_consensus.cc:359] T 529da521c2ee4d5c864c189d15d82265 P 7f34a911335e4a2ea5ded4b574490d23 [term 0 FOLLOWER]: Replica starting. Triggering 0 pending ops. Active config: opid_index: -1 OBSOLETE_local: false peers { permanent_uuid: "7f34a911335e4a2ea5ded4b574490d23" member_type: VOTER last_known_addr { host: "127.0.107.195" port: 42247 } } peers { permanent_uuid: "1cd617def2d343fe9433821f477706fc" member_type: VOTER last_known_addr { host: "127.0.107.194" port: 40499 } } peers { permanent_uuid: "10ea3274d3c546b09038e6c79fa022c0" member_type: VOTER last_known_addr { host: "127.0.107.193" port: 42731 } }
I20260608 12:38:10.529058  2390 tablet_bootstrap.cc:654] T 529da521c2ee4d5c864c189d15d82265 P 1cd617def2d343fe9433821f477706fc: Neither blocks nor log segments found. Creating new log.
I20260608 12:38:10.529369  2389 raft_consensus.cc:385] T 529da521c2ee4d5c864c189d15d82265 P 7f34a911335e4a2ea5ded4b574490d23 [term 0 FOLLOWER]: Consensus starting up: Expiring failure detector timer to make a prompt election more likely
I20260608 12:38:10.529801  2389 raft_consensus.cc:740] T 529da521c2ee4d5c864c189d15d82265 P 7f34a911335e4a2ea5ded4b574490d23 [term 0 FOLLOWER]: Becoming Follower/Learner. State: Replica: 7f34a911335e4a2ea5ded4b574490d23, State: Initialized, Role: FOLLOWER
I20260608 12:38:10.530615  2389 consensus_queue.cc:260] T 529da521c2ee4d5c864c189d15d82265 P 7f34a911335e4a2ea5ded4b574490d23 [NON_LEADER]: Queue going to NON_LEADER mode. State: All replicated index: 0, Majority replicated index: 0, Committed index: 0, Last appended: 0.0, Last appended by leader: 0, Current term: 0, Majority size: -1, State: 0, Mode: NON_LEADER, active raft config: opid_index: -1 OBSOLETE_local: false peers { permanent_uuid: "7f34a911335e4a2ea5ded4b574490d23" member_type: VOTER last_known_addr { host: "127.0.107.195" port: 42247 } } peers { permanent_uuid: "1cd617def2d343fe9433821f477706fc" member_type: VOTER last_known_addr { host: "127.0.107.194" port: 40499 } } peers { permanent_uuid: "10ea3274d3c546b09038e6c79fa022c0" member_type: VOTER last_known_addr { host: "127.0.107.193" port: 42731 } }
I20260608 12:38:10.533881  2389 ts_tablet_manager.cc:1434] T 529da521c2ee4d5c864c189d15d82265 P 7f34a911335e4a2ea5ded4b574490d23: Time spent starting tablet: real 0.008s	user 0.007s	sys 0.000s
I20260608 12:38:10.535022  2392 tablet_bootstrap.cc:492] T 89fe146ff0504eb59d5c27cac6a05641 P 10ea3274d3c546b09038e6c79fa022c0: No bootstrap required, opened a new log
I20260608 12:38:10.535535  2389 tablet_bootstrap.cc:492] T 89fe146ff0504eb59d5c27cac6a05641 P 7f34a911335e4a2ea5ded4b574490d23: Bootstrap starting.
I20260608 12:38:10.535600  2392 ts_tablet_manager.cc:1403] T 89fe146ff0504eb59d5c27cac6a05641 P 10ea3274d3c546b09038e6c79fa022c0: Time spent bootstrapping tablet: real 0.015s	user 0.013s	sys 0.000s
I20260608 12:38:10.537339  2390 tablet_bootstrap.cc:492] T 529da521c2ee4d5c864c189d15d82265 P 1cd617def2d343fe9433821f477706fc: No bootstrap required, opened a new log
I20260608 12:38:10.537918  2390 ts_tablet_manager.cc:1403] T 529da521c2ee4d5c864c189d15d82265 P 1cd617def2d343fe9433821f477706fc: Time spent bootstrapping tablet: real 0.018s	user 0.013s	sys 0.000s
I20260608 12:38:10.539000  2392 raft_consensus.cc:359] T 89fe146ff0504eb59d5c27cac6a05641 P 10ea3274d3c546b09038e6c79fa022c0 [term 0 FOLLOWER]: Replica starting. Triggering 0 pending ops. Active config: opid_index: -1 OBSOLETE_local: false peers { permanent_uuid: "10ea3274d3c546b09038e6c79fa022c0" member_type: VOTER last_known_addr { host: "127.0.107.193" port: 42731 } } peers { permanent_uuid: "1cd617def2d343fe9433821f477706fc" member_type: VOTER last_known_addr { host: "127.0.107.194" port: 40499 } } peers { permanent_uuid: "7f34a911335e4a2ea5ded4b574490d23" member_type: VOTER last_known_addr { host: "127.0.107.195" port: 42247 } }
I20260608 12:38:10.539842  2392 raft_consensus.cc:385] T 89fe146ff0504eb59d5c27cac6a05641 P 10ea3274d3c546b09038e6c79fa022c0 [term 0 FOLLOWER]: Consensus starting up: Expiring failure detector timer to make a prompt election more likely
I20260608 12:38:10.540220  2392 raft_consensus.cc:740] T 89fe146ff0504eb59d5c27cac6a05641 P 10ea3274d3c546b09038e6c79fa022c0 [term 0 FOLLOWER]: Becoming Follower/Learner. State: Replica: 10ea3274d3c546b09038e6c79fa022c0, State: Initialized, Role: FOLLOWER
I20260608 12:38:10.541057  2390 raft_consensus.cc:359] T 529da521c2ee4d5c864c189d15d82265 P 1cd617def2d343fe9433821f477706fc [term 0 FOLLOWER]: Replica starting. Triggering 0 pending ops. Active config: opid_index: -1 OBSOLETE_local: false peers { permanent_uuid: "7f34a911335e4a2ea5ded4b574490d23" member_type: VOTER last_known_addr { host: "127.0.107.195" port: 42247 } } peers { permanent_uuid: "1cd617def2d343fe9433821f477706fc" member_type: VOTER last_known_addr { host: "127.0.107.194" port: 40499 } } peers { permanent_uuid: "10ea3274d3c546b09038e6c79fa022c0" member_type: VOTER last_known_addr { host: "127.0.107.193" port: 42731 } }
I20260608 12:38:10.541180  2392 consensus_queue.cc:260] T 89fe146ff0504eb59d5c27cac6a05641 P 10ea3274d3c546b09038e6c79fa022c0 [NON_LEADER]: Queue going to NON_LEADER mode. State: All replicated index: 0, Majority replicated index: 0, Committed index: 0, Last appended: 0.0, Last appended by leader: 0, Current term: 0, Majority size: -1, State: 0, Mode: NON_LEADER, active raft config: opid_index: -1 OBSOLETE_local: false peers { permanent_uuid: "10ea3274d3c546b09038e6c79fa022c0" member_type: VOTER last_known_addr { host: "127.0.107.193" port: 42731 } } peers { permanent_uuid: "1cd617def2d343fe9433821f477706fc" member_type: VOTER last_known_addr { host: "127.0.107.194" port: 40499 } } peers { permanent_uuid: "7f34a911335e4a2ea5ded4b574490d23" member_type: VOTER last_known_addr { host: "127.0.107.195" port: 42247 } }
I20260608 12:38:10.541900  2390 raft_consensus.cc:385] T 529da521c2ee4d5c864c189d15d82265 P 1cd617def2d343fe9433821f477706fc [term 0 FOLLOWER]: Consensus starting up: Expiring failure detector timer to make a prompt election more likely
I20260608 12:38:10.542321  2390 raft_consensus.cc:740] T 529da521c2ee4d5c864c189d15d82265 P 1cd617def2d343fe9433821f477706fc [term 0 FOLLOWER]: Becoming Follower/Learner. State: Replica: 1cd617def2d343fe9433821f477706fc, State: Initialized, Role: FOLLOWER
I20260608 12:38:10.543059  2389 tablet_bootstrap.cc:654] T 89fe146ff0504eb59d5c27cac6a05641 P 7f34a911335e4a2ea5ded4b574490d23: Neither blocks nor log segments found. Creating new log.
I20260608 12:38:10.543591  2390 consensus_queue.cc:260] T 529da521c2ee4d5c864c189d15d82265 P 1cd617def2d343fe9433821f477706fc [NON_LEADER]: Queue going to NON_LEADER mode. State: All replicated index: 0, Majority replicated index: 0, Committed index: 0, Last appended: 0.0, Last appended by leader: 0, Current term: 0, Majority size: -1, State: 0, Mode: NON_LEADER, active raft config: opid_index: -1 OBSOLETE_local: false peers { permanent_uuid: "7f34a911335e4a2ea5ded4b574490d23" member_type: VOTER last_known_addr { host: "127.0.107.195" port: 42247 } } peers { permanent_uuid: "1cd617def2d343fe9433821f477706fc" member_type: VOTER last_known_addr { host: "127.0.107.194" port: 40499 } } peers { permanent_uuid: "10ea3274d3c546b09038e6c79fa022c0" member_type: VOTER last_known_addr { host: "127.0.107.193" port: 42731 } }
I20260608 12:38:10.550954  2392 ts_tablet_manager.cc:1434] T 89fe146ff0504eb59d5c27cac6a05641 P 10ea3274d3c546b09038e6c79fa022c0: Time spent starting tablet: real 0.015s	user 0.009s	sys 0.005s
I20260608 12:38:10.552345  2392 tablet_bootstrap.cc:492] T 529da521c2ee4d5c864c189d15d82265 P 10ea3274d3c546b09038e6c79fa022c0: Bootstrap starting.
I20260608 12:38:10.554982  2390 ts_tablet_manager.cc:1434] T 529da521c2ee4d5c864c189d15d82265 P 1cd617def2d343fe9433821f477706fc: Time spent starting tablet: real 0.017s	user 0.008s	sys 0.004s
I20260608 12:38:10.558830  2390 tablet_bootstrap.cc:492] T 89fe146ff0504eb59d5c27cac6a05641 P 1cd617def2d343fe9433821f477706fc: Bootstrap starting.
I20260608 12:38:10.560889  2392 tablet_bootstrap.cc:654] T 529da521c2ee4d5c864c189d15d82265 P 10ea3274d3c546b09038e6c79fa022c0: Neither blocks nor log segments found. Creating new log.
I20260608 12:38:10.565856  2389 tablet_bootstrap.cc:492] T 89fe146ff0504eb59d5c27cac6a05641 P 7f34a911335e4a2ea5ded4b574490d23: No bootstrap required, opened a new log
I20260608 12:38:10.566288  2390 tablet_bootstrap.cc:654] T 89fe146ff0504eb59d5c27cac6a05641 P 1cd617def2d343fe9433821f477706fc: Neither blocks nor log segments found. Creating new log.
I20260608 12:38:10.566493  2389 ts_tablet_manager.cc:1403] T 89fe146ff0504eb59d5c27cac6a05641 P 7f34a911335e4a2ea5ded4b574490d23: Time spent bootstrapping tablet: real 0.031s	user 0.019s	sys 0.007s
I20260608 12:38:10.568348  2392 tablet_bootstrap.cc:492] T 529da521c2ee4d5c864c189d15d82265 P 10ea3274d3c546b09038e6c79fa022c0: No bootstrap required, opened a new log
I20260608 12:38:10.568872  2392 ts_tablet_manager.cc:1403] T 529da521c2ee4d5c864c189d15d82265 P 10ea3274d3c546b09038e6c79fa022c0: Time spent bootstrapping tablet: real 0.017s	user 0.013s	sys 0.000s
I20260608 12:38:10.569777  2389 raft_consensus.cc:359] T 89fe146ff0504eb59d5c27cac6a05641 P 7f34a911335e4a2ea5ded4b574490d23 [term 0 FOLLOWER]: Replica starting. Triggering 0 pending ops. Active config: opid_index: -1 OBSOLETE_local: false peers { permanent_uuid: "10ea3274d3c546b09038e6c79fa022c0" member_type: VOTER last_known_addr { host: "127.0.107.193" port: 42731 } } peers { permanent_uuid: "1cd617def2d343fe9433821f477706fc" member_type: VOTER last_known_addr { host: "127.0.107.194" port: 40499 } } peers { permanent_uuid: "7f34a911335e4a2ea5ded4b574490d23" member_type: VOTER last_known_addr { host: "127.0.107.195" port: 42247 } }
I20260608 12:38:10.570875  2389 raft_consensus.cc:385] T 89fe146ff0504eb59d5c27cac6a05641 P 7f34a911335e4a2ea5ded4b574490d23 [term 0 FOLLOWER]: Consensus starting up: Expiring failure detector timer to make a prompt election more likely
I20260608 12:38:10.571343  2389 raft_consensus.cc:740] T 89fe146ff0504eb59d5c27cac6a05641 P 7f34a911335e4a2ea5ded4b574490d23 [term 0 FOLLOWER]: Becoming Follower/Learner. State: Replica: 7f34a911335e4a2ea5ded4b574490d23, State: Initialized, Role: FOLLOWER
I20260608 12:38:10.571967  2392 raft_consensus.cc:359] T 529da521c2ee4d5c864c189d15d82265 P 10ea3274d3c546b09038e6c79fa022c0 [term 0 FOLLOWER]: Replica starting. Triggering 0 pending ops. Active config: opid_index: -1 OBSOLETE_local: false peers { permanent_uuid: "7f34a911335e4a2ea5ded4b574490d23" member_type: VOTER last_known_addr { host: "127.0.107.195" port: 42247 } } peers { permanent_uuid: "1cd617def2d343fe9433821f477706fc" member_type: VOTER last_known_addr { host: "127.0.107.194" port: 40499 } } peers { permanent_uuid: "10ea3274d3c546b09038e6c79fa022c0" member_type: VOTER last_known_addr { host: "127.0.107.193" port: 42731 } }
I20260608 12:38:10.572762  2392 raft_consensus.cc:385] T 529da521c2ee4d5c864c189d15d82265 P 10ea3274d3c546b09038e6c79fa022c0 [term 0 FOLLOWER]: Consensus starting up: Expiring failure detector timer to make a prompt election more likely
I20260608 12:38:10.573274  2392 raft_consensus.cc:740] T 529da521c2ee4d5c864c189d15d82265 P 10ea3274d3c546b09038e6c79fa022c0 [term 0 FOLLOWER]: Becoming Follower/Learner. State: Replica: 10ea3274d3c546b09038e6c79fa022c0, State: Initialized, Role: FOLLOWER
I20260608 12:38:10.572592  2389 consensus_queue.cc:260] T 89fe146ff0504eb59d5c27cac6a05641 P 7f34a911335e4a2ea5ded4b574490d23 [NON_LEADER]: Queue going to NON_LEADER mode. State: All replicated index: 0, Majority replicated index: 0, Committed index: 0, Last appended: 0.0, Last appended by leader: 0, Current term: 0, Majority size: -1, State: 0, Mode: NON_LEADER, active raft config: opid_index: -1 OBSOLETE_local: false peers { permanent_uuid: "10ea3274d3c546b09038e6c79fa022c0" member_type: VOTER last_known_addr { host: "127.0.107.193" port: 42731 } } peers { permanent_uuid: "1cd617def2d343fe9433821f477706fc" member_type: VOTER last_known_addr { host: "127.0.107.194" port: 40499 } } peers { permanent_uuid: "7f34a911335e4a2ea5ded4b574490d23" member_type: VOTER last_known_addr { host: "127.0.107.195" port: 42247 } }
I20260608 12:38:10.574154  2392 consensus_queue.cc:260] T 529da521c2ee4d5c864c189d15d82265 P 10ea3274d3c546b09038e6c79fa022c0 [NON_LEADER]: Queue going to NON_LEADER mode. State: All replicated index: 0, Majority replicated index: 0, Committed index: 0, Last appended: 0.0, Last appended by leader: 0, Current term: 0, Majority size: -1, State: 0, Mode: NON_LEADER, active raft config: opid_index: -1 OBSOLETE_local: false peers { permanent_uuid: "7f34a911335e4a2ea5ded4b574490d23" member_type: VOTER last_known_addr { host: "127.0.107.195" port: 42247 } } peers { permanent_uuid: "1cd617def2d343fe9433821f477706fc" member_type: VOTER last_known_addr { host: "127.0.107.194" port: 40499 } } peers { permanent_uuid: "10ea3274d3c546b09038e6c79fa022c0" member_type: VOTER last_known_addr { host: "127.0.107.193" port: 42731 } }
I20260608 12:38:10.576411  2389 ts_tablet_manager.cc:1434] T 89fe146ff0504eb59d5c27cac6a05641 P 7f34a911335e4a2ea5ded4b574490d23: Time spent starting tablet: real 0.010s	user 0.007s	sys 0.000s
I20260608 12:38:10.576531  2392 ts_tablet_manager.cc:1434] T 529da521c2ee4d5c864c189d15d82265 P 10ea3274d3c546b09038e6c79fa022c0: Time spent starting tablet: real 0.007s	user 0.002s	sys 0.003s
I20260608 12:38:10.577471  2390 tablet_bootstrap.cc:492] T 89fe146ff0504eb59d5c27cac6a05641 P 1cd617def2d343fe9433821f477706fc: No bootstrap required, opened a new log
I20260608 12:38:10.578073  2390 ts_tablet_manager.cc:1403] T 89fe146ff0504eb59d5c27cac6a05641 P 1cd617def2d343fe9433821f477706fc: Time spent bootstrapping tablet: real 0.020s	user 0.005s	sys 0.011s
