I20260608 12:52:30.563079 13415 tablet_service.cc:1917] Received RequestConsensusVote() RPC: tablet_id: "49894ec0e4cb455b908169c73dcb333f" candidate_uuid: "f563cecb8d2646d4aacaa7acdf2ada5e" candidate_term: 1 candidate_status { last_received { term: 0 index: 0 } } ignore_live_leader: false dest_uuid: "830529613ac649bd9ff8c6e199487f7a" is_pre_election: true
I20260608 12:52:30.563594 13415 raft_consensus.cc:2468] T 49894ec0e4cb455b908169c73dcb333f P 830529613ac649bd9ff8c6e199487f7a [term 0 FOLLOWER]: Leader pre-election vote request: Granting yes vote for candidate f563cecb8d2646d4aacaa7acdf2ada5e in term 0.
I20260608 12:52:30.567934 13470 raft_consensus.cc:515] T 49894ec0e4cb455b908169c73dcb333f P f563cecb8d2646d4aacaa7acdf2ada5e [term 1 FOLLOWER]: Starting leader election with config: opid_index: -1 OBSOLETE_local: false peers { permanent_uuid: "6f1be331647e4bdbba23c891208e8b6e" member_type: VOTER last_known_addr { host: "127.11.63.194" port: 39595 } } peers { permanent_uuid: "f563cecb8d2646d4aacaa7acdf2ada5e" member_type: VOTER last_known_addr { host: "127.11.63.193" port: 40801 } } peers { permanent_uuid: "830529613ac649bd9ff8c6e199487f7a" member_type: VOTER last_known_addr { host: "127.11.63.195" port: 34215 } }
I20260608 12:52:30.569861 13470 leader_election.cc:290] T 49894ec0e4cb455b908169c73dcb333f P f563cecb8d2646d4aacaa7acdf2ada5e [CANDIDATE]: Term 1 election: Requested vote from peers 6f1be331647e4bdbba23c891208e8b6e (127.11.63.194:39595), 830529613ac649bd9ff8c6e199487f7a (127.11.63.195:34215)
I20260608 12:52:30.570569 13341 tablet_service.cc:1917] Received RequestConsensusVote() RPC: tablet_id: "49894ec0e4cb455b908169c73dcb333f" candidate_uuid: "f563cecb8d2646d4aacaa7acdf2ada5e" candidate_term: 1 candidate_status { last_received { term: 0 index: 0 } } ignore_live_leader: false dest_uuid: "6f1be331647e4bdbba23c891208e8b6e"
I20260608 12:52:30.570971 13415 tablet_service.cc:1917] Received RequestConsensusVote() RPC: tablet_id: "49894ec0e4cb455b908169c73dcb333f" candidate_uuid: "f563cecb8d2646d4aacaa7acdf2ada5e" candidate_term: 1 candidate_status { last_received { term: 0 index: 0 } } ignore_live_leader: false dest_uuid: "830529613ac649bd9ff8c6e199487f7a"
I20260608 12:52:30.571203 13341 raft_consensus.cc:3060] T 49894ec0e4cb455b908169c73dcb333f P 6f1be331647e4bdbba23c891208e8b6e [term 0 FOLLOWER]: Advancing to term 1
I20260608 12:52:30.571583 13415 raft_consensus.cc:3060] T 49894ec0e4cb455b908169c73dcb333f P 830529613ac649bd9ff8c6e199487f7a [term 0 FOLLOWER]: Advancing to term 1
I20260608 12:52:30.578253 13341 raft_consensus.cc:2468] T 49894ec0e4cb455b908169c73dcb333f P 6f1be331647e4bdbba23c891208e8b6e [term 1 FOLLOWER]: Leader election vote request: Granting yes vote for candidate f563cecb8d2646d4aacaa7acdf2ada5e in term 1.
I20260608 12:52:30.578253 13415 raft_consensus.cc:2468] T 49894ec0e4cb455b908169c73dcb333f P 830529613ac649bd9ff8c6e199487f7a [term 1 FOLLOWER]: Leader election vote request: Granting yes vote for candidate f563cecb8d2646d4aacaa7acdf2ada5e in term 1.
I20260608 12:52:30.579870 13229 leader_election.cc:304] T 49894ec0e4cb455b908169c73dcb333f P f563cecb8d2646d4aacaa7acdf2ada5e [CANDIDATE]: Term 1 election: Election decided. Result: candidate won. Election summary: received 2 responses out of 3 voters: 2 yes votes; 0 no votes. yes voters: 830529613ac649bd9ff8c6e199487f7a, f563cecb8d2646d4aacaa7acdf2ada5e; no voters: 
I20260608 12:52:30.580561 13470 raft_consensus.cc:2804] T 49894ec0e4cb455b908169c73dcb333f P f563cecb8d2646d4aacaa7acdf2ada5e [term 1 FOLLOWER]: Leader election won for term 1
I20260608 12:52:30.580969 13470 raft_consensus.cc:697] T 49894ec0e4cb455b908169c73dcb333f P f563cecb8d2646d4aacaa7acdf2ada5e [term 1 LEADER]: Becoming Leader. State: Replica: f563cecb8d2646d4aacaa7acdf2ada5e, State: Running, Role: LEADER
I20260608 12:52:30.581694 13470 consensus_queue.cc:237] T 49894ec0e4cb455b908169c73dcb333f P f563cecb8d2646d4aacaa7acdf2ada5e [LEADER]: Queue going to LEADER mode. State: All replicated index: 0, Majority replicated index: 0, Committed index: 0, Last appended: 0.0, Last appended by leader: 0, Current term: 1, Majority size: 2, State: 0, Mode: LEADER, active raft config: opid_index: -1 OBSOLETE_local: false peers { permanent_uuid: "6f1be331647e4bdbba23c891208e8b6e" member_type: VOTER last_known_addr { host: "127.11.63.194" port: 39595 } } peers { permanent_uuid: "f563cecb8d2646d4aacaa7acdf2ada5e" member_type: VOTER last_known_addr { host: "127.11.63.193" port: 40801 } } peers { permanent_uuid: "830529613ac649bd9ff8c6e199487f7a" member_type: VOTER last_known_addr { host: "127.11.63.195" port: 34215 } }
I20260608 12:52:30.590106 13163 catalog_manager.cc:5696] T 49894ec0e4cb455b908169c73dcb333f P f563cecb8d2646d4aacaa7acdf2ada5e reported cstate change: term changed from 0 to 1, leader changed from <none> to f563cecb8d2646d4aacaa7acdf2ada5e (127.11.63.193). New cstate: current_term: 1 leader_uuid: "f563cecb8d2646d4aacaa7acdf2ada5e" committed_config { opid_index: -1 OBSOLETE_local: false peers { permanent_uuid: "6f1be331647e4bdbba23c891208e8b6e" member_type: VOTER last_known_addr { host: "127.11.63.194" port: 39595 } health_report { overall_health: UNKNOWN } } peers { permanent_uuid: "f563cecb8d2646d4aacaa7acdf2ada5e" member_type: VOTER last_known_addr { host: "127.11.63.193" port: 40801 } health_report { overall_health: HEALTHY } } peers { permanent_uuid: "830529613ac649bd9ff8c6e199487f7a" member_type: VOTER last_known_addr { host: "127.11.63.195" port: 34215 } health_report { overall_health: UNKNOWN } } }
I20260608 12:52:30.626258 13466 raft_consensus.cc:493] T bd8d79aabc9741c4aba5caf263b98ad1 P 830529613ac649bd9ff8c6e199487f7a [term 0 FOLLOWER]: Starting pre-election (no leader contacted us within the election timeout)
I20260608 12:52:30.626749 13466 raft_consensus.cc:515] T bd8d79aabc9741c4aba5caf263b98ad1 P 830529613ac649bd9ff8c6e199487f7a [term 0 FOLLOWER]: Starting pre-election with config: opid_index: -1 OBSOLETE_local: false peers { permanent_uuid: "f563cecb8d2646d4aacaa7acdf2ada5e" member_type: VOTER last_known_addr { host: "127.11.63.193" port: 40801 } } peers { permanent_uuid: "6f1be331647e4bdbba23c891208e8b6e" member_type: VOTER last_known_addr { host: "127.11.63.194" port: 39595 } } peers { permanent_uuid: "830529613ac649bd9ff8c6e199487f7a" member_type: VOTER last_known_addr { host: "127.11.63.195" port: 34215 } }
I20260608 12:52:30.628837 13466 leader_election.cc:290] T bd8d79aabc9741c4aba5caf263b98ad1 P 830529613ac649bd9ff8c6e199487f7a [CANDIDATE]: Term 1 pre-election: Requested pre-vote from peers f563cecb8d2646d4aacaa7acdf2ada5e (127.11.63.193:40801), 6f1be331647e4bdbba23c891208e8b6e (127.11.63.194:39595)
I20260608 12:52:30.638955 13341 tablet_service.cc:1917] Received RequestConsensusVote() RPC: tablet_id: "bd8d79aabc9741c4aba5caf263b98ad1" candidate_uuid: "830529613ac649bd9ff8c6e199487f7a" candidate_term: 1 candidate_status { last_received { term: 0 index: 0 } } ignore_live_leader: false dest_uuid: "6f1be331647e4bdbba23c891208e8b6e" is_pre_election: true
I20260608 12:52:30.639029 13266 tablet_service.cc:1917] Received RequestConsensusVote() RPC: tablet_id: "bd8d79aabc9741c4aba5caf263b98ad1" candidate_uuid: "830529613ac649bd9ff8c6e199487f7a" candidate_term: 1 candidate_status { last_received { term: 0 index: 0 } } ignore_live_leader: false dest_uuid: "f563cecb8d2646d4aacaa7acdf2ada5e" is_pre_election: true
I20260608 12:52:30.639596 13341 raft_consensus.cc:2468] T bd8d79aabc9741c4aba5caf263b98ad1 P 6f1be331647e4bdbba23c891208e8b6e [term 0 FOLLOWER]: Leader pre-election vote request: Granting yes vote for candidate 830529613ac649bd9ff8c6e199487f7a in term 0.
I20260608 12:52:30.639659 13266 raft_consensus.cc:2468] T bd8d79aabc9741c4aba5caf263b98ad1 P f563cecb8d2646d4aacaa7acdf2ada5e [term 0 FOLLOWER]: Leader pre-election vote request: Granting yes vote for candidate 830529613ac649bd9ff8c6e199487f7a in term 0.
I20260608 12:52:30.640816 13381 leader_election.cc:304] T bd8d79aabc9741c4aba5caf263b98ad1 P 830529613ac649bd9ff8c6e199487f7a [CANDIDATE]: Term 1 pre-election: Election decided. Result: candidate won. Election summary: received 2 responses out of 3 voters: 2 yes votes; 0 no votes. yes voters: 6f1be331647e4bdbba23c891208e8b6e, 830529613ac649bd9ff8c6e199487f7a; no voters: 
I20260608 12:52:30.641660 13466 raft_consensus.cc:2804] T bd8d79aabc9741c4aba5caf263b98ad1 P 830529613ac649bd9ff8c6e199487f7a [term 0 FOLLOWER]: Leader pre-election won for term 1
I20260608 12:52:30.641980 13466 raft_consensus.cc:493] T bd8d79aabc9741c4aba5caf263b98ad1 P 830529613ac649bd9ff8c6e199487f7a [term 0 FOLLOWER]: Starting leader election (no leader contacted us within the election timeout)
I20260608 12:52:30.642236 13466 raft_consensus.cc:3060] T bd8d79aabc9741c4aba5caf263b98ad1 P 830529613ac649bd9ff8c6e199487f7a [term 0 FOLLOWER]: Advancing to term 1
I20260608 12:52:30.646935 13466 raft_consensus.cc:515] T bd8d79aabc9741c4aba5caf263b98ad1 P 830529613ac649bd9ff8c6e199487f7a [term 1 FOLLOWER]: Starting leader election with config: opid_index: -1 OBSOLETE_local: false peers { permanent_uuid: "f563cecb8d2646d4aacaa7acdf2ada5e" member_type: VOTER last_known_addr { host: "127.11.63.193" port: 40801 } } peers { permanent_uuid: "6f1be331647e4bdbba23c891208e8b6e" member_type: VOTER last_known_addr { host: "127.11.63.194" port: 39595 } } peers { permanent_uuid: "830529613ac649bd9ff8c6e199487f7a" member_type: VOTER last_known_addr { host: "127.11.63.195" port: 34215 } }
I20260608 12:52:30.648423 13466 leader_election.cc:290] T bd8d79aabc9741c4aba5caf263b98ad1 P 830529613ac649bd9ff8c6e199487f7a [CANDIDATE]: Term 1 election: Requested vote from peers f563cecb8d2646d4aacaa7acdf2ada5e (127.11.63.193:40801), 6f1be331647e4bdbba23c891208e8b6e (127.11.63.194:39595)
I20260608 12:52:30.649219 13266 tablet_service.cc:1917] Received RequestConsensusVote() RPC: tablet_id: "bd8d79aabc9741c4aba5caf263b98ad1" candidate_uuid: "830529613ac649bd9ff8c6e199487f7a" candidate_term: 1 candidate_status { last_received { term: 0 index: 0 } } ignore_live_leader: false dest_uuid: "f563cecb8d2646d4aacaa7acdf2ada5e"
I20260608 12:52:30.649392 13341 tablet_service.cc:1917] Received RequestConsensusVote() RPC: tablet_id: "bd8d79aabc9741c4aba5caf263b98ad1" candidate_uuid: "830529613ac649bd9ff8c6e199487f7a" candidate_term: 1 candidate_status { last_received { term: 0 index: 0 } } ignore_live_leader: false dest_uuid: "6f1be331647e4bdbba23c891208e8b6e"
I20260608 12:52:30.649677 13266 raft_consensus.cc:3060] T bd8d79aabc9741c4aba5caf263b98ad1 P f563cecb8d2646d4aacaa7acdf2ada5e [term 0 FOLLOWER]: Advancing to term 1
I20260608 12:52:30.649883 13341 raft_consensus.cc:3060] T bd8d79aabc9741c4aba5caf263b98ad1 P 6f1be331647e4bdbba23c891208e8b6e [term 0 FOLLOWER]: Advancing to term 1
I20260608 12:52:30.654285 13341 raft_consensus.cc:2468] T bd8d79aabc9741c4aba5caf263b98ad1 P 6f1be331647e4bdbba23c891208e8b6e [term 1 FOLLOWER]: Leader election vote request: Granting yes vote for candidate 830529613ac649bd9ff8c6e199487f7a in term 1.
I20260608 12:52:30.654354 13266 raft_consensus.cc:2468] T bd8d79aabc9741c4aba5caf263b98ad1 P f563cecb8d2646d4aacaa7acdf2ada5e [term 1 FOLLOWER]: Leader election vote request: Granting yes vote for candidate 830529613ac649bd9ff8c6e199487f7a in term 1.
I20260608 12:52:30.655484 13381 leader_election.cc:304] T bd8d79aabc9741c4aba5caf263b98ad1 P 830529613ac649bd9ff8c6e199487f7a [CANDIDATE]: Term 1 election: Election decided. Result: candidate won. Election summary: received 2 responses out of 3 voters: 2 yes votes; 0 no votes. yes voters: 6f1be331647e4bdbba23c891208e8b6e, 830529613ac649bd9ff8c6e199487f7a; no voters: 
I20260608 12:52:30.656147 13466 raft_consensus.cc:2804] T bd8d79aabc9741c4aba5caf263b98ad1 P 830529613ac649bd9ff8c6e199487f7a [term 1 FOLLOWER]: Leader election won for term 1
I20260608 12:52:30.657198 13466 raft_consensus.cc:697] T bd8d79aabc9741c4aba5caf263b98ad1 P 830529613ac649bd9ff8c6e199487f7a [term 1 LEADER]: Becoming Leader. State: Replica: 830529613ac649bd9ff8c6e199487f7a, State: Running, Role: LEADER
I20260608 12:52:30.657841 13466 consensus_queue.cc:237] T bd8d79aabc9741c4aba5caf263b98ad1 P 830529613ac649bd9ff8c6e199487f7a [LEADER]: Queue going to LEADER mode. State: All replicated index: 0, Majority replicated index: 0, Committed index: 0, Last appended: 0.0, Last appended by leader: 0, Current term: 1, Majority size: 2, State: 0, Mode: LEADER, active raft config: opid_index: -1 OBSOLETE_local: false peers { permanent_uuid: "f563cecb8d2646d4aacaa7acdf2ada5e" member_type: VOTER last_known_addr { host: "127.11.63.193" port: 40801 } } peers { permanent_uuid: "6f1be331647e4bdbba23c891208e8b6e" member_type: VOTER last_known_addr { host: "127.11.63.194" port: 39595 } } peers { permanent_uuid: "830529613ac649bd9ff8c6e199487f7a" member_type: VOTER last_known_addr { host: "127.11.63.195" port: 34215 } }
I20260608 12:52:30.664498 13163 catalog_manager.cc:5696] T bd8d79aabc9741c4aba5caf263b98ad1 P 830529613ac649bd9ff8c6e199487f7a reported cstate change: term changed from 0 to 1, leader changed from <none> to 830529613ac649bd9ff8c6e199487f7a (127.11.63.195). New cstate: current_term: 1 leader_uuid: "830529613ac649bd9ff8c6e199487f7a" committed_config { opid_index: -1 OBSOLETE_local: false peers { permanent_uuid: "f563cecb8d2646d4aacaa7acdf2ada5e" member_type: VOTER last_known_addr { host: "127.11.63.193" port: 40801 } health_report { overall_health: UNKNOWN } } peers { permanent_uuid: "6f1be331647e4bdbba23c891208e8b6e" member_type: VOTER last_known_addr { host: "127.11.63.194" port: 39595 } health_report { overall_health: UNKNOWN } } peers { permanent_uuid: "830529613ac649bd9ff8c6e199487f7a" member_type: VOTER last_known_addr { host: "127.11.63.195" port: 34215 } health_report { overall_health: HEALTHY } } }
W20260608 12:52:30.706785 13195 debug-util.cc:398] Leaking SignalData structure 0x7b0800039400 after lost signal to thread 11522
W20260608 12:52:30.709115 13195 debug-util.cc:398] Leaking SignalData structure 0x7b080018adc0 after lost signal to thread 13368
I20260608 12:52:30.899103 13217 auto_leader_rebalancer.cc:140] leader rebalance for table test-workload
I20260608 12:52:30.901814 13217 auto_leader_rebalancer.cc:388] table: test-workload, leader rebalance finish, leader transfer count: 0
I20260608 12:52:30.902143 13217 auto_leader_rebalancer.cc:451] All tables' leader rebalancing finished this round
I20260608 12:52:30.992769 13470 consensus_queue.cc:1048] T 49894ec0e4cb455b908169c73dcb333f P f563cecb8d2646d4aacaa7acdf2ada5e [LEADER]: Connected to new peer: Peer: permanent_uuid: "6f1be331647e4bdbba23c891208e8b6e" member_type: VOTER last_known_addr { host: "127.11.63.194" port: 39595 }, Status: LMP_MISMATCH, Last received: 0.0, Next index: 1, Last known committed idx: 0, Time since last communication: 0.000s
I20260608 12:52:31.006443 13481 consensus_queue.cc:1048] T 49894ec0e4cb455b908169c73dcb333f P f563cecb8d2646d4aacaa7acdf2ada5e [LEADER]: Connected to new peer: Peer: permanent_uuid: "830529613ac649bd9ff8c6e199487f7a" member_type: VOTER last_known_addr { host: "127.11.63.195" port: 34215 }, Status: LMP_MISMATCH, Last received: 0.0, Next index: 1, Last known committed idx: 0, Time since last communication: 0.001s
I20260608 12:52:31.194378 13466 consensus_queue.cc:1048] T bd8d79aabc9741c4aba5caf263b98ad1 P 830529613ac649bd9ff8c6e199487f7a [LEADER]: Connected to new peer: Peer: permanent_uuid: "6f1be331647e4bdbba23c891208e8b6e" member_type: VOTER last_known_addr { host: "127.11.63.194" port: 39595 }, Status: LMP_MISMATCH, Last received: 0.0, Next index: 1, Last known committed idx: 0, Time since last communication: 0.000s
I20260608 12:52:31.211177 13487 consensus_queue.cc:1048] T bd8d79aabc9741c4aba5caf263b98ad1 P 830529613ac649bd9ff8c6e199487f7a [LEADER]: Connected to new peer: Peer: permanent_uuid: "f563cecb8d2646d4aacaa7acdf2ada5e" member_type: VOTER last_known_addr { host: "127.11.63.193" port: 40801 }, Status: LMP_MISMATCH, Last received: 0.0, Next index: 1, Last known committed idx: 0, Time since last communication: 0.001s
I20260608 12:52:32.902995 13217 auto_leader_rebalancer.cc:140] leader rebalance for table test-workload
I20260608 12:52:32.904984 13217 auto_leader_rebalancer.cc:388] table: test-workload, leader rebalance finish, leader transfer count: 0
I20260608 12:52:32.905308 13217 auto_leader_rebalancer.cc:451] All tables' leader rebalancing finished this round
I20260608 12:52:34.906316 13217 auto_leader_rebalancer.cc:140] leader rebalance for table test-workload
I20260608 12:52:34.908685 13217 auto_leader_rebalancer.cc:388] table: test-workload, leader rebalance finish, leader transfer count: 0
I20260608 12:52:34.909052 13217 auto_leader_rebalancer.cc:451] All tables' leader rebalancing finished this round
I20260608 12:52:36.909937 13217 auto_leader_rebalancer.cc:140] leader rebalance for table test-workload
I20260608 12:52:36.911927 13217 auto_leader_rebalancer.cc:388] table: test-workload, leader rebalance finish, leader transfer count: 0
I20260608 12:52:36.912254 13217 auto_leader_rebalancer.cc:451] All tables' leader rebalancing finished this round
I20260608 12:52:38.913374 13217 auto_leader_rebalancer.cc:140] leader rebalance for table test-workload
I20260608 12:52:38.915544 13217 auto_leader_rebalancer.cc:388] table: test-workload, leader rebalance finish, leader transfer count: 0
I20260608 12:52:38.915867 13217 auto_leader_rebalancer.cc:451] All tables' leader rebalancing finished this round
I20260608 12:52:40.916772 13217 auto_leader_rebalancer.cc:140] leader rebalance for table test-workload
I20260608 12:52:40.918777 13217 auto_leader_rebalancer.cc:388] table: test-workload, leader rebalance finish, leader transfer count: 0
I20260608 12:52:40.919085 13217 auto_leader_rebalancer.cc:451] All tables' leader rebalancing finished this round
I20260608 12:52:41.756628 11519 file_cache.cc:492] Constructed file cache file cache with capacity 419430
W20260608 12:52:41.764288 13498 instance_detector.cc:116] could not retrieve AWS instance metadata: Network error: curl error: HTTP response code said error: The requested URL returned error: 404
W20260608 12:52:41.764325 13499 instance_detector.cc:116] could not retrieve Azure instance metadata: Network error: curl error: HTTP response code said error: The requested URL returned error: 404
W20260608 12:52:41.766073 13501 instance_detector.cc:116] could not retrieve OpenStack instance metadata: Network error: curl error: HTTP response code said error: The requested URL returned error: 404
I20260608 12:52:41.768054 11519 server_base.cc:1061] running on GCE node
I20260608 12:52:41.769717 11519 hybrid_clock.cc:584] initializing the hybrid clock with 'system_unsync' time source
W20260608 12:52:41.769920 11519 system_unsync_time.cc:38] NTP support is disabled. Clock error bounds will not be accurate. This configuration is not suitable for distributed clusters.
I20260608 12:52:41.770066 11519 hybrid_clock.cc:648] HybridClock initialized: now 1780923161770053 us; error 0 us; skew 500 ppm
I20260608 12:52:41.770694 11519 server_base.cc:861] Flag tcmalloc_max_total_thread_cache_bytes is not working since tcmalloc is not enabled.
I20260608 12:52:41.773346 11519 webserver.cc:533] Webserver started at http://127.11.63.196:40053/ using document root <none> and password file <none>
I20260608 12:52:41.773856 11519 fs_manager.cc:362] Metadata directory not provided
I20260608 12:52:41.774032 11519 fs_manager.cc:368] Using write-ahead log directory (fs_wal_dir) as metadata directory
I20260608 12:52:41.774294 11519 server_base.cc:909] This appears to be a new deployment of Kudu; creating new FS layout
I20260608 12:52:41.775671 11519 fs_manager.cc:1068] Generated new instance metadata in path /tmp/dist-test-task3orgaf/test-tmp/auto_rebalancer-test.0.AutoRebalancerTest.MovesScheduledIfAddTserver.1780923126954887-11519-0/minicluster-data/ts-3-root/instance:
uuid: "60adfba4bb0e461f9d3e19d829603524"
format_stamp: "Formatted at 2026-06-08 12:52:41 on dist-test-slave-b5xm"
I20260608 12:52:41.780722 11519 fs_manager.cc:696] Time spent creating directory manager: real 0.004s	user 0.005s	sys 0.000s
I20260608 12:52:41.784364 13506 log_block_manager.cc:4031] Time spent loading block containers with low live blocks: real 0.000s	user 0.000s	sys 0.000s
I20260608 12:52:41.785127 11519 fs_manager.cc:730] Time spent opening block manager: real 0.002s	user 0.002s	sys 0.000s
I20260608 12:52:41.785408 11519 fs_manager.cc:647] Opened local filesystem: /tmp/dist-test-task3orgaf/test-tmp/auto_rebalancer-test.0.AutoRebalancerTest.MovesScheduledIfAddTserver.1780923126954887-11519-0/minicluster-data/ts-3-root
uuid: "60adfba4bb0e461f9d3e19d829603524"
format_stamp: "Formatted at 2026-06-08 12:52:41 on dist-test-slave-b5xm"
I20260608 12:52:41.785646 11519 fs_report.cc:389] FS layout report
--------------------
wal directory: /tmp/dist-test-task3orgaf/test-tmp/auto_rebalancer-test.0.AutoRebalancerTest.MovesScheduledIfAddTserver.1780923126954887-11519-0/minicluster-data/ts-3-root
metadata directory: /tmp/dist-test-task3orgaf/test-tmp/auto_rebalancer-test.0.AutoRebalancerTest.MovesScheduledIfAddTserver.1780923126954887-11519-0/minicluster-data/ts-3-root
1 data directories: /tmp/dist-test-task3orgaf/test-tmp/auto_rebalancer-test.0.AutoRebalancerTest.MovesScheduledIfAddTserver.1780923126954887-11519-0/minicluster-data/ts-3-root/data
Total live blocks: 0
Total live bytes: 0
Total live bytes (after alignment): 0
Total number of LBM containers: 0 (0 full)
Did not check for missing blocks
Did not check for orphaned blocks
Total full LBM containers with extra space: 0 (0 repaired)
Total full LBM container extra space in bytes: 0 (0 repaired)
Total incomplete LBM containers: 0 (0 repaired)
Total LBM partial records: 0 (0 repaired)
Total corrupted LBM metadata records in RocksDB: 0 (0 repaired)
I20260608 12:52:41.816512 11519 rpc_server.cc:225] running with OpenSSL 1.1.1  11 Sep 2018
I20260608 12:52:41.817876 11519 kserver.cc:163] Server-wide thread pool size limit: 3276
I20260608 12:52:41.819499 11519 txn_system_client.cc:432] TxnSystemClient initialization is disabled...
I20260608 12:52:41.822019 11519 ts_tablet_manager.cc:585] Loaded tablet metadata (0 total tablets, 0 live tablets)
I20260608 12:52:41.822213 11519 ts_tablet_manager.cc:531] Time spent load tablet metadata: real 0.000s	user 0.000s	sys 0.000s
I20260608 12:52:41.822494 11519 ts_tablet_manager.cc:616] Registered 0 tablets
I20260608 12:52:41.822654 11519 ts_tablet_manager.cc:595] Time spent register tablets: real 0.000s	user 0.000s	sys 0.000s
I20260608 12:52:41.866149 11519 rpc_server.cc:307] RPC server started. Bound to: 127.11.63.196:36503
I20260608 12:52:41.866277 13568 acceptor_pool.cc:272] collecting diagnostics on the listening RPC socket 127.11.63.196:36503 every 8 connection(s)
I20260608 12:52:41.882589 13569 heartbeater.cc:344] Connected to a master server at 127.11.63.254:41917
I20260608 12:52:41.882972 13569 heartbeater.cc:461] Registering TS with master...
I20260608 12:52:41.883700 13569 heartbeater.cc:507] Master 127.11.63.254:41917 requested a full tablet report, sending...
I20260608 12:52:41.885700 13164 ts_manager.cc:194] Registered new tserver with Master: 60adfba4bb0e461f9d3e19d829603524 (127.11.63.196:36503)
I20260608 12:52:41.887172 13164 master_service.cc:502] Signed X509 certificate for tserver {username='slave'} at 127.0.0.1:33570
I20260608 12:52:41.970412 13415 consensus_queue.cc:237] T bd8d79aabc9741c4aba5caf263b98ad1 P 830529613ac649bd9ff8c6e199487f7a [LEADER]: Queue going to LEADER mode. State: All replicated index: 0, Majority replicated index: 1, Committed index: 1, Last appended: 1.1, Last appended by leader: 0, Current term: 1, Majority size: 2, State: 0, Mode: LEADER, active raft config: opid_index: 2 OBSOLETE_local: false peers { permanent_uuid: "f563cecb8d2646d4aacaa7acdf2ada5e" member_type: VOTER last_known_addr { host: "127.11.63.193" port: 40801 } attrs { replace: true } } peers { permanent_uuid: "6f1be331647e4bdbba23c891208e8b6e" member_type: VOTER last_known_addr { host: "127.11.63.194" port: 39595 } } peers { permanent_uuid: "830529613ac649bd9ff8c6e199487f7a" member_type: VOTER last_known_addr { host: "127.11.63.195" port: 34215 } } peers { permanent_uuid: "60adfba4bb0e461f9d3e19d829603524" member_type: NON_VOTER last_known_addr { host: "127.11.63.196" port: 36503 } attrs { promote: true } }
I20260608 12:52:41.979756 13266 raft_consensus.cc:1275] T bd8d79aabc9741c4aba5caf263b98ad1 P f563cecb8d2646d4aacaa7acdf2ada5e [term 1 FOLLOWER]: Refusing update from remote peer 830529613ac649bd9ff8c6e199487f7a: Log matching property violated. Preceding OpId in replica: term: 1 index: 1. Preceding OpId from leader: term: 1 index: 2. (index mismatch)
I20260608 12:52:41.981081 13341 raft_consensus.cc:1275] T bd8d79aabc9741c4aba5caf263b98ad1 P 6f1be331647e4bdbba23c891208e8b6e [term 1 FOLLOWER]: Refusing update from remote peer 830529613ac649bd9ff8c6e199487f7a: Log matching property violated. Preceding OpId in replica: term: 1 index: 1. Preceding OpId from leader: term: 1 index: 2. (index mismatch)
I20260608 12:52:41.982568 13577 consensus_queue.cc:1048] T bd8d79aabc9741c4aba5caf263b98ad1 P 830529613ac649bd9ff8c6e199487f7a [LEADER]: Connected to new peer: Peer: permanent_uuid: "f563cecb8d2646d4aacaa7acdf2ada5e" member_type: VOTER last_known_addr { host: "127.11.63.193" port: 40801 } attrs { replace: true }, Status: LMP_MISMATCH, Last received: 0.0, Next index: 2, Last known committed idx: 1, Time since last communication: 0.001s
I20260608 12:52:41.983764 13576 consensus_queue.cc:1048] T bd8d79aabc9741c4aba5caf263b98ad1 P 830529613ac649bd9ff8c6e199487f7a [LEADER]: Connected to new peer: Peer: permanent_uuid: "6f1be331647e4bdbba23c891208e8b6e" member_type: VOTER last_known_addr { host: "127.11.63.194" port: 39595 }, Status: LMP_MISMATCH, Last received: 0.0, Next index: 2, Last known committed idx: 1, Time since last communication: 0.001s
I20260608 12:52:41.996012 13495 raft_consensus.cc:2955] T bd8d79aabc9741c4aba5caf263b98ad1 P 830529613ac649bd9ff8c6e199487f7a [term 1 LEADER]: Committing config change with OpId 1.2: config changed from index -1 to 2, NON_VOTER 60adfba4bb0e461f9d3e19d829603524 (127.11.63.196) added. New config: { opid_index: 2 OBSOLETE_local: false peers { permanent_uuid: "f563cecb8d2646d4aacaa7acdf2ada5e" member_type: VOTER last_known_addr { host: "127.11.63.193" port: 40801 } attrs { replace: true } } peers { permanent_uuid: "6f1be331647e4bdbba23c891208e8b6e" member_type: VOTER last_known_addr { host: "127.11.63.194" port: 39595 } } peers { permanent_uuid: "830529613ac649bd9ff8c6e199487f7a" member_type: VOTER last_known_addr { host: "127.11.63.195" port: 34215 } } peers { permanent_uuid: "60adfba4bb0e461f9d3e19d829603524" member_type: NON_VOTER last_known_addr { host: "127.11.63.196" port: 36503 } attrs { promote: true } } }
W20260608 12:52:42.006697 13381 consensus_peers.cc:597] T bd8d79aabc9741c4aba5caf263b98ad1 P 830529613ac649bd9ff8c6e199487f7a -> Peer 60adfba4bb0e461f9d3e19d829603524 (127.11.63.196:36503): Couldn't send request to peer 60adfba4bb0e461f9d3e19d829603524. Error code: TABLET_NOT_FOUND (6). Status: Not found: Tablet not found: bd8d79aabc9741c4aba5caf263b98ad1. This is attempt 1: this message will repeat every 5th retry.
I20260608 12:52:42.008787 13341 raft_consensus.cc:2955] T bd8d79aabc9741c4aba5caf263b98ad1 P 6f1be331647e4bdbba23c891208e8b6e [term 1 FOLLOWER]: Committing config change with OpId 1.2: config changed from index -1 to 2, NON_VOTER 60adfba4bb0e461f9d3e19d829603524 (127.11.63.196) added. New config: { opid_index: 2 OBSOLETE_local: false peers { permanent_uuid: "f563cecb8d2646d4aacaa7acdf2ada5e" member_type: VOTER last_known_addr { host: "127.11.63.193" port: 40801 } attrs { replace: true } } peers { permanent_uuid: "6f1be331647e4bdbba23c891208e8b6e" member_type: VOTER last_known_addr { host: "127.11.63.194" port: 39595 } } peers { permanent_uuid: "830529613ac649bd9ff8c6e199487f7a" member_type: VOTER last_known_addr { host: "127.11.63.195" port: 34215 } } peers { permanent_uuid: "60adfba4bb0e461f9d3e19d829603524" member_type: NON_VOTER last_known_addr { host: "127.11.63.196" port: 36503 } attrs { promote: true } } }
I20260608 12:52:42.011052 13266 raft_consensus.cc:2955] T bd8d79aabc9741c4aba5caf263b98ad1 P f563cecb8d2646d4aacaa7acdf2ada5e [term 1 FOLLOWER]: Committing config change with OpId 1.2: config changed from index -1 to 2, NON_VOTER 60adfba4bb0e461f9d3e19d829603524 (127.11.63.196) added. New config: { opid_index: 2 OBSOLETE_local: false peers { permanent_uuid: "f563cecb8d2646d4aacaa7acdf2ada5e" member_type: VOTER last_known_addr { host: "127.11.63.193" port: 40801 } attrs { replace: true } } peers { permanent_uuid: "6f1be331647e4bdbba23c891208e8b6e" member_type: VOTER last_known_addr { host: "127.11.63.194" port: 39595 } } peers { permanent_uuid: "830529613ac649bd9ff8c6e199487f7a" member_type: VOTER last_known_addr { host: "127.11.63.195" port: 34215 } } peers { permanent_uuid: "60adfba4bb0e461f9d3e19d829603524" member_type: NON_VOTER last_known_addr { host: "127.11.63.196" port: 36503 } attrs { promote: true } } }
I20260608 12:52:42.020660 13164 catalog_manager.cc:5696] T bd8d79aabc9741c4aba5caf263b98ad1 P 830529613ac649bd9ff8c6e199487f7a reported cstate change: config changed from index -1 to 2, NON_VOTER 60adfba4bb0e461f9d3e19d829603524 (127.11.63.196) added. New cstate: current_term: 1 leader_uuid: "830529613ac649bd9ff8c6e199487f7a" committed_config { opid_index: 2 OBSOLETE_local: false peers { permanent_uuid: "f563cecb8d2646d4aacaa7acdf2ada5e" member_type: VOTER last_known_addr { host: "127.11.63.193" port: 40801 } attrs { replace: true } health_report { overall_health: HEALTHY } } peers { permanent_uuid: "6f1be331647e4bdbba23c891208e8b6e" member_type: VOTER last_known_addr { host: "127.11.63.194" port: 39595 } health_report { overall_health: HEALTHY } } peers { permanent_uuid: "830529613ac649bd9ff8c6e199487f7a" member_type: VOTER last_known_addr { host: "127.11.63.195" port: 34215 } health_report { overall_health: HEALTHY } } peers { permanent_uuid: "60adfba4bb0e461f9d3e19d829603524" member_type: NON_VOTER last_known_addr { host: "127.11.63.196" port: 36503 } attrs { promote: true } health_report { overall_health: UNKNOWN } } }
I20260608 12:52:42.401029 13587 ts_tablet_manager.cc:933] T bd8d79aabc9741c4aba5caf263b98ad1 P 60adfba4bb0e461f9d3e19d829603524: Initiating tablet copy from peer 830529613ac649bd9ff8c6e199487f7a (127.11.63.195:34215)
I20260608 12:52:42.404062 13587 tablet_copy_client.cc:323] T bd8d79aabc9741c4aba5caf263b98ad1 P 60adfba4bb0e461f9d3e19d829603524: tablet copy: Beginning tablet copy session from remote peer at address 127.11.63.195:34215
I20260608 12:52:42.415391 13425 tablet_copy_service.cc:140] P 830529613ac649bd9ff8c6e199487f7a: Received BeginTabletCopySession request for tablet bd8d79aabc9741c4aba5caf263b98ad1 from peer 60adfba4bb0e461f9d3e19d829603524 ({username='slave'} at 127.0.0.1:60416)
I20260608 12:52:42.416060 13425 tablet_copy_service.cc:161] P 830529613ac649bd9ff8c6e199487f7a: Beginning new tablet copy session on tablet bd8d79aabc9741c4aba5caf263b98ad1 from peer 60adfba4bb0e461f9d3e19d829603524 at {username='slave'} at 127.0.0.1:60416: session id = 60adfba4bb0e461f9d3e19d829603524-bd8d79aabc9741c4aba5caf263b98ad1
I20260608 12:52:42.422446 13425 tablet_copy_source_session.cc:215] T bd8d79aabc9741c4aba5caf263b98ad1 P 830529613ac649bd9ff8c6e199487f7a: Tablet Copy: opened 0 blocks and 1 log segments
I20260608 12:52:42.426054 13587 data_dirs.cc:400] Could only allocate 1 dirs of requested 3 for tablet bd8d79aabc9741c4aba5caf263b98ad1. 1 dirs total, 0 dirs full, 0 dirs failed
I20260608 12:52:42.437355 13587 tablet_copy_client.cc:806] T bd8d79aabc9741c4aba5caf263b98ad1 P 60adfba4bb0e461f9d3e19d829603524: tablet copy: Starting download of 0 data blocks...
I20260608 12:52:42.438068 13587 tablet_copy_client.cc:670] T bd8d79aabc9741c4aba5caf263b98ad1 P 60adfba4bb0e461f9d3e19d829603524: tablet copy: Starting download of 1 WAL segments...
I20260608 12:52:42.442130 13587 tablet_copy_client.cc:538] T bd8d79aabc9741c4aba5caf263b98ad1 P 60adfba4bb0e461f9d3e19d829603524: tablet copy: Tablet Copy complete. Replacing tablet superblock.
I20260608 12:52:42.448571 13587 tablet_bootstrap.cc:492] T bd8d79aabc9741c4aba5caf263b98ad1 P 60adfba4bb0e461f9d3e19d829603524: Bootstrap starting.
I20260608 12:52:42.466737 13587 tablet_bootstrap.cc:492] T bd8d79aabc9741c4aba5caf263b98ad1 P 60adfba4bb0e461f9d3e19d829603524: Bootstrap replayed 1/1 log segments. Stats: ops{read=2 overwritten=0 applied=2 ignored=0} inserts{seen=0 ignored=0} mutations{seen=0 ignored=0} orphaned_commits=0. Pending: 0 replicates
I20260608 12:52:42.467617 13587 tablet_bootstrap.cc:492] T bd8d79aabc9741c4aba5caf263b98ad1 P 60adfba4bb0e461f9d3e19d829603524: Bootstrap complete.
I20260608 12:52:42.468359 13587 ts_tablet_manager.cc:1403] T bd8d79aabc9741c4aba5caf263b98ad1 P 60adfba4bb0e461f9d3e19d829603524: Time spent bootstrapping tablet: real 0.020s	user 0.016s	sys 0.004s
I20260608 12:52:42.470786 13587 raft_consensus.cc:359] T bd8d79aabc9741c4aba5caf263b98ad1 P 60adfba4bb0e461f9d3e19d829603524 [term 1 LEARNER]: Replica starting. Triggering 0 pending ops. Active config: opid_index: 2 OBSOLETE_local: false peers { permanent_uuid: "f563cecb8d2646d4aacaa7acdf2ada5e" member_type: VOTER last_known_addr { host: "127.11.63.193" port: 40801 } attrs { replace: true } } peers { permanent_uuid: "6f1be331647e4bdbba23c891208e8b6e" member_type: VOTER last_known_addr { host: "127.11.63.194" port: 39595 } } peers { permanent_uuid: "830529613ac649bd9ff8c6e199487f7a" member_type: VOTER last_known_addr { host: "127.11.63.195" port: 34215 } } peers { permanent_uuid: "60adfba4bb0e461f9d3e19d829603524" member_type: NON_VOTER last_known_addr { host: "127.11.63.196" port: 36503 } attrs { promote: true } }
I20260608 12:52:42.471381 13587 raft_consensus.cc:740] T bd8d79aabc9741c4aba5caf263b98ad1 P 60adfba4bb0e461f9d3e19d829603524 [term 1 LEARNER]: Becoming Follower/Learner. State: Replica: 60adfba4bb0e461f9d3e19d829603524, State: Initialized, Role: LEARNER
I20260608 12:52:42.471946 13587 consensus_queue.cc:260] T bd8d79aabc9741c4aba5caf263b98ad1 P 60adfba4bb0e461f9d3e19d829603524 [NON_LEADER]: Queue going to NON_LEADER mode. State: All replicated index: 0, Majority replicated index: 0, Committed index: 2, Last appended: 1.2, Last appended by leader: 2, Current term: 0, Majority size: -1, State: 0, Mode: NON_LEADER, active raft config: opid_index: 2 OBSOLETE_local: false peers { permanent_uuid: "f563cecb8d2646d4aacaa7acdf2ada5e" member_type: VOTER last_known_addr { host: "127.11.63.193" port: 40801 } attrs { replace: true } } peers { permanent_uuid: "6f1be331647e4bdbba23c891208e8b6e" member_type: VOTER last_known_addr { host: "127.11.63.194" port: 39595 } } peers { permanent_uuid: "830529613ac649bd9ff8c6e199487f7a" member_type: VOTER last_known_addr { host: "127.11.63.195" port: 34215 } } peers { permanent_uuid: "60adfba4bb0e461f9d3e19d829603524" member_type: NON_VOTER last_known_addr { host: "127.11.63.196" port: 36503 } attrs { promote: true } }
I20260608 12:52:42.474083 13569 heartbeater.cc:499] Master 127.11.63.254:41917 was elected leader, sending a full tablet report...
I20260608 12:52:42.474409 13587 ts_tablet_manager.cc:1434] T bd8d79aabc9741c4aba5caf263b98ad1 P 60adfba4bb0e461f9d3e19d829603524: Time spent starting tablet: real 0.006s	user 0.004s	sys 0.004s
I20260608 12:52:42.476421 13425 tablet_copy_service.cc:342] P 830529613ac649bd9ff8c6e199487f7a: Request end of tablet copy session 60adfba4bb0e461f9d3e19d829603524-bd8d79aabc9741c4aba5caf263b98ad1 received from {username='slave'} at 127.0.0.1:60416
I20260608 12:52:42.476912 13425 tablet_copy_service.cc:434] P 830529613ac649bd9ff8c6e199487f7a: ending tablet copy session 60adfba4bb0e461f9d3e19d829603524-bd8d79aabc9741c4aba5caf263b98ad1 on tablet bd8d79aabc9741c4aba5caf263b98ad1 with peer 60adfba4bb0e461f9d3e19d829603524
I20260608 12:52:42.919926 13217 auto_leader_rebalancer.cc:140] leader rebalance for table test-workload
I20260608 12:52:42.922127 13217 auto_leader_rebalancer.cc:388] table: test-workload, leader rebalance finish, leader transfer count: 0
I20260608 12:52:42.922534 13217 auto_leader_rebalancer.cc:451] All tables' leader rebalancing finished this round
I20260608 12:52:42.969136 13544 raft_consensus.cc:1217] T bd8d79aabc9741c4aba5caf263b98ad1 P 60adfba4bb0e461f9d3e19d829603524 [term 1 LEARNER]: Deduplicated request from leader. Original: 1.1->[1.2-1.2]   Dedup: 1.2->[]
I20260608 12:52:43.368144 13592 raft_consensus.cc:1064] T bd8d79aabc9741c4aba5caf263b98ad1 P 830529613ac649bd9ff8c6e199487f7a: attempting to promote NON_VOTER 60adfba4bb0e461f9d3e19d829603524 to VOTER
I20260608 12:52:43.371140 13592 consensus_queue.cc:237] T bd8d79aabc9741c4aba5caf263b98ad1 P 830529613ac649bd9ff8c6e199487f7a [LEADER]: Queue going to LEADER mode. State: All replicated index: 0, Majority replicated index: 2, Committed index: 2, Last appended: 1.2, Last appended by leader: 0, Current term: 1, Majority size: 3, State: 0, Mode: LEADER, active raft config: opid_index: 3 OBSOLETE_local: false peers { permanent_uuid: "f563cecb8d2646d4aacaa7acdf2ada5e" member_type: VOTER last_known_addr { host: "127.11.63.193" port: 40801 } attrs { replace: true } } peers { permanent_uuid: "6f1be331647e4bdbba23c891208e8b6e" member_type: VOTER last_known_addr { host: "127.11.63.194" port: 39595 } } peers { permanent_uuid: "830529613ac649bd9ff8c6e199487f7a" member_type: VOTER last_known_addr { host: "127.11.63.195" port: 34215 } } peers { permanent_uuid: "60adfba4bb0e461f9d3e19d829603524" member_type: VOTER last_known_addr { host: "127.11.63.196" port: 36503 } attrs { promote: false } }
I20260608 12:52:43.378269 13544 raft_consensus.cc:1275] T bd8d79aabc9741c4aba5caf263b98ad1 P 60adfba4bb0e461f9d3e19d829603524 [term 1 LEARNER]: Refusing update from remote peer 830529613ac649bd9ff8c6e199487f7a: Log matching property violated. Preceding OpId in replica: term: 1 index: 2. Preceding OpId from leader: term: 1 index: 3. (index mismatch)
I20260608 12:52:43.380342 13595 consensus_queue.cc:1048] T bd8d79aabc9741c4aba5caf263b98ad1 P 830529613ac649bd9ff8c6e199487f7a [LEADER]: Connected to new peer: Peer: permanent_uuid: "60adfba4bb0e461f9d3e19d829603524" member_type: VOTER last_known_addr { host: "127.11.63.196" port: 36503 } attrs { promote: false }, Status: LMP_MISMATCH, Last received: 0.0, Next index: 3, Last known committed idx: 2, Time since last communication: 0.000s
I20260608 12:52:43.380883 13341 raft_consensus.cc:1275] T bd8d79aabc9741c4aba5caf263b98ad1 P 6f1be331647e4bdbba23c891208e8b6e [term 1 FOLLOWER]: Refusing update from remote peer 830529613ac649bd9ff8c6e199487f7a: Log matching property violated. Preceding OpId in replica: term: 1 index: 2. Preceding OpId from leader: term: 1 index: 3. (index mismatch)
I20260608 12:52:43.380959 13266 raft_consensus.cc:1275] T bd8d79aabc9741c4aba5caf263b98ad1 P f563cecb8d2646d4aacaa7acdf2ada5e [term 1 FOLLOWER]: Refusing update from remote peer 830529613ac649bd9ff8c6e199487f7a: Log matching property violated. Preceding OpId in replica: term: 1 index: 2. Preceding OpId from leader: term: 1 index: 3. (index mismatch)
I20260608 12:52:43.382858 13595 consensus_queue.cc:1048] T bd8d79aabc9741c4aba5caf263b98ad1 P 830529613ac649bd9ff8c6e199487f7a [LEADER]: Connected to new peer: Peer: permanent_uuid: "f563cecb8d2646d4aacaa7acdf2ada5e" member_type: VOTER last_known_addr { host: "127.11.63.193" port: 40801 } attrs { replace: true }, Status: LMP_MISMATCH, Last received: 0.0, Next index: 3, Last known committed idx: 2, Time since last communication: 0.000s
I20260608 12:52:43.383795 13592 consensus_queue.cc:1048] T bd8d79aabc9741c4aba5caf263b98ad1 P 830529613ac649bd9ff8c6e199487f7a [LEADER]: Connected to new peer: Peer: permanent_uuid: "6f1be331647e4bdbba23c891208e8b6e" member_type: VOTER last_known_addr { host: "127.11.63.194" port: 39595 }, Status: LMP_MISMATCH, Last received: 0.0, Next index: 3, Last known committed idx: 2, Time since last communication: 0.000s
I20260608 12:52:43.405153 13595 raft_consensus.cc:2955] T bd8d79aabc9741c4aba5caf263b98ad1 P 830529613ac649bd9ff8c6e199487f7a [term 1 LEADER]: Committing config change with OpId 1.3: config changed from index 2 to 3, 60adfba4bb0e461f9d3e19d829603524 (127.11.63.196) changed from NON_VOTER to VOTER. New config: { opid_index: 3 OBSOLETE_local: false peers { permanent_uuid: "f563cecb8d2646d4aacaa7acdf2ada5e" member_type: VOTER last_known_addr { host: "127.11.63.193" port: 40801 } attrs { replace: true } } peers { permanent_uuid: "6f1be331647e4bdbba23c891208e8b6e" member_type: VOTER last_known_addr { host: "127.11.63.194" port: 39595 } } peers { permanent_uuid: "830529613ac649bd9ff8c6e199487f7a" member_type: VOTER last_known_addr { host: "127.11.63.195" port: 34215 } } peers { permanent_uuid: "60adfba4bb0e461f9d3e19d829603524" member_type: VOTER last_known_addr { host: "127.11.63.196" port: 36503 } attrs { promote: false } } }
I20260608 12:52:43.408576 13341 raft_consensus.cc:2955] T bd8d79aabc9741c4aba5caf263b98ad1 P 6f1be331647e4bdbba23c891208e8b6e [term 1 FOLLOWER]: Committing config change with OpId 1.3: config changed from index 2 to 3, 60adfba4bb0e461f9d3e19d829603524 (127.11.63.196) changed from NON_VOTER to VOTER. New config: { opid_index: 3 OBSOLETE_local: false peers { permanent_uuid: "f563cecb8d2646d4aacaa7acdf2ada5e" member_type: VOTER last_known_addr { host: "127.11.63.193" port: 40801 } attrs { replace: true } } peers { permanent_uuid: "6f1be331647e4bdbba23c891208e8b6e" member_type: VOTER last_known_addr { host: "127.11.63.194" port: 39595 } } peers { permanent_uuid: "830529613ac649bd9ff8c6e199487f7a" member_type: VOTER last_known_addr { host: "127.11.63.195" port: 34215 } } peers { permanent_uuid: "60adfba4bb0e461f9d3e19d829603524" member_type: VOTER last_known_addr { host: "127.11.63.196" port: 36503 } attrs { promote: false } } }
I20260608 12:52:43.412582 13265 raft_consensus.cc:2955] T bd8d79aabc9741c4aba5caf263b98ad1 P f563cecb8d2646d4aacaa7acdf2ada5e [term 1 FOLLOWER]: Committing config change with OpId 1.3: config changed from index 2 to 3, 60adfba4bb0e461f9d3e19d829603524 (127.11.63.196) changed from NON_VOTER to VOTER. New config: { opid_index: 3 OBSOLETE_local: false peers { permanent_uuid: "f563cecb8d2646d4aacaa7acdf2ada5e" member_type: VOTER last_known_addr { host: "127.11.63.193" port: 40801 } attrs { replace: true } } peers { permanent_uuid: "6f1be331647e4bdbba23c891208e8b6e" member_type: VOTER last_known_addr { host: "127.11.63.194" port: 39595 } } peers { permanent_uuid: "830529613ac649bd9ff8c6e199487f7a" member_type: VOTER last_known_addr { host: "127.11.63.195" port: 34215 } } peers { permanent_uuid: "60adfba4bb0e461f9d3e19d829603524" member_type: VOTER last_known_addr { host: "127.11.63.196" port: 36503 } attrs { promote: false } } }
I20260608 12:52:43.417919 13544 raft_consensus.cc:2955] T bd8d79aabc9741c4aba5caf263b98ad1 P 60adfba4bb0e461f9d3e19d829603524 [term 1 FOLLOWER]: Committing config change with OpId 1.3: config changed from index 2 to 3, 60adfba4bb0e461f9d3e19d829603524 (127.11.63.196) changed from NON_VOTER to VOTER. New config: { opid_index: 3 OBSOLETE_local: false peers { permanent_uuid: "f563cecb8d2646d4aacaa7acdf2ada5e" member_type: VOTER last_known_addr { host: "127.11.63.193" port: 40801 } attrs { replace: true } } peers { permanent_uuid: "6f1be331647e4bdbba23c891208e8b6e" member_type: VOTER last_known_addr { host: "127.11.63.194" port: 39595 } } peers { permanent_uuid: "830529613ac649bd9ff8c6e199487f7a" member_type: VOTER last_known_addr { host: "127.11.63.195" port: 34215 } } peers { permanent_uuid: "60adfba4bb0e461f9d3e19d829603524" member_type: VOTER last_known_addr { host: "127.11.63.196" port: 36503 } attrs { promote: false } } }
I20260608 12:52:43.421622 13163 catalog_manager.cc:5696] T bd8d79aabc9741c4aba5caf263b98ad1 P 830529613ac649bd9ff8c6e199487f7a reported cstate change: config changed from index 2 to 3, 60adfba4bb0e461f9d3e19d829603524 (127.11.63.196) changed from NON_VOTER to VOTER. New cstate: current_term: 1 leader_uuid: "830529613ac649bd9ff8c6e199487f7a" committed_config { opid_index: 3 OBSOLETE_local: false peers { permanent_uuid: "f563cecb8d2646d4aacaa7acdf2ada5e" member_type: VOTER last_known_addr { host: "127.11.63.193" port: 40801 } attrs { replace: true } health_report { overall_health: HEALTHY } } peers { permanent_uuid: "6f1be331647e4bdbba23c891208e8b6e" member_type: VOTER last_known_addr { host: "127.11.63.194" port: 39595 } health_report { overall_health: HEALTHY } } peers { permanent_uuid: "830529613ac649bd9ff8c6e199487f7a" member_type: VOTER last_known_addr { host: "127.11.63.195" port: 34215 } health_report { overall_health: HEALTHY } } peers { permanent_uuid: "60adfba4bb0e461f9d3e19d829603524" member_type: VOTER last_known_addr { host: "127.11.63.196" port: 36503 } attrs { promote: false } health_report { overall_health: HEALTHY } } }
I20260608 12:52:43.443961 13415 consensus_queue.cc:237] T bd8d79aabc9741c4aba5caf263b98ad1 P 830529613ac649bd9ff8c6e199487f7a [LEADER]: Queue going to LEADER mode. State: All replicated index: 0, Majority replicated index: 3, Committed index: 3, Last appended: 1.3, Last appended by leader: 0, Current term: 1, Majority size: 2, State: 0, Mode: LEADER, active raft config: opid_index: 4 OBSOLETE_local: false peers { permanent_uuid: "6f1be331647e4bdbba23c891208e8b6e" member_type: VOTER last_known_addr { host: "127.11.63.194" port: 39595 } } peers { permanent_uuid: "830529613ac649bd9ff8c6e199487f7a" member_type: VOTER last_known_addr { host: "127.11.63.195" port: 34215 } } peers { permanent_uuid: "60adfba4bb0e461f9d3e19d829603524" member_type: VOTER last_known_addr { host: "127.11.63.196" port: 36503 } attrs { promote: false } }
I20260608 12:52:43.450868 13544 raft_consensus.cc:1275] T bd8d79aabc9741c4aba5caf263b98ad1 P 60adfba4bb0e461f9d3e19d829603524 [term 1 FOLLOWER]: Refusing update from remote peer 830529613ac649bd9ff8c6e199487f7a: Log matching property violated. Preceding OpId in replica: term: 1 index: 3. Preceding OpId from leader: term: 1 index: 4. (index mismatch)
I20260608 12:52:43.450872 13341 raft_consensus.cc:1275] T bd8d79aabc9741c4aba5caf263b98ad1 P 6f1be331647e4bdbba23c891208e8b6e [term 1 FOLLOWER]: Refusing update from remote peer 830529613ac649bd9ff8c6e199487f7a: Log matching property violated. Preceding OpId in replica: term: 1 index: 3. Preceding OpId from leader: term: 1 index: 4. (index mismatch)
I20260608 12:52:43.452700 13595 consensus_queue.cc:1048] T bd8d79aabc9741c4aba5caf263b98ad1 P 830529613ac649bd9ff8c6e199487f7a [LEADER]: Connected to new peer: Peer: permanent_uuid: "6f1be331647e4bdbba23c891208e8b6e" member_type: VOTER last_known_addr { host: "127.11.63.194" port: 39595 }, Status: LMP_MISMATCH, Last received: 0.0, Next index: 4, Last known committed idx: 3, Time since last communication: 0.000s
I20260608 12:52:43.453586 13592 consensus_queue.cc:1048] T bd8d79aabc9741c4aba5caf263b98ad1 P 830529613ac649bd9ff8c6e199487f7a [LEADER]: Connected to new peer: Peer: permanent_uuid: "60adfba4bb0e461f9d3e19d829603524" member_type: VOTER last_known_addr { host: "127.11.63.196" port: 36503 } attrs { promote: false }, Status: LMP_MISMATCH, Last received: 0.0, Next index: 4, Last known committed idx: 3, Time since last communication: 0.000s
I20260608 12:52:43.460860 13592 raft_consensus.cc:2955] T bd8d79aabc9741c4aba5caf263b98ad1 P 830529613ac649bd9ff8c6e199487f7a [term 1 LEADER]: Committing config change with OpId 1.4: config changed from index 3 to 4, VOTER f563cecb8d2646d4aacaa7acdf2ada5e (127.11.63.193) evicted. New config: { opid_index: 4 OBSOLETE_local: false peers { permanent_uuid: "6f1be331647e4bdbba23c891208e8b6e" member_type: VOTER last_known_addr { host: "127.11.63.194" port: 39595 } } peers { permanent_uuid: "830529613ac649bd9ff8c6e199487f7a" member_type: VOTER last_known_addr { host: "127.11.63.195" port: 34215 } } peers { permanent_uuid: "60adfba4bb0e461f9d3e19d829603524" member_type: VOTER last_known_addr { host: "127.11.63.196" port: 36503 } attrs { promote: false } } }
I20260608 12:52:43.463096 13544 raft_consensus.cc:2955] T bd8d79aabc9741c4aba5caf263b98ad1 P 60adfba4bb0e461f9d3e19d829603524 [term 1 FOLLOWER]: Committing config change with OpId 1.4: config changed from index 3 to 4, VOTER f563cecb8d2646d4aacaa7acdf2ada5e (127.11.63.193) evicted. New config: { opid_index: 4 OBSOLETE_local: false peers { permanent_uuid: "6f1be331647e4bdbba23c891208e8b6e" member_type: VOTER last_known_addr { host: "127.11.63.194" port: 39595 } } peers { permanent_uuid: "830529613ac649bd9ff8c6e199487f7a" member_type: VOTER last_known_addr { host: "127.11.63.195" port: 34215 } } peers { permanent_uuid: "60adfba4bb0e461f9d3e19d829603524" member_type: VOTER last_known_addr { host: "127.11.63.196" port: 36503 } attrs { promote: false } } }
I20260608 12:52:43.463727 13341 raft_consensus.cc:2955] T bd8d79aabc9741c4aba5caf263b98ad1 P 6f1be331647e4bdbba23c891208e8b6e [term 1 FOLLOWER]: Committing config change with OpId 1.4: config changed from index 3 to 4, VOTER f563cecb8d2646d4aacaa7acdf2ada5e (127.11.63.193) evicted. New config: { opid_index: 4 OBSOLETE_local: false peers { permanent_uuid: "6f1be331647e4bdbba23c891208e8b6e" member_type: VOTER last_known_addr { host: "127.11.63.194" port: 39595 } } peers { permanent_uuid: "830529613ac649bd9ff8c6e199487f7a" member_type: VOTER last_known_addr { host: "127.11.63.195" port: 34215 } } peers { permanent_uuid: "60adfba4bb0e461f9d3e19d829603524" member_type: VOTER last_known_addr { host: "127.11.63.196" port: 36503 } attrs { promote: false } } }
I20260608 12:52:43.471474 13148 catalog_manager.cc:5209] ChangeConfig:REMOVE_PEER RPC for tablet bd8d79aabc9741c4aba5caf263b98ad1 with cas_config_opid_index 3: ChangeConfig:REMOVE_PEER succeeded (attempt 1)
