I20260608 12:54:07.827951  9576 consensus_queue.cc:260] T 6cdbebdb811c45438ad55e9456dd2fb7 P c3e5f0edb3bc4e4ab274776484336736 [NON_LEADER]: Queue going to NON_LEADER mode. State: All replicated index: 0, Majority replicated index: 0, Committed index: 0, Last appended: 0.0, Last appended by leader: 0, Current term: 0, Majority size: -1, State: 0, Mode: NON_LEADER, active raft config: opid_index: -1 OBSOLETE_local: false peers { permanent_uuid: "a15d23dcc4ee436e9bffc6c01926a1da" member_type: VOTER last_known_addr { host: "127.4.190.1" port: 41831 } } peers { permanent_uuid: "c3e5f0edb3bc4e4ab274776484336736" member_type: VOTER last_known_addr { host: "127.4.190.2" port: 38925 } } peers { permanent_uuid: "b79c5f9a081040adbb6bfeb7115f4fda" member_type: VOTER last_known_addr { host: "127.4.190.3" port: 39171 } }
I20260608 12:54:07.834115  9576 ts_tablet_manager.cc:1434] T 6cdbebdb811c45438ad55e9456dd2fb7 P c3e5f0edb3bc4e4ab274776484336736: Time spent starting tablet: real 0.015s	user 0.006s	sys 0.000s
I20260608 12:54:07.835140  9576 tablet_bootstrap.cc:492] T 8e3c04a17c144dfeb88058e18e46c316 P c3e5f0edb3bc4e4ab274776484336736: Bootstrap starting.
I20260608 12:54:07.837262  9577 tablet_bootstrap.cc:654] T 259b1d905b5b476180eff36e5c4a6395 P b79c5f9a081040adbb6bfeb7115f4fda: Neither blocks nor log segments found. Creating new log.
I20260608 12:54:07.842213  9576 tablet_bootstrap.cc:654] T 8e3c04a17c144dfeb88058e18e46c316 P c3e5f0edb3bc4e4ab274776484336736: Neither blocks nor log segments found. Creating new log.
I20260608 12:54:07.831895  9580 tablet_bootstrap.cc:492] T ee60a6aac492466cad85f37e18d080a9 P a15d23dcc4ee436e9bffc6c01926a1da: Bootstrap starting.
I20260608 12:54:07.846489  9582 raft_consensus.cc:493] T 259b1d905b5b476180eff36e5c4a6395 P c3e5f0edb3bc4e4ab274776484336736 [term 0 FOLLOWER]: Starting pre-election (no leader contacted us within the election timeout)
I20260608 12:54:07.847294  9582 raft_consensus.cc:515] T 259b1d905b5b476180eff36e5c4a6395 P c3e5f0edb3bc4e4ab274776484336736 [term 0 FOLLOWER]: Starting pre-election with config: opid_index: -1 OBSOLETE_local: false peers { permanent_uuid: "a15d23dcc4ee436e9bffc6c01926a1da" member_type: VOTER last_known_addr { host: "127.4.190.1" port: 41831 } } peers { permanent_uuid: "c3e5f0edb3bc4e4ab274776484336736" member_type: VOTER last_known_addr { host: "127.4.190.2" port: 38925 } } peers { permanent_uuid: "b79c5f9a081040adbb6bfeb7115f4fda" member_type: VOTER last_known_addr { host: "127.4.190.3" port: 39171 } }
I20260608 12:54:07.849363  9577 tablet_bootstrap.cc:492] T 259b1d905b5b476180eff36e5c4a6395 P b79c5f9a081040adbb6bfeb7115f4fda: No bootstrap required, opened a new log
I20260608 12:54:07.850178  9577 ts_tablet_manager.cc:1403] T 259b1d905b5b476180eff36e5c4a6395 P b79c5f9a081040adbb6bfeb7115f4fda: Time spent bootstrapping tablet: real 0.021s	user 0.011s	sys 0.009s
I20260608 12:54:07.850657  9580 tablet_bootstrap.cc:654] T ee60a6aac492466cad85f37e18d080a9 P a15d23dcc4ee436e9bffc6c01926a1da: Neither blocks nor log segments found. Creating new log.
I20260608 12:54:07.853590  9582 leader_election.cc:290] T 259b1d905b5b476180eff36e5c4a6395 P c3e5f0edb3bc4e4ab274776484336736 [CANDIDATE]: Term 1 pre-election: Requested pre-vote from peers a15d23dcc4ee436e9bffc6c01926a1da (127.4.190.1:41831), b79c5f9a081040adbb6bfeb7115f4fda (127.4.190.3:39171)
I20260608 12:54:07.861259  9577 raft_consensus.cc:359] T 259b1d905b5b476180eff36e5c4a6395 P b79c5f9a081040adbb6bfeb7115f4fda [term 0 FOLLOWER]: Replica starting. Triggering 0 pending ops. Active config: opid_index: -1 OBSOLETE_local: false peers { permanent_uuid: "a15d23dcc4ee436e9bffc6c01926a1da" member_type: VOTER last_known_addr { host: "127.4.190.1" port: 41831 } } peers { permanent_uuid: "c3e5f0edb3bc4e4ab274776484336736" member_type: VOTER last_known_addr { host: "127.4.190.2" port: 38925 } } peers { permanent_uuid: "b79c5f9a081040adbb6bfeb7115f4fda" member_type: VOTER last_known_addr { host: "127.4.190.3" port: 39171 } }
I20260608 12:54:07.866010  9577 raft_consensus.cc:385] T 259b1d905b5b476180eff36e5c4a6395 P b79c5f9a081040adbb6bfeb7115f4fda [term 0 FOLLOWER]: Consensus starting up: Expiring failure detector timer to make a prompt election more likely
I20260608 12:54:07.867126  9577 raft_consensus.cc:740] T 259b1d905b5b476180eff36e5c4a6395 P b79c5f9a081040adbb6bfeb7115f4fda [term 0 FOLLOWER]: Becoming Follower/Learner. State: Replica: b79c5f9a081040adbb6bfeb7115f4fda, State: Initialized, Role: FOLLOWER
I20260608 12:54:07.869596  9577 consensus_queue.cc:260] T 259b1d905b5b476180eff36e5c4a6395 P b79c5f9a081040adbb6bfeb7115f4fda [NON_LEADER]: Queue going to NON_LEADER mode. State: All replicated index: 0, Majority replicated index: 0, Committed index: 0, Last appended: 0.0, Last appended by leader: 0, Current term: 0, Majority size: -1, State: 0, Mode: NON_LEADER, active raft config: opid_index: -1 OBSOLETE_local: false peers { permanent_uuid: "a15d23dcc4ee436e9bffc6c01926a1da" member_type: VOTER last_known_addr { host: "127.4.190.1" port: 41831 } } peers { permanent_uuid: "c3e5f0edb3bc4e4ab274776484336736" member_type: VOTER last_known_addr { host: "127.4.190.2" port: 38925 } } peers { permanent_uuid: "b79c5f9a081040adbb6bfeb7115f4fda" member_type: VOTER last_known_addr { host: "127.4.190.3" port: 39171 } }
I20260608 12:54:07.876561  9577 ts_tablet_manager.cc:1434] T 259b1d905b5b476180eff36e5c4a6395 P b79c5f9a081040adbb6bfeb7115f4fda: Time spent starting tablet: real 0.026s	user 0.008s	sys 0.002s
I20260608 12:54:07.878211  9577 tablet_bootstrap.cc:492] T 735beef713ea45059fefe5853c21484e P b79c5f9a081040adbb6bfeb7115f4fda: Bootstrap starting.
I20260608 12:54:07.887427  9577 tablet_bootstrap.cc:654] T 735beef713ea45059fefe5853c21484e P b79c5f9a081040adbb6bfeb7115f4fda: Neither blocks nor log segments found. Creating new log.
I20260608 12:54:07.901592  9581 raft_consensus.cc:493] T 259b1d905b5b476180eff36e5c4a6395 P b79c5f9a081040adbb6bfeb7115f4fda [term 0 FOLLOWER]: Starting pre-election (no leader contacted us within the election timeout)
I20260608 12:54:07.902367  9581 raft_consensus.cc:515] T 259b1d905b5b476180eff36e5c4a6395 P b79c5f9a081040adbb6bfeb7115f4fda [term 0 FOLLOWER]: Starting pre-election with config: opid_index: -1 OBSOLETE_local: false peers { permanent_uuid: "a15d23dcc4ee436e9bffc6c01926a1da" member_type: VOTER last_known_addr { host: "127.4.190.1" port: 41831 } } peers { permanent_uuid: "c3e5f0edb3bc4e4ab274776484336736" member_type: VOTER last_known_addr { host: "127.4.190.2" port: 38925 } } peers { permanent_uuid: "b79c5f9a081040adbb6bfeb7115f4fda" member_type: VOTER last_known_addr { host: "127.4.190.3" port: 39171 } }
I20260608 12:54:07.912079  9581 leader_election.cc:290] T 259b1d905b5b476180eff36e5c4a6395 P b79c5f9a081040adbb6bfeb7115f4fda [CANDIDATE]: Term 1 pre-election: Requested pre-vote from peers a15d23dcc4ee436e9bffc6c01926a1da (127.4.190.1:41831), c3e5f0edb3bc4e4ab274776484336736 (127.4.190.2:38925)
I20260608 12:54:07.919248  9576 tablet_bootstrap.cc:492] T 8e3c04a17c144dfeb88058e18e46c316 P c3e5f0edb3bc4e4ab274776484336736: No bootstrap required, opened a new log
I20260608 12:54:07.919946  9576 ts_tablet_manager.cc:1403] T 8e3c04a17c144dfeb88058e18e46c316 P c3e5f0edb3bc4e4ab274776484336736: Time spent bootstrapping tablet: real 0.085s	user 0.032s	sys 0.042s
I20260608 12:54:07.921427  9532 tablet_service.cc:1917] Received RequestConsensusVote() RPC: tablet_id: "259b1d905b5b476180eff36e5c4a6395" candidate_uuid: "c3e5f0edb3bc4e4ab274776484336736" candidate_term: 1 candidate_status { last_received { term: 0 index: 0 } } ignore_live_leader: false dest_uuid: "b79c5f9a081040adbb6bfeb7115f4fda" is_pre_election: true
I20260608 12:54:07.922166  9532 raft_consensus.cc:2468] T 259b1d905b5b476180eff36e5c4a6395 P b79c5f9a081040adbb6bfeb7115f4fda [term 0 FOLLOWER]: Leader pre-election vote request: Granting yes vote for candidate c3e5f0edb3bc4e4ab274776484336736 in term 0.
I20260608 12:54:07.922734  9577 tablet_bootstrap.cc:492] T 735beef713ea45059fefe5853c21484e P b79c5f9a081040adbb6bfeb7115f4fda: No bootstrap required, opened a new log
I20260608 12:54:07.923480  9577 ts_tablet_manager.cc:1403] T 735beef713ea45059fefe5853c21484e P b79c5f9a081040adbb6bfeb7115f4fda: Time spent bootstrapping tablet: real 0.046s	user 0.006s	sys 0.017s
I20260608 12:54:07.923794  9422 leader_election.cc:304] T 259b1d905b5b476180eff36e5c4a6395 P c3e5f0edb3bc4e4ab274776484336736 [CANDIDATE]: Term 1 pre-election: Election decided. Result: candidate won. Election summary: received 2 responses out of 3 voters: 2 yes votes; 0 no votes. yes voters: b79c5f9a081040adbb6bfeb7115f4fda, c3e5f0edb3bc4e4ab274776484336736; no voters: 
I20260608 12:54:07.924664  9580 tablet_bootstrap.cc:492] T ee60a6aac492466cad85f37e18d080a9 P a15d23dcc4ee436e9bffc6c01926a1da: No bootstrap required, opened a new log
I20260608 12:54:07.924721  9582 raft_consensus.cc:2804] T 259b1d905b5b476180eff36e5c4a6395 P c3e5f0edb3bc4e4ab274776484336736 [term 0 FOLLOWER]: Leader pre-election won for term 1
I20260608 12:54:07.925236  9582 raft_consensus.cc:493] T 259b1d905b5b476180eff36e5c4a6395 P c3e5f0edb3bc4e4ab274776484336736 [term 0 FOLLOWER]: Starting leader election (no leader contacted us within the election timeout)
I20260608 12:54:07.925340  9580 ts_tablet_manager.cc:1403] T ee60a6aac492466cad85f37e18d080a9 P a15d23dcc4ee436e9bffc6c01926a1da: Time spent bootstrapping tablet: real 0.094s	user 0.018s	sys 0.047s
I20260608 12:54:07.925628  9582 raft_consensus.cc:3060] T 259b1d905b5b476180eff36e5c4a6395 P c3e5f0edb3bc4e4ab274776484336736 [term 0 FOLLOWER]: Advancing to term 1
I20260608 12:54:07.927680  9581 raft_consensus.cc:493] T c6a94b70556c42c8bc0026872f0997c8 P b79c5f9a081040adbb6bfeb7115f4fda [term 0 FOLLOWER]: Starting pre-election (no leader contacted us within the election timeout)
I20260608 12:54:07.928213  9581 raft_consensus.cc:515] T c6a94b70556c42c8bc0026872f0997c8 P b79c5f9a081040adbb6bfeb7115f4fda [term 0 FOLLOWER]: Starting pre-election with config: opid_index: -1 OBSOLETE_local: false peers { permanent_uuid: "a15d23dcc4ee436e9bffc6c01926a1da" member_type: VOTER last_known_addr { host: "127.4.190.1" port: 41831 } } peers { permanent_uuid: "c3e5f0edb3bc4e4ab274776484336736" member_type: VOTER last_known_addr { host: "127.4.190.2" port: 38925 } } peers { permanent_uuid: "b79c5f9a081040adbb6bfeb7115f4fda" member_type: VOTER last_known_addr { host: "127.4.190.3" port: 39171 } }
I20260608 12:54:07.928730  9580 raft_consensus.cc:359] T ee60a6aac492466cad85f37e18d080a9 P a15d23dcc4ee436e9bffc6c01926a1da [term 0 FOLLOWER]: Replica starting. Triggering 0 pending ops. Active config: opid_index: -1 OBSOLETE_local: false peers { permanent_uuid: "a15d23dcc4ee436e9bffc6c01926a1da" member_type: VOTER last_known_addr { host: "127.4.190.1" port: 41831 } } peers { permanent_uuid: "c3e5f0edb3bc4e4ab274776484336736" member_type: VOTER last_known_addr { host: "127.4.190.2" port: 38925 } } peers { permanent_uuid: "b79c5f9a081040adbb6bfeb7115f4fda" member_type: VOTER last_known_addr { host: "127.4.190.3" port: 39171 } }
I20260608 12:54:07.929448  9580 raft_consensus.cc:385] T ee60a6aac492466cad85f37e18d080a9 P a15d23dcc4ee436e9bffc6c01926a1da [term 0 FOLLOWER]: Consensus starting up: Expiring failure detector timer to make a prompt election more likely
I20260608 12:54:07.929772  9580 raft_consensus.cc:740] T ee60a6aac492466cad85f37e18d080a9 P a15d23dcc4ee436e9bffc6c01926a1da [term 0 FOLLOWER]: Becoming Follower/Learner. State: Replica: a15d23dcc4ee436e9bffc6c01926a1da, State: Initialized, Role: FOLLOWER
I20260608 12:54:07.930467  9581 leader_election.cc:290] T c6a94b70556c42c8bc0026872f0997c8 P b79c5f9a081040adbb6bfeb7115f4fda [CANDIDATE]: Term 1 pre-election: Requested pre-vote from peers a15d23dcc4ee436e9bffc6c01926a1da (127.4.190.1:41831), c3e5f0edb3bc4e4ab274776484336736 (127.4.190.2:38925)
I20260608 12:54:07.930701  9580 consensus_queue.cc:260] T ee60a6aac492466cad85f37e18d080a9 P a15d23dcc4ee436e9bffc6c01926a1da [NON_LEADER]: Queue going to NON_LEADER mode. State: All replicated index: 0, Majority replicated index: 0, Committed index: 0, Last appended: 0.0, Last appended by leader: 0, Current term: 0, Majority size: -1, State: 0, Mode: NON_LEADER, active raft config: opid_index: -1 OBSOLETE_local: false peers { permanent_uuid: "a15d23dcc4ee436e9bffc6c01926a1da" member_type: VOTER last_known_addr { host: "127.4.190.1" port: 41831 } } peers { permanent_uuid: "c3e5f0edb3bc4e4ab274776484336736" member_type: VOTER last_known_addr { host: "127.4.190.2" port: 38925 } } peers { permanent_uuid: "b79c5f9a081040adbb6bfeb7115f4fda" member_type: VOTER last_known_addr { host: "127.4.190.3" port: 39171 } }
I20260608 12:54:07.932243  9577 raft_consensus.cc:359] T 735beef713ea45059fefe5853c21484e P b79c5f9a081040adbb6bfeb7115f4fda [term 0 FOLLOWER]: Replica starting. Triggering 0 pending ops. Active config: opid_index: -1 OBSOLETE_local: false peers { permanent_uuid: "a15d23dcc4ee436e9bffc6c01926a1da" member_type: VOTER last_known_addr { host: "127.4.190.1" port: 41831 } } peers { permanent_uuid: "c3e5f0edb3bc4e4ab274776484336736" member_type: VOTER last_known_addr { host: "127.4.190.2" port: 38925 } } peers { permanent_uuid: "b79c5f9a081040adbb6bfeb7115f4fda" member_type: VOTER last_known_addr { host: "127.4.190.3" port: 39171 } }
I20260608 12:54:07.932998  9577 raft_consensus.cc:385] T 735beef713ea45059fefe5853c21484e P b79c5f9a081040adbb6bfeb7115f4fda [term 0 FOLLOWER]: Consensus starting up: Expiring failure detector timer to make a prompt election more likely
I20260608 12:54:07.933403  9577 raft_consensus.cc:740] T 735beef713ea45059fefe5853c21484e P b79c5f9a081040adbb6bfeb7115f4fda [term 0 FOLLOWER]: Becoming Follower/Learner. State: Replica: b79c5f9a081040adbb6bfeb7115f4fda, State: Initialized, Role: FOLLOWER
I20260608 12:54:07.933359  9582 raft_consensus.cc:515] T 259b1d905b5b476180eff36e5c4a6395 P c3e5f0edb3bc4e4ab274776484336736 [term 1 FOLLOWER]: Starting leader election with config: opid_index: -1 OBSOLETE_local: false peers { permanent_uuid: "a15d23dcc4ee436e9bffc6c01926a1da" member_type: VOTER last_known_addr { host: "127.4.190.1" port: 41831 } } peers { permanent_uuid: "c3e5f0edb3bc4e4ab274776484336736" member_type: VOTER last_known_addr { host: "127.4.190.2" port: 38925 } } peers { permanent_uuid: "b79c5f9a081040adbb6bfeb7115f4fda" member_type: VOTER last_known_addr { host: "127.4.190.3" port: 39171 } }
I20260608 12:54:07.934551  9577 consensus_queue.cc:260] T 735beef713ea45059fefe5853c21484e P b79c5f9a081040adbb6bfeb7115f4fda [NON_LEADER]: Queue going to NON_LEADER mode. State: All replicated index: 0, Majority replicated index: 0, Committed index: 0, Last appended: 0.0, Last appended by leader: 0, Current term: 0, Majority size: -1, State: 0, Mode: NON_LEADER, active raft config: opid_index: -1 OBSOLETE_local: false peers { permanent_uuid: "a15d23dcc4ee436e9bffc6c01926a1da" member_type: VOTER last_known_addr { host: "127.4.190.1" port: 41831 } } peers { permanent_uuid: "c3e5f0edb3bc4e4ab274776484336736" member_type: VOTER last_known_addr { host: "127.4.190.2" port: 38925 } } peers { permanent_uuid: "b79c5f9a081040adbb6bfeb7115f4fda" member_type: VOTER last_known_addr { host: "127.4.190.3" port: 39171 } }
I20260608 12:54:07.936452  9580 ts_tablet_manager.cc:1434] T ee60a6aac492466cad85f37e18d080a9 P a15d23dcc4ee436e9bffc6c01926a1da: Time spent starting tablet: real 0.011s	user 0.009s	sys 0.000s
I20260608 12:54:07.937606  9580 tablet_bootstrap.cc:492] T 259b1d905b5b476180eff36e5c4a6395 P a15d23dcc4ee436e9bffc6c01926a1da: Bootstrap starting.
I20260608 12:54:07.940248  9576 raft_consensus.cc:359] T 8e3c04a17c144dfeb88058e18e46c316 P c3e5f0edb3bc4e4ab274776484336736 [term 0 FOLLOWER]: Replica starting. Triggering 0 pending ops. Active config: opid_index: -1 OBSOLETE_local: false peers { permanent_uuid: "a15d23dcc4ee436e9bffc6c01926a1da" member_type: VOTER last_known_addr { host: "127.4.190.1" port: 41831 } } peers { permanent_uuid: "c3e5f0edb3bc4e4ab274776484336736" member_type: VOTER last_known_addr { host: "127.4.190.2" port: 38925 } } peers { permanent_uuid: "b79c5f9a081040adbb6bfeb7115f4fda" member_type: VOTER last_known_addr { host: "127.4.190.3" port: 39171 } }
I20260608 12:54:07.941006  9576 raft_consensus.cc:385] T 8e3c04a17c144dfeb88058e18e46c316 P c3e5f0edb3bc4e4ab274776484336736 [term 0 FOLLOWER]: Consensus starting up: Expiring failure detector timer to make a prompt election more likely
I20260608 12:54:07.941308  9576 raft_consensus.cc:740] T 8e3c04a17c144dfeb88058e18e46c316 P c3e5f0edb3bc4e4ab274776484336736 [term 0 FOLLOWER]: Becoming Follower/Learner. State: Replica: c3e5f0edb3bc4e4ab274776484336736, State: Initialized, Role: FOLLOWER
I20260608 12:54:07.942222  9576 consensus_queue.cc:260] T 8e3c04a17c144dfeb88058e18e46c316 P c3e5f0edb3bc4e4ab274776484336736 [NON_LEADER]: Queue going to NON_LEADER mode. State: All replicated index: 0, Majority replicated index: 0, Committed index: 0, Last appended: 0.0, Last appended by leader: 0, Current term: 0, Majority size: -1, State: 0, Mode: NON_LEADER, active raft config: opid_index: -1 OBSOLETE_local: false peers { permanent_uuid: "a15d23dcc4ee436e9bffc6c01926a1da" member_type: VOTER last_known_addr { host: "127.4.190.1" port: 41831 } } peers { permanent_uuid: "c3e5f0edb3bc4e4ab274776484336736" member_type: VOTER last_known_addr { host: "127.4.190.2" port: 38925 } } peers { permanent_uuid: "b79c5f9a081040adbb6bfeb7115f4fda" member_type: VOTER last_known_addr { host: "127.4.190.3" port: 39171 } }
I20260608 12:54:07.945606  9382 tablet_service.cc:1917] Received RequestConsensusVote() RPC: tablet_id: "259b1d905b5b476180eff36e5c4a6395" candidate_uuid: "c3e5f0edb3bc4e4ab274776484336736" candidate_term: 1 candidate_status { last_received { term: 0 index: 0 } } ignore_live_leader: false dest_uuid: "a15d23dcc4ee436e9bffc6c01926a1da" is_pre_election: true
I20260608 12:54:07.946758  9577 ts_tablet_manager.cc:1434] T 735beef713ea45059fefe5853c21484e P b79c5f9a081040adbb6bfeb7115f4fda: Time spent starting tablet: real 0.023s	user 0.008s	sys 0.000s
I20260608 12:54:07.946889  9582 leader_election.cc:290] T 259b1d905b5b476180eff36e5c4a6395 P c3e5f0edb3bc4e4ab274776484336736 [CANDIDATE]: Term 1 election: Requested vote from peers a15d23dcc4ee436e9bffc6c01926a1da (127.4.190.1:41831), b79c5f9a081040adbb6bfeb7115f4fda (127.4.190.3:39171)
I20260608 12:54:07.947755  9532 tablet_service.cc:1917] Received RequestConsensusVote() RPC: tablet_id: "259b1d905b5b476180eff36e5c4a6395" candidate_uuid: "c3e5f0edb3bc4e4ab274776484336736" candidate_term: 1 candidate_status { last_received { term: 0 index: 0 } } ignore_live_leader: false dest_uuid: "b79c5f9a081040adbb6bfeb7115f4fda"
I20260608 12:54:07.948040  9577 tablet_bootstrap.cc:492] T 8521d6a7f3fc446ba5156240b3f0e67a P b79c5f9a081040adbb6bfeb7115f4fda: Bootstrap starting.
I20260608 12:54:07.948344  9532 raft_consensus.cc:3060] T 259b1d905b5b476180eff36e5c4a6395 P b79c5f9a081040adbb6bfeb7115f4fda [term 0 FOLLOWER]: Advancing to term 1
W20260608 12:54:07.952126  9422 leader_election.cc:343] T 259b1d905b5b476180eff36e5c4a6395 P c3e5f0edb3bc4e4ab274776484336736 [CANDIDATE]: Term 1 pre-election: Tablet error from VoteRequest() call to peer a15d23dcc4ee436e9bffc6c01926a1da (127.4.190.1:41831): Illegal state: must be running to vote when last-logged opid is not known
I20260608 12:54:07.952464  9382 tablet_service.cc:1917] Received RequestConsensusVote() RPC: tablet_id: "259b1d905b5b476180eff36e5c4a6395" candidate_uuid: "c3e5f0edb3bc4e4ab274776484336736" candidate_term: 1 candidate_status { last_received { term: 0 index: 0 } } ignore_live_leader: false dest_uuid: "a15d23dcc4ee436e9bffc6c01926a1da"
I20260608 12:54:07.958220  9582 raft_consensus.cc:493] T c6a94b70556c42c8bc0026872f0997c8 P c3e5f0edb3bc4e4ab274776484336736 [term 0 FOLLOWER]: Starting pre-election (no leader contacted us within the election timeout)
W20260608 12:54:07.958806  9422 leader_election.cc:343] T 259b1d905b5b476180eff36e5c4a6395 P c3e5f0edb3bc4e4ab274776484336736 [CANDIDATE]: Term 1 election: Tablet error from VoteRequest() call to peer a15d23dcc4ee436e9bffc6c01926a1da (127.4.190.1:41831): Illegal state: must be running to vote when last-logged opid is not known
I20260608 12:54:07.958868  9582 raft_consensus.cc:515] T c6a94b70556c42c8bc0026872f0997c8 P c3e5f0edb3bc4e4ab274776484336736 [term 0 FOLLOWER]: Starting pre-election with config: opid_index: -1 OBSOLETE_local: false peers { permanent_uuid: "a15d23dcc4ee436e9bffc6c01926a1da" member_type: VOTER last_known_addr { host: "127.4.190.1" port: 41831 } } peers { permanent_uuid: "c3e5f0edb3bc4e4ab274776484336736" member_type: VOTER last_known_addr { host: "127.4.190.2" port: 38925 } } peers { permanent_uuid: "b79c5f9a081040adbb6bfeb7115f4fda" member_type: VOTER last_known_addr { host: "127.4.190.3" port: 39171 } }
I20260608 12:54:07.961301  9582 leader_election.cc:290] T c6a94b70556c42c8bc0026872f0997c8 P c3e5f0edb3bc4e4ab274776484336736 [CANDIDATE]: Term 1 pre-election: Requested pre-vote from peers a15d23dcc4ee436e9bffc6c01926a1da (127.4.190.1:41831), b79c5f9a081040adbb6bfeb7115f4fda (127.4.190.3:39171)
I20260608 12:54:07.958496  9580 tablet_bootstrap.cc:654] T 259b1d905b5b476180eff36e5c4a6395 P a15d23dcc4ee436e9bffc6c01926a1da: Neither blocks nor log segments found. Creating new log.
I20260608 12:54:07.962901  9457 tablet_service.cc:1917] Received RequestConsensusVote() RPC: tablet_id: "259b1d905b5b476180eff36e5c4a6395" candidate_uuid: "b79c5f9a081040adbb6bfeb7115f4fda" candidate_term: 1 candidate_status { last_received { term: 0 index: 0 } } ignore_live_leader: false dest_uuid: "c3e5f0edb3bc4e4ab274776484336736" is_pre_election: true
I20260608 12:54:07.964143  9457 raft_consensus.cc:2393] T 259b1d905b5b476180eff36e5c4a6395 P c3e5f0edb3bc4e4ab274776484336736 [term 1 FOLLOWER]: Leader pre-election vote request: Denying vote to candidate b79c5f9a081040adbb6bfeb7115f4fda in current term 1: Already voted for candidate c3e5f0edb3bc4e4ab274776484336736 in this term.
I20260608 12:54:07.965461  9456 tablet_service.cc:1917] Received RequestConsensusVote() RPC: tablet_id: "c6a94b70556c42c8bc0026872f0997c8" candidate_uuid: "b79c5f9a081040adbb6bfeb7115f4fda" candidate_term: 1 candidate_status { last_received { term: 0 index: 0 } } ignore_live_leader: false dest_uuid: "c3e5f0edb3bc4e4ab274776484336736" is_pre_election: true
I20260608 12:54:07.966365  9456 raft_consensus.cc:2468] T c6a94b70556c42c8bc0026872f0997c8 P c3e5f0edb3bc4e4ab274776484336736 [term 0 FOLLOWER]: Leader pre-election vote request: Granting yes vote for candidate b79c5f9a081040adbb6bfeb7115f4fda in term 0.
I20260608 12:54:07.967886  9531 tablet_service.cc:1917] Received RequestConsensusVote() RPC: tablet_id: "c6a94b70556c42c8bc0026872f0997c8" candidate_uuid: "c3e5f0edb3bc4e4ab274776484336736" candidate_term: 1 candidate_status { last_received { term: 0 index: 0 } } ignore_live_leader: false dest_uuid: "b79c5f9a081040adbb6bfeb7115f4fda" is_pre_election: true
I20260608 12:54:07.968907  9531 raft_consensus.cc:2468] T c6a94b70556c42c8bc0026872f0997c8 P b79c5f9a081040adbb6bfeb7115f4fda [term 0 FOLLOWER]: Leader pre-election vote request: Granting yes vote for candidate c3e5f0edb3bc4e4ab274776484336736 in term 0.
I20260608 12:54:07.969348  9497 leader_election.cc:304] T c6a94b70556c42c8bc0026872f0997c8 P b79c5f9a081040adbb6bfeb7115f4fda [CANDIDATE]: Term 1 pre-election: Election decided. Result: candidate won. Election summary: received 2 responses out of 3 voters: 2 yes votes; 0 no votes. yes voters: b79c5f9a081040adbb6bfeb7115f4fda, c3e5f0edb3bc4e4ab274776484336736; no voters: 
I20260608 12:54:07.970742  9581 raft_consensus.cc:2804] T c6a94b70556c42c8bc0026872f0997c8 P b79c5f9a081040adbb6bfeb7115f4fda [term 0 FOLLOWER]: Leader pre-election won for term 1
I20260608 12:54:07.971282  9581 raft_consensus.cc:493] T c6a94b70556c42c8bc0026872f0997c8 P b79c5f9a081040adbb6bfeb7115f4fda [term 0 FOLLOWER]: Starting leader election (no leader contacted us within the election timeout)
I20260608 12:54:07.971772  9581 raft_consensus.cc:3060] T c6a94b70556c42c8bc0026872f0997c8 P b79c5f9a081040adbb6bfeb7115f4fda [term 0 FOLLOWER]: Advancing to term 1
I20260608 12:54:07.971943  9382 tablet_service.cc:1917] Received RequestConsensusVote() RPC: tablet_id: "c6a94b70556c42c8bc0026872f0997c8" candidate_uuid: "c3e5f0edb3bc4e4ab274776484336736" candidate_term: 1 candidate_status { last_received { term: 0 index: 0 } } ignore_live_leader: false dest_uuid: "a15d23dcc4ee436e9bffc6c01926a1da" is_pre_election: true
W20260608 12:54:07.983680  9422 leader_election.cc:343] T c6a94b70556c42c8bc0026872f0997c8 P c3e5f0edb3bc4e4ab274776484336736 [CANDIDATE]: Term 1 pre-election: Tablet error from VoteRequest() call to peer a15d23dcc4ee436e9bffc6c01926a1da (127.4.190.1:41831): Illegal state: must be running to vote when last-logged opid is not known
I20260608 12:54:07.984176  9581 raft_consensus.cc:515] T c6a94b70556c42c8bc0026872f0997c8 P b79c5f9a081040adbb6bfeb7115f4fda [term 1 FOLLOWER]: Starting leader election with config: opid_index: -1 OBSOLETE_local: false peers { permanent_uuid: "a15d23dcc4ee436e9bffc6c01926a1da" member_type: VOTER last_known_addr { host: "127.4.190.1" port: 41831 } } peers { permanent_uuid: "c3e5f0edb3bc4e4ab274776484336736" member_type: VOTER last_known_addr { host: "127.4.190.2" port: 38925 } } peers { permanent_uuid: "b79c5f9a081040adbb6bfeb7115f4fda" member_type: VOTER last_known_addr { host: "127.4.190.3" port: 39171 } }
I20260608 12:54:07.984846  9422 leader_election.cc:304] T c6a94b70556c42c8bc0026872f0997c8 P c3e5f0edb3bc4e4ab274776484336736 [CANDIDATE]: Term 1 pre-election: Election decided. Result: candidate won. Election summary: received 3 responses out of 3 voters: 2 yes votes; 1 no votes. yes voters: b79c5f9a081040adbb6bfeb7115f4fda, c3e5f0edb3bc4e4ab274776484336736; no voters: a15d23dcc4ee436e9bffc6c01926a1da
I20260608 12:54:07.989866  9532 raft_consensus.cc:2468] T 259b1d905b5b476180eff36e5c4a6395 P b79c5f9a081040adbb6bfeb7115f4fda [term 1 FOLLOWER]: Leader election vote request: Granting yes vote for candidate c3e5f0edb3bc4e4ab274776484336736 in term 1.
I20260608 12:54:07.992730  9382 tablet_service.cc:1917] Received RequestConsensusVote() RPC: tablet_id: "259b1d905b5b476180eff36e5c4a6395" candidate_uuid: "b79c5f9a081040adbb6bfeb7115f4fda" candidate_term: 1 candidate_status { last_received { term: 0 index: 0 } } ignore_live_leader: false dest_uuid: "a15d23dcc4ee436e9bffc6c01926a1da" is_pre_election: true
I20260608 12:54:07.993074  9576 ts_tablet_manager.cc:1434] T 8e3c04a17c144dfeb88058e18e46c316 P c3e5f0edb3bc4e4ab274776484336736: Time spent starting tablet: real 0.073s	user 0.021s	sys 0.019s
I20260608 12:54:07.993937  9582 raft_consensus.cc:2804] T c6a94b70556c42c8bc0026872f0997c8 P c3e5f0edb3bc4e4ab274776484336736 [term 0 FOLLOWER]: Leader pre-election won for term 1
I20260608 12:54:07.994468  9582 raft_consensus.cc:493] T c6a94b70556c42c8bc0026872f0997c8 P c3e5f0edb3bc4e4ab274776484336736 [term 0 FOLLOWER]: Starting leader election (no leader contacted us within the election timeout)
I20260608 12:54:07.994303  9576 tablet_bootstrap.cc:492] T eed8ff20c5094686a7f6a810cc5c5acf P c3e5f0edb3bc4e4ab274776484336736: Bootstrap starting.
I20260608 12:54:07.995003  9582 raft_consensus.cc:3060] T c6a94b70556c42c8bc0026872f0997c8 P c3e5f0edb3bc4e4ab274776484336736 [term 0 FOLLOWER]: Advancing to term 1
W20260608 12:54:07.995069  9496 leader_election.cc:343] T 259b1d905b5b476180eff36e5c4a6395 P b79c5f9a081040adbb6bfeb7115f4fda [CANDIDATE]: Term 1 pre-election: Tablet error from VoteRequest() call to peer a15d23dcc4ee436e9bffc6c01926a1da (127.4.190.1:41831): Illegal state: must be running to vote when last-logged opid is not known
I20260608 12:54:07.995702  9496 leader_election.cc:304] T 259b1d905b5b476180eff36e5c4a6395 P b79c5f9a081040adbb6bfeb7115f4fda [CANDIDATE]: Term 1 pre-election: Election decided. Result: candidate lost. Election summary: received 3 responses out of 3 voters: 1 yes votes; 2 no votes. yes voters: b79c5f9a081040adbb6bfeb7115f4fda; no voters: a15d23dcc4ee436e9bffc6c01926a1da, c3e5f0edb3bc4e4ab274776484336736
I20260608 12:54:07.999977  9422 leader_election.cc:304] T 259b1d905b5b476180eff36e5c4a6395 P c3e5f0edb3bc4e4ab274776484336736 [CANDIDATE]: Term 1 election: Election decided. Result: candidate won. Election summary: received 3 responses out of 3 voters: 2 yes votes; 1 no votes. yes voters: b79c5f9a081040adbb6bfeb7115f4fda, c3e5f0edb3bc4e4ab274776484336736; no voters: a15d23dcc4ee436e9bffc6c01926a1da
I20260608 12:54:08.001894  9576 tablet_bootstrap.cc:654] T eed8ff20c5094686a7f6a810cc5c5acf P c3e5f0edb3bc4e4ab274776484336736: Neither blocks nor log segments found. Creating new log.
I20260608 12:54:08.004374  9594 raft_consensus.cc:493] T ee60a6aac492466cad85f37e18d080a9 P a15d23dcc4ee436e9bffc6c01926a1da [term 0 FOLLOWER]: Starting pre-election (no leader contacted us within the election timeout)
I20260608 12:54:08.005120  9594 raft_consensus.cc:515] T ee60a6aac492466cad85f37e18d080a9 P a15d23dcc4ee436e9bffc6c01926a1da [term 0 FOLLOWER]: Starting pre-election with config: opid_index: -1 OBSOLETE_local: false peers { permanent_uuid: "a15d23dcc4ee436e9bffc6c01926a1da" member_type: VOTER last_known_addr { host: "127.4.190.1" port: 41831 } } peers { permanent_uuid: "c3e5f0edb3bc4e4ab274776484336736" member_type: VOTER last_known_addr { host: "127.4.190.2" port: 38925 } } peers { permanent_uuid: "b79c5f9a081040adbb6bfeb7115f4fda" member_type: VOTER last_known_addr { host: "127.4.190.3" port: 39171 } }
I20260608 12:54:08.007231  9456 tablet_service.cc:1917] Received RequestConsensusVote() RPC: tablet_id: "c6a94b70556c42c8bc0026872f0997c8" candidate_uuid: "b79c5f9a081040adbb6bfeb7115f4fda" candidate_term: 1 candidate_status { last_received { term: 0 index: 0 } } ignore_live_leader: false dest_uuid: "c3e5f0edb3bc4e4ab274776484336736"
I20260608 12:54:08.008948  9382 tablet_service.cc:1917] Received RequestConsensusVote() RPC: tablet_id: "c6a94b70556c42c8bc0026872f0997c8" candidate_uuid: "b79c5f9a081040adbb6bfeb7115f4fda" candidate_term: 1 candidate_status { last_received { term: 0 index: 0 } } ignore_live_leader: false dest_uuid: "a15d23dcc4ee436e9bffc6c01926a1da"
I20260608 12:54:08.009063  9581 leader_election.cc:290] T c6a94b70556c42c8bc0026872f0997c8 P b79c5f9a081040adbb6bfeb7115f4fda [CANDIDATE]: Term 1 election: Requested vote from peers a15d23dcc4ee436e9bffc6c01926a1da (127.4.190.1:41831), c3e5f0edb3bc4e4ab274776484336736 (127.4.190.2:38925)
I20260608 12:54:07.994309  9381 tablet_service.cc:1917] Received RequestConsensusVote() RPC: tablet_id: "c6a94b70556c42c8bc0026872f0997c8" candidate_uuid: "b79c5f9a081040adbb6bfeb7115f4fda" candidate_term: 1 candidate_status { last_received { term: 0 index: 0 } } ignore_live_leader: false dest_uuid: "a15d23dcc4ee436e9bffc6c01926a1da" is_pre_election: true
I20260608 12:54:08.009917  9532 tablet_service.cc:1917] Received RequestConsensusVote() RPC: tablet_id: "ee60a6aac492466cad85f37e18d080a9" candidate_uuid: "a15d23dcc4ee436e9bffc6c01926a1da" candidate_term: 1 candidate_status { last_received { term: 0 index: 0 } } ignore_live_leader: false dest_uuid: "b79c5f9a081040adbb6bfeb7115f4fda" is_pre_election: true
W20260608 12:54:08.010700  9496 leader_election.cc:343] T c6a94b70556c42c8bc0026872f0997c8 P b79c5f9a081040adbb6bfeb7115f4fda [CANDIDATE]: Term 1 election: Tablet error from VoteRequest() call to peer a15d23dcc4ee436e9bffc6c01926a1da (127.4.190.1:41831): Illegal state: must be running to vote when last-logged opid is not known
I20260608 12:54:08.011270  9594 leader_election.cc:290] T ee60a6aac492466cad85f37e18d080a9 P a15d23dcc4ee436e9bffc6c01926a1da [CANDIDATE]: Term 1 pre-election: Requested pre-vote from peers c3e5f0edb3bc4e4ab274776484336736 (127.4.190.2:38925), b79c5f9a081040adbb6bfeb7115f4fda (127.4.190.3:39171)
W20260608 12:54:08.011807  9347 leader_election.cc:343] T ee60a6aac492466cad85f37e18d080a9 P a15d23dcc4ee436e9bffc6c01926a1da [CANDIDATE]: Term 1 pre-election: Tablet error from VoteRequest() call to peer b79c5f9a081040adbb6bfeb7115f4fda (127.4.190.3:39171): Illegal state: must be running to vote when last-logged opid is not known
I20260608 12:54:07.991888  9611 raft_consensus.cc:493] T c6d90a13a2e54c34a742f5bb83ee6b4d P c3e5f0edb3bc4e4ab274776484336736 [term 0 FOLLOWER]: Starting pre-election (no leader contacted us within the election timeout)
W20260608 12:54:08.012799  9496 leader_election.cc:343] T c6a94b70556c42c8bc0026872f0997c8 P b79c5f9a081040adbb6bfeb7115f4fda [CANDIDATE]: Term 1 pre-election: Tablet error from VoteRequest() call to peer a15d23dcc4ee436e9bffc6c01926a1da (127.4.190.1:41831): Illegal state: must be running to vote when last-logged opid is not known
I20260608 12:54:07.992576  9577 tablet_bootstrap.cc:654] T 8521d6a7f3fc446ba5156240b3f0e67a P b79c5f9a081040adbb6bfeb7115f4fda: Neither blocks nor log segments found. Creating new log.
I20260608 12:54:08.012905  9611 raft_consensus.cc:515] T c6d90a13a2e54c34a742f5bb83ee6b4d P c3e5f0edb3bc4e4ab274776484336736 [term 0 FOLLOWER]: Starting pre-election with config: opid_index: -1 OBSOLETE_local: false peers { permanent_uuid: "c3e5f0edb3bc4e4ab274776484336736" member_type: VOTER last_known_addr { host: "127.4.190.2" port: 38925 } } peers { permanent_uuid: "b79c5f9a081040adbb6bfeb7115f4fda" member_type: VOTER last_known_addr { host: "127.4.190.3" port: 39171 } } peers { permanent_uuid: "a15d23dcc4ee436e9bffc6c01926a1da" member_type: VOTER last_known_addr { host: "127.4.190.1" port: 41831 } }
I20260608 12:54:08.014696  9576 tablet_bootstrap.cc:492] T eed8ff20c5094686a7f6a810cc5c5acf P c3e5f0edb3bc4e4ab274776484336736: No bootstrap required, opened a new log
I20260608 12:54:08.015199  9576 ts_tablet_manager.cc:1403] T eed8ff20c5094686a7f6a810cc5c5acf P c3e5f0edb3bc4e4ab274776484336736: Time spent bootstrapping tablet: real 0.021s	user 0.015s	sys 0.002s
I20260608 12:54:08.016335  9611 leader_election.cc:290] T c6d90a13a2e54c34a742f5bb83ee6b4d P c3e5f0edb3bc4e4ab274776484336736 [CANDIDATE]: Term 1 pre-election: Requested pre-vote from peers b79c5f9a081040adbb6bfeb7115f4fda (127.4.190.3:39171), a15d23dcc4ee436e9bffc6c01926a1da (127.4.190.1:41831)
I20260608 12:54:08.016911  9611 raft_consensus.cc:2804] T 259b1d905b5b476180eff36e5c4a6395 P c3e5f0edb3bc4e4ab274776484336736 [term 1 FOLLOWER]: Leader election won for term 1
I20260608 12:54:08.002765  9582 raft_consensus.cc:515] T c6a94b70556c42c8bc0026872f0997c8 P c3e5f0edb3bc4e4ab274776484336736 [term 1 FOLLOWER]: Starting leader election with config: opid_index: -1 OBSOLETE_local: false peers { permanent_uuid: "a15d23dcc4ee436e9bffc6c01926a1da" member_type: VOTER last_known_addr { host: "127.4.190.1" port: 41831 } } peers { permanent_uuid: "c3e5f0edb3bc4e4ab274776484336736" member_type: VOTER last_known_addr { host: "127.4.190.2" port: 38925 } } peers { permanent_uuid: "b79c5f9a081040adbb6bfeb7115f4fda" member_type: VOTER last_known_addr { host: "127.4.190.3" port: 39171 } }
I20260608 12:54:08.019553  9456 raft_consensus.cc:2393] T c6a94b70556c42c8bc0026872f0997c8 P c3e5f0edb3bc4e4ab274776484336736 [term 1 FOLLOWER]: Leader election vote request: Denying vote to candidate b79c5f9a081040adbb6bfeb7115f4fda in current term 1: Already voted for candidate c3e5f0edb3bc4e4ab274776484336736 in this term.
I20260608 12:54:08.007275  9613 raft_consensus.cc:2749] T 259b1d905b5b476180eff36e5c4a6395 P b79c5f9a081040adbb6bfeb7115f4fda [term 1 FOLLOWER]: Leader pre-election lost for term 1. Reason: could not achieve majority
I20260608 12:54:08.022410  9580 tablet_bootstrap.cc:492] T 259b1d905b5b476180eff36e5c4a6395 P a15d23dcc4ee436e9bffc6c01926a1da: No bootstrap required, opened a new log
I20260608 12:54:08.023093  9580 ts_tablet_manager.cc:1403] T 259b1d905b5b476180eff36e5c4a6395 P a15d23dcc4ee436e9bffc6c01926a1da: Time spent bootstrapping tablet: real 0.086s	user 0.025s	sys 0.011s
I20260608 12:54:08.023545  9497 leader_election.cc:304] T c6a94b70556c42c8bc0026872f0997c8 P b79c5f9a081040adbb6bfeb7115f4fda [CANDIDATE]: Term 1 election: Election decided. Result: candidate lost. Election summary: received 3 responses out of 3 voters: 1 yes votes; 2 no votes. yes voters: b79c5f9a081040adbb6bfeb7115f4fda; no voters: a15d23dcc4ee436e9bffc6c01926a1da, c3e5f0edb3bc4e4ab274776484336736
I20260608 12:54:08.023615  9611 raft_consensus.cc:697] T 259b1d905b5b476180eff36e5c4a6395 P c3e5f0edb3bc4e4ab274776484336736 [term 1 LEADER]: Becoming Leader. State: Replica: c3e5f0edb3bc4e4ab274776484336736, State: Running, Role: LEADER
I20260608 12:54:08.025223  9576 raft_consensus.cc:359] T eed8ff20c5094686a7f6a810cc5c5acf P c3e5f0edb3bc4e4ab274776484336736 [term 0 FOLLOWER]: Replica starting. Triggering 0 pending ops. Active config: opid_index: -1 OBSOLETE_local: false peers { permanent_uuid: "a15d23dcc4ee436e9bffc6c01926a1da" member_type: VOTER last_known_addr { host: "127.4.190.1" port: 41831 } } peers { permanent_uuid: "c3e5f0edb3bc4e4ab274776484336736" member_type: VOTER last_known_addr { host: "127.4.190.2" port: 38925 } } peers { permanent_uuid: "b79c5f9a081040adbb6bfeb7115f4fda" member_type: VOTER last_known_addr { host: "127.4.190.3" port: 39171 } }
I20260608 12:54:08.024699  9613 raft_consensus.cc:2749] T c6a94b70556c42c8bc0026872f0997c8 P b79c5f9a081040adbb6bfeb7115f4fda [term 1 FOLLOWER]: Leader election lost for term 1. Reason: could not achieve majority
I20260608 12:54:08.026067  9576 raft_consensus.cc:385] T eed8ff20c5094686a7f6a810cc5c5acf P c3e5f0edb3bc4e4ab274776484336736 [term 0 FOLLOWER]: Consensus starting up: Expiring failure detector timer to make a prompt election more likely
I20260608 12:54:08.026414  9576 raft_consensus.cc:740] T eed8ff20c5094686a7f6a810cc5c5acf P c3e5f0edb3bc4e4ab274776484336736 [term 0 FOLLOWER]: Becoming Follower/Learner. State: Replica: c3e5f0edb3bc4e4ab274776484336736, State: Initialized, Role: FOLLOWER
I20260608 12:54:08.026661  9580 raft_consensus.cc:359] T 259b1d905b5b476180eff36e5c4a6395 P a15d23dcc4ee436e9bffc6c01926a1da [term 0 FOLLOWER]: Replica starting. Triggering 0 pending ops. Active config: opid_index: -1 OBSOLETE_local: false peers { permanent_uuid: "a15d23dcc4ee436e9bffc6c01926a1da" member_type: VOTER last_known_addr { host: "127.4.190.1" port: 41831 } } peers { permanent_uuid: "c3e5f0edb3bc4e4ab274776484336736" member_type: VOTER last_known_addr { host: "127.4.190.2" port: 38925 } } peers { permanent_uuid: "b79c5f9a081040adbb6bfeb7115f4fda" member_type: VOTER last_known_addr { host: "127.4.190.3" port: 39171 } }
I20260608 12:54:08.027696  9576 consensus_queue.cc:260] T eed8ff20c5094686a7f6a810cc5c5acf P c3e5f0edb3bc4e4ab274776484336736 [NON_LEADER]: Queue going to NON_LEADER mode. State: All replicated index: 0, Majority replicated index: 0, Committed index: 0, Last appended: 0.0, Last appended by leader: 0, Current term: 0, Majority size: -1, State: 0, Mode: NON_LEADER, active raft config: opid_index: -1 OBSOLETE_local: false peers { permanent_uuid: "a15d23dcc4ee436e9bffc6c01926a1da" member_type: VOTER last_known_addr { host: "127.4.190.1" port: 41831 } } peers { permanent_uuid: "c3e5f0edb3bc4e4ab274776484336736" member_type: VOTER last_known_addr { host: "127.4.190.2" port: 38925 } } peers { permanent_uuid: "b79c5f9a081040adbb6bfeb7115f4fda" member_type: VOTER last_known_addr { host: "127.4.190.3" port: 39171 } }
I20260608 12:54:08.028271  9580 raft_consensus.cc:385] T 259b1d905b5b476180eff36e5c4a6395 P a15d23dcc4ee436e9bffc6c01926a1da [term 0 FOLLOWER]: Consensus starting up: Expiring failure detector timer to make a prompt election more likely
I20260608 12:54:08.026412  9582 leader_election.cc:290] T c6a94b70556c42c8bc0026872f0997c8 P c3e5f0edb3bc4e4ab274776484336736 [CANDIDATE]: Term 1 election: Requested vote from peers a15d23dcc4ee436e9bffc6c01926a1da (127.4.190.1:41831), b79c5f9a081040adbb6bfeb7115f4fda (127.4.190.3:39171)
I20260608 12:54:08.028750  9580 raft_consensus.cc:740] T 259b1d905b5b476180eff36e5c4a6395 P a15d23dcc4ee436e9bffc6c01926a1da [term 0 FOLLOWER]: Becoming Follower/Learner. State: Replica: a15d23dcc4ee436e9bffc6c01926a1da, State: Initialized, Role: FOLLOWER
I20260608 12:54:08.029028  9532 tablet_service.cc:1917] Received RequestConsensusVote() RPC: tablet_id: "c6d90a13a2e54c34a742f5bb83ee6b4d" candidate_uuid: "c3e5f0edb3bc4e4ab274776484336736" candidate_term: 1 candidate_status { last_received { term: 0 index: 0 } } ignore_live_leader: false dest_uuid: "b79c5f9a081040adbb6bfeb7115f4fda" is_pre_election: true
I20260608 12:54:08.029693  9532 raft_consensus.cc:2468] T c6d90a13a2e54c34a742f5bb83ee6b4d P b79c5f9a081040adbb6bfeb7115f4fda [term 0 FOLLOWER]: Leader pre-election vote request: Granting yes vote for candidate c3e5f0edb3bc4e4ab274776484336736 in term 0.
I20260608 12:54:08.029628  9580 consensus_queue.cc:260] T 259b1d905b5b476180eff36e5c4a6395 P a15d23dcc4ee436e9bffc6c01926a1da [NON_LEADER]: Queue going to NON_LEADER mode. State: All replicated index: 0, Majority replicated index: 0, Committed index: 0, Last appended: 0.0, Last appended by leader: 0, Current term: 0, Majority size: -1, State: 0, Mode: NON_LEADER, active raft config: opid_index: -1 OBSOLETE_local: false peers { permanent_uuid: "a15d23dcc4ee436e9bffc6c01926a1da" member_type: VOTER last_known_addr { host: "127.4.190.1" port: 41831 } } peers { permanent_uuid: "c3e5f0edb3bc4e4ab274776484336736" member_type: VOTER last_known_addr { host: "127.4.190.2" port: 38925 } } peers { permanent_uuid: "b79c5f9a081040adbb6bfeb7115f4fda" member_type: VOTER last_known_addr { host: "127.4.190.3" port: 39171 } }
I20260608 12:54:08.030018  9576 ts_tablet_manager.cc:1434] T eed8ff20c5094686a7f6a810cc5c5acf P c3e5f0edb3bc4e4ab274776484336736: Time spent starting tablet: real 0.014s	user 0.013s	sys 0.000s
I20260608 12:54:08.031069  9576 tablet_bootstrap.cc:492] T 8521d6a7f3fc446ba5156240b3f0e67a P c3e5f0edb3bc4e4ab274776484336736: Bootstrap starting.
I20260608 12:54:08.033067  9577 tablet_bootstrap.cc:492] T 8521d6a7f3fc446ba5156240b3f0e67a P b79c5f9a081040adbb6bfeb7115f4fda: No bootstrap required, opened a new log
I20260608 12:54:08.033715  9577 ts_tablet_manager.cc:1403] T 8521d6a7f3fc446ba5156240b3f0e67a P b79c5f9a081040adbb6bfeb7115f4fda: Time spent bootstrapping tablet: real 0.086s	user 0.013s	sys 0.003s
I20260608 12:54:08.034216  9381 tablet_service.cc:1917] Received RequestConsensusVote() RPC: tablet_id: "c6d90a13a2e54c34a742f5bb83ee6b4d" candidate_uuid: "c3e5f0edb3bc4e4ab274776484336736" candidate_term: 1 candidate_status { last_received { term: 0 index: 0 } } ignore_live_leader: false dest_uuid: "a15d23dcc4ee436e9bffc6c01926a1da" is_pre_election: true
I20260608 12:54:08.034899  9381 raft_consensus.cc:2468] T c6d90a13a2e54c34a742f5bb83ee6b4d P a15d23dcc4ee436e9bffc6c01926a1da [term 0 FOLLOWER]: Leader pre-election vote request: Granting yes vote for candidate c3e5f0edb3bc4e4ab274776484336736 in term 0.
I20260608 12:54:08.035805  9580 ts_tablet_manager.cc:1434] T 259b1d905b5b476180eff36e5c4a6395 P a15d23dcc4ee436e9bffc6c01926a1da: Time spent starting tablet: real 0.012s	user 0.004s	sys 0.003s
I20260608 12:54:08.037072  9580 tablet_bootstrap.cc:492] T c6a94b70556c42c8bc0026872f0997c8 P a15d23dcc4ee436e9bffc6c01926a1da: Bootstrap starting.
I20260608 12:54:08.037312  9381 tablet_service.cc:1917] Received RequestConsensusVote() RPC: tablet_id: "c6a94b70556c42c8bc0026872f0997c8" candidate_uuid: "c3e5f0edb3bc4e4ab274776484336736" candidate_term: 1 candidate_status { last_received { term: 0 index: 0 } } ignore_live_leader: false dest_uuid: "a15d23dcc4ee436e9bffc6c01926a1da"
I20260608 12:54:08.037931  9577 raft_consensus.cc:359] T 8521d6a7f3fc446ba5156240b3f0e67a P b79c5f9a081040adbb6bfeb7115f4fda [term 0 FOLLOWER]: Replica starting. Triggering 0 pending ops. Active config: opid_index: -1 OBSOLETE_local: false peers { permanent_uuid: "a15d23dcc4ee436e9bffc6c01926a1da" member_type: VOTER last_known_addr { host: "127.4.190.1" port: 41831 } } peers { permanent_uuid: "c3e5f0edb3bc4e4ab274776484336736" member_type: VOTER last_known_addr { host: "127.4.190.2" port: 38925 } } peers { permanent_uuid: "b79c5f9a081040adbb6bfeb7115f4fda" member_type: VOTER last_known_addr { host: "127.4.190.3" port: 39171 } }
I20260608 12:54:08.038769  9577 raft_consensus.cc:385] T 8521d6a7f3fc446ba5156240b3f0e67a P b79c5f9a081040adbb6bfeb7115f4fda [term 0 FOLLOWER]: Consensus starting up: Expiring failure detector timer to make a prompt election more likely
I20260608 12:54:08.039155  9577 raft_consensus.cc:740] T 8521d6a7f3fc446ba5156240b3f0e67a P b79c5f9a081040adbb6bfeb7115f4fda [term 0 FOLLOWER]: Becoming Follower/Learner. State: Replica: b79c5f9a081040adbb6bfeb7115f4fda, State: Initialized, Role: FOLLOWER
I20260608 12:54:08.042430  9577 consensus_queue.cc:260] T 8521d6a7f3fc446ba5156240b3f0e67a P b79c5f9a081040adbb6bfeb7115f4fda [NON_LEADER]: Queue going to NON_LEADER mode. State: All replicated index: 0, Majority replicated index: 0, Committed index: 0, Last appended: 0.0, Last appended by leader: 0, Current term: 0, Majority size: -1, State: 0, Mode: NON_LEADER, active raft config: opid_index: -1 OBSOLETE_local: false peers { permanent_uuid: "a15d23dcc4ee436e9bffc6c01926a1da" member_type: VOTER last_known_addr { host: "127.4.190.1" port: 41831 } } peers { permanent_uuid: "c3e5f0edb3bc4e4ab274776484336736" member_type: VOTER last_known_addr { host: "127.4.190.2" port: 38925 } } peers { permanent_uuid: "b79c5f9a081040adbb6bfeb7115f4fda" member_type: VOTER last_known_addr { host: "127.4.190.3" port: 39171 } }
I20260608 12:54:08.043712  9532 tablet_service.cc:1917] Received RequestConsensusVote() RPC: tablet_id: "c6a94b70556c42c8bc0026872f0997c8" candidate_uuid: "c3e5f0edb3bc4e4ab274776484336736" candidate_term: 1 candidate_status { last_received { term: 0 index: 0 } } ignore_live_leader: false dest_uuid: "b79c5f9a081040adbb6bfeb7115f4fda"
I20260608 12:54:08.044611  9532 raft_consensus.cc:2393] T c6a94b70556c42c8bc0026872f0997c8 P b79c5f9a081040adbb6bfeb7115f4fda [term 1 FOLLOWER]: Leader election vote request: Denying vote to candidate c3e5f0edb3bc4e4ab274776484336736 in current term 1: Already voted for candidate b79c5f9a081040adbb6bfeb7115f4fda in this term.
I20260608 12:54:08.044889  9580 tablet_bootstrap.cc:654] T c6a94b70556c42c8bc0026872f0997c8 P a15d23dcc4ee436e9bffc6c01926a1da: Neither blocks nor log segments found. Creating new log.
I20260608 12:54:08.046738  9456 tablet_service.cc:1917] Received RequestConsensusVote() RPC: tablet_id: "ee60a6aac492466cad85f37e18d080a9" candidate_uuid: "a15d23dcc4ee436e9bffc6c01926a1da" candidate_term: 1 candidate_status { last_received { term: 0 index: 0 } } ignore_live_leader: false dest_uuid: "c3e5f0edb3bc4e4ab274776484336736" is_pre_election: true
I20260608 12:54:08.047411  9456 raft_consensus.cc:2468] T ee60a6aac492466cad85f37e18d080a9 P c3e5f0edb3bc4e4ab274776484336736 [term 0 FOLLOWER]: Leader pre-election vote request: Granting yes vote for candidate a15d23dcc4ee436e9bffc6c01926a1da in term 0.
I20260608 12:54:08.048372  9576 tablet_bootstrap.cc:654] T 8521d6a7f3fc446ba5156240b3f0e67a P c3e5f0edb3bc4e4ab274776484336736: Neither blocks nor log segments found. Creating new log.
I20260608 12:54:08.048825  9348 leader_election.cc:304] T ee60a6aac492466cad85f37e18d080a9 P a15d23dcc4ee436e9bffc6c01926a1da [CANDIDATE]: Term 1 pre-election: Election decided. Result: candidate won. Election summary: received 3 responses out of 3 voters: 2 yes votes; 1 no votes. yes voters: a15d23dcc4ee436e9bffc6c01926a1da, c3e5f0edb3bc4e4ab274776484336736; no voters: b79c5f9a081040adbb6bfeb7115f4fda
I20260608 12:54:08.050220  9594 raft_consensus.cc:2804] T ee60a6aac492466cad85f37e18d080a9 P a15d23dcc4ee436e9bffc6c01926a1da [term 0 FOLLOWER]: Leader pre-election won for term 1
I20260608 12:54:08.050596  9594 raft_consensus.cc:493] T ee60a6aac492466cad85f37e18d080a9 P a15d23dcc4ee436e9bffc6c01926a1da [term 0 FOLLOWER]: Starting leader election (no leader contacted us within the election timeout)
I20260608 12:54:08.050931  9594 raft_consensus.cc:3060] T ee60a6aac492466cad85f37e18d080a9 P a15d23dcc4ee436e9bffc6c01926a1da [term 0 FOLLOWER]: Advancing to term 1
I20260608 12:54:08.055941  9577 ts_tablet_manager.cc:1434] T 8521d6a7f3fc446ba5156240b3f0e67a P b79c5f9a081040adbb6bfeb7115f4fda: Time spent starting tablet: real 0.022s	user 0.008s	sys 0.000s
I20260608 12:54:08.060343  9422 leader_election.cc:304] T c6d90a13a2e54c34a742f5bb83ee6b4d P c3e5f0edb3bc4e4ab274776484336736 [CANDIDATE]: Term 1 pre-election: Election decided. Result: candidate won. Election summary: received 2 responses out of 3 voters: 2 yes votes; 0 no votes. yes voters: a15d23dcc4ee436e9bffc6c01926a1da, c3e5f0edb3bc4e4ab274776484336736; no voters: 
I20260608 12:54:08.061280  9611 consensus_queue.cc:237] T 259b1d905b5b476180eff36e5c4a6395 P c3e5f0edb3bc4e4ab274776484336736 [LEADER]: Queue going to LEADER mode. State: All replicated index: 0, Majority replicated index: 0, Committed index: 0, Last appended: 0.0, Last appended by leader: 0, Current term: 1, Majority size: 2, State: 0, Mode: LEADER, active raft config: opid_index: -1 OBSOLETE_local: false peers { permanent_uuid: "a15d23dcc4ee436e9bffc6c01926a1da" member_type: VOTER last_known_addr { host: "127.4.190.1" port: 41831 } } peers { permanent_uuid: "c3e5f0edb3bc4e4ab274776484336736" member_type: VOTER last_known_addr { host: "127.4.190.2" port: 38925 } } peers { permanent_uuid: "b79c5f9a081040adbb6bfeb7115f4fda" member_type: VOTER last_known_addr { host: "127.4.190.3" port: 39171 } }
I20260608 12:54:08.063927  9614 raft_consensus.cc:2804] T c6d90a13a2e54c34a742f5bb83ee6b4d P c3e5f0edb3bc4e4ab274776484336736 [term 0 FOLLOWER]: Leader pre-election won for term 1
I20260608 12:54:08.064507  9614 raft_consensus.cc:493] T c6d90a13a2e54c34a742f5bb83ee6b4d P c3e5f0edb3bc4e4ab274776484336736 [term 0 FOLLOWER]: Starting leader election (no leader contacted us within the election timeout)
