I20260608 12:53:23.406104  7746 acceptor_pool.cc:272] collecting diagnostics on the listening RPC socket 127.4.154.129:40677 every 8 connection(s)
I20260608 12:53:23.412107  4714 file_cache.cc:492] Constructed file cache file cache with capacity 419430
W20260608 12:53:23.421629  7751 instance_detector.cc:116] could not retrieve AWS instance metadata: Network error: curl error: HTTP response code said error: The requested URL returned error: 404
W20260608 12:53:23.422283  7752 instance_detector.cc:116] could not retrieve Azure instance metadata: Network error: curl error: HTTP response code said error: The requested URL returned error: 404
W20260608 12:53:23.425941  7754 instance_detector.cc:116] could not retrieve OpenStack instance metadata: Network error: curl error: HTTP response code said error: The requested URL returned error: 404
I20260608 12:53:23.426446  4714 server_base.cc:1061] running on GCE node
I20260608 12:53:23.427867  4714 hybrid_clock.cc:584] initializing the hybrid clock with 'system_unsync' time source
W20260608 12:53:23.428154  4714 system_unsync_time.cc:38] NTP support is disabled. Clock error bounds will not be accurate. This configuration is not suitable for distributed clusters.
I20260608 12:53:23.428313  7747 heartbeater.cc:344] Connected to a master server at 127.4.154.190:33175
I20260608 12:53:23.428372  4714 hybrid_clock.cc:648] HybridClock initialized: now 1780923203428351 us; error 0 us; skew 500 ppm
I20260608 12:53:23.428814  7747 heartbeater.cc:461] Registering TS with master...
I20260608 12:53:23.429473  4714 server_base.cc:861] Flag tcmalloc_max_total_thread_cache_bytes is not working since tcmalloc is not enabled.
I20260608 12:53:23.429673  7747 heartbeater.cc:507] Master 127.4.154.190:33175 requested a full tablet report, sending...
I20260608 12:53:23.433429  4714 webserver.cc:533] Webserver started at http://127.4.154.130:35711/ using document root <none> and password file <none>
I20260608 12:53:23.433925  7620 ts_manager.cc:194] Registered new tserver with Master: 762bcf33515941f49856000e71628059 (127.4.154.129:40677)
I20260608 12:53:23.434624  4714 fs_manager.cc:362] Metadata directory not provided
I20260608 12:53:23.434996  4714 fs_manager.cc:368] Using write-ahead log directory (fs_wal_dir) as metadata directory
I20260608 12:53:23.435374  4714 server_base.cc:909] This appears to be a new deployment of Kudu; creating new FS layout
I20260608 12:53:23.437296  4714 fs_manager.cc:1068] Generated new instance metadata in path /tmp/dist-test-taskeGTc25/test-tmp/auto_rebalancer-test.0.AutoRebalancerTest.RangeAwareRebalancesNewRangeReplicas.1780923122317684-4714-0/minicluster-data/ts-1-root/instance:
uuid: "4abfcbaeff9648c89f1ad451eba6bc13"
format_stamp: "Formatted at 2026-06-08 12:53:23 on dist-test-slave-fcrv"
I20260608 12:53:23.437297  7620 master_service.cc:502] Signed X509 certificate for tserver {username='slave'} at 127.0.0.1:60306
I20260608 12:53:23.443112  4714 fs_manager.cc:696] Time spent creating directory manager: real 0.005s	user 0.007s	sys 0.001s
I20260608 12:53:23.447199  7759 log_block_manager.cc:4031] Time spent loading block containers with low live blocks: real 0.000s	user 0.000s	sys 0.000s
I20260608 12:53:23.448119  4714 fs_manager.cc:730] Time spent opening block manager: real 0.003s	user 0.002s	sys 0.002s
I20260608 12:53:23.448473  4714 fs_manager.cc:647] Opened local filesystem: /tmp/dist-test-taskeGTc25/test-tmp/auto_rebalancer-test.0.AutoRebalancerTest.RangeAwareRebalancesNewRangeReplicas.1780923122317684-4714-0/minicluster-data/ts-1-root
uuid: "4abfcbaeff9648c89f1ad451eba6bc13"
format_stamp: "Formatted at 2026-06-08 12:53:23 on dist-test-slave-fcrv"
I20260608 12:53:23.448786  4714 fs_report.cc:389] FS layout report
--------------------
wal directory: /tmp/dist-test-taskeGTc25/test-tmp/auto_rebalancer-test.0.AutoRebalancerTest.RangeAwareRebalancesNewRangeReplicas.1780923122317684-4714-0/minicluster-data/ts-1-root
metadata directory: /tmp/dist-test-taskeGTc25/test-tmp/auto_rebalancer-test.0.AutoRebalancerTest.RangeAwareRebalancesNewRangeReplicas.1780923122317684-4714-0/minicluster-data/ts-1-root
1 data directories: /tmp/dist-test-taskeGTc25/test-tmp/auto_rebalancer-test.0.AutoRebalancerTest.RangeAwareRebalancesNewRangeReplicas.1780923122317684-4714-0/minicluster-data/ts-1-root/data
Total live blocks: 0
Total live bytes: 0
Total live bytes (after alignment): 0
Total number of LBM containers: 0 (0 full)
Did not check for missing blocks
Did not check for orphaned blocks
Total full LBM containers with extra space: 0 (0 repaired)
Total full LBM container extra space in bytes: 0 (0 repaired)
Total incomplete LBM containers: 0 (0 repaired)
Total LBM partial records: 0 (0 repaired)
Total corrupted LBM metadata records in RocksDB: 0 (0 repaired)
I20260608 12:53:23.470077  4714 rpc_server.cc:225] running with OpenSSL 1.1.1  11 Sep 2018
I20260608 12:53:23.471398  4714 kserver.cc:163] Server-wide thread pool size limit: 3276
I20260608 12:53:23.473033  4714 txn_system_client.cc:432] TxnSystemClient initialization is disabled...
I20260608 12:53:23.475394  4714 ts_tablet_manager.cc:585] Loaded tablet metadata (0 total tablets, 0 live tablets)
I20260608 12:53:23.475626  4714 ts_tablet_manager.cc:531] Time spent load tablet metadata: real 0.000s	user 0.000s	sys 0.000s
I20260608 12:53:23.475876  4714 ts_tablet_manager.cc:616] Registered 0 tablets
I20260608 12:53:23.476068  4714 ts_tablet_manager.cc:595] Time spent register tablets: real 0.000s	user 0.000s	sys 0.000s
I20260608 12:53:23.519407  4714 rpc_server.cc:307] RPC server started. Bound to: 127.4.154.130:44685
I20260608 12:53:23.519555  7821 acceptor_pool.cc:272] collecting diagnostics on the listening RPC socket 127.4.154.130:44685 every 8 connection(s)
I20260608 12:53:23.524780  4714 file_cache.cc:492] Constructed file cache file cache with capacity 419430
W20260608 12:53:23.534497  7825 instance_detector.cc:116] could not retrieve AWS instance metadata: Network error: curl error: HTTP response code said error: The requested URL returned error: 404
W20260608 12:53:23.535106  7826 instance_detector.cc:116] could not retrieve Azure instance metadata: Network error: curl error: HTTP response code said error: The requested URL returned error: 404
I20260608 12:53:23.537051  4714 server_base.cc:1061] running on GCE node
W20260608 12:53:23.538056  7828 instance_detector.cc:116] could not retrieve OpenStack instance metadata: Network error: curl error: HTTP response code said error: The requested URL returned error: 404
I20260608 12:53:23.539076  4714 hybrid_clock.cc:584] initializing the hybrid clock with 'system_unsync' time source
W20260608 12:53:23.539341  4714 system_unsync_time.cc:38] NTP support is disabled. Clock error bounds will not be accurate. This configuration is not suitable for distributed clusters.
I20260608 12:53:23.539481  7822 heartbeater.cc:344] Connected to a master server at 127.4.154.190:33175
I20260608 12:53:23.539597  4714 hybrid_clock.cc:648] HybridClock initialized: now 1780923203539572 us; error 0 us; skew 500 ppm
I20260608 12:53:23.539999  7822 heartbeater.cc:461] Registering TS with master...
I20260608 12:53:23.540555  4714 server_base.cc:861] Flag tcmalloc_max_total_thread_cache_bytes is not working since tcmalloc is not enabled.
I20260608 12:53:23.540992  7822 heartbeater.cc:507] Master 127.4.154.190:33175 requested a full tablet report, sending...
I20260608 12:53:23.543642  7620 ts_manager.cc:194] Registered new tserver with Master: 4abfcbaeff9648c89f1ad451eba6bc13 (127.4.154.130:44685)
I20260608 12:53:23.545049  7620 master_service.cc:502] Signed X509 certificate for tserver {username='slave'} at 127.0.0.1:60308
I20260608 12:53:23.546448  4714 webserver.cc:533] Webserver started at http://127.4.154.131:41341/ using document root <none> and password file <none>
I20260608 12:53:23.547474  4714 fs_manager.cc:362] Metadata directory not provided
I20260608 12:53:23.547772  4714 fs_manager.cc:368] Using write-ahead log directory (fs_wal_dir) as metadata directory
I20260608 12:53:23.548110  4714 server_base.cc:909] This appears to be a new deployment of Kudu; creating new FS layout
I20260608 12:53:23.549345  4714 fs_manager.cc:1068] Generated new instance metadata in path /tmp/dist-test-taskeGTc25/test-tmp/auto_rebalancer-test.0.AutoRebalancerTest.RangeAwareRebalancesNewRangeReplicas.1780923122317684-4714-0/minicluster-data/ts-2-root/instance:
uuid: "12e32c2258ca44558c6e4b89c0491f1e"
format_stamp: "Formatted at 2026-06-08 12:53:23 on dist-test-slave-fcrv"
I20260608 12:53:23.555740  4714 fs_manager.cc:696] Time spent creating directory manager: real 0.006s	user 0.002s	sys 0.007s
I20260608 12:53:23.560112  7833 log_block_manager.cc:4031] Time spent loading block containers with low live blocks: real 0.000s	user 0.000s	sys 0.000s
I20260608 12:53:23.561131  4714 fs_manager.cc:730] Time spent opening block manager: real 0.003s	user 0.004s	sys 0.000s
I20260608 12:53:23.561415  4714 fs_manager.cc:647] Opened local filesystem: /tmp/dist-test-taskeGTc25/test-tmp/auto_rebalancer-test.0.AutoRebalancerTest.RangeAwareRebalancesNewRangeReplicas.1780923122317684-4714-0/minicluster-data/ts-2-root
uuid: "12e32c2258ca44558c6e4b89c0491f1e"
format_stamp: "Formatted at 2026-06-08 12:53:23 on dist-test-slave-fcrv"
I20260608 12:53:23.561664  4714 fs_report.cc:389] FS layout report
--------------------
wal directory: /tmp/dist-test-taskeGTc25/test-tmp/auto_rebalancer-test.0.AutoRebalancerTest.RangeAwareRebalancesNewRangeReplicas.1780923122317684-4714-0/minicluster-data/ts-2-root
metadata directory: /tmp/dist-test-taskeGTc25/test-tmp/auto_rebalancer-test.0.AutoRebalancerTest.RangeAwareRebalancesNewRangeReplicas.1780923122317684-4714-0/minicluster-data/ts-2-root
1 data directories: /tmp/dist-test-taskeGTc25/test-tmp/auto_rebalancer-test.0.AutoRebalancerTest.RangeAwareRebalancesNewRangeReplicas.1780923122317684-4714-0/minicluster-data/ts-2-root/data
Total live blocks: 0
Total live bytes: 0
Total live bytes (after alignment): 0
Total number of LBM containers: 0 (0 full)
Did not check for missing blocks
Did not check for orphaned blocks
Total full LBM containers with extra space: 0 (0 repaired)
Total full LBM container extra space in bytes: 0 (0 repaired)
Total incomplete LBM containers: 0 (0 repaired)
Total LBM partial records: 0 (0 repaired)
Total corrupted LBM metadata records in RocksDB: 0 (0 repaired)
I20260608 12:53:23.575862  4714 rpc_server.cc:225] running with OpenSSL 1.1.1  11 Sep 2018
I20260608 12:53:23.577082  4714 kserver.cc:163] Server-wide thread pool size limit: 3276
I20260608 12:53:23.578652  4714 txn_system_client.cc:432] TxnSystemClient initialization is disabled...
I20260608 12:53:23.581161  4714 ts_tablet_manager.cc:585] Loaded tablet metadata (0 total tablets, 0 live tablets)
I20260608 12:53:23.581370  4714 ts_tablet_manager.cc:531] Time spent load tablet metadata: real 0.000s	user 0.000s	sys 0.000s
I20260608 12:53:23.581700  4714 ts_tablet_manager.cc:616] Registered 0 tablets
I20260608 12:53:23.581858  4714 ts_tablet_manager.cc:595] Time spent register tablets: real 0.000s	user 0.000s	sys 0.000s
I20260608 12:53:23.624745  4714 rpc_server.cc:307] RPC server started. Bound to: 127.4.154.131:44515
I20260608 12:53:23.624886  7895 acceptor_pool.cc:272] collecting diagnostics on the listening RPC socket 127.4.154.131:44515 every 8 connection(s)
I20260608 12:53:23.640583  7896 heartbeater.cc:344] Connected to a master server at 127.4.154.190:33175
I20260608 12:53:23.640965  7896 heartbeater.cc:461] Registering TS with master...
I20260608 12:53:23.641670  7896 heartbeater.cc:507] Master 127.4.154.190:33175 requested a full tablet report, sending...
I20260608 12:53:23.643648  7620 ts_manager.cc:194] Registered new tserver with Master: 12e32c2258ca44558c6e4b89c0491f1e (127.4.154.131:44515)
I20260608 12:53:23.644253  4714 internal_mini_cluster.cc:371] 3 TS(s) registered with all masters after 0.016010939s
I20260608 12:53:23.645089  7620 master_service.cc:502] Signed X509 certificate for tserver {username='slave'} at 127.0.0.1:60324
I20260608 12:53:24.440855  7747 heartbeater.cc:499] Master 127.4.154.190:33175 was elected leader, sending a full tablet report...
I20260608 12:53:24.548326  7822 heartbeater.cc:499] Master 127.4.154.190:33175 was elected leader, sending a full tablet report...
I20260608 12:53:24.647800  7896 heartbeater.cc:499] Master 127.4.154.190:33175 was elected leader, sending a full tablet report...
I20260608 12:53:24.706624  7620 catalog_manager.cc:2282] Servicing CreateTable request from {username='slave'} at 127.0.0.1:60330:
name: "range_aware_rebalance_new_range"
schema {
  columns {
    name: "key"
    type: INT32
    is_key: true
    is_nullable: false
    encoding: AUTO_ENCODING
    compression: DEFAULT_COMPRESSION
    cfile_block_size: 0
    immutable: false
  }
}
num_replicas: 3
split_rows_range_bounds {
  rows: "\006\001\000\000\000\000\007\001\n\000\000\000""\006\001\000\000\000\000\007\001\n\000\000\000"
  indirect_data: """"
}
partition_schema {
  hash_schema {
    columns {
      name: "key"
    }
    num_buckets: 8
    seed: 0
  }
  range_schema {
    columns {
      name: "key"
    }
  }
}
W20260608 12:53:24.709329  7620 catalog_manager.cc:7076] The number of live tablet servers is not enough to re-replicate a tablet replica of the newly created table range_aware_rebalance_new_range in case of a server failure: 4 tablet servers would be needed, 3 are available. Consider bringing up more tablet servers.
I20260608 12:53:24.791170  7787 tablet_service.cc:1511] Processing CreateTablet for tablet 6a653ba7d83f47448b965bd19f1b20cd (DEFAULT_TABLE table=range_aware_rebalance_new_range [id=818c653a15c54a2abb35fbdc211d8295]), partition=HASH (key) PARTITION 0, RANGE (key) PARTITION 0 <= VALUES < 10
I20260608 12:53:24.792963  7787 data_dirs.cc:400] Could only allocate 1 dirs of requested 3 for tablet 6a653ba7d83f47448b965bd19f1b20cd. 1 dirs total, 0 dirs full, 0 dirs failed
I20260608 12:53:24.793597  7783 tablet_service.cc:1511] Processing CreateTablet for tablet c77647099ef845c988fc5f21c3fdbbea (DEFAULT_TABLE table=range_aware_rebalance_new_range [id=818c653a15c54a2abb35fbdc211d8295]), partition=HASH (key) PARTITION 4, RANGE (key) PARTITION 0 <= VALUES < 10
I20260608 12:53:24.794961  7786 tablet_service.cc:1511] Processing CreateTablet for tablet f97e9539ee6d46fe961df20a9af6a906 (DEFAULT_TABLE table=range_aware_rebalance_new_range [id=818c653a15c54a2abb35fbdc211d8295]), partition=HASH (key) PARTITION 1, RANGE (key) PARTITION 0 <= VALUES < 10
I20260608 12:53:24.795575  7782 tablet_service.cc:1511] Processing CreateTablet for tablet eed2710108254fe99bcc89d65deaacb0 (DEFAULT_TABLE table=range_aware_rebalance_new_range [id=818c653a15c54a2abb35fbdc211d8295]), partition=HASH (key) PARTITION 5, RANGE (key) PARTITION 0 <= VALUES < 10
I20260608 12:53:24.796754  7786 data_dirs.cc:400] Could only allocate 1 dirs of requested 3 for tablet f97e9539ee6d46fe961df20a9af6a906. 1 dirs total, 0 dirs full, 0 dirs failed
I20260608 12:53:24.797937  7783 data_dirs.cc:400] Could only allocate 1 dirs of requested 3 for tablet c77647099ef845c988fc5f21c3fdbbea. 1 dirs total, 0 dirs full, 0 dirs failed
I20260608 12:53:24.798944  7782 data_dirs.cc:400] Could only allocate 1 dirs of requested 3 for tablet eed2710108254fe99bcc89d65deaacb0. 1 dirs total, 0 dirs full, 0 dirs failed
I20260608 12:53:24.799306  7785 tablet_service.cc:1511] Processing CreateTablet for tablet c06d0604e13a4ce8b6b2ff67bcc31a52 (DEFAULT_TABLE table=range_aware_rebalance_new_range [id=818c653a15c54a2abb35fbdc211d8295]), partition=HASH (key) PARTITION 2, RANGE (key) PARTITION 0 <= VALUES < 10
I20260608 12:53:24.801270  7785 data_dirs.cc:400] Could only allocate 1 dirs of requested 3 for tablet c06d0604e13a4ce8b6b2ff67bcc31a52. 1 dirs total, 0 dirs full, 0 dirs failed
I20260608 12:53:24.807718  7712 tablet_service.cc:1511] Processing CreateTablet for tablet 6a653ba7d83f47448b965bd19f1b20cd (DEFAULT_TABLE table=range_aware_rebalance_new_range [id=818c653a15c54a2abb35fbdc211d8295]), partition=HASH (key) PARTITION 0, RANGE (key) PARTITION 0 <= VALUES < 10
I20260608 12:53:24.809394  7712 data_dirs.cc:400] Could only allocate 1 dirs of requested 3 for tablet 6a653ba7d83f47448b965bd19f1b20cd. 1 dirs total, 0 dirs full, 0 dirs failed
I20260608 12:53:24.811656  7710 tablet_service.cc:1511] Processing CreateTablet for tablet c06d0604e13a4ce8b6b2ff67bcc31a52 (DEFAULT_TABLE table=range_aware_rebalance_new_range [id=818c653a15c54a2abb35fbdc211d8295]), partition=HASH (key) PARTITION 2, RANGE (key) PARTITION 0 <= VALUES < 10
I20260608 12:53:24.807718  7708 tablet_service.cc:1511] Processing CreateTablet for tablet c77647099ef845c988fc5f21c3fdbbea (DEFAULT_TABLE table=range_aware_rebalance_new_range [id=818c653a15c54a2abb35fbdc211d8295]), partition=HASH (key) PARTITION 4, RANGE (key) PARTITION 0 <= VALUES < 10
I20260608 12:53:24.813249  7710 data_dirs.cc:400] Could only allocate 1 dirs of requested 3 for tablet c06d0604e13a4ce8b6b2ff67bcc31a52. 1 dirs total, 0 dirs full, 0 dirs failed
I20260608 12:53:24.815318  7708 data_dirs.cc:400] Could only allocate 1 dirs of requested 3 for tablet c77647099ef845c988fc5f21c3fdbbea. 1 dirs total, 0 dirs full, 0 dirs failed
I20260608 12:53:24.815451  7706 tablet_service.cc:1511] Processing CreateTablet for tablet eab27fc683124e0f85244f539e8a5009 (DEFAULT_TABLE table=range_aware_rebalance_new_range [id=818c653a15c54a2abb35fbdc211d8295]), partition=HASH (key) PARTITION 6, RANGE (key) PARTITION 0 <= VALUES < 10
I20260608 12:53:24.817204  7711 tablet_service.cc:1511] Processing CreateTablet for tablet f97e9539ee6d46fe961df20a9af6a906 (DEFAULT_TABLE table=range_aware_rebalance_new_range [id=818c653a15c54a2abb35fbdc211d8295]), partition=HASH (key) PARTITION 1, RANGE (key) PARTITION 0 <= VALUES < 10
I20260608 12:53:24.821805  7709 tablet_service.cc:1511] Processing CreateTablet for tablet a03b15802084435da707bb833bbff9c7 (DEFAULT_TABLE table=range_aware_rebalance_new_range [id=818c653a15c54a2abb35fbdc211d8295]), partition=HASH (key) PARTITION 3, RANGE (key) PARTITION 0 <= VALUES < 10
I20260608 12:53:24.823498  7711 data_dirs.cc:400] Could only allocate 1 dirs of requested 3 for tablet f97e9539ee6d46fe961df20a9af6a906. 1 dirs total, 0 dirs full, 0 dirs failed
I20260608 12:53:24.808952  7707 tablet_service.cc:1511] Processing CreateTablet for tablet eed2710108254fe99bcc89d65deaacb0 (DEFAULT_TABLE table=range_aware_rebalance_new_range [id=818c653a15c54a2abb35fbdc211d8295]), partition=HASH (key) PARTITION 5, RANGE (key) PARTITION 0 <= VALUES < 10
I20260608 12:53:24.805749  7781 tablet_service.cc:1511] Processing CreateTablet for tablet eab27fc683124e0f85244f539e8a5009 (DEFAULT_TABLE table=range_aware_rebalance_new_range [id=818c653a15c54a2abb35fbdc211d8295]), partition=HASH (key) PARTITION 6, RANGE (key) PARTITION 0 <= VALUES < 10
I20260608 12:53:24.824788  7707 data_dirs.cc:400] Could only allocate 1 dirs of requested 3 for tablet eed2710108254fe99bcc89d65deaacb0. 1 dirs total, 0 dirs full, 0 dirs failed
I20260608 12:53:24.819324  7784 tablet_service.cc:1511] Processing CreateTablet for tablet a03b15802084435da707bb833bbff9c7 (DEFAULT_TABLE table=range_aware_rebalance_new_range [id=818c653a15c54a2abb35fbdc211d8295]), partition=HASH (key) PARTITION 3, RANGE (key) PARTITION 0 <= VALUES < 10
I20260608 12:53:24.817870  7780 tablet_service.cc:1511] Processing CreateTablet for tablet b22ffd10871b46ca99c148c7e4af99ce (DEFAULT_TABLE table=range_aware_rebalance_new_range [id=818c653a15c54a2abb35fbdc211d8295]), partition=HASH (key) PARTITION 7, RANGE (key) PARTITION 0 <= VALUES < 10
I20260608 12:53:24.826804  7784 data_dirs.cc:400] Could only allocate 1 dirs of requested 3 for tablet a03b15802084435da707bb833bbff9c7. 1 dirs total, 0 dirs full, 0 dirs failed
I20260608 12:53:24.827661  7780 data_dirs.cc:400] Could only allocate 1 dirs of requested 3 for tablet b22ffd10871b46ca99c148c7e4af99ce. 1 dirs total, 0 dirs full, 0 dirs failed
I20260608 12:53:24.828819  7706 data_dirs.cc:400] Could only allocate 1 dirs of requested 3 for tablet eab27fc683124e0f85244f539e8a5009. 1 dirs total, 0 dirs full, 0 dirs failed
I20260608 12:53:24.819764  7705 tablet_service.cc:1511] Processing CreateTablet for tablet b22ffd10871b46ca99c148c7e4af99ce (DEFAULT_TABLE table=range_aware_rebalance_new_range [id=818c653a15c54a2abb35fbdc211d8295]), partition=HASH (key) PARTITION 7, RANGE (key) PARTITION 0 <= VALUES < 10
I20260608 12:53:24.831929  7709 data_dirs.cc:400] Could only allocate 1 dirs of requested 3 for tablet a03b15802084435da707bb833bbff9c7. 1 dirs total, 0 dirs full, 0 dirs failed
I20260608 12:53:24.833115  7781 data_dirs.cc:400] Could only allocate 1 dirs of requested 3 for tablet eab27fc683124e0f85244f539e8a5009. 1 dirs total, 0 dirs full, 0 dirs failed
I20260608 12:53:24.833832  7705 data_dirs.cc:400] Could only allocate 1 dirs of requested 3 for tablet b22ffd10871b46ca99c148c7e4af99ce. 1 dirs total, 0 dirs full, 0 dirs failed
I20260608 12:53:24.857033  7861 tablet_service.cc:1511] Processing CreateTablet for tablet 6a653ba7d83f47448b965bd19f1b20cd (DEFAULT_TABLE table=range_aware_rebalance_new_range [id=818c653a15c54a2abb35fbdc211d8295]), partition=HASH (key) PARTITION 0, RANGE (key) PARTITION 0 <= VALUES < 10
I20260608 12:53:24.859800  7860 tablet_service.cc:1511] Processing CreateTablet for tablet f97e9539ee6d46fe961df20a9af6a906 (DEFAULT_TABLE table=range_aware_rebalance_new_range [id=818c653a15c54a2abb35fbdc211d8295]), partition=HASH (key) PARTITION 1, RANGE (key) PARTITION 0 <= VALUES < 10
I20260608 12:53:24.862486  7859 tablet_service.cc:1511] Processing CreateTablet for tablet c06d0604e13a4ce8b6b2ff67bcc31a52 (DEFAULT_TABLE table=range_aware_rebalance_new_range [id=818c653a15c54a2abb35fbdc211d8295]), partition=HASH (key) PARTITION 2, RANGE (key) PARTITION 0 <= VALUES < 10
I20260608 12:53:24.865034  7858 tablet_service.cc:1511] Processing CreateTablet for tablet a03b15802084435da707bb833bbff9c7 (DEFAULT_TABLE table=range_aware_rebalance_new_range [id=818c653a15c54a2abb35fbdc211d8295]), partition=HASH (key) PARTITION 3, RANGE (key) PARTITION 0 <= VALUES < 10
I20260608 12:53:24.867460  7857 tablet_service.cc:1511] Processing CreateTablet for tablet c77647099ef845c988fc5f21c3fdbbea (DEFAULT_TABLE table=range_aware_rebalance_new_range [id=818c653a15c54a2abb35fbdc211d8295]), partition=HASH (key) PARTITION 4, RANGE (key) PARTITION 0 <= VALUES < 10
I20260608 12:53:24.869887  7856 tablet_service.cc:1511] Processing CreateTablet for tablet eed2710108254fe99bcc89d65deaacb0 (DEFAULT_TABLE table=range_aware_rebalance_new_range [id=818c653a15c54a2abb35fbdc211d8295]), partition=HASH (key) PARTITION 5, RANGE (key) PARTITION 0 <= VALUES < 10
I20260608 12:53:24.870972  7861 data_dirs.cc:400] Could only allocate 1 dirs of requested 3 for tablet 6a653ba7d83f47448b965bd19f1b20cd. 1 dirs total, 0 dirs full, 0 dirs failed
I20260608 12:53:24.871651  7859 data_dirs.cc:400] Could only allocate 1 dirs of requested 3 for tablet c06d0604e13a4ce8b6b2ff67bcc31a52. 1 dirs total, 0 dirs full, 0 dirs failed
I20260608 12:53:24.874785  7860 data_dirs.cc:400] Could only allocate 1 dirs of requested 3 for tablet f97e9539ee6d46fe961df20a9af6a906. 1 dirs total, 0 dirs full, 0 dirs failed
I20260608 12:53:24.878796  7856 data_dirs.cc:400] Could only allocate 1 dirs of requested 3 for tablet eed2710108254fe99bcc89d65deaacb0. 1 dirs total, 0 dirs full, 0 dirs failed
I20260608 12:53:24.879096  7855 tablet_service.cc:1511] Processing CreateTablet for tablet eab27fc683124e0f85244f539e8a5009 (DEFAULT_TABLE table=range_aware_rebalance_new_range [id=818c653a15c54a2abb35fbdc211d8295]), partition=HASH (key) PARTITION 6, RANGE (key) PARTITION 0 <= VALUES < 10
I20260608 12:53:24.880589  7855 data_dirs.cc:400] Could only allocate 1 dirs of requested 3 for tablet eab27fc683124e0f85244f539e8a5009. 1 dirs total, 0 dirs full, 0 dirs failed
I20260608 12:53:24.883033  7858 data_dirs.cc:400] Could only allocate 1 dirs of requested 3 for tablet a03b15802084435da707bb833bbff9c7. 1 dirs total, 0 dirs full, 0 dirs failed
I20260608 12:53:24.883731  7854 tablet_service.cc:1511] Processing CreateTablet for tablet b22ffd10871b46ca99c148c7e4af99ce (DEFAULT_TABLE table=range_aware_rebalance_new_range [id=818c653a15c54a2abb35fbdc211d8295]), partition=HASH (key) PARTITION 7, RANGE (key) PARTITION 0 <= VALUES < 10
I20260608 12:53:24.884864  7857 data_dirs.cc:400] Could only allocate 1 dirs of requested 3 for tablet c77647099ef845c988fc5f21c3fdbbea. 1 dirs total, 0 dirs full, 0 dirs failed
I20260608 12:53:24.890791  7854 data_dirs.cc:400] Could only allocate 1 dirs of requested 3 for tablet b22ffd10871b46ca99c148c7e4af99ce. 1 dirs total, 0 dirs full, 0 dirs failed
I20260608 12:53:24.897367  7915 tablet_bootstrap.cc:492] T a03b15802084435da707bb833bbff9c7 P 4abfcbaeff9648c89f1ad451eba6bc13: Bootstrap starting.
I20260608 12:53:24.907020  7915 tablet_bootstrap.cc:654] T a03b15802084435da707bb833bbff9c7 P 4abfcbaeff9648c89f1ad451eba6bc13: Neither blocks nor log segments found. Creating new log.
I20260608 12:53:24.954890  7916 tablet_bootstrap.cc:492] T 6a653ba7d83f47448b965bd19f1b20cd P 762bcf33515941f49856000e71628059: Bootstrap starting.
I20260608 12:53:24.968520  7916 tablet_bootstrap.cc:654] T 6a653ba7d83f47448b965bd19f1b20cd P 762bcf33515941f49856000e71628059: Neither blocks nor log segments found. Creating new log.
I20260608 12:53:24.973798  7915 tablet_bootstrap.cc:492] T a03b15802084435da707bb833bbff9c7 P 4abfcbaeff9648c89f1ad451eba6bc13: No bootstrap required, opened a new log
I20260608 12:53:24.974264  7915 ts_tablet_manager.cc:1403] T a03b15802084435da707bb833bbff9c7 P 4abfcbaeff9648c89f1ad451eba6bc13: Time spent bootstrapping tablet: real 0.077s	user 0.033s	sys 0.017s
I20260608 12:53:24.976591  7915 raft_consensus.cc:359] T a03b15802084435da707bb833bbff9c7 P 4abfcbaeff9648c89f1ad451eba6bc13 [term 0 FOLLOWER]: Replica starting. Triggering 0 pending ops. Active config: opid_index: -1 OBSOLETE_local: false peers { permanent_uuid: "762bcf33515941f49856000e71628059" member_type: VOTER last_known_addr { host: "127.4.154.129" port: 40677 } } peers { permanent_uuid: "4abfcbaeff9648c89f1ad451eba6bc13" member_type: VOTER last_known_addr { host: "127.4.154.130" port: 44685 } } peers { permanent_uuid: "12e32c2258ca44558c6e4b89c0491f1e" member_type: VOTER last_known_addr { host: "127.4.154.131" port: 44515 } }
I20260608 12:53:24.977326  7915 raft_consensus.cc:385] T a03b15802084435da707bb833bbff9c7 P 4abfcbaeff9648c89f1ad451eba6bc13 [term 0 FOLLOWER]: Consensus starting up: Expiring failure detector timer to make a prompt election more likely
I20260608 12:53:24.977720  7915 raft_consensus.cc:740] T a03b15802084435da707bb833bbff9c7 P 4abfcbaeff9648c89f1ad451eba6bc13 [term 0 FOLLOWER]: Becoming Follower/Learner. State: Replica: 4abfcbaeff9648c89f1ad451eba6bc13, State: Initialized, Role: FOLLOWER
I20260608 12:53:24.978961  7918 tablet_bootstrap.cc:492] T eed2710108254fe99bcc89d65deaacb0 P 12e32c2258ca44558c6e4b89c0491f1e: Bootstrap starting.
I20260608 12:53:24.978668  7915 consensus_queue.cc:260] T a03b15802084435da707bb833bbff9c7 P 4abfcbaeff9648c89f1ad451eba6bc13 [NON_LEADER]: Queue going to NON_LEADER mode. State: All replicated index: 0, Majority replicated index: 0, Committed index: 0, Last appended: 0.0, Last appended by leader: 0, Current term: 0, Majority size: -1, State: 0, Mode: NON_LEADER, active raft config: opid_index: -1 OBSOLETE_local: false peers { permanent_uuid: "762bcf33515941f49856000e71628059" member_type: VOTER last_known_addr { host: "127.4.154.129" port: 40677 } } peers { permanent_uuid: "4abfcbaeff9648c89f1ad451eba6bc13" member_type: VOTER last_known_addr { host: "127.4.154.130" port: 44685 } } peers { permanent_uuid: "12e32c2258ca44558c6e4b89c0491f1e" member_type: VOTER last_known_addr { host: "127.4.154.131" port: 44515 } }
I20260608 12:53:24.985518  7916 tablet_bootstrap.cc:492] T 6a653ba7d83f47448b965bd19f1b20cd P 762bcf33515941f49856000e71628059: No bootstrap required, opened a new log
I20260608 12:53:24.986155  7916 ts_tablet_manager.cc:1403] T 6a653ba7d83f47448b965bd19f1b20cd P 762bcf33515941f49856000e71628059: Time spent bootstrapping tablet: real 0.032s	user 0.010s	sys 0.005s
I20260608 12:53:24.987602  7915 ts_tablet_manager.cc:1434] T a03b15802084435da707bb833bbff9c7 P 4abfcbaeff9648c89f1ad451eba6bc13: Time spent starting tablet: real 0.013s	user 0.007s	sys 0.004s
I20260608 12:53:24.988605  7918 tablet_bootstrap.cc:654] T eed2710108254fe99bcc89d65deaacb0 P 12e32c2258ca44558c6e4b89c0491f1e: Neither blocks nor log segments found. Creating new log.
I20260608 12:53:24.989001  7915 tablet_bootstrap.cc:492] T eab27fc683124e0f85244f539e8a5009 P 4abfcbaeff9648c89f1ad451eba6bc13: Bootstrap starting.
I20260608 12:53:24.989673  7916 raft_consensus.cc:359] T 6a653ba7d83f47448b965bd19f1b20cd P 762bcf33515941f49856000e71628059 [term 0 FOLLOWER]: Replica starting. Triggering 0 pending ops. Active config: opid_index: -1 OBSOLETE_local: false peers { permanent_uuid: "4abfcbaeff9648c89f1ad451eba6bc13" member_type: VOTER last_known_addr { host: "127.4.154.130" port: 44685 } } peers { permanent_uuid: "762bcf33515941f49856000e71628059" member_type: VOTER last_known_addr { host: "127.4.154.129" port: 40677 } } peers { permanent_uuid: "12e32c2258ca44558c6e4b89c0491f1e" member_type: VOTER last_known_addr { host: "127.4.154.131" port: 44515 } }
I20260608 12:53:24.990525  7916 raft_consensus.cc:385] T 6a653ba7d83f47448b965bd19f1b20cd P 762bcf33515941f49856000e71628059 [term 0 FOLLOWER]: Consensus starting up: Expiring failure detector timer to make a prompt election more likely
I20260608 12:53:24.990832  7916 raft_consensus.cc:740] T 6a653ba7d83f47448b965bd19f1b20cd P 762bcf33515941f49856000e71628059 [term 0 FOLLOWER]: Becoming Follower/Learner. State: Replica: 762bcf33515941f49856000e71628059, State: Initialized, Role: FOLLOWER
I20260608 12:53:24.991734  7916 consensus_queue.cc:260] T 6a653ba7d83f47448b965bd19f1b20cd P 762bcf33515941f49856000e71628059 [NON_LEADER]: Queue going to NON_LEADER mode. State: All replicated index: 0, Majority replicated index: 0, Committed index: 0, Last appended: 0.0, Last appended by leader: 0, Current term: 0, Majority size: -1, State: 0, Mode: NON_LEADER, active raft config: opid_index: -1 OBSOLETE_local: false peers { permanent_uuid: "4abfcbaeff9648c89f1ad451eba6bc13" member_type: VOTER last_known_addr { host: "127.4.154.130" port: 44685 } } peers { permanent_uuid: "762bcf33515941f49856000e71628059" member_type: VOTER last_known_addr { host: "127.4.154.129" port: 40677 } } peers { permanent_uuid: "12e32c2258ca44558c6e4b89c0491f1e" member_type: VOTER last_known_addr { host: "127.4.154.131" port: 44515 } }
I20260608 12:53:24.997747  7915 tablet_bootstrap.cc:654] T eab27fc683124e0f85244f539e8a5009 P 4abfcbaeff9648c89f1ad451eba6bc13: Neither blocks nor log segments found. Creating new log.
I20260608 12:53:25.001699  7918 tablet_bootstrap.cc:492] T eed2710108254fe99bcc89d65deaacb0 P 12e32c2258ca44558c6e4b89c0491f1e: No bootstrap required, opened a new log
I20260608 12:53:25.002569  7918 ts_tablet_manager.cc:1403] T eed2710108254fe99bcc89d65deaacb0 P 12e32c2258ca44558c6e4b89c0491f1e: Time spent bootstrapping tablet: real 0.024s	user 0.012s	sys 0.009s
I20260608 12:53:25.006775  7918 raft_consensus.cc:359] T eed2710108254fe99bcc89d65deaacb0 P 12e32c2258ca44558c6e4b89c0491f1e [term 0 FOLLOWER]: Replica starting. Triggering 0 pending ops. Active config: opid_index: -1 OBSOLETE_local: false peers { permanent_uuid: "4abfcbaeff9648c89f1ad451eba6bc13" member_type: VOTER last_known_addr { host: "127.4.154.130" port: 44685 } } peers { permanent_uuid: "762bcf33515941f49856000e71628059" member_type: VOTER last_known_addr { host: "127.4.154.129" port: 40677 } } peers { permanent_uuid: "12e32c2258ca44558c6e4b89c0491f1e" member_type: VOTER last_known_addr { host: "127.4.154.131" port: 44515 } }
I20260608 12:53:25.008005  7918 raft_consensus.cc:385] T eed2710108254fe99bcc89d65deaacb0 P 12e32c2258ca44558c6e4b89c0491f1e [term 0 FOLLOWER]: Consensus starting up: Expiring failure detector timer to make a prompt election more likely
I20260608 12:53:25.008479  7918 raft_consensus.cc:740] T eed2710108254fe99bcc89d65deaacb0 P 12e32c2258ca44558c6e4b89c0491f1e [term 0 FOLLOWER]: Becoming Follower/Learner. State: Replica: 12e32c2258ca44558c6e4b89c0491f1e, State: Initialized, Role: FOLLOWER
I20260608 12:53:25.009814  7918 consensus_queue.cc:260] T eed2710108254fe99bcc89d65deaacb0 P 12e32c2258ca44558c6e4b89c0491f1e [NON_LEADER]: Queue going to NON_LEADER mode. State: All replicated index: 0, Majority replicated index: 0, Committed index: 0, Last appended: 0.0, Last appended by leader: 0, Current term: 0, Majority size: -1, State: 0, Mode: NON_LEADER, active raft config: opid_index: -1 OBSOLETE_local: false peers { permanent_uuid: "4abfcbaeff9648c89f1ad451eba6bc13" member_type: VOTER last_known_addr { host: "127.4.154.130" port: 44685 } } peers { permanent_uuid: "762bcf33515941f49856000e71628059" member_type: VOTER last_known_addr { host: "127.4.154.129" port: 40677 } } peers { permanent_uuid: "12e32c2258ca44558c6e4b89c0491f1e" member_type: VOTER last_known_addr { host: "127.4.154.131" port: 44515 } }
I20260608 12:53:25.011235  7916 ts_tablet_manager.cc:1434] T 6a653ba7d83f47448b965bd19f1b20cd P 762bcf33515941f49856000e71628059: Time spent starting tablet: real 0.025s	user 0.014s	sys 0.010s
I20260608 12:53:25.012588  7916 tablet_bootstrap.cc:492] T f97e9539ee6d46fe961df20a9af6a906 P 762bcf33515941f49856000e71628059: Bootstrap starting.
I20260608 12:53:25.015353  7915 tablet_bootstrap.cc:492] T eab27fc683124e0f85244f539e8a5009 P 4abfcbaeff9648c89f1ad451eba6bc13: No bootstrap required, opened a new log
I20260608 12:53:25.016187  7915 ts_tablet_manager.cc:1403] T eab27fc683124e0f85244f539e8a5009 P 4abfcbaeff9648c89f1ad451eba6bc13: Time spent bootstrapping tablet: real 0.027s	user 0.015s	sys 0.011s
I20260608 12:53:25.018589  7918 ts_tablet_manager.cc:1434] T eed2710108254fe99bcc89d65deaacb0 P 12e32c2258ca44558c6e4b89c0491f1e: Time spent starting tablet: real 0.016s	user 0.008s	sys 0.004s
I20260608 12:53:25.019764  7915 raft_consensus.cc:359] T eab27fc683124e0f85244f539e8a5009 P 4abfcbaeff9648c89f1ad451eba6bc13 [term 0 FOLLOWER]: Replica starting. Triggering 0 pending ops. Active config: opid_index: -1 OBSOLETE_local: false peers { permanent_uuid: "762bcf33515941f49856000e71628059" member_type: VOTER last_known_addr { host: "127.4.154.129" port: 40677 } } peers { permanent_uuid: "4abfcbaeff9648c89f1ad451eba6bc13" member_type: VOTER last_known_addr { host: "127.4.154.130" port: 44685 } } peers { permanent_uuid: "12e32c2258ca44558c6e4b89c0491f1e" member_type: VOTER last_known_addr { host: "127.4.154.131" port: 44515 } }
I20260608 12:53:25.020583  7915 raft_consensus.cc:385] T eab27fc683124e0f85244f539e8a5009 P 4abfcbaeff9648c89f1ad451eba6bc13 [term 0 FOLLOWER]: Consensus starting up: Expiring failure detector timer to make a prompt election more likely
I20260608 12:53:25.020998  7915 raft_consensus.cc:740] T eab27fc683124e0f85244f539e8a5009 P 4abfcbaeff9648c89f1ad451eba6bc13 [term 0 FOLLOWER]: Becoming Follower/Learner. State: Replica: 4abfcbaeff9648c89f1ad451eba6bc13, State: Initialized, Role: FOLLOWER
I20260608 12:53:25.020190  7916 tablet_bootstrap.cc:654] T f97e9539ee6d46fe961df20a9af6a906 P 762bcf33515941f49856000e71628059: Neither blocks nor log segments found. Creating new log.
I20260608 12:53:25.022637  7918 tablet_bootstrap.cc:492] T c77647099ef845c988fc5f21c3fdbbea P 12e32c2258ca44558c6e4b89c0491f1e: Bootstrap starting.
I20260608 12:53:25.023190  7915 consensus_queue.cc:260] T eab27fc683124e0f85244f539e8a5009 P 4abfcbaeff9648c89f1ad451eba6bc13 [NON_LEADER]: Queue going to NON_LEADER mode. State: All replicated index: 0, Majority replicated index: 0, Committed index: 0, Last appended: 0.0, Last appended by leader: 0, Current term: 0, Majority size: -1, State: 0, Mode: NON_LEADER, active raft config: opid_index: -1 OBSOLETE_local: false peers { permanent_uuid: "762bcf33515941f49856000e71628059" member_type: VOTER last_known_addr { host: "127.4.154.129" port: 40677 } } peers { permanent_uuid: "4abfcbaeff9648c89f1ad451eba6bc13" member_type: VOTER last_known_addr { host: "127.4.154.130" port: 44685 } } peers { permanent_uuid: "12e32c2258ca44558c6e4b89c0491f1e" member_type: VOTER last_known_addr { host: "127.4.154.131" port: 44515 } }
I20260608 12:53:25.025478  7915 ts_tablet_manager.cc:1434] T eab27fc683124e0f85244f539e8a5009 P 4abfcbaeff9648c89f1ad451eba6bc13: Time spent starting tablet: real 0.009s	user 0.005s	sys 0.000s
I20260608 12:53:25.026872  7915 tablet_bootstrap.cc:492] T eed2710108254fe99bcc89d65deaacb0 P 4abfcbaeff9648c89f1ad451eba6bc13: Bootstrap starting.
I20260608 12:53:25.033720  7915 tablet_bootstrap.cc:654] T eed2710108254fe99bcc89d65deaacb0 P 4abfcbaeff9648c89f1ad451eba6bc13: Neither blocks nor log segments found. Creating new log.
I20260608 12:53:25.039935  7926 raft_consensus.cc:493] T eed2710108254fe99bcc89d65deaacb0 P 12e32c2258ca44558c6e4b89c0491f1e [term 0 FOLLOWER]: Starting pre-election (no leader contacted us within the election timeout)
I20260608 12:53:25.040917  7926 raft_consensus.cc:515] T eed2710108254fe99bcc89d65deaacb0 P 12e32c2258ca44558c6e4b89c0491f1e [term 0 FOLLOWER]: Starting pre-election with config: opid_index: -1 OBSOLETE_local: false peers { permanent_uuid: "4abfcbaeff9648c89f1ad451eba6bc13" member_type: VOTER last_known_addr { host: "127.4.154.130" port: 44685 } } peers { permanent_uuid: "762bcf33515941f49856000e71628059" member_type: VOTER last_known_addr { host: "127.4.154.129" port: 40677 } } peers { permanent_uuid: "12e32c2258ca44558c6e4b89c0491f1e" member_type: VOTER last_known_addr { host: "127.4.154.131" port: 44515 } }
I20260608 12:53:25.046056  7915 tablet_bootstrap.cc:492] T eed2710108254fe99bcc89d65deaacb0 P 4abfcbaeff9648c89f1ad451eba6bc13: No bootstrap required, opened a new log
I20260608 12:53:25.046698  7915 ts_tablet_manager.cc:1403] T eed2710108254fe99bcc89d65deaacb0 P 4abfcbaeff9648c89f1ad451eba6bc13: Time spent bootstrapping tablet: real 0.020s	user 0.007s	sys 0.012s
I20260608 12:53:25.049995  7915 raft_consensus.cc:359] T eed2710108254fe99bcc89d65deaacb0 P 4abfcbaeff9648c89f1ad451eba6bc13 [term 0 FOLLOWER]: Replica starting. Triggering 0 pending ops. Active config: opid_index: -1 OBSOLETE_local: false peers { permanent_uuid: "4abfcbaeff9648c89f1ad451eba6bc13" member_type: VOTER last_known_addr { host: "127.4.154.130" port: 44685 } } peers { permanent_uuid: "762bcf33515941f49856000e71628059" member_type: VOTER last_known_addr { host: "127.4.154.129" port: 40677 } } peers { permanent_uuid: "12e32c2258ca44558c6e4b89c0491f1e" member_type: VOTER last_known_addr { host: "127.4.154.131" port: 44515 } }
I20260608 12:53:25.050956  7918 tablet_bootstrap.cc:654] T c77647099ef845c988fc5f21c3fdbbea P 12e32c2258ca44558c6e4b89c0491f1e: Neither blocks nor log segments found. Creating new log.
I20260608 12:53:25.050899  7915 raft_consensus.cc:385] T eed2710108254fe99bcc89d65deaacb0 P 4abfcbaeff9648c89f1ad451eba6bc13 [term 0 FOLLOWER]: Consensus starting up: Expiring failure detector timer to make a prompt election more likely
I20260608 12:53:25.051491  7915 raft_consensus.cc:740] T eed2710108254fe99bcc89d65deaacb0 P 4abfcbaeff9648c89f1ad451eba6bc13 [term 0 FOLLOWER]: Becoming Follower/Learner. State: Replica: 4abfcbaeff9648c89f1ad451eba6bc13, State: Initialized, Role: FOLLOWER
I20260608 12:53:25.052564  7915 consensus_queue.cc:260] T eed2710108254fe99bcc89d65deaacb0 P 4abfcbaeff9648c89f1ad451eba6bc13 [NON_LEADER]: Queue going to NON_LEADER mode. State: All replicated index: 0, Majority replicated index: 0, Committed index: 0, Last appended: 0.0, Last appended by leader: 0, Current term: 0, Majority size: -1, State: 0, Mode: NON_LEADER, active raft config: opid_index: -1 OBSOLETE_local: false peers { permanent_uuid: "4abfcbaeff9648c89f1ad451eba6bc13" member_type: VOTER last_known_addr { host: "127.4.154.130" port: 44685 } } peers { permanent_uuid: "762bcf33515941f49856000e71628059" member_type: VOTER last_known_addr { host: "127.4.154.129" port: 40677 } } peers { permanent_uuid: "12e32c2258ca44558c6e4b89c0491f1e" member_type: VOTER last_known_addr { host: "127.4.154.131" port: 44515 } }
I20260608 12:53:25.052525  7916 tablet_bootstrap.cc:492] T f97e9539ee6d46fe961df20a9af6a906 P 762bcf33515941f49856000e71628059: No bootstrap required, opened a new log
I20260608 12:53:25.054483  7916 ts_tablet_manager.cc:1403] T f97e9539ee6d46fe961df20a9af6a906 P 762bcf33515941f49856000e71628059: Time spent bootstrapping tablet: real 0.042s	user 0.015s	sys 0.015s
I20260608 12:53:25.055362  7926 leader_election.cc:290] T eed2710108254fe99bcc89d65deaacb0 P 12e32c2258ca44558c6e4b89c0491f1e [CANDIDATE]: Term 1 pre-election: Requested pre-vote from peers 4abfcbaeff9648c89f1ad451eba6bc13 (127.4.154.130:44685), 762bcf33515941f49856000e71628059 (127.4.154.129:40677)
I20260608 12:53:25.064239  7916 raft_consensus.cc:359] T f97e9539ee6d46fe961df20a9af6a906 P 762bcf33515941f49856000e71628059 [term 0 FOLLOWER]: Replica starting. Triggering 0 pending ops. Active config: opid_index: -1 OBSOLETE_local: false peers { permanent_uuid: "762bcf33515941f49856000e71628059" member_type: VOTER last_known_addr { host: "127.4.154.129" port: 40677 } } peers { permanent_uuid: "4abfcbaeff9648c89f1ad451eba6bc13" member_type: VOTER last_known_addr { host: "127.4.154.130" port: 44685 } } peers { permanent_uuid: "12e32c2258ca44558c6e4b89c0491f1e" member_type: VOTER last_known_addr { host: "127.4.154.131" port: 44515 } }
I20260608 12:53:25.065407  7916 raft_consensus.cc:385] T f97e9539ee6d46fe961df20a9af6a906 P 762bcf33515941f49856000e71628059 [term 0 FOLLOWER]: Consensus starting up: Expiring failure detector timer to make a prompt election more likely
I20260608 12:53:25.065795  7916 raft_consensus.cc:740] T f97e9539ee6d46fe961df20a9af6a906 P 762bcf33515941f49856000e71628059 [term 0 FOLLOWER]: Becoming Follower/Learner. State: Replica: 762bcf33515941f49856000e71628059, State: Initialized, Role: FOLLOWER
I20260608 12:53:25.066162  7915 ts_tablet_manager.cc:1434] T eed2710108254fe99bcc89d65deaacb0 P 4abfcbaeff9648c89f1ad451eba6bc13: Time spent starting tablet: real 0.019s	user 0.007s	sys 0.001s
I20260608 12:53:25.077179  7915 tablet_bootstrap.cc:492] T f97e9539ee6d46fe961df20a9af6a906 P 4abfcbaeff9648c89f1ad451eba6bc13: Bootstrap starting.
I20260608 12:53:25.069353  7916 consensus_queue.cc:260] T f97e9539ee6d46fe961df20a9af6a906 P 762bcf33515941f49856000e71628059 [NON_LEADER]: Queue going to NON_LEADER mode. State: All replicated index: 0, Majority replicated index: 0, Committed index: 0, Last appended: 0.0, Last appended by leader: 0, Current term: 0, Majority size: -1, State: 0, Mode: NON_LEADER, active raft config: opid_index: -1 OBSOLETE_local: false peers { permanent_uuid: "762bcf33515941f49856000e71628059" member_type: VOTER last_known_addr { host: "127.4.154.129" port: 40677 } } peers { permanent_uuid: "4abfcbaeff9648c89f1ad451eba6bc13" member_type: VOTER last_known_addr { host: "127.4.154.130" port: 44685 } } peers { permanent_uuid: "12e32c2258ca44558c6e4b89c0491f1e" member_type: VOTER last_known_addr { host: "127.4.154.131" port: 44515 } }
I20260608 12:53:25.079484  7797 tablet_service.cc:1917] Received RequestConsensusVote() RPC: tablet_id: "eed2710108254fe99bcc89d65deaacb0" candidate_uuid: "12e32c2258ca44558c6e4b89c0491f1e" candidate_term: 1 candidate_status { last_received { term: 0 index: 0 } } ignore_live_leader: false dest_uuid: "4abfcbaeff9648c89f1ad451eba6bc13" is_pre_election: true
I20260608 12:53:25.080495  7797 raft_consensus.cc:2468] T eed2710108254fe99bcc89d65deaacb0 P 4abfcbaeff9648c89f1ad451eba6bc13 [term 0 FOLLOWER]: Leader pre-election vote request: Granting yes vote for candidate 12e32c2258ca44558c6e4b89c0491f1e in term 0.
I20260608 12:53:25.082580  7836 leader_election.cc:304] T eed2710108254fe99bcc89d65deaacb0 P 12e32c2258ca44558c6e4b89c0491f1e [CANDIDATE]: Term 1 pre-election: Election decided. Result: candidate won. Election summary: received 2 responses out of 3 voters: 2 yes votes; 0 no votes. yes voters: 12e32c2258ca44558c6e4b89c0491f1e, 4abfcbaeff9648c89f1ad451eba6bc13; no voters: 
I20260608 12:53:25.083657  7926 raft_consensus.cc:2804] T eed2710108254fe99bcc89d65deaacb0 P 12e32c2258ca44558c6e4b89c0491f1e [term 0 FOLLOWER]: Leader pre-election won for term 1
I20260608 12:53:25.084093  7926 raft_consensus.cc:493] T eed2710108254fe99bcc89d65deaacb0 P 12e32c2258ca44558c6e4b89c0491f1e [term 0 FOLLOWER]: Starting leader election (no leader contacted us within the election timeout)
I20260608 12:53:25.084344  7918 tablet_bootstrap.cc:492] T c77647099ef845c988fc5f21c3fdbbea P 12e32c2258ca44558c6e4b89c0491f1e: No bootstrap required, opened a new log
I20260608 12:53:25.084504  7926 raft_consensus.cc:3060] T eed2710108254fe99bcc89d65deaacb0 P 12e32c2258ca44558c6e4b89c0491f1e [term 0 FOLLOWER]: Advancing to term 1
I20260608 12:53:25.084961  7918 ts_tablet_manager.cc:1403] T c77647099ef845c988fc5f21c3fdbbea P 12e32c2258ca44558c6e4b89c0491f1e: Time spent bootstrapping tablet: real 0.063s	user 0.018s	sys 0.021s
I20260608 12:53:25.088220  7915 tablet_bootstrap.cc:654] T f97e9539ee6d46fe961df20a9af6a906 P 4abfcbaeff9648c89f1ad451eba6bc13: Neither blocks nor log segments found. Creating new log.
I20260608 12:53:25.089000  7918 raft_consensus.cc:359] T c77647099ef845c988fc5f21c3fdbbea P 12e32c2258ca44558c6e4b89c0491f1e [term 0 FOLLOWER]: Replica starting. Triggering 0 pending ops. Active config: opid_index: -1 OBSOLETE_local: false peers { permanent_uuid: "762bcf33515941f49856000e71628059" member_type: VOTER last_known_addr { host: "127.4.154.129" port: 40677 } } peers { permanent_uuid: "4abfcbaeff9648c89f1ad451eba6bc13" member_type: VOTER last_known_addr { host: "127.4.154.130" port: 44685 } } peers { permanent_uuid: "12e32c2258ca44558c6e4b89c0491f1e" member_type: VOTER last_known_addr { host: "127.4.154.131" port: 44515 } }
I20260608 12:53:25.089896  7918 raft_consensus.cc:385] T c77647099ef845c988fc5f21c3fdbbea P 12e32c2258ca44558c6e4b89c0491f1e [term 0 FOLLOWER]: Consensus starting up: Expiring failure detector timer to make a prompt election more likely
I20260608 12:53:25.090265  7918 raft_consensus.cc:740] T c77647099ef845c988fc5f21c3fdbbea P 12e32c2258ca44558c6e4b89c0491f1e [term 0 FOLLOWER]: Becoming Follower/Learner. State: Replica: 12e32c2258ca44558c6e4b89c0491f1e, State: Initialized, Role: FOLLOWER
I20260608 12:53:25.080915  7916 ts_tablet_manager.cc:1434] T f97e9539ee6d46fe961df20a9af6a906 P 762bcf33515941f49856000e71628059: Time spent starting tablet: real 0.026s	user 0.010s	sys 0.000s
I20260608 12:53:25.091305  7918 consensus_queue.cc:260] T c77647099ef845c988fc5f21c3fdbbea P 12e32c2258ca44558c6e4b89c0491f1e [NON_LEADER]: Queue going to NON_LEADER mode. State: All replicated index: 0, Majority replicated index: 0, Committed index: 0, Last appended: 0.0, Last appended by leader: 0, Current term: 0, Majority size: -1, State: 0, Mode: NON_LEADER, active raft config: opid_index: -1 OBSOLETE_local: false peers { permanent_uuid: "762bcf33515941f49856000e71628059" member_type: VOTER last_known_addr { host: "127.4.154.129" port: 40677 } } peers { permanent_uuid: "4abfcbaeff9648c89f1ad451eba6bc13" member_type: VOTER last_known_addr { host: "127.4.154.130" port: 44685 } } peers { permanent_uuid: "12e32c2258ca44558c6e4b89c0491f1e" member_type: VOTER last_known_addr { host: "127.4.154.131" port: 44515 } }
I20260608 12:53:25.092522  7920 raft_consensus.cc:493] T a03b15802084435da707bb833bbff9c7 P 4abfcbaeff9648c89f1ad451eba6bc13 [term 0 FOLLOWER]: Starting pre-election (no leader contacted us within the election timeout)
I20260608 12:53:25.093075  7920 raft_consensus.cc:515] T a03b15802084435da707bb833bbff9c7 P 4abfcbaeff9648c89f1ad451eba6bc13 [term 0 FOLLOWER]: Starting pre-election with config: opid_index: -1 OBSOLETE_local: false peers { permanent_uuid: "762bcf33515941f49856000e71628059" member_type: VOTER last_known_addr { host: "127.4.154.129" port: 40677 } } peers { permanent_uuid: "4abfcbaeff9648c89f1ad451eba6bc13" member_type: VOTER last_known_addr { host: "127.4.154.130" port: 44685 } } peers { permanent_uuid: "12e32c2258ca44558c6e4b89c0491f1e" member_type: VOTER last_known_addr { host: "127.4.154.131" port: 44515 } }
I20260608 12:53:25.094314  7918 ts_tablet_manager.cc:1434] T c77647099ef845c988fc5f21c3fdbbea P 12e32c2258ca44558c6e4b89c0491f1e: Time spent starting tablet: real 0.009s	user 0.008s	sys 0.000s
I20260608 12:53:25.094878  7916 tablet_bootstrap.cc:492] T eed2710108254fe99bcc89d65deaacb0 P 762bcf33515941f49856000e71628059: Bootstrap starting.
I20260608 12:53:25.095492  7918 tablet_bootstrap.cc:492] T a03b15802084435da707bb833bbff9c7 P 12e32c2258ca44558c6e4b89c0491f1e: Bootstrap starting.
I20260608 12:53:25.099911  7920 leader_election.cc:290] T a03b15802084435da707bb833bbff9c7 P 4abfcbaeff9648c89f1ad451eba6bc13 [CANDIDATE]: Term 1 pre-election: Requested pre-vote from peers 762bcf33515941f49856000e71628059 (127.4.154.129:40677), 12e32c2258ca44558c6e4b89c0491f1e (127.4.154.131:44515)
I20260608 12:53:25.110077  7916 tablet_bootstrap.cc:654] T eed2710108254fe99bcc89d65deaacb0 P 762bcf33515941f49856000e71628059: Neither blocks nor log segments found. Creating new log.
I20260608 12:53:25.113389  7915 tablet_bootstrap.cc:492] T f97e9539ee6d46fe961df20a9af6a906 P 4abfcbaeff9648c89f1ad451eba6bc13: No bootstrap required, opened a new log
I20260608 12:53:25.117103  7722 tablet_service.cc:1917] Received RequestConsensusVote() RPC: tablet_id: "eed2710108254fe99bcc89d65deaacb0" candidate_uuid: "12e32c2258ca44558c6e4b89c0491f1e" candidate_term: 1 candidate_status { last_received { term: 0 index: 0 } } ignore_live_leader: false dest_uuid: "762bcf33515941f49856000e71628059" is_pre_election: true
