I20260608 12:53:22.754783  7371 raft_consensus.cc:606] T 5da00f87206743f0afa5a691784368ce P bd3b576ad34d4701bbcce2ce7f405b7d [term 1 LEADER]: Received request to transfer leadership to TS f11f60d66b284d46abec98e3479e52b5
I20260608 12:53:22.757751  7324 auto_leader_rebalancer.cc:388] table: range_aware_rebalance_new_range, leader rebalance finish, leader transfer count: 4
I20260608 12:53:22.757900  7448 consensus_queue.cc:237] T 1980df40949c4cb6adbe0d908d6bb064 P 0d1b5a97cce54626b99228e283489734 [LEADER]: Queue going to LEADER mode. State: All replicated index: 0, Majority replicated index: 1, Committed index: 1, Last appended: 1.1, Last appended by leader: 0, Current term: 1, Majority size: 2, State: 0, Mode: LEADER, active raft config: opid_index: 2 OBSOLETE_local: false peers { permanent_uuid: "0d1b5a97cce54626b99228e283489734" member_type: VOTER last_known_addr { host: "127.4.76.130" port: 42503 } } peers { permanent_uuid: "bd3b576ad34d4701bbcce2ce7f405b7d" member_type: VOTER last_known_addr { host: "127.4.76.129" port: 32989 } attrs { replace: true } } peers { permanent_uuid: "525c533d77c34b6ebaa33918ea31a674" member_type: VOTER last_known_addr { host: "127.4.76.131" port: 43567 } } peers { permanent_uuid: "f11f60d66b284d46abec98e3479e52b5" member_type: NON_VOTER last_known_addr { host: "127.4.76.132" port: 45287 } attrs { promote: true } }
I20260608 12:53:22.758698  7324 auto_leader_rebalancer.cc:451] All tables' leader rebalancing finished this round
I20260608 12:53:22.758543  7602 consensus_queue.cc:1048] T d743609bd5924298a35378d1e752a7e0 P bd3b576ad34d4701bbcce2ce7f405b7d [LEADER]: Connected to new peer: Peer: permanent_uuid: "f11f60d66b284d46abec98e3479e52b5" member_type: VOTER last_known_addr { host: "127.4.76.132" port: 45287 }, Status: LMP_MISMATCH, Last received: 0.0, Next index: 1, Last known committed idx: 0, Time since last communication: 0.000s
I20260608 12:53:22.768062  7521 raft_consensus.cc:1275] T 1980df40949c4cb6adbe0d908d6bb064 P 525c533d77c34b6ebaa33918ea31a674 [term 1 FOLLOWER]: Refusing update from remote peer 0d1b5a97cce54626b99228e283489734: Log matching property violated. Preceding OpId in replica: term: 1 index: 1. Preceding OpId from leader: term: 1 index: 2. (index mismatch)
I20260608 12:53:22.772105  7371 raft_consensus.cc:1275] T 1980df40949c4cb6adbe0d908d6bb064 P bd3b576ad34d4701bbcce2ce7f405b7d [term 1 FOLLOWER]: Refusing update from remote peer 0d1b5a97cce54626b99228e283489734: Log matching property violated. Preceding OpId in replica: term: 1 index: 1. Preceding OpId from leader: term: 1 index: 2. (index mismatch)
I20260608 12:53:22.773311  7792 consensus_queue.cc:1048] T 1980df40949c4cb6adbe0d908d6bb064 P 0d1b5a97cce54626b99228e283489734 [LEADER]: Connected to new peer: Peer: permanent_uuid: "525c533d77c34b6ebaa33918ea31a674" member_type: VOTER last_known_addr { host: "127.4.76.131" port: 43567 }, Status: LMP_MISMATCH, Last received: 0.0, Next index: 2, Last known committed idx: 1, Time since last communication: 0.000s
I20260608 12:53:22.774897  7572 consensus_queue.cc:1048] T d743609bd5924298a35378d1e752a7e0 P bd3b576ad34d4701bbcce2ce7f405b7d [LEADER]: Connected to new peer: Peer: permanent_uuid: "525c533d77c34b6ebaa33918ea31a674" member_type: VOTER last_known_addr { host: "127.4.76.131" port: 43567 }, Status: LMP_MISMATCH, Last received: 0.0, Next index: 1, Last known committed idx: 0, Time since last communication: 0.000s
W20260608 12:53:22.772850  7412 consensus_peers.cc:597] T 1980df40949c4cb6adbe0d908d6bb064 P 0d1b5a97cce54626b99228e283489734 -> Peer f11f60d66b284d46abec98e3479e52b5 (127.4.76.132:45287): Couldn't send request to peer f11f60d66b284d46abec98e3479e52b5. Error code: TABLET_NOT_FOUND (6). Status: Not found: Tablet not found: 1980df40949c4cb6adbe0d908d6bb064. This is attempt 1: this message will repeat every 5th retry.
I20260608 12:53:22.776947  7792 consensus_queue.cc:1048] T 1980df40949c4cb6adbe0d908d6bb064 P 0d1b5a97cce54626b99228e283489734 [LEADER]: Connected to new peer: Peer: permanent_uuid: "bd3b576ad34d4701bbcce2ce7f405b7d" member_type: VOTER last_known_addr { host: "127.4.76.129" port: 32989 } attrs { replace: true }, Status: LMP_MISMATCH, Last received: 0.0, Next index: 2, Last known committed idx: 1, Time since last communication: 0.000s
I20260608 12:53:22.785513  7792 raft_consensus.cc:2955] T 1980df40949c4cb6adbe0d908d6bb064 P 0d1b5a97cce54626b99228e283489734 [term 1 LEADER]: Committing config change with OpId 1.2: config changed from index -1 to 2, NON_VOTER f11f60d66b284d46abec98e3479e52b5 (127.4.76.132) added. New config: { opid_index: 2 OBSOLETE_local: false peers { permanent_uuid: "0d1b5a97cce54626b99228e283489734" member_type: VOTER last_known_addr { host: "127.4.76.130" port: 42503 } } peers { permanent_uuid: "bd3b576ad34d4701bbcce2ce7f405b7d" member_type: VOTER last_known_addr { host: "127.4.76.129" port: 32989 } attrs { replace: true } } peers { permanent_uuid: "525c533d77c34b6ebaa33918ea31a674" member_type: VOTER last_known_addr { host: "127.4.76.131" port: 43567 } } peers { permanent_uuid: "f11f60d66b284d46abec98e3479e52b5" member_type: NON_VOTER last_known_addr { host: "127.4.76.132" port: 45287 } attrs { promote: true } } }
I20260608 12:53:22.791254  7372 raft_consensus.cc:2955] T 1980df40949c4cb6adbe0d908d6bb064 P bd3b576ad34d4701bbcce2ce7f405b7d [term 1 FOLLOWER]: Committing config change with OpId 1.2: config changed from index -1 to 2, NON_VOTER f11f60d66b284d46abec98e3479e52b5 (127.4.76.132) added. New config: { opid_index: 2 OBSOLETE_local: false peers { permanent_uuid: "0d1b5a97cce54626b99228e283489734" member_type: VOTER last_known_addr { host: "127.4.76.130" port: 42503 } } peers { permanent_uuid: "bd3b576ad34d4701bbcce2ce7f405b7d" member_type: VOTER last_known_addr { host: "127.4.76.129" port: 32989 } attrs { replace: true } } peers { permanent_uuid: "525c533d77c34b6ebaa33918ea31a674" member_type: VOTER last_known_addr { host: "127.4.76.131" port: 43567 } } peers { permanent_uuid: "f11f60d66b284d46abec98e3479e52b5" member_type: NON_VOTER last_known_addr { host: "127.4.76.132" port: 45287 } attrs { promote: true } } }
I20260608 12:53:22.801005  7448 consensus_queue.cc:237] T 477e62bb806e4416bc68502c324f1a36 P 0d1b5a97cce54626b99228e283489734 [LEADER]: Queue going to LEADER mode. State: All replicated index: 0, Majority replicated index: 1, Committed index: 1, Last appended: 1.1, Last appended by leader: 0, Current term: 1, Majority size: 2, State: 0, Mode: LEADER, active raft config: opid_index: 2 OBSOLETE_local: false peers { permanent_uuid: "bd3b576ad34d4701bbcce2ce7f405b7d" member_type: VOTER last_known_addr { host: "127.4.76.129" port: 32989 } } peers { permanent_uuid: "0d1b5a97cce54626b99228e283489734" member_type: VOTER last_known_addr { host: "127.4.76.130" port: 42503 } } peers { permanent_uuid: "525c533d77c34b6ebaa33918ea31a674" member_type: VOTER last_known_addr { host: "127.4.76.131" port: 43567 } attrs { replace: true } } peers { permanent_uuid: "f11f60d66b284d46abec98e3479e52b5" member_type: NON_VOTER last_known_addr { host: "127.4.76.132" port: 45287 } attrs { promote: true } }
I20260608 12:53:22.800755  7521 raft_consensus.cc:2955] T 1980df40949c4cb6adbe0d908d6bb064 P 525c533d77c34b6ebaa33918ea31a674 [term 1 FOLLOWER]: Committing config change with OpId 1.2: config changed from index -1 to 2, NON_VOTER f11f60d66b284d46abec98e3479e52b5 (127.4.76.132) added. New config: { opid_index: 2 OBSOLETE_local: false peers { permanent_uuid: "0d1b5a97cce54626b99228e283489734" member_type: VOTER last_known_addr { host: "127.4.76.130" port: 42503 } } peers { permanent_uuid: "bd3b576ad34d4701bbcce2ce7f405b7d" member_type: VOTER last_known_addr { host: "127.4.76.129" port: 32989 } attrs { replace: true } } peers { permanent_uuid: "525c533d77c34b6ebaa33918ea31a674" member_type: VOTER last_known_addr { host: "127.4.76.131" port: 43567 } } peers { permanent_uuid: "f11f60d66b284d46abec98e3479e52b5" member_type: NON_VOTER last_known_addr { host: "127.4.76.132" port: 45287 } attrs { promote: true } } }
I20260608 12:53:22.803947  7267 catalog_manager.cc:5696] T 1980df40949c4cb6adbe0d908d6bb064 P 0d1b5a97cce54626b99228e283489734 reported cstate change: config changed from index -1 to 2, NON_VOTER f11f60d66b284d46abec98e3479e52b5 (127.4.76.132) added. New cstate: current_term: 1 leader_uuid: "0d1b5a97cce54626b99228e283489734" committed_config { opid_index: 2 OBSOLETE_local: false peers { permanent_uuid: "0d1b5a97cce54626b99228e283489734" member_type: VOTER last_known_addr { host: "127.4.76.130" port: 42503 } health_report { overall_health: HEALTHY } } peers { permanent_uuid: "bd3b576ad34d4701bbcce2ce7f405b7d" member_type: VOTER last_known_addr { host: "127.4.76.129" port: 32989 } attrs { replace: true } health_report { overall_health: HEALTHY } } peers { permanent_uuid: "525c533d77c34b6ebaa33918ea31a674" member_type: VOTER last_known_addr { host: "127.4.76.131" port: 43567 } health_report { overall_health: UNKNOWN } } peers { permanent_uuid: "f11f60d66b284d46abec98e3479e52b5" member_type: NON_VOTER last_known_addr { host: "127.4.76.132" port: 45287 } attrs { promote: true } health_report { overall_health: UNKNOWN } } }
W20260608 12:53:22.814955  7412 consensus_peers.cc:597] T 477e62bb806e4416bc68502c324f1a36 P 0d1b5a97cce54626b99228e283489734 -> Peer f11f60d66b284d46abec98e3479e52b5 (127.4.76.132:45287): Couldn't send request to peer f11f60d66b284d46abec98e3479e52b5. Error code: TABLET_NOT_FOUND (6). Status: Not found: Tablet not found: 477e62bb806e4416bc68502c324f1a36. This is attempt 1: this message will repeat every 5th retry.
I20260608 12:53:22.816612  7521 raft_consensus.cc:1275] T 477e62bb806e4416bc68502c324f1a36 P 525c533d77c34b6ebaa33918ea31a674 [term 1 FOLLOWER]: Refusing update from remote peer 0d1b5a97cce54626b99228e283489734: Log matching property violated. Preceding OpId in replica: term: 1 index: 1. Preceding OpId from leader: term: 1 index: 2. (index mismatch)
I20260608 12:53:22.818413  7634 consensus_queue.cc:1048] T 477e62bb806e4416bc68502c324f1a36 P 0d1b5a97cce54626b99228e283489734 [LEADER]: Connected to new peer: Peer: permanent_uuid: "525c533d77c34b6ebaa33918ea31a674" member_type: VOTER last_known_addr { host: "127.4.76.131" port: 43567 } attrs { replace: true }, Status: LMP_MISMATCH, Last received: 0.0, Next index: 2, Last known committed idx: 1, Time since last communication: 0.000s
I20260608 12:53:22.821696  7372 raft_consensus.cc:1275] T 477e62bb806e4416bc68502c324f1a36 P bd3b576ad34d4701bbcce2ce7f405b7d [term 1 FOLLOWER]: Refusing update from remote peer 0d1b5a97cce54626b99228e283489734: Log matching property violated. Preceding OpId in replica: term: 1 index: 1. Preceding OpId from leader: term: 1 index: 2. (index mismatch)
I20260608 12:53:22.821681  7572 consensus_queue.cc:1048] T ad13a0e58b424849ba328f7a40f5962c P bd3b576ad34d4701bbcce2ce7f405b7d [LEADER]: Connected to new peer: Peer: permanent_uuid: "0d1b5a97cce54626b99228e283489734" member_type: VOTER last_known_addr { host: "127.4.76.130" port: 42503 }, Status: LMP_MISMATCH, Last received: 0.0, Next index: 1, Last known committed idx: 0, Time since last communication: 0.001s
I20260608 12:53:22.823365  7634 consensus_queue.cc:1048] T 477e62bb806e4416bc68502c324f1a36 P 0d1b5a97cce54626b99228e283489734 [LEADER]: Connected to new peer: Peer: permanent_uuid: "bd3b576ad34d4701bbcce2ce7f405b7d" member_type: VOTER last_known_addr { host: "127.4.76.129" port: 32989 }, Status: LMP_MISMATCH, Last received: 0.0, Next index: 2, Last known committed idx: 1, Time since last communication: 0.000s
I20260608 12:53:22.830427  7792 raft_consensus.cc:2955] T 477e62bb806e4416bc68502c324f1a36 P 0d1b5a97cce54626b99228e283489734 [term 1 LEADER]: Committing config change with OpId 1.2: config changed from index -1 to 2, NON_VOTER f11f60d66b284d46abec98e3479e52b5 (127.4.76.132) added. New config: { opid_index: 2 OBSOLETE_local: false peers { permanent_uuid: "bd3b576ad34d4701bbcce2ce7f405b7d" member_type: VOTER last_known_addr { host: "127.4.76.129" port: 32989 } } peers { permanent_uuid: "0d1b5a97cce54626b99228e283489734" member_type: VOTER last_known_addr { host: "127.4.76.130" port: 42503 } } peers { permanent_uuid: "525c533d77c34b6ebaa33918ea31a674" member_type: VOTER last_known_addr { host: "127.4.76.131" port: 43567 } attrs { replace: true } } peers { permanent_uuid: "f11f60d66b284d46abec98e3479e52b5" member_type: NON_VOTER last_known_addr { host: "127.4.76.132" port: 45287 } attrs { promote: true } } }
I20260608 12:53:22.835242  7372 raft_consensus.cc:2955] T 477e62bb806e4416bc68502c324f1a36 P bd3b576ad34d4701bbcce2ce7f405b7d [term 1 FOLLOWER]: Committing config change with OpId 1.2: config changed from index -1 to 2, NON_VOTER f11f60d66b284d46abec98e3479e52b5 (127.4.76.132) added. New config: { opid_index: 2 OBSOLETE_local: false peers { permanent_uuid: "bd3b576ad34d4701bbcce2ce7f405b7d" member_type: VOTER last_known_addr { host: "127.4.76.129" port: 32989 } } peers { permanent_uuid: "0d1b5a97cce54626b99228e283489734" member_type: VOTER last_known_addr { host: "127.4.76.130" port: 42503 } } peers { permanent_uuid: "525c533d77c34b6ebaa33918ea31a674" member_type: VOTER last_known_addr { host: "127.4.76.131" port: 43567 } attrs { replace: true } } peers { permanent_uuid: "f11f60d66b284d46abec98e3479e52b5" member_type: NON_VOTER last_known_addr { host: "127.4.76.132" port: 45287 } attrs { promote: true } } }
I20260608 12:53:22.840469  7602 consensus_queue.cc:1048] T ad13a0e58b424849ba328f7a40f5962c P bd3b576ad34d4701bbcce2ce7f405b7d [LEADER]: Connected to new peer: Peer: permanent_uuid: "f11f60d66b284d46abec98e3479e52b5" member_type: VOTER last_known_addr { host: "127.4.76.132" port: 45287 }, Status: LMP_MISMATCH, Last received: 0.0, Next index: 1, Last known committed idx: 0, Time since last communication: 0.000s
I20260608 12:53:22.839979  7521 raft_consensus.cc:2955] T 477e62bb806e4416bc68502c324f1a36 P 525c533d77c34b6ebaa33918ea31a674 [term 1 FOLLOWER]: Committing config change with OpId 1.2: config changed from index -1 to 2, NON_VOTER f11f60d66b284d46abec98e3479e52b5 (127.4.76.132) added. New config: { opid_index: 2 OBSOLETE_local: false peers { permanent_uuid: "bd3b576ad34d4701bbcce2ce7f405b7d" member_type: VOTER last_known_addr { host: "127.4.76.129" port: 32989 } } peers { permanent_uuid: "0d1b5a97cce54626b99228e283489734" member_type: VOTER last_known_addr { host: "127.4.76.130" port: 42503 } } peers { permanent_uuid: "525c533d77c34b6ebaa33918ea31a674" member_type: VOTER last_known_addr { host: "127.4.76.131" port: 43567 } attrs { replace: true } } peers { permanent_uuid: "f11f60d66b284d46abec98e3479e52b5" member_type: NON_VOTER last_known_addr { host: "127.4.76.132" port: 45287 } attrs { promote: true } } }
I20260608 12:53:22.853796  7267 catalog_manager.cc:5696] T 477e62bb806e4416bc68502c324f1a36 P 525c533d77c34b6ebaa33918ea31a674 reported cstate change: config changed from index -1 to 2, NON_VOTER f11f60d66b284d46abec98e3479e52b5 (127.4.76.132) added. New cstate: current_term: 1 leader_uuid: "0d1b5a97cce54626b99228e283489734" committed_config { opid_index: 2 OBSOLETE_local: false peers { permanent_uuid: "bd3b576ad34d4701bbcce2ce7f405b7d" member_type: VOTER last_known_addr { host: "127.4.76.129" port: 32989 } } peers { permanent_uuid: "0d1b5a97cce54626b99228e283489734" member_type: VOTER last_known_addr { host: "127.4.76.130" port: 42503 } } peers { permanent_uuid: "525c533d77c34b6ebaa33918ea31a674" member_type: VOTER last_known_addr { host: "127.4.76.131" port: 43567 } attrs { replace: true } } peers { permanent_uuid: "f11f60d66b284d46abec98e3479e52b5" member_type: NON_VOTER last_known_addr { host: "127.4.76.132" port: 45287 } attrs { promote: true } } }
W20260608 12:53:22.862768  7319 auto_rebalancer.cc:591] Failed to schedule move for tablet 2b334213a5bc4ff2963b5e4c096bca7d: Remote error: Service unavailable: leader transfer in progress
I20260608 12:53:22.870316  7372 raft_consensus.cc:1240] T d489a4adff32470587d305f7184d2012 P bd3b576ad34d4701bbcce2ce7f405b7d [term 4 FOLLOWER]: Rejecting Update request from peer 525c533d77c34b6ebaa33918ea31a674 for earlier term 3. Current term is 4. Ops: []
I20260608 12:53:22.874502  7725 consensus_queue.cc:1059] T d489a4adff32470587d305f7184d2012 P 525c533d77c34b6ebaa33918ea31a674 [LEADER]: Peer responded invalid term: Peer: permanent_uuid: "bd3b576ad34d4701bbcce2ce7f405b7d" member_type: VOTER last_known_addr { host: "127.4.76.129" port: 32989 }, Status: INVALID_TERM, Last received: 0.0, Next index: 1, Last known committed idx: 0, Time since last communication: 0.000s
I20260608 12:53:22.875324  7575 raft_consensus.cc:3055] T d489a4adff32470587d305f7184d2012 P 525c533d77c34b6ebaa33918ea31a674 [term 3 LEADER]: Stepping down as leader of term 3
I20260608 12:53:22.875684  7575 raft_consensus.cc:740] T d489a4adff32470587d305f7184d2012 P 525c533d77c34b6ebaa33918ea31a674 [term 3 LEADER]: Becoming Follower/Learner. State: Replica: 525c533d77c34b6ebaa33918ea31a674, State: Running, Role: LEADER
I20260608 12:53:22.876535  7575 consensus_queue.cc:260] T d489a4adff32470587d305f7184d2012 P 525c533d77c34b6ebaa33918ea31a674 [NON_LEADER]: Queue going to NON_LEADER mode. State: All replicated index: 0, Majority replicated index: 0, Committed index: 0, Last appended: 3.1, Last appended by leader: 1, Current term: 3, Majority size: -1, State: 0, Mode: NON_LEADER, active raft config: opid_index: -1 OBSOLETE_local: false peers { permanent_uuid: "bd3b576ad34d4701bbcce2ce7f405b7d" member_type: VOTER last_known_addr { host: "127.4.76.129" port: 32989 } } peers { permanent_uuid: "0d1b5a97cce54626b99228e283489734" member_type: VOTER last_known_addr { host: "127.4.76.130" port: 42503 } } peers { permanent_uuid: "525c533d77c34b6ebaa33918ea31a674" member_type: VOTER last_known_addr { host: "127.4.76.131" port: 43567 } }
I20260608 12:53:22.877660  7575 raft_consensus.cc:3060] T d489a4adff32470587d305f7184d2012 P 525c533d77c34b6ebaa33918ea31a674 [term 3 FOLLOWER]: Advancing to term 4
I20260608 12:53:22.877978  7521 consensus_queue.cc:237] T 8369b73f93ce4dbf9c0acd0ccfc78ea9 P 525c533d77c34b6ebaa33918ea31a674 [LEADER]: Queue going to LEADER mode. State: All replicated index: 0, Majority replicated index: 1, Committed index: 1, Last appended: 1.1, Last appended by leader: 0, Current term: 1, Majority size: 2, State: 0, Mode: LEADER, active raft config: opid_index: 2 OBSOLETE_local: false peers { permanent_uuid: "bd3b576ad34d4701bbcce2ce7f405b7d" member_type: VOTER last_known_addr { host: "127.4.76.129" port: 32989 } attrs { replace: true } } peers { permanent_uuid: "0d1b5a97cce54626b99228e283489734" member_type: VOTER last_known_addr { host: "127.4.76.130" port: 42503 } } peers { permanent_uuid: "525c533d77c34b6ebaa33918ea31a674" member_type: VOTER last_known_addr { host: "127.4.76.131" port: 43567 } } peers { permanent_uuid: "f11f60d66b284d46abec98e3479e52b5" member_type: NON_VOTER last_known_addr { host: "127.4.76.132" port: 45287 } attrs { promote: true } }
W20260608 12:53:22.886104  7486 consensus_peers.cc:597] T 8369b73f93ce4dbf9c0acd0ccfc78ea9 P 525c533d77c34b6ebaa33918ea31a674 -> Peer f11f60d66b284d46abec98e3479e52b5 (127.4.76.132:45287): Couldn't send request to peer f11f60d66b284d46abec98e3479e52b5. Error code: TABLET_NOT_FOUND (6). Status: Not found: Tablet not found: 8369b73f93ce4dbf9c0acd0ccfc78ea9. This is attempt 1: this message will repeat every 5th retry.
I20260608 12:53:22.887141  7448 raft_consensus.cc:1275] T 8369b73f93ce4dbf9c0acd0ccfc78ea9 P 0d1b5a97cce54626b99228e283489734 [term 1 FOLLOWER]: Refusing update from remote peer 525c533d77c34b6ebaa33918ea31a674: Log matching property violated. Preceding OpId in replica: term: 1 index: 1. Preceding OpId from leader: term: 1 index: 2. (index mismatch)
I20260608 12:53:22.887979  7372 raft_consensus.cc:1275] T 8369b73f93ce4dbf9c0acd0ccfc78ea9 P bd3b576ad34d4701bbcce2ce7f405b7d [term 1 FOLLOWER]: Refusing update from remote peer 525c533d77c34b6ebaa33918ea31a674: Log matching property violated. Preceding OpId in replica: term: 1 index: 1. Preceding OpId from leader: term: 1 index: 2. (index mismatch)
I20260608 12:53:22.888643  7725 consensus_queue.cc:1048] T 8369b73f93ce4dbf9c0acd0ccfc78ea9 P 525c533d77c34b6ebaa33918ea31a674 [LEADER]: Connected to new peer: Peer: permanent_uuid: "0d1b5a97cce54626b99228e283489734" member_type: VOTER last_known_addr { host: "127.4.76.130" port: 42503 }, Status: LMP_MISMATCH, Last received: 0.0, Next index: 2, Last known committed idx: 1, Time since last communication: 0.000s
I20260608 12:53:22.889521  7575 consensus_queue.cc:1048] T 8369b73f93ce4dbf9c0acd0ccfc78ea9 P 525c533d77c34b6ebaa33918ea31a674 [LEADER]: Connected to new peer: Peer: permanent_uuid: "bd3b576ad34d4701bbcce2ce7f405b7d" member_type: VOTER last_known_addr { host: "127.4.76.129" port: 32989 } attrs { replace: true }, Status: LMP_MISMATCH, Last received: 0.0, Next index: 2, Last known committed idx: 1, Time since last communication: 0.000s
I20260608 12:53:22.897157  7725 raft_consensus.cc:2955] T 8369b73f93ce4dbf9c0acd0ccfc78ea9 P 525c533d77c34b6ebaa33918ea31a674 [term 1 LEADER]: Committing config change with OpId 1.2: config changed from index -1 to 2, NON_VOTER f11f60d66b284d46abec98e3479e52b5 (127.4.76.132) added. New config: { opid_index: 2 OBSOLETE_local: false peers { permanent_uuid: "bd3b576ad34d4701bbcce2ce7f405b7d" member_type: VOTER last_known_addr { host: "127.4.76.129" port: 32989 } attrs { replace: true } } peers { permanent_uuid: "0d1b5a97cce54626b99228e283489734" member_type: VOTER last_known_addr { host: "127.4.76.130" port: 42503 } } peers { permanent_uuid: "525c533d77c34b6ebaa33918ea31a674" member_type: VOTER last_known_addr { host: "127.4.76.131" port: 43567 } } peers { permanent_uuid: "f11f60d66b284d46abec98e3479e52b5" member_type: NON_VOTER last_known_addr { host: "127.4.76.132" port: 45287 } attrs { promote: true } } }
I20260608 12:53:22.899113  7448 raft_consensus.cc:2955] T 8369b73f93ce4dbf9c0acd0ccfc78ea9 P 0d1b5a97cce54626b99228e283489734 [term 1 FOLLOWER]: Committing config change with OpId 1.2: config changed from index -1 to 2, NON_VOTER f11f60d66b284d46abec98e3479e52b5 (127.4.76.132) added. New config: { opid_index: 2 OBSOLETE_local: false peers { permanent_uuid: "bd3b576ad34d4701bbcce2ce7f405b7d" member_type: VOTER last_known_addr { host: "127.4.76.129" port: 32989 } attrs { replace: true } } peers { permanent_uuid: "0d1b5a97cce54626b99228e283489734" member_type: VOTER last_known_addr { host: "127.4.76.130" port: 42503 } } peers { permanent_uuid: "525c533d77c34b6ebaa33918ea31a674" member_type: VOTER last_known_addr { host: "127.4.76.131" port: 43567 } } peers { permanent_uuid: "f11f60d66b284d46abec98e3479e52b5" member_type: NON_VOTER last_known_addr { host: "127.4.76.132" port: 45287 } attrs { promote: true } } }
I20260608 12:53:22.900537  7371 raft_consensus.cc:2955] T 8369b73f93ce4dbf9c0acd0ccfc78ea9 P bd3b576ad34d4701bbcce2ce7f405b7d [term 1 FOLLOWER]: Committing config change with OpId 1.2: config changed from index -1 to 2, NON_VOTER f11f60d66b284d46abec98e3479e52b5 (127.4.76.132) added. New config: { opid_index: 2 OBSOLETE_local: false peers { permanent_uuid: "bd3b576ad34d4701bbcce2ce7f405b7d" member_type: VOTER last_known_addr { host: "127.4.76.129" port: 32989 } attrs { replace: true } } peers { permanent_uuid: "0d1b5a97cce54626b99228e283489734" member_type: VOTER last_known_addr { host: "127.4.76.130" port: 42503 } } peers { permanent_uuid: "525c533d77c34b6ebaa33918ea31a674" member_type: VOTER last_known_addr { host: "127.4.76.131" port: 43567 } } peers { permanent_uuid: "f11f60d66b284d46abec98e3479e52b5" member_type: NON_VOTER last_known_addr { host: "127.4.76.132" port: 45287 } attrs { promote: true } } }
I20260608 12:53:22.914521  7268 catalog_manager.cc:5696] T 8369b73f93ce4dbf9c0acd0ccfc78ea9 P bd3b576ad34d4701bbcce2ce7f405b7d reported cstate change: config changed from index -1 to 2, NON_VOTER f11f60d66b284d46abec98e3479e52b5 (127.4.76.132) added. New cstate: current_term: 1 leader_uuid: "525c533d77c34b6ebaa33918ea31a674" committed_config { opid_index: 2 OBSOLETE_local: false peers { permanent_uuid: "bd3b576ad34d4701bbcce2ce7f405b7d" member_type: VOTER last_known_addr { host: "127.4.76.129" port: 32989 } attrs { replace: true } } peers { permanent_uuid: "0d1b5a97cce54626b99228e283489734" member_type: VOTER last_known_addr { host: "127.4.76.130" port: 42503 } } peers { permanent_uuid: "525c533d77c34b6ebaa33918ea31a674" member_type: VOTER last_known_addr { host: "127.4.76.131" port: 43567 } } peers { permanent_uuid: "f11f60d66b284d46abec98e3479e52b5" member_type: NON_VOTER last_known_addr { host: "127.4.76.132" port: 45287 } attrs { promote: true } } }
I20260608 12:53:22.950636  7572 raft_consensus.cc:993] T 5da00f87206743f0afa5a691784368ce P bd3b576ad34d4701bbcce2ce7f405b7d: : Instructing follower f11f60d66b284d46abec98e3479e52b5 to start an election
I20260608 12:53:22.951174  7602 raft_consensus.cc:1081] T 5da00f87206743f0afa5a691784368ce P bd3b576ad34d4701bbcce2ce7f405b7d [term 1 LEADER]: Signalling peer f11f60d66b284d46abec98e3479e52b5 to start an election
I20260608 12:53:22.952962  7686 tablet_service.cc:2044] Received Run Leader Election RPC: tablet_id: "5da00f87206743f0afa5a691784368ce"
dest_uuid: "f11f60d66b284d46abec98e3479e52b5"
 from {username='slave'} at 127.0.0.1:43972
I20260608 12:53:22.953586  7686 raft_consensus.cc:493] T 5da00f87206743f0afa5a691784368ce P f11f60d66b284d46abec98e3479e52b5 [term 1 FOLLOWER]: Starting forced leader election (received explicit request)
I20260608 12:53:22.953999  7686 raft_consensus.cc:3060] T 5da00f87206743f0afa5a691784368ce P f11f60d66b284d46abec98e3479e52b5 [term 1 FOLLOWER]: Advancing to term 2
I20260608 12:53:22.960631  7686 raft_consensus.cc:515] T 5da00f87206743f0afa5a691784368ce P f11f60d66b284d46abec98e3479e52b5 [term 2 FOLLOWER]: Starting forced leader election with config: opid_index: -1 OBSOLETE_local: false peers { permanent_uuid: "f11f60d66b284d46abec98e3479e52b5" member_type: VOTER last_known_addr { host: "127.4.76.132" port: 45287 } } peers { permanent_uuid: "0d1b5a97cce54626b99228e283489734" member_type: VOTER last_known_addr { host: "127.4.76.130" port: 42503 } } peers { permanent_uuid: "bd3b576ad34d4701bbcce2ce7f405b7d" member_type: VOTER last_known_addr { host: "127.4.76.129" port: 32989 } }
I20260608 12:53:22.963274  7686 leader_election.cc:290] T 5da00f87206743f0afa5a691784368ce P f11f60d66b284d46abec98e3479e52b5 [CANDIDATE]: Term 2 election: Requested vote from peers 0d1b5a97cce54626b99228e283489734 (127.4.76.130:42503), bd3b576ad34d4701bbcce2ce7f405b7d (127.4.76.129:32989)
I20260608 12:53:22.963534  7448 tablet_service.cc:1917] Received RequestConsensusVote() RPC: tablet_id: "5da00f87206743f0afa5a691784368ce" candidate_uuid: "f11f60d66b284d46abec98e3479e52b5" candidate_term: 2 candidate_status { last_received { term: 1 index: 1 } } ignore_live_leader: true dest_uuid: "0d1b5a97cce54626b99228e283489734"
I20260608 12:53:22.964252  7448 raft_consensus.cc:3060] T 5da00f87206743f0afa5a691784368ce P 0d1b5a97cce54626b99228e283489734 [term 1 FOLLOWER]: Advancing to term 2
I20260608 12:53:22.964179  7371 tablet_service.cc:1917] Received RequestConsensusVote() RPC: tablet_id: "5da00f87206743f0afa5a691784368ce" candidate_uuid: "f11f60d66b284d46abec98e3479e52b5" candidate_term: 2 candidate_status { last_received { term: 1 index: 1 } } ignore_live_leader: true dest_uuid: "bd3b576ad34d4701bbcce2ce7f405b7d"
I20260608 12:53:22.964912  7371 raft_consensus.cc:3055] T 5da00f87206743f0afa5a691784368ce P bd3b576ad34d4701bbcce2ce7f405b7d [term 1 LEADER]: Stepping down as leader of term 1
I20260608 12:53:22.965252  7371 raft_consensus.cc:740] T 5da00f87206743f0afa5a691784368ce P bd3b576ad34d4701bbcce2ce7f405b7d [term 1 LEADER]: Becoming Follower/Learner. State: Replica: bd3b576ad34d4701bbcce2ce7f405b7d, State: Running, Role: LEADER
I20260608 12:53:22.966102  7371 consensus_queue.cc:260] T 5da00f87206743f0afa5a691784368ce P bd3b576ad34d4701bbcce2ce7f405b7d [NON_LEADER]: Queue going to NON_LEADER mode. State: All replicated index: 0, Majority replicated index: 1, Committed index: 1, Last appended: 1.1, Last appended by leader: 1, Current term: 1, Majority size: -1, State: 0, Mode: NON_LEADER, active raft config: opid_index: -1 OBSOLETE_local: false peers { permanent_uuid: "f11f60d66b284d46abec98e3479e52b5" member_type: VOTER last_known_addr { host: "127.4.76.132" port: 45287 } } peers { permanent_uuid: "0d1b5a97cce54626b99228e283489734" member_type: VOTER last_known_addr { host: "127.4.76.130" port: 42503 } } peers { permanent_uuid: "bd3b576ad34d4701bbcce2ce7f405b7d" member_type: VOTER last_known_addr { host: "127.4.76.129" port: 32989 } }
I20260608 12:53:22.967216  7371 raft_consensus.cc:3060] T 5da00f87206743f0afa5a691784368ce P bd3b576ad34d4701bbcce2ce7f405b7d [term 1 FOLLOWER]: Advancing to term 2
I20260608 12:53:22.971050  7448 raft_consensus.cc:2468] T 5da00f87206743f0afa5a691784368ce P 0d1b5a97cce54626b99228e283489734 [term 2 FOLLOWER]: Leader election vote request: Granting yes vote for candidate f11f60d66b284d46abec98e3479e52b5 in term 2.
I20260608 12:53:22.972271  7647 leader_election.cc:304] T 5da00f87206743f0afa5a691784368ce P f11f60d66b284d46abec98e3479e52b5 [CANDIDATE]: Term 2 election: Election decided. Result: candidate won. Election summary: received 2 responses out of 3 voters: 2 yes votes; 0 no votes. yes voters: 0d1b5a97cce54626b99228e283489734, f11f60d66b284d46abec98e3479e52b5; no voters: 
I20260608 12:53:22.973134  7752 raft_consensus.cc:2804] T 5da00f87206743f0afa5a691784368ce P f11f60d66b284d46abec98e3479e52b5 [term 2 FOLLOWER]: Leader election won for term 2
I20260608 12:53:22.973630  7752 raft_consensus.cc:697] T 5da00f87206743f0afa5a691784368ce P f11f60d66b284d46abec98e3479e52b5 [term 2 LEADER]: Becoming Leader. State: Replica: f11f60d66b284d46abec98e3479e52b5, State: Running, Role: LEADER
I20260608 12:53:22.974471  7752 consensus_queue.cc:237] T 5da00f87206743f0afa5a691784368ce P f11f60d66b284d46abec98e3479e52b5 [LEADER]: Queue going to LEADER mode. State: All replicated index: 0, Majority replicated index: 1, Committed index: 1, Last appended: 1.1, Last appended by leader: 1, Current term: 2, Majority size: 2, State: 0, Mode: LEADER, active raft config: opid_index: -1 OBSOLETE_local: false peers { permanent_uuid: "f11f60d66b284d46abec98e3479e52b5" member_type: VOTER last_known_addr { host: "127.4.76.132" port: 45287 } } peers { permanent_uuid: "0d1b5a97cce54626b99228e283489734" member_type: VOTER last_known_addr { host: "127.4.76.130" port: 42503 } } peers { permanent_uuid: "bd3b576ad34d4701bbcce2ce7f405b7d" member_type: VOTER last_known_addr { host: "127.4.76.129" port: 32989 } }
I20260608 12:53:22.976779  7371 raft_consensus.cc:2468] T 5da00f87206743f0afa5a691784368ce P bd3b576ad34d4701bbcce2ce7f405b7d [term 2 FOLLOWER]: Leader election vote request: Granting yes vote for candidate f11f60d66b284d46abec98e3479e52b5 in term 2.
I20260608 12:53:22.981376  7271 catalog_manager.cc:5696] T 5da00f87206743f0afa5a691784368ce P f11f60d66b284d46abec98e3479e52b5 reported cstate change: term changed from 1 to 2, leader changed from bd3b576ad34d4701bbcce2ce7f405b7d (127.4.76.129) to f11f60d66b284d46abec98e3479e52b5 (127.4.76.132). New cstate: current_term: 2 leader_uuid: "f11f60d66b284d46abec98e3479e52b5" committed_config { opid_index: -1 OBSOLETE_local: false peers { permanent_uuid: "f11f60d66b284d46abec98e3479e52b5" member_type: VOTER last_known_addr { host: "127.4.76.132" port: 45287 } health_report { overall_health: HEALTHY } } peers { permanent_uuid: "0d1b5a97cce54626b99228e283489734" member_type: VOTER last_known_addr { host: "127.4.76.130" port: 42503 } health_report { overall_health: UNKNOWN } } peers { permanent_uuid: "bd3b576ad34d4701bbcce2ce7f405b7d" member_type: VOTER last_known_addr { host: "127.4.76.129" port: 32989 } health_report { overall_health: UNKNOWN } } }
I20260608 12:53:23.006757  7724 raft_consensus.cc:993] T 556e85b4ced14218a496598a90ee18e6 P 525c533d77c34b6ebaa33918ea31a674: : Instructing follower 0d1b5a97cce54626b99228e283489734 to start an election
I20260608 12:53:23.007254  7724 raft_consensus.cc:1081] T 556e85b4ced14218a496598a90ee18e6 P 525c533d77c34b6ebaa33918ea31a674 [term 1 LEADER]: Signalling peer 0d1b5a97cce54626b99228e283489734 to start an election
I20260608 12:53:23.008828  7602 raft_consensus.cc:993] T 2b334213a5bc4ff2963b5e4c096bca7d P bd3b576ad34d4701bbcce2ce7f405b7d: : Instructing follower 525c533d77c34b6ebaa33918ea31a674 to start an election
I20260608 12:53:23.009099  7448 tablet_service.cc:2044] Received Run Leader Election RPC: tablet_id: "556e85b4ced14218a496598a90ee18e6"
dest_uuid: "0d1b5a97cce54626b99228e283489734"
 from {username='slave'} at 127.0.0.1:49354
I20260608 12:53:23.009336  7602 raft_consensus.cc:1081] T 2b334213a5bc4ff2963b5e4c096bca7d P bd3b576ad34d4701bbcce2ce7f405b7d [term 1 LEADER]: Signalling peer 525c533d77c34b6ebaa33918ea31a674 to start an election
I20260608 12:53:23.009692  7448 raft_consensus.cc:493] T 556e85b4ced14218a496598a90ee18e6 P 0d1b5a97cce54626b99228e283489734 [term 1 FOLLOWER]: Starting forced leader election (received explicit request)
I20260608 12:53:23.010113  7448 raft_consensus.cc:3060] T 556e85b4ced14218a496598a90ee18e6 P 0d1b5a97cce54626b99228e283489734 [term 1 FOLLOWER]: Advancing to term 2
I20260608 12:53:23.011127  7521 tablet_service.cc:2044] Received Run Leader Election RPC: tablet_id: "2b334213a5bc4ff2963b5e4c096bca7d"
dest_uuid: "525c533d77c34b6ebaa33918ea31a674"
 from {username='slave'} at 127.0.0.1:38926
I20260608 12:53:23.011680  7521 raft_consensus.cc:493] T 2b334213a5bc4ff2963b5e4c096bca7d P 525c533d77c34b6ebaa33918ea31a674 [term 1 FOLLOWER]: Starting forced leader election (received explicit request)
I20260608 12:53:23.012037  7521 raft_consensus.cc:3060] T 2b334213a5bc4ff2963b5e4c096bca7d P 525c533d77c34b6ebaa33918ea31a674 [term 1 FOLLOWER]: Advancing to term 2
I20260608 12:53:23.015000  7448 raft_consensus.cc:515] T 556e85b4ced14218a496598a90ee18e6 P 0d1b5a97cce54626b99228e283489734 [term 2 FOLLOWER]: Starting forced leader election with config: opid_index: -1 OBSOLETE_local: false peers { permanent_uuid: "0d1b5a97cce54626b99228e283489734" member_type: VOTER last_known_addr { host: "127.4.76.130" port: 42503 } } peers { permanent_uuid: "f11f60d66b284d46abec98e3479e52b5" member_type: VOTER last_known_addr { host: "127.4.76.132" port: 45287 } } peers { permanent_uuid: "525c533d77c34b6ebaa33918ea31a674" member_type: VOTER last_known_addr { host: "127.4.76.131" port: 43567 } }
I20260608 12:53:23.017488  7686 tablet_service.cc:1917] Received RequestConsensusVote() RPC: tablet_id: "556e85b4ced14218a496598a90ee18e6" candidate_uuid: "0d1b5a97cce54626b99228e283489734" candidate_term: 2 candidate_status { last_received { term: 1 index: 1 } } ignore_live_leader: true dest_uuid: "f11f60d66b284d46abec98e3479e52b5"
I20260608 12:53:23.017585  7448 leader_election.cc:290] T 556e85b4ced14218a496598a90ee18e6 P 0d1b5a97cce54626b99228e283489734 [CANDIDATE]: Term 2 election: Requested vote from peers f11f60d66b284d46abec98e3479e52b5 (127.4.76.132:45287), 525c533d77c34b6ebaa33918ea31a674 (127.4.76.131:43567)
I20260608 12:53:23.017809  7520 tablet_service.cc:1917] Received RequestConsensusVote() RPC: tablet_id: "556e85b4ced14218a496598a90ee18e6" candidate_uuid: "0d1b5a97cce54626b99228e283489734" candidate_term: 2 candidate_status { last_received { term: 1 index: 1 } } ignore_live_leader: true dest_uuid: "525c533d77c34b6ebaa33918ea31a674"
I20260608 12:53:23.018131  7686 raft_consensus.cc:3060] T 556e85b4ced14218a496598a90ee18e6 P f11f60d66b284d46abec98e3479e52b5 [term 1 FOLLOWER]: Advancing to term 2
I20260608 12:53:23.018453  7520 raft_consensus.cc:3055] T 556e85b4ced14218a496598a90ee18e6 P 525c533d77c34b6ebaa33918ea31a674 [term 1 LEADER]: Stepping down as leader of term 1
I20260608 12:53:23.018829  7520 raft_consensus.cc:740] T 556e85b4ced14218a496598a90ee18e6 P 525c533d77c34b6ebaa33918ea31a674 [term 1 LEADER]: Becoming Follower/Learner. State: Replica: 525c533d77c34b6ebaa33918ea31a674, State: Running, Role: LEADER
I20260608 12:53:23.019659  7520 consensus_queue.cc:260] T 556e85b4ced14218a496598a90ee18e6 P 525c533d77c34b6ebaa33918ea31a674 [NON_LEADER]: Queue going to NON_LEADER mode. State: All replicated index: 0, Majority replicated index: 1, Committed index: 1, Last appended: 1.1, Last appended by leader: 1, Current term: 1, Majority size: -1, State: 0, Mode: NON_LEADER, active raft config: opid_index: -1 OBSOLETE_local: false peers { permanent_uuid: "0d1b5a97cce54626b99228e283489734" member_type: VOTER last_known_addr { host: "127.4.76.130" port: 42503 } } peers { permanent_uuid: "f11f60d66b284d46abec98e3479e52b5" member_type: VOTER last_known_addr { host: "127.4.76.132" port: 45287 } } peers { permanent_uuid: "525c533d77c34b6ebaa33918ea31a674" member_type: VOTER last_known_addr { host: "127.4.76.131" port: 43567 } }
I20260608 12:53:23.020407  7521 raft_consensus.cc:515] T 2b334213a5bc4ff2963b5e4c096bca7d P 525c533d77c34b6ebaa33918ea31a674 [term 2 FOLLOWER]: Starting forced leader election with config: opid_index: -1 OBSOLETE_local: false peers { permanent_uuid: "525c533d77c34b6ebaa33918ea31a674" member_type: VOTER last_known_addr { host: "127.4.76.131" port: 43567 } } peers { permanent_uuid: "bd3b576ad34d4701bbcce2ce7f405b7d" member_type: VOTER last_known_addr { host: "127.4.76.129" port: 32989 } } peers { permanent_uuid: "0d1b5a97cce54626b99228e283489734" member_type: VOTER last_known_addr { host: "127.4.76.130" port: 42503 } }
I20260608 12:53:23.020927  7520 raft_consensus.cc:3060] T 556e85b4ced14218a496598a90ee18e6 P 525c533d77c34b6ebaa33918ea31a674 [term 1 FOLLOWER]: Advancing to term 2
I20260608 12:53:23.022671  7521 leader_election.cc:290] T 2b334213a5bc4ff2963b5e4c096bca7d P 525c533d77c34b6ebaa33918ea31a674 [CANDIDATE]: Term 2 election: Requested vote from peers bd3b576ad34d4701bbcce2ce7f405b7d (127.4.76.129:32989), 0d1b5a97cce54626b99228e283489734 (127.4.76.130:42503)
I20260608 12:53:23.024333  7371 tablet_service.cc:1917] Received RequestConsensusVote() RPC: tablet_id: "2b334213a5bc4ff2963b5e4c096bca7d" candidate_uuid: "525c533d77c34b6ebaa33918ea31a674" candidate_term: 2 candidate_status { last_received { term: 1 index: 1 } } ignore_live_leader: true dest_uuid: "bd3b576ad34d4701bbcce2ce7f405b7d"
I20260608 12:53:23.024897  7371 raft_consensus.cc:3055] T 2b334213a5bc4ff2963b5e4c096bca7d P bd3b576ad34d4701bbcce2ce7f405b7d [term 1 LEADER]: Stepping down as leader of term 1
I20260608 12:53:23.025076  7686 raft_consensus.cc:2468] T 556e85b4ced14218a496598a90ee18e6 P f11f60d66b284d46abec98e3479e52b5 [term 2 FOLLOWER]: Leader election vote request: Granting yes vote for candidate 0d1b5a97cce54626b99228e283489734 in term 2.
I20260608 12:53:23.025267  7371 raft_consensus.cc:740] T 2b334213a5bc4ff2963b5e4c096bca7d P bd3b576ad34d4701bbcce2ce7f405b7d [term 1 LEADER]: Becoming Follower/Learner. State: Replica: bd3b576ad34d4701bbcce2ce7f405b7d, State: Running, Role: LEADER
I20260608 12:53:23.026501  7448 tablet_service.cc:1917] Received RequestConsensusVote() RPC: tablet_id: "2b334213a5bc4ff2963b5e4c096bca7d" candidate_uuid: "525c533d77c34b6ebaa33918ea31a674" candidate_term: 2 candidate_status { last_received { term: 1 index: 1 } } ignore_live_leader: true dest_uuid: "0d1b5a97cce54626b99228e283489734"
I20260608 12:53:23.026750  7412 leader_election.cc:304] T 556e85b4ced14218a496598a90ee18e6 P 0d1b5a97cce54626b99228e283489734 [CANDIDATE]: Term 2 election: Election decided. Result: candidate won. Election summary: received 2 responses out of 3 voters: 2 yes votes; 0 no votes. yes voters: 0d1b5a97cce54626b99228e283489734, f11f60d66b284d46abec98e3479e52b5; no voters: 
I20260608 12:53:23.027076  7448 raft_consensus.cc:3060] T 2b334213a5bc4ff2963b5e4c096bca7d P 0d1b5a97cce54626b99228e283489734 [term 1 FOLLOWER]: Advancing to term 2
I20260608 12:53:23.027720  7792 raft_consensus.cc:2804] T 556e85b4ced14218a496598a90ee18e6 P 0d1b5a97cce54626b99228e283489734 [term 2 FOLLOWER]: Leader election won for term 2
I20260608 12:53:23.028228  7792 raft_consensus.cc:697] T 556e85b4ced14218a496598a90ee18e6 P 0d1b5a97cce54626b99228e283489734 [term 2 LEADER]: Becoming Leader. State: Replica: 0d1b5a97cce54626b99228e283489734, State: Running, Role: LEADER
I20260608 12:53:23.029040  7792 consensus_queue.cc:237] T 556e85b4ced14218a496598a90ee18e6 P 0d1b5a97cce54626b99228e283489734 [LEADER]: Queue going to LEADER mode. State: All replicated index: 0, Majority replicated index: 1, Committed index: 1, Last appended: 1.1, Last appended by leader: 1, Current term: 2, Majority size: 2, State: 0, Mode: LEADER, active raft config: opid_index: -1 OBSOLETE_local: false peers { permanent_uuid: "0d1b5a97cce54626b99228e283489734" member_type: VOTER last_known_addr { host: "127.4.76.130" port: 42503 } } peers { permanent_uuid: "f11f60d66b284d46abec98e3479e52b5" member_type: VOTER last_known_addr { host: "127.4.76.132" port: 45287 } } peers { permanent_uuid: "525c533d77c34b6ebaa33918ea31a674" member_type: VOTER last_known_addr { host: "127.4.76.131" port: 43567 } }
I20260608 12:53:23.030114  7520 raft_consensus.cc:2468] T 556e85b4ced14218a496598a90ee18e6 P 525c533d77c34b6ebaa33918ea31a674 [term 2 FOLLOWER]: Leader election vote request: Granting yes vote for candidate 0d1b5a97cce54626b99228e283489734 in term 2.
I20260608 12:53:23.033259  7448 raft_consensus.cc:2468] T 2b334213a5bc4ff2963b5e4c096bca7d P 0d1b5a97cce54626b99228e283489734 [term 2 FOLLOWER]: Leader election vote request: Granting yes vote for candidate 525c533d77c34b6ebaa33918ea31a674 in term 2.
I20260608 12:53:23.033949  7371 consensus_queue.cc:260] T 2b334213a5bc4ff2963b5e4c096bca7d P bd3b576ad34d4701bbcce2ce7f405b7d [NON_LEADER]: Queue going to NON_LEADER mode. State: All replicated index: 0, Majority replicated index: 1, Committed index: 1, Last appended: 1.1, Last appended by leader: 1, Current term: 1, Majority size: -1, State: 0, Mode: NON_LEADER, active raft config: opid_index: -1 OBSOLETE_local: false peers { permanent_uuid: "525c533d77c34b6ebaa33918ea31a674" member_type: VOTER last_known_addr { host: "127.4.76.131" port: 43567 } } peers { permanent_uuid: "bd3b576ad34d4701bbcce2ce7f405b7d" member_type: VOTER last_known_addr { host: "127.4.76.129" port: 32989 } } peers { permanent_uuid: "0d1b5a97cce54626b99228e283489734" member_type: VOTER last_known_addr { host: "127.4.76.130" port: 42503 } }
I20260608 12:53:23.034600  7485 leader_election.cc:304] T 2b334213a5bc4ff2963b5e4c096bca7d P 525c533d77c34b6ebaa33918ea31a674 [CANDIDATE]: Term 2 election: Election decided. Result: candidate won. Election summary: received 2 responses out of 3 voters: 2 yes votes; 0 no votes. yes voters: 0d1b5a97cce54626b99228e283489734, 525c533d77c34b6ebaa33918ea31a674; no voters: 
I20260608 12:53:23.035420  7371 raft_consensus.cc:3060] T 2b334213a5bc4ff2963b5e4c096bca7d P bd3b576ad34d4701bbcce2ce7f405b7d [term 1 FOLLOWER]: Advancing to term 2
I20260608 12:53:23.035518  7575 raft_consensus.cc:2804] T 2b334213a5bc4ff2963b5e4c096bca7d P 525c533d77c34b6ebaa33918ea31a674 [term 2 FOLLOWER]: Leader election won for term 2
I20260608 12:53:23.036192  7575 raft_consensus.cc:697] T 2b334213a5bc4ff2963b5e4c096bca7d P 525c533d77c34b6ebaa33918ea31a674 [term 2 LEADER]: Becoming Leader. State: Replica: 525c533d77c34b6ebaa33918ea31a674, State: Running, Role: LEADER
I20260608 12:53:23.036983  7575 consensus_queue.cc:237] T 2b334213a5bc4ff2963b5e4c096bca7d P 525c533d77c34b6ebaa33918ea31a674 [LEADER]: Queue going to LEADER mode. State: All replicated index: 0, Majority replicated index: 1, Committed index: 1, Last appended: 1.1, Last appended by leader: 1, Current term: 2, Majority size: 2, State: 0, Mode: LEADER, active raft config: opid_index: -1 OBSOLETE_local: false peers { permanent_uuid: "525c533d77c34b6ebaa33918ea31a674" member_type: VOTER last_known_addr { host: "127.4.76.131" port: 43567 } } peers { permanent_uuid: "bd3b576ad34d4701bbcce2ce7f405b7d" member_type: VOTER last_known_addr { host: "127.4.76.129" port: 32989 } } peers { permanent_uuid: "0d1b5a97cce54626b99228e283489734" member_type: VOTER last_known_addr { host: "127.4.76.130" port: 42503 } }
I20260608 12:53:23.037456  7271 catalog_manager.cc:5696] T 556e85b4ced14218a496598a90ee18e6 P 0d1b5a97cce54626b99228e283489734 reported cstate change: term changed from 1 to 2, leader changed from 525c533d77c34b6ebaa33918ea31a674 (127.4.76.131) to 0d1b5a97cce54626b99228e283489734 (127.4.76.130). New cstate: current_term: 2 leader_uuid: "0d1b5a97cce54626b99228e283489734" committed_config { opid_index: -1 OBSOLETE_local: false peers { permanent_uuid: "0d1b5a97cce54626b99228e283489734" member_type: VOTER last_known_addr { host: "127.4.76.130" port: 42503 } health_report { overall_health: HEALTHY } } peers { permanent_uuid: "f11f60d66b284d46abec98e3479e52b5" member_type: VOTER last_known_addr { host: "127.4.76.132" port: 45287 } health_report { overall_health: UNKNOWN } } peers { permanent_uuid: "525c533d77c34b6ebaa33918ea31a674" member_type: VOTER last_known_addr { host: "127.4.76.131" port: 43567 } health_report { overall_health: UNKNOWN } } }
I20260608 12:53:23.042378  7371 raft_consensus.cc:2468] T 2b334213a5bc4ff2963b5e4c096bca7d P bd3b576ad34d4701bbcce2ce7f405b7d [term 2 FOLLOWER]: Leader election vote request: Granting yes vote for candidate 525c533d77c34b6ebaa33918ea31a674 in term 2.
I20260608 12:53:23.051685  7269 catalog_manager.cc:5696] T 2b334213a5bc4ff2963b5e4c096bca7d P 525c533d77c34b6ebaa33918ea31a674 reported cstate change: term changed from 1 to 2, leader changed from bd3b576ad34d4701bbcce2ce7f405b7d (127.4.76.129) to 525c533d77c34b6ebaa33918ea31a674 (127.4.76.131). New cstate: current_term: 2 leader_uuid: "525c533d77c34b6ebaa33918ea31a674" committed_config { opid_index: -1 OBSOLETE_local: false peers { permanent_uuid: "525c533d77c34b6ebaa33918ea31a674" member_type: VOTER last_known_addr { host: "127.4.76.131" port: 43567 } health_report { overall_health: HEALTHY } } peers { permanent_uuid: "bd3b576ad34d4701bbcce2ce7f405b7d" member_type: VOTER last_known_addr { host: "127.4.76.129" port: 32989 } health_report { overall_health: UNKNOWN } } peers { permanent_uuid: "0d1b5a97cce54626b99228e283489734" member_type: VOTER last_known_addr { host: "127.4.76.130" port: 42503 } health_report { overall_health: UNKNOWN } } }
I20260608 12:53:23.052574  7724 raft_consensus.cc:993] T 08bf0214468a4f34987d6acdd5b781e7 P 525c533d77c34b6ebaa33918ea31a674: : Instructing follower f11f60d66b284d46abec98e3479e52b5 to start an election
I20260608 12:53:23.053121  7725 raft_consensus.cc:1081] T 08bf0214468a4f34987d6acdd5b781e7 P 525c533d77c34b6ebaa33918ea31a674 [term 1 LEADER]: Signalling peer f11f60d66b284d46abec98e3479e52b5 to start an election
I20260608 12:53:23.054750  7686 tablet_service.cc:2044] Received Run Leader Election RPC: tablet_id: "08bf0214468a4f34987d6acdd5b781e7"
dest_uuid: "f11f60d66b284d46abec98e3479e52b5"
 from {username='slave'} at 127.0.0.1:43968
I20260608 12:53:23.055315  7686 raft_consensus.cc:493] T 08bf0214468a4f34987d6acdd5b781e7 P f11f60d66b284d46abec98e3479e52b5 [term 1 FOLLOWER]: Starting forced leader election (received explicit request)
I20260608 12:53:23.055709  7686 raft_consensus.cc:3060] T 08bf0214468a4f34987d6acdd5b781e7 P f11f60d66b284d46abec98e3479e52b5 [term 1 FOLLOWER]: Advancing to term 2
I20260608 12:53:23.062086  7686 raft_consensus.cc:515] T 08bf0214468a4f34987d6acdd5b781e7 P f11f60d66b284d46abec98e3479e52b5 [term 2 FOLLOWER]: Starting forced leader election with config: opid_index: -1 OBSOLETE_local: false peers { permanent_uuid: "f11f60d66b284d46abec98e3479e52b5" member_type: VOTER last_known_addr { host: "127.4.76.132" port: 45287 } } peers { permanent_uuid: "525c533d77c34b6ebaa33918ea31a674" member_type: VOTER last_known_addr { host: "127.4.76.131" port: 43567 } } peers { permanent_uuid: "bd3b576ad34d4701bbcce2ce7f405b7d" member_type: VOTER last_known_addr { host: "127.4.76.129" port: 32989 } }
I20260608 12:53:23.064275  7686 leader_election.cc:290] T 08bf0214468a4f34987d6acdd5b781e7 P f11f60d66b284d46abec98e3479e52b5 [CANDIDATE]: Term 2 election: Requested vote from peers 525c533d77c34b6ebaa33918ea31a674 (127.4.76.131:43567), bd3b576ad34d4701bbcce2ce7f405b7d (127.4.76.129:32989)
I20260608 12:53:23.065100  7520 tablet_service.cc:1917] Received RequestConsensusVote() RPC: tablet_id: "08bf0214468a4f34987d6acdd5b781e7" candidate_uuid: "f11f60d66b284d46abec98e3479e52b5" candidate_term: 2 candidate_status { last_received { term: 1 index: 1 } } ignore_live_leader: true dest_uuid: "525c533d77c34b6ebaa33918ea31a674"
I20260608 12:53:23.065673  7520 raft_consensus.cc:3055] T 08bf0214468a4f34987d6acdd5b781e7 P 525c533d77c34b6ebaa33918ea31a674 [term 1 LEADER]: Stepping down as leader of term 1
I20260608 12:53:23.066030  7520 raft_consensus.cc:740] T 08bf0214468a4f34987d6acdd5b781e7 P 525c533d77c34b6ebaa33918ea31a674 [term 1 LEADER]: Becoming Follower/Learner. State: Replica: 525c533d77c34b6ebaa33918ea31a674, State: Running, Role: LEADER
I20260608 12:53:23.066419  7371 tablet_service.cc:1917] Received RequestConsensusVote() RPC: tablet_id: "08bf0214468a4f34987d6acdd5b781e7" candidate_uuid: "f11f60d66b284d46abec98e3479e52b5" candidate_term: 2 candidate_status { last_received { term: 1 index: 1 } } ignore_live_leader: true dest_uuid: "bd3b576ad34d4701bbcce2ce7f405b7d"
I20260608 12:53:23.066983  7371 raft_consensus.cc:3060] T 08bf0214468a4f34987d6acdd5b781e7 P bd3b576ad34d4701bbcce2ce7f405b7d [term 1 FOLLOWER]: Advancing to term 2
