W20260608 12:53:27.472424  7998 leader_election.cc:336] T 1eb46b7163d545308338c9a960a4a52d P a321ea5c7f5b41398948827af20be48a [CANDIDATE]: Term 2 pre-election: RPC error from VoteRequest() call to peer bf445570471f4706bd44ea713664b20d (127.4.191.194:46665): Network error: Client connection negotiation failed: client connection to 127.4.191.194:46665: connect: Connection refused (error 111)
W20260608 12:53:27.473909  7997 leader_election.cc:336] T 1eb46b7163d545308338c9a960a4a52d P a321ea5c7f5b41398948827af20be48a [CANDIDATE]: Term 2 pre-election: RPC error from VoteRequest() call to peer 57629b3fc883458e82f13954131fde8c (127.4.191.193:40773): Network error: Client connection negotiation failed: client connection to 127.4.191.193:40773: connect: Connection refused (error 111)
I20260608 12:53:27.474395  7997 leader_election.cc:304] T 1eb46b7163d545308338c9a960a4a52d P a321ea5c7f5b41398948827af20be48a [CANDIDATE]: Term 2 pre-election: Election decided. Result: candidate lost. Election summary: received 3 responses out of 3 voters: 1 yes votes; 2 no votes. yes voters: a321ea5c7f5b41398948827af20be48a; no voters: 57629b3fc883458e82f13954131fde8c, bf445570471f4706bd44ea713664b20d
I20260608 12:53:27.475167  8498 raft_consensus.cc:2749] T 1eb46b7163d545308338c9a960a4a52d P a321ea5c7f5b41398948827af20be48a [term 1 FOLLOWER]: Leader pre-election lost for term 2. Reason: could not achieve majority
W20260608 12:53:27.558375  4863 thread.cc:527] Waited for 1000ms trying to join with diag-logger (tid 7980)
I20260608 12:53:27.581609  8498 raft_consensus.cc:493] T 61344df3ba0d48759baee6a67f0f1196 P a321ea5c7f5b41398948827af20be48a [term 2 FOLLOWER]: Starting pre-election (detected failure of leader bf445570471f4706bd44ea713664b20d)
I20260608 12:53:27.582998  8498 raft_consensus.cc:515] T 61344df3ba0d48759baee6a67f0f1196 P a321ea5c7f5b41398948827af20be48a [term 2 FOLLOWER]: Starting pre-election with config: opid_index: 5 OBSOLETE_local: false peers { permanent_uuid: "bf445570471f4706bd44ea713664b20d" member_type: VOTER last_known_addr { host: "127.4.191.194" port: 46665 } } peers { permanent_uuid: "a321ea5c7f5b41398948827af20be48a" member_type: VOTER last_known_addr { host: "127.4.191.195" port: 37921 } } peers { permanent_uuid: "7adda699d8ef4916a99015b15ce54b58" member_type: VOTER last_known_addr { host: "127.4.191.196" port: 43647 } attrs { promote: false } }
I20260608 12:53:27.585752  8498 leader_election.cc:290] T 61344df3ba0d48759baee6a67f0f1196 P a321ea5c7f5b41398948827af20be48a [CANDIDATE]: Term 3 pre-election: Requested pre-vote from peers bf445570471f4706bd44ea713664b20d (127.4.191.194:46665), 7adda699d8ef4916a99015b15ce54b58 (127.4.191.196:43647)
I20260608 12:53:27.587733  8190 tablet_service.cc:1917] Received RequestConsensusVote() RPC: tablet_id: "61344df3ba0d48759baee6a67f0f1196" candidate_uuid: "a321ea5c7f5b41398948827af20be48a" candidate_term: 3 candidate_status { last_received { term: 2 index: 5 } } ignore_live_leader: false dest_uuid: "7adda699d8ef4916a99015b15ce54b58" is_pre_election: true
W20260608 12:53:27.590694  7998 leader_election.cc:336] T 61344df3ba0d48759baee6a67f0f1196 P a321ea5c7f5b41398948827af20be48a [CANDIDATE]: Term 3 pre-election: RPC error from VoteRequest() call to peer bf445570471f4706bd44ea713664b20d (127.4.191.194:46665): Network error: Client connection negotiation failed: client connection to 127.4.191.194:46665: connect: Connection refused (error 111)
I20260608 12:53:27.591161  7998 leader_election.cc:304] T 61344df3ba0d48759baee6a67f0f1196 P a321ea5c7f5b41398948827af20be48a [CANDIDATE]: Term 3 pre-election: Election decided. Result: candidate lost. Election summary: received 3 responses out of 3 voters: 1 yes votes; 2 no votes. yes voters: a321ea5c7f5b41398948827af20be48a; no voters: 7adda699d8ef4916a99015b15ce54b58, bf445570471f4706bd44ea713664b20d
I20260608 12:53:27.592028  8498 raft_consensus.cc:2749] T 61344df3ba0d48759baee6a67f0f1196 P a321ea5c7f5b41398948827af20be48a [term 2 FOLLOWER]: Leader pre-election lost for term 3. Reason: could not achieve majority
I20260608 12:53:27.681931  8498 raft_consensus.cc:493] T 18d82d9e3af049c69b07fbfb5a7037a4 P a321ea5c7f5b41398948827af20be48a [term 2 FOLLOWER]: Starting pre-election (detected failure of leader 57629b3fc883458e82f13954131fde8c)
I20260608 12:53:27.682619  8498 raft_consensus.cc:515] T 18d82d9e3af049c69b07fbfb5a7037a4 P a321ea5c7f5b41398948827af20be48a [term 2 FOLLOWER]: Starting pre-election with config: opid_index: -1 OBSOLETE_local: false peers { permanent_uuid: "57629b3fc883458e82f13954131fde8c" member_type: VOTER last_known_addr { host: "127.4.191.193" port: 40773 } } peers { permanent_uuid: "bf445570471f4706bd44ea713664b20d" member_type: VOTER last_known_addr { host: "127.4.191.194" port: 46665 } } peers { permanent_uuid: "a321ea5c7f5b41398948827af20be48a" member_type: VOTER last_known_addr { host: "127.4.191.195" port: 37921 } }
I20260608 12:53:27.684767  8498 leader_election.cc:290] T 18d82d9e3af049c69b07fbfb5a7037a4 P a321ea5c7f5b41398948827af20be48a [CANDIDATE]: Term 3 pre-election: Requested pre-vote from peers 57629b3fc883458e82f13954131fde8c (127.4.191.193:40773), bf445570471f4706bd44ea713664b20d (127.4.191.194:46665)
W20260608 12:53:27.689457  7998 leader_election.cc:336] T 18d82d9e3af049c69b07fbfb5a7037a4 P a321ea5c7f5b41398948827af20be48a [CANDIDATE]: Term 3 pre-election: RPC error from VoteRequest() call to peer bf445570471f4706bd44ea713664b20d (127.4.191.194:46665): Network error: Client connection negotiation failed: client connection to 127.4.191.194:46665: connect: Connection refused (error 111)
W20260608 12:53:27.690021  7997 leader_election.cc:336] T 18d82d9e3af049c69b07fbfb5a7037a4 P a321ea5c7f5b41398948827af20be48a [CANDIDATE]: Term 3 pre-election: RPC error from VoteRequest() call to peer 57629b3fc883458e82f13954131fde8c (127.4.191.193:40773): Network error: Client connection negotiation failed: client connection to 127.4.191.193:40773: connect: Connection refused (error 111)
I20260608 12:53:27.690444  7997 leader_election.cc:304] T 18d82d9e3af049c69b07fbfb5a7037a4 P a321ea5c7f5b41398948827af20be48a [CANDIDATE]: Term 3 pre-election: Election decided. Result: candidate lost. Election summary: received 3 responses out of 3 voters: 1 yes votes; 2 no votes. yes voters: a321ea5c7f5b41398948827af20be48a; no voters: 57629b3fc883458e82f13954131fde8c, bf445570471f4706bd44ea713664b20d
I20260608 12:53:27.691792  8498 raft_consensus.cc:2749] T 18d82d9e3af049c69b07fbfb5a7037a4 P a321ea5c7f5b41398948827af20be48a [term 2 FOLLOWER]: Leader pre-election lost for term 3. Reason: could not achieve majority
I20260608 12:53:27.733927  8436 raft_consensus.cc:493] T ada000e7ed474d60960cc8348ae4f721 P 7adda699d8ef4916a99015b15ce54b58 [term 2 FOLLOWER]: Starting pre-election (detected failure of leader bf445570471f4706bd44ea713664b20d)
I20260608 12:53:27.734753  8436 raft_consensus.cc:515] T ada000e7ed474d60960cc8348ae4f721 P 7adda699d8ef4916a99015b15ce54b58 [term 2 FOLLOWER]: Starting pre-election with config: opid_index: 5 OBSOLETE_local: false peers { permanent_uuid: "bf445570471f4706bd44ea713664b20d" member_type: VOTER last_known_addr { host: "127.4.191.194" port: 46665 } } peers { permanent_uuid: "57629b3fc883458e82f13954131fde8c" member_type: VOTER last_known_addr { host: "127.4.191.193" port: 40773 } } peers { permanent_uuid: "7adda699d8ef4916a99015b15ce54b58" member_type: VOTER last_known_addr { host: "127.4.191.196" port: 43647 } attrs { promote: false } }
I20260608 12:53:27.737485  8436 leader_election.cc:290] T ada000e7ed474d60960cc8348ae4f721 P 7adda699d8ef4916a99015b15ce54b58 [CANDIDATE]: Term 3 pre-election: Requested pre-vote from peers bf445570471f4706bd44ea713664b20d (127.4.191.194:46665), 57629b3fc883458e82f13954131fde8c (127.4.191.193:40773)
I20260608 12:53:27.740293  8436 raft_consensus.cc:493] T 8eb7891bd7e24fc2826783e5260d7d3d P 7adda699d8ef4916a99015b15ce54b58 [term 1 FOLLOWER]: Starting pre-election (detected failure of leader 57629b3fc883458e82f13954131fde8c)
I20260608 12:53:27.741164  8436 raft_consensus.cc:515] T 8eb7891bd7e24fc2826783e5260d7d3d P 7adda699d8ef4916a99015b15ce54b58 [term 1 FOLLOWER]: Starting pre-election with config: opid_index: 4 OBSOLETE_local: false peers { permanent_uuid: "57629b3fc883458e82f13954131fde8c" member_type: VOTER last_known_addr { host: "127.4.191.193" port: 40773 } } peers { permanent_uuid: "bf445570471f4706bd44ea713664b20d" member_type: VOTER last_known_addr { host: "127.4.191.194" port: 46665 } } peers { permanent_uuid: "7adda699d8ef4916a99015b15ce54b58" member_type: VOTER last_known_addr { host: "127.4.191.196" port: 43647 } attrs { promote: false } }
W20260608 12:53:27.743160  8145 leader_election.cc:336] T ada000e7ed474d60960cc8348ae4f721 P 7adda699d8ef4916a99015b15ce54b58 [CANDIDATE]: Term 3 pre-election: RPC error from VoteRequest() call to peer 57629b3fc883458e82f13954131fde8c (127.4.191.193:40773): Network error: Client connection negotiation failed: client connection to 127.4.191.193:40773: connect: Connection refused (error 111)
I20260608 12:53:27.743629  8436 leader_election.cc:290] T 8eb7891bd7e24fc2826783e5260d7d3d P 7adda699d8ef4916a99015b15ce54b58 [CANDIDATE]: Term 2 pre-election: Requested pre-vote from peers 57629b3fc883458e82f13954131fde8c (127.4.191.193:40773), bf445570471f4706bd44ea713664b20d (127.4.191.194:46665)
W20260608 12:53:27.743790  8146 leader_election.cc:336] T ada000e7ed474d60960cc8348ae4f721 P 7adda699d8ef4916a99015b15ce54b58 [CANDIDATE]: Term 3 pre-election: RPC error from VoteRequest() call to peer bf445570471f4706bd44ea713664b20d (127.4.191.194:46665): Network error: Client connection negotiation failed: client connection to 127.4.191.194:46665: connect: Connection refused (error 111)
I20260608 12:53:27.744377  8146 leader_election.cc:304] T ada000e7ed474d60960cc8348ae4f721 P 7adda699d8ef4916a99015b15ce54b58 [CANDIDATE]: Term 3 pre-election: Election decided. Result: candidate lost. Election summary: received 3 responses out of 3 voters: 1 yes votes; 2 no votes. yes voters: 7adda699d8ef4916a99015b15ce54b58; no voters: 57629b3fc883458e82f13954131fde8c, bf445570471f4706bd44ea713664b20d
I20260608 12:53:27.745458  8436 raft_consensus.cc:2749] T ada000e7ed474d60960cc8348ae4f721 P 7adda699d8ef4916a99015b15ce54b58 [term 2 FOLLOWER]: Leader pre-election lost for term 3. Reason: could not achieve majority
W20260608 12:53:27.748742  8145 leader_election.cc:336] T 8eb7891bd7e24fc2826783e5260d7d3d P 7adda699d8ef4916a99015b15ce54b58 [CANDIDATE]: Term 2 pre-election: RPC error from VoteRequest() call to peer 57629b3fc883458e82f13954131fde8c (127.4.191.193:40773): Network error: Client connection negotiation failed: client connection to 127.4.191.193:40773: connect: Connection refused (error 111)
W20260608 12:53:27.750106  8146 leader_election.cc:336] T 8eb7891bd7e24fc2826783e5260d7d3d P 7adda699d8ef4916a99015b15ce54b58 [CANDIDATE]: Term 2 pre-election: RPC error from VoteRequest() call to peer bf445570471f4706bd44ea713664b20d (127.4.191.194:46665): Network error: Client connection negotiation failed: client connection to 127.4.191.194:46665: connect: Connection refused (error 111)
I20260608 12:53:27.750526  8146 leader_election.cc:304] T 8eb7891bd7e24fc2826783e5260d7d3d P 7adda699d8ef4916a99015b15ce54b58 [CANDIDATE]: Term 2 pre-election: Election decided. Result: candidate lost. Election summary: received 3 responses out of 3 voters: 1 yes votes; 2 no votes. yes voters: 7adda699d8ef4916a99015b15ce54b58; no voters: 57629b3fc883458e82f13954131fde8c, bf445570471f4706bd44ea713664b20d
I20260608 12:53:27.751220  8436 raft_consensus.cc:2749] T 8eb7891bd7e24fc2826783e5260d7d3d P 7adda699d8ef4916a99015b15ce54b58 [term 1 FOLLOWER]: Leader pre-election lost for term 2. Reason: could not achieve majority
I20260608 12:53:27.788595  8506 raft_consensus.cc:493] T 8821cbfb27e3486fa7bf1fd35a2eeaa8 P a321ea5c7f5b41398948827af20be48a [term 2 FOLLOWER]: Starting pre-election (detected failure of leader bf445570471f4706bd44ea713664b20d)
I20260608 12:53:27.789544  8506 raft_consensus.cc:515] T 8821cbfb27e3486fa7bf1fd35a2eeaa8 P a321ea5c7f5b41398948827af20be48a [term 2 FOLLOWER]: Starting pre-election with config: opid_index: 5 OBSOLETE_local: false peers { permanent_uuid: "bf445570471f4706bd44ea713664b20d" member_type: VOTER last_known_addr { host: "127.4.191.194" port: 46665 } } peers { permanent_uuid: "a321ea5c7f5b41398948827af20be48a" member_type: VOTER last_known_addr { host: "127.4.191.195" port: 37921 } } peers { permanent_uuid: "7adda699d8ef4916a99015b15ce54b58" member_type: VOTER last_known_addr { host: "127.4.191.196" port: 43647 } attrs { promote: false } }
I20260608 12:53:27.793036  8506 leader_election.cc:290] T 8821cbfb27e3486fa7bf1fd35a2eeaa8 P a321ea5c7f5b41398948827af20be48a [CANDIDATE]: Term 3 pre-election: Requested pre-vote from peers bf445570471f4706bd44ea713664b20d (127.4.191.194:46665), 7adda699d8ef4916a99015b15ce54b58 (127.4.191.196:43647)
I20260608 12:53:27.794741  8190 tablet_service.cc:1917] Received RequestConsensusVote() RPC: tablet_id: "8821cbfb27e3486fa7bf1fd35a2eeaa8" candidate_uuid: "a321ea5c7f5b41398948827af20be48a" candidate_term: 3 candidate_status { last_received { term: 2 index: 5 } } ignore_live_leader: false dest_uuid: "7adda699d8ef4916a99015b15ce54b58" is_pre_election: true
W20260608 12:53:27.796926  7998 leader_election.cc:336] T 8821cbfb27e3486fa7bf1fd35a2eeaa8 P a321ea5c7f5b41398948827af20be48a [CANDIDATE]: Term 3 pre-election: RPC error from VoteRequest() call to peer bf445570471f4706bd44ea713664b20d (127.4.191.194:46665): Network error: Client connection negotiation failed: client connection to 127.4.191.194:46665: connect: Connection refused (error 111)
I20260608 12:53:27.797369  7998 leader_election.cc:304] T 8821cbfb27e3486fa7bf1fd35a2eeaa8 P a321ea5c7f5b41398948827af20be48a [CANDIDATE]: Term 3 pre-election: Election decided. Result: candidate lost. Election summary: received 3 responses out of 3 voters: 1 yes votes; 2 no votes. yes voters: a321ea5c7f5b41398948827af20be48a; no voters: 7adda699d8ef4916a99015b15ce54b58, bf445570471f4706bd44ea713664b20d
I20260608 12:53:27.798128  8506 raft_consensus.cc:2749] T 8821cbfb27e3486fa7bf1fd35a2eeaa8 P a321ea5c7f5b41398948827af20be48a [term 2 FOLLOWER]: Leader pre-election lost for term 3. Reason: could not achieve majority
I20260608 12:53:27.917371  8436 raft_consensus.cc:493] T 8821cbfb27e3486fa7bf1fd35a2eeaa8 P 7adda699d8ef4916a99015b15ce54b58 [term 2 FOLLOWER]: Starting pre-election (detected failure of leader bf445570471f4706bd44ea713664b20d)
I20260608 12:53:27.918309  8436 raft_consensus.cc:515] T 8821cbfb27e3486fa7bf1fd35a2eeaa8 P 7adda699d8ef4916a99015b15ce54b58 [term 2 FOLLOWER]: Starting pre-election with config: opid_index: 5 OBSOLETE_local: false peers { permanent_uuid: "bf445570471f4706bd44ea713664b20d" member_type: VOTER last_known_addr { host: "127.4.191.194" port: 46665 } } peers { permanent_uuid: "a321ea5c7f5b41398948827af20be48a" member_type: VOTER last_known_addr { host: "127.4.191.195" port: 37921 } } peers { permanent_uuid: "7adda699d8ef4916a99015b15ce54b58" member_type: VOTER last_known_addr { host: "127.4.191.196" port: 43647 } attrs { promote: false } }
I20260608 12:53:27.922326  8436 leader_election.cc:290] T 8821cbfb27e3486fa7bf1fd35a2eeaa8 P 7adda699d8ef4916a99015b15ce54b58 [CANDIDATE]: Term 3 pre-election: Requested pre-vote from peers bf445570471f4706bd44ea713664b20d (127.4.191.194:46665), a321ea5c7f5b41398948827af20be48a (127.4.191.195:37921)
I20260608 12:53:27.924177  8033 tablet_service.cc:1917] Received RequestConsensusVote() RPC: tablet_id: "8821cbfb27e3486fa7bf1fd35a2eeaa8" candidate_uuid: "7adda699d8ef4916a99015b15ce54b58" candidate_term: 3 candidate_status { last_received { term: 2 index: 5 } } ignore_live_leader: false dest_uuid: "a321ea5c7f5b41398948827af20be48a" is_pre_election: true
I20260608 12:53:27.924889  8033 raft_consensus.cc:2468] T 8821cbfb27e3486fa7bf1fd35a2eeaa8 P a321ea5c7f5b41398948827af20be48a [term 2 FOLLOWER]: Leader pre-election vote request: Granting yes vote for candidate 7adda699d8ef4916a99015b15ce54b58 in term 2.
I20260608 12:53:27.926599  8145 leader_election.cc:304] T 8821cbfb27e3486fa7bf1fd35a2eeaa8 P 7adda699d8ef4916a99015b15ce54b58 [CANDIDATE]: Term 3 pre-election: Election decided. Result: candidate won. Election summary: received 2 responses out of 3 voters: 2 yes votes; 0 no votes. yes voters: 7adda699d8ef4916a99015b15ce54b58, a321ea5c7f5b41398948827af20be48a; no voters: 
I20260608 12:53:27.927529  8436 raft_consensus.cc:2804] T 8821cbfb27e3486fa7bf1fd35a2eeaa8 P 7adda699d8ef4916a99015b15ce54b58 [term 2 FOLLOWER]: Leader pre-election won for term 3
W20260608 12:53:27.927526  8146 leader_election.cc:336] T 8821cbfb27e3486fa7bf1fd35a2eeaa8 P 7adda699d8ef4916a99015b15ce54b58 [CANDIDATE]: Term 3 pre-election: RPC error from VoteRequest() call to peer bf445570471f4706bd44ea713664b20d (127.4.191.194:46665): Network error: Client connection negotiation failed: client connection to 127.4.191.194:46665: connect: Connection refused (error 111)
I20260608 12:53:27.927981  8436 raft_consensus.cc:493] T 8821cbfb27e3486fa7bf1fd35a2eeaa8 P 7adda699d8ef4916a99015b15ce54b58 [term 2 FOLLOWER]: Starting leader election (detected failure of leader bf445570471f4706bd44ea713664b20d)
I20260608 12:53:27.928427  8436 raft_consensus.cc:3060] T 8821cbfb27e3486fa7bf1fd35a2eeaa8 P 7adda699d8ef4916a99015b15ce54b58 [term 2 FOLLOWER]: Advancing to term 3
I20260608 12:53:27.931331  8499 raft_consensus.cc:493] T 61344df3ba0d48759baee6a67f0f1196 P 7adda699d8ef4916a99015b15ce54b58 [term 2 FOLLOWER]: Starting pre-election (detected failure of leader bf445570471f4706bd44ea713664b20d)
I20260608 12:53:27.932237  8499 raft_consensus.cc:515] T 61344df3ba0d48759baee6a67f0f1196 P 7adda699d8ef4916a99015b15ce54b58 [term 2 FOLLOWER]: Starting pre-election with config: opid_index: 5 OBSOLETE_local: false peers { permanent_uuid: "bf445570471f4706bd44ea713664b20d" member_type: VOTER last_known_addr { host: "127.4.191.194" port: 46665 } } peers { permanent_uuid: "a321ea5c7f5b41398948827af20be48a" member_type: VOTER last_known_addr { host: "127.4.191.195" port: 37921 } } peers { permanent_uuid: "7adda699d8ef4916a99015b15ce54b58" member_type: VOTER last_known_addr { host: "127.4.191.196" port: 43647 } attrs { promote: false } }
I20260608 12:53:27.936024  8499 leader_election.cc:290] T 61344df3ba0d48759baee6a67f0f1196 P 7adda699d8ef4916a99015b15ce54b58 [CANDIDATE]: Term 3 pre-election: Requested pre-vote from peers bf445570471f4706bd44ea713664b20d (127.4.191.194:46665), a321ea5c7f5b41398948827af20be48a (127.4.191.195:37921)
I20260608 12:53:27.937309  8436 raft_consensus.cc:515] T 8821cbfb27e3486fa7bf1fd35a2eeaa8 P 7adda699d8ef4916a99015b15ce54b58 [term 3 FOLLOWER]: Starting leader election with config: opid_index: 5 OBSOLETE_local: false peers { permanent_uuid: "bf445570471f4706bd44ea713664b20d" member_type: VOTER last_known_addr { host: "127.4.191.194" port: 46665 } } peers { permanent_uuid: "a321ea5c7f5b41398948827af20be48a" member_type: VOTER last_known_addr { host: "127.4.191.195" port: 37921 } } peers { permanent_uuid: "7adda699d8ef4916a99015b15ce54b58" member_type: VOTER last_known_addr { host: "127.4.191.196" port: 43647 } attrs { promote: false } }
I20260608 12:53:27.938347  8033 tablet_service.cc:1917] Received RequestConsensusVote() RPC: tablet_id: "61344df3ba0d48759baee6a67f0f1196" candidate_uuid: "7adda699d8ef4916a99015b15ce54b58" candidate_term: 3 candidate_status { last_received { term: 2 index: 5 } } ignore_live_leader: false dest_uuid: "a321ea5c7f5b41398948827af20be48a" is_pre_election: true
I20260608 12:53:27.939203  8033 raft_consensus.cc:2468] T 61344df3ba0d48759baee6a67f0f1196 P a321ea5c7f5b41398948827af20be48a [term 2 FOLLOWER]: Leader pre-election vote request: Granting yes vote for candidate 7adda699d8ef4916a99015b15ce54b58 in term 2.
I20260608 12:53:27.940361  8436 leader_election.cc:290] T 8821cbfb27e3486fa7bf1fd35a2eeaa8 P 7adda699d8ef4916a99015b15ce54b58 [CANDIDATE]: Term 3 election: Requested vote from peers bf445570471f4706bd44ea713664b20d (127.4.191.194:46665), a321ea5c7f5b41398948827af20be48a (127.4.191.195:37921)
I20260608 12:53:27.941737  8033 tablet_service.cc:1917] Received RequestConsensusVote() RPC: tablet_id: "8821cbfb27e3486fa7bf1fd35a2eeaa8" candidate_uuid: "7adda699d8ef4916a99015b15ce54b58" candidate_term: 3 candidate_status { last_received { term: 2 index: 5 } } ignore_live_leader: false dest_uuid: "a321ea5c7f5b41398948827af20be48a"
I20260608 12:53:27.942380  8033 raft_consensus.cc:3060] T 8821cbfb27e3486fa7bf1fd35a2eeaa8 P a321ea5c7f5b41398948827af20be48a [term 2 FOLLOWER]: Advancing to term 3
I20260608 12:53:27.942365  8145 leader_election.cc:304] T 61344df3ba0d48759baee6a67f0f1196 P 7adda699d8ef4916a99015b15ce54b58 [CANDIDATE]: Term 3 pre-election: Election decided. Result: candidate won. Election summary: received 2 responses out of 3 voters: 2 yes votes; 0 no votes. yes voters: 7adda699d8ef4916a99015b15ce54b58, a321ea5c7f5b41398948827af20be48a; no voters: 
W20260608 12:53:27.943678  8146 leader_election.cc:336] T 61344df3ba0d48759baee6a67f0f1196 P 7adda699d8ef4916a99015b15ce54b58 [CANDIDATE]: Term 3 pre-election: RPC error from VoteRequest() call to peer bf445570471f4706bd44ea713664b20d (127.4.191.194:46665): Network error: Client connection negotiation failed: client connection to 127.4.191.194:46665: connect: Connection refused (error 111)
I20260608 12:53:27.944242  8436 raft_consensus.cc:2804] T 61344df3ba0d48759baee6a67f0f1196 P 7adda699d8ef4916a99015b15ce54b58 [term 2 FOLLOWER]: Leader pre-election won for term 3
I20260608 12:53:27.944643  8436 raft_consensus.cc:493] T 61344df3ba0d48759baee6a67f0f1196 P 7adda699d8ef4916a99015b15ce54b58 [term 2 FOLLOWER]: Starting leader election (detected failure of leader bf445570471f4706bd44ea713664b20d)
I20260608 12:53:27.945071  8436 raft_consensus.cc:3060] T 61344df3ba0d48759baee6a67f0f1196 P 7adda699d8ef4916a99015b15ce54b58 [term 2 FOLLOWER]: Advancing to term 3
W20260608 12:53:27.953413  8146 leader_election.cc:336] T 8821cbfb27e3486fa7bf1fd35a2eeaa8 P 7adda699d8ef4916a99015b15ce54b58 [CANDIDATE]: Term 3 election: RPC error from VoteRequest() call to peer bf445570471f4706bd44ea713664b20d (127.4.191.194:46665): Network error: Client connection negotiation failed: client connection to 127.4.191.194:46665: connect: Connection refused (error 111)
I20260608 12:53:27.955188  8033 raft_consensus.cc:2468] T 8821cbfb27e3486fa7bf1fd35a2eeaa8 P a321ea5c7f5b41398948827af20be48a [term 3 FOLLOWER]: Leader election vote request: Granting yes vote for candidate 7adda699d8ef4916a99015b15ce54b58 in term 3.
I20260608 12:53:27.957064  8145 leader_election.cc:304] T 8821cbfb27e3486fa7bf1fd35a2eeaa8 P 7adda699d8ef4916a99015b15ce54b58 [CANDIDATE]: Term 3 election: Election decided. Result: candidate won. Election summary: received 3 responses out of 3 voters: 2 yes votes; 1 no votes. yes voters: 7adda699d8ef4916a99015b15ce54b58, a321ea5c7f5b41398948827af20be48a; no voters: bf445570471f4706bd44ea713664b20d
I20260608 12:53:27.958168  8499 raft_consensus.cc:2804] T 8821cbfb27e3486fa7bf1fd35a2eeaa8 P 7adda699d8ef4916a99015b15ce54b58 [term 3 FOLLOWER]: Leader election won for term 3
I20260608 12:53:27.958865  8499 raft_consensus.cc:697] T 8821cbfb27e3486fa7bf1fd35a2eeaa8 P 7adda699d8ef4916a99015b15ce54b58 [term 3 LEADER]: Becoming Leader. State: Replica: 7adda699d8ef4916a99015b15ce54b58, State: Running, Role: LEADER
I20260608 12:53:27.958707  8436 raft_consensus.cc:515] T 61344df3ba0d48759baee6a67f0f1196 P 7adda699d8ef4916a99015b15ce54b58 [term 3 FOLLOWER]: Starting leader election with config: opid_index: 5 OBSOLETE_local: false peers { permanent_uuid: "bf445570471f4706bd44ea713664b20d" member_type: VOTER last_known_addr { host: "127.4.191.194" port: 46665 } } peers { permanent_uuid: "a321ea5c7f5b41398948827af20be48a" member_type: VOTER last_known_addr { host: "127.4.191.195" port: 37921 } } peers { permanent_uuid: "7adda699d8ef4916a99015b15ce54b58" member_type: VOTER last_known_addr { host: "127.4.191.196" port: 43647 } attrs { promote: false } }
I20260608 12:53:27.960453  8499 consensus_queue.cc:237] T 8821cbfb27e3486fa7bf1fd35a2eeaa8 P 7adda699d8ef4916a99015b15ce54b58 [LEADER]: Queue going to LEADER mode. State: All replicated index: 0, Majority replicated index: 5, Committed index: 5, Last appended: 2.5, Last appended by leader: 5, Current term: 3, Majority size: 2, State: 0, Mode: LEADER, active raft config: opid_index: 5 OBSOLETE_local: false peers { permanent_uuid: "bf445570471f4706bd44ea713664b20d" member_type: VOTER last_known_addr { host: "127.4.191.194" port: 46665 } } peers { permanent_uuid: "a321ea5c7f5b41398948827af20be48a" member_type: VOTER last_known_addr { host: "127.4.191.195" port: 37921 } } peers { permanent_uuid: "7adda699d8ef4916a99015b15ce54b58" member_type: VOTER last_known_addr { host: "127.4.191.196" port: 43647 } attrs { promote: false } }
I20260608 12:53:27.962275  8436 leader_election.cc:290] T 61344df3ba0d48759baee6a67f0f1196 P 7adda699d8ef4916a99015b15ce54b58 [CANDIDATE]: Term 3 election: Requested vote from peers bf445570471f4706bd44ea713664b20d (127.4.191.194:46665), a321ea5c7f5b41398948827af20be48a (127.4.191.195:37921)
I20260608 12:53:27.964355  8033 tablet_service.cc:1917] Received RequestConsensusVote() RPC: tablet_id: "61344df3ba0d48759baee6a67f0f1196" candidate_uuid: "7adda699d8ef4916a99015b15ce54b58" candidate_term: 3 candidate_status { last_received { term: 2 index: 5 } } ignore_live_leader: false dest_uuid: "a321ea5c7f5b41398948827af20be48a"
I20260608 12:53:27.965199  8033 raft_consensus.cc:3060] T 61344df3ba0d48759baee6a67f0f1196 P a321ea5c7f5b41398948827af20be48a [term 2 FOLLOWER]: Advancing to term 3
I20260608 12:53:27.973788  8033 raft_consensus.cc:2468] T 61344df3ba0d48759baee6a67f0f1196 P a321ea5c7f5b41398948827af20be48a [term 3 FOLLOWER]: Leader election vote request: Granting yes vote for candidate 7adda699d8ef4916a99015b15ce54b58 in term 3.
W20260608 12:53:27.974426  8146 leader_election.cc:336] T 61344df3ba0d48759baee6a67f0f1196 P 7adda699d8ef4916a99015b15ce54b58 [CANDIDATE]: Term 3 election: RPC error from VoteRequest() call to peer bf445570471f4706bd44ea713664b20d (127.4.191.194:46665): Network error: Client connection negotiation failed: client connection to 127.4.191.194:46665: connect: Connection refused (error 111)
I20260608 12:53:27.975224  8145 leader_election.cc:304] T 61344df3ba0d48759baee6a67f0f1196 P 7adda699d8ef4916a99015b15ce54b58 [CANDIDATE]: Term 3 election: Election decided. Result: candidate won. Election summary: received 3 responses out of 3 voters: 2 yes votes; 1 no votes. yes voters: 7adda699d8ef4916a99015b15ce54b58, a321ea5c7f5b41398948827af20be48a; no voters: bf445570471f4706bd44ea713664b20d
I20260608 12:53:27.976176  8499 raft_consensus.cc:2804] T 61344df3ba0d48759baee6a67f0f1196 P 7adda699d8ef4916a99015b15ce54b58 [term 3 FOLLOWER]: Leader election won for term 3
I20260608 12:53:27.977561  8499 raft_consensus.cc:697] T 61344df3ba0d48759baee6a67f0f1196 P 7adda699d8ef4916a99015b15ce54b58 [term 3 LEADER]: Becoming Leader. State: Replica: 7adda699d8ef4916a99015b15ce54b58, State: Running, Role: LEADER
I20260608 12:53:27.978431  7778 catalog_manager.cc:5696] T 8821cbfb27e3486fa7bf1fd35a2eeaa8 P 7adda699d8ef4916a99015b15ce54b58 reported cstate change: term changed from 2 to 3, leader changed from bf445570471f4706bd44ea713664b20d (127.4.191.194) to 7adda699d8ef4916a99015b15ce54b58 (127.4.191.196). New cstate: current_term: 3 leader_uuid: "7adda699d8ef4916a99015b15ce54b58" committed_config { opid_index: 5 OBSOLETE_local: false peers { permanent_uuid: "bf445570471f4706bd44ea713664b20d" member_type: VOTER last_known_addr { host: "127.4.191.194" port: 46665 } health_report { overall_health: UNKNOWN } } peers { permanent_uuid: "a321ea5c7f5b41398948827af20be48a" member_type: VOTER last_known_addr { host: "127.4.191.195" port: 37921 } health_report { overall_health: UNKNOWN } } peers { permanent_uuid: "7adda699d8ef4916a99015b15ce54b58" member_type: VOTER last_known_addr { host: "127.4.191.196" port: 43647 } attrs { promote: false } health_report { overall_health: HEALTHY } } }
I20260608 12:53:27.978936  8499 consensus_queue.cc:237] T 61344df3ba0d48759baee6a67f0f1196 P 7adda699d8ef4916a99015b15ce54b58 [LEADER]: Queue going to LEADER mode. State: All replicated index: 0, Majority replicated index: 5, Committed index: 5, Last appended: 2.5, Last appended by leader: 5, Current term: 3, Majority size: 2, State: 0, Mode: LEADER, active raft config: opid_index: 5 OBSOLETE_local: false peers { permanent_uuid: "bf445570471f4706bd44ea713664b20d" member_type: VOTER last_known_addr { host: "127.4.191.194" port: 46665 } } peers { permanent_uuid: "a321ea5c7f5b41398948827af20be48a" member_type: VOTER last_known_addr { host: "127.4.191.195" port: 37921 } } peers { permanent_uuid: "7adda699d8ef4916a99015b15ce54b58" member_type: VOTER last_known_addr { host: "127.4.191.196" port: 43647 } attrs { promote: false } }
I20260608 12:53:27.994612  8499 raft_consensus.cc:493] T 4249292c99e047d5bc747cd0c2829e56 P 7adda699d8ef4916a99015b15ce54b58 [term 1 FOLLOWER]: Starting pre-election (detected failure of leader bf445570471f4706bd44ea713664b20d)
I20260608 12:53:27.995751  8499 raft_consensus.cc:515] T 4249292c99e047d5bc747cd0c2829e56 P 7adda699d8ef4916a99015b15ce54b58 [term 1 FOLLOWER]: Starting pre-election with config: opid_index: -1 OBSOLETE_local: false peers { permanent_uuid: "7adda699d8ef4916a99015b15ce54b58" member_type: VOTER last_known_addr { host: "127.4.191.196" port: 43647 } } peers { permanent_uuid: "bf445570471f4706bd44ea713664b20d" member_type: VOTER last_known_addr { host: "127.4.191.194" port: 46665 } } peers { permanent_uuid: "57629b3fc883458e82f13954131fde8c" member_type: VOTER last_known_addr { host: "127.4.191.193" port: 40773 } }
I20260608 12:53:28.000851  8499 leader_election.cc:290] T 4249292c99e047d5bc747cd0c2829e56 P 7adda699d8ef4916a99015b15ce54b58 [CANDIDATE]: Term 2 pre-election: Requested pre-vote from peers bf445570471f4706bd44ea713664b20d (127.4.191.194:46665), 57629b3fc883458e82f13954131fde8c (127.4.191.193:40773)
W20260608 12:53:28.004066  8146 leader_election.cc:336] T 4249292c99e047d5bc747cd0c2829e56 P 7adda699d8ef4916a99015b15ce54b58 [CANDIDATE]: Term 2 pre-election: RPC error from VoteRequest() call to peer bf445570471f4706bd44ea713664b20d (127.4.191.194:46665): Network error: Client connection negotiation failed: client connection to 127.4.191.194:46665: connect: Connection refused (error 111)
W20260608 12:53:28.008294  8145 leader_election.cc:336] T 4249292c99e047d5bc747cd0c2829e56 P 7adda699d8ef4916a99015b15ce54b58 [CANDIDATE]: Term 2 pre-election: RPC error from VoteRequest() call to peer 57629b3fc883458e82f13954131fde8c (127.4.191.193:40773): Network error: Client connection negotiation failed: client connection to 127.4.191.193:40773: connect: Connection refused (error 111)
I20260608 12:53:28.008837  8145 leader_election.cc:304] T 4249292c99e047d5bc747cd0c2829e56 P 7adda699d8ef4916a99015b15ce54b58 [CANDIDATE]: Term 2 pre-election: Election decided. Result: candidate lost. Election summary: received 3 responses out of 3 voters: 1 yes votes; 2 no votes. yes voters: 7adda699d8ef4916a99015b15ce54b58; no voters: 57629b3fc883458e82f13954131fde8c, bf445570471f4706bd44ea713664b20d
I20260608 12:53:28.009822  8499 raft_consensus.cc:2749] T 4249292c99e047d5bc747cd0c2829e56 P 7adda699d8ef4916a99015b15ce54b58 [term 1 FOLLOWER]: Leader pre-election lost for term 2. Reason: could not achieve majority
I20260608 12:53:28.019882  7778 catalog_manager.cc:5696] T 61344df3ba0d48759baee6a67f0f1196 P 7adda699d8ef4916a99015b15ce54b58 reported cstate change: term changed from 2 to 3, leader changed from bf445570471f4706bd44ea713664b20d (127.4.191.194) to 7adda699d8ef4916a99015b15ce54b58 (127.4.191.196). New cstate: current_term: 3 leader_uuid: "7adda699d8ef4916a99015b15ce54b58" committed_config { opid_index: 5 OBSOLETE_local: false peers { permanent_uuid: "bf445570471f4706bd44ea713664b20d" member_type: VOTER last_known_addr { host: "127.4.191.194" port: 46665 } health_report { overall_health: UNKNOWN } } peers { permanent_uuid: "a321ea5c7f5b41398948827af20be48a" member_type: VOTER last_known_addr { host: "127.4.191.195" port: 37921 } health_report { overall_health: UNKNOWN } } peers { permanent_uuid: "7adda699d8ef4916a99015b15ce54b58" member_type: VOTER last_known_addr { host: "127.4.191.196" port: 43647 } attrs { promote: false } health_report { overall_health: HEALTHY } } }
I20260608 12:53:28.335196  4863 tablet_server.cc:196] TabletServer@127.4.191.194:0 shutdown complete.
I20260608 12:53:28.379490  4863 tablet_server.cc:179] TabletServer@127.4.191.195:0 shutting down...
I20260608 12:53:28.380477  8033 raft_consensus.cc:1275] T 8821cbfb27e3486fa7bf1fd35a2eeaa8 P a321ea5c7f5b41398948827af20be48a [term 3 FOLLOWER]: Refusing update from remote peer 7adda699d8ef4916a99015b15ce54b58: Log matching property violated. Preceding OpId in replica: term: 2 index: 5. Preceding OpId from leader: term: 3 index: 6. (index mismatch)
I20260608 12:53:28.384616  8436 consensus_queue.cc:1048] T 8821cbfb27e3486fa7bf1fd35a2eeaa8 P 7adda699d8ef4916a99015b15ce54b58 [LEADER]: Connected to new peer: Peer: permanent_uuid: "a321ea5c7f5b41398948827af20be48a" member_type: VOTER last_known_addr { host: "127.4.191.195" port: 37921 }, Status: LMP_MISMATCH, Last received: 0.0, Next index: 6, Last known committed idx: 5, Time since last communication: 0.001s
W20260608 12:53:28.388552  8146 consensus_peers.cc:597] T 61344df3ba0d48759baee6a67f0f1196 P 7adda699d8ef4916a99015b15ce54b58 -> Peer bf445570471f4706bd44ea713664b20d (127.4.191.194:46665): Couldn't send request to peer bf445570471f4706bd44ea713664b20d. Status: Network error: Client connection negotiation failed: client connection to 127.4.191.194:46665: connect: Connection refused (error 111). This is attempt 1: this message will repeat every 5th retry.
W20260608 12:53:28.391601  8145 consensus_peers.cc:597] T 8821cbfb27e3486fa7bf1fd35a2eeaa8 P 7adda699d8ef4916a99015b15ce54b58 -> Peer a321ea5c7f5b41398948827af20be48a (127.4.191.195:37921): Couldn't send request to peer a321ea5c7f5b41398948827af20be48a. Status: Remote error: Service unavailable: service kudu.consensus.ConsensusService not registered on TabletServer. This is attempt 1: this message will repeat every 5th retry.
I20260608 12:53:28.412674  4863 ts_tablet_manager.cc:1507] Shutting down tablet manager...
I20260608 12:53:28.413755  4863 tablet_replica.cc:333] T 1eb46b7163d545308338c9a960a4a52d P a321ea5c7f5b41398948827af20be48a: stopping tablet replica
I20260608 12:53:28.414701  4863 raft_consensus.cc:2243] T 1eb46b7163d545308338c9a960a4a52d P a321ea5c7f5b41398948827af20be48a [term 1 FOLLOWER]: Raft consensus shutting down.
I20260608 12:53:28.415622  4863 raft_consensus.cc:2272] T 1eb46b7163d545308338c9a960a4a52d P a321ea5c7f5b41398948827af20be48a [term 1 FOLLOWER]: Raft consensus is shut down!
I20260608 12:53:28.418058  4863 tablet_replica.cc:333] T 4340f93ba1de4b999faf196949a9f724 P a321ea5c7f5b41398948827af20be48a: stopping tablet replica
I20260608 12:53:28.418684  4863 raft_consensus.cc:2243] T 4340f93ba1de4b999faf196949a9f724 P a321ea5c7f5b41398948827af20be48a [term 1 LEADER]: Raft consensus shutting down.
I20260608 12:53:28.419888  4863 raft_consensus.cc:2272] T 4340f93ba1de4b999faf196949a9f724 P a321ea5c7f5b41398948827af20be48a [term 1 FOLLOWER]: Raft consensus is shut down!
I20260608 12:53:28.422202  4863 tablet_replica.cc:333] T 280cc51a23fb4636bc7234336c87a902 P a321ea5c7f5b41398948827af20be48a: stopping tablet replica
I20260608 12:53:28.422840  4863 raft_consensus.cc:2243] T 280cc51a23fb4636bc7234336c87a902 P a321ea5c7f5b41398948827af20be48a [term 1 LEADER]: Raft consensus shutting down.
I20260608 12:53:28.423648  4863 raft_consensus.cc:2272] T 280cc51a23fb4636bc7234336c87a902 P a321ea5c7f5b41398948827af20be48a [term 1 FOLLOWER]: Raft consensus is shut down!
I20260608 12:53:28.426194  4863 tablet_replica.cc:333] T 18d82d9e3af049c69b07fbfb5a7037a4 P a321ea5c7f5b41398948827af20be48a: stopping tablet replica
I20260608 12:53:28.426786  4863 raft_consensus.cc:2243] T 18d82d9e3af049c69b07fbfb5a7037a4 P a321ea5c7f5b41398948827af20be48a [term 2 FOLLOWER]: Raft consensus shutting down.
I20260608 12:53:28.427274  4863 raft_consensus.cc:2272] T 18d82d9e3af049c69b07fbfb5a7037a4 P a321ea5c7f5b41398948827af20be48a [term 2 FOLLOWER]: Raft consensus is shut down!
I20260608 12:53:28.430042  4863 tablet_replica.cc:333] T 82356a09ad3e4283a7fd36631b98eb97 P a321ea5c7f5b41398948827af20be48a: stopping tablet replica
I20260608 12:53:28.430635  4863 raft_consensus.cc:2243] T 82356a09ad3e4283a7fd36631b98eb97 P a321ea5c7f5b41398948827af20be48a [term 2 FOLLOWER]: Raft consensus shutting down.
I20260608 12:53:28.431175  4863 raft_consensus.cc:2272] T 82356a09ad3e4283a7fd36631b98eb97 P a321ea5c7f5b41398948827af20be48a [term 2 FOLLOWER]: Raft consensus is shut down!
I20260608 12:53:28.433714  4863 tablet_replica.cc:333] T 7180001f3fca4df281b3f425ed5b407a P a321ea5c7f5b41398948827af20be48a: stopping tablet replica
I20260608 12:53:28.434453  4863 raft_consensus.cc:2243] T 7180001f3fca4df281b3f425ed5b407a P a321ea5c7f5b41398948827af20be48a [term 2 FOLLOWER]: Raft consensus shutting down.
I20260608 12:53:28.435150  4863 raft_consensus.cc:2272] T 7180001f3fca4df281b3f425ed5b407a P a321ea5c7f5b41398948827af20be48a [term 2 FOLLOWER]: Raft consensus is shut down!
I20260608 12:53:28.438633  4863 tablet_replica.cc:333] T 21257859ec9d449a93bdf3825bd8b363 P a321ea5c7f5b41398948827af20be48a: stopping tablet replica
W20260608 12:53:28.438825  8146 consensus_peers.cc:597] T 8821cbfb27e3486fa7bf1fd35a2eeaa8 P 7adda699d8ef4916a99015b15ce54b58 -> Peer bf445570471f4706bd44ea713664b20d (127.4.191.194:46665): Couldn't send request to peer bf445570471f4706bd44ea713664b20d. Status: Network error: Client connection negotiation failed: client connection to 127.4.191.194:46665: connect: Connection refused (error 111). This is attempt 1: this message will repeat every 5th retry.
I20260608 12:53:28.439347  4863 raft_consensus.cc:2243] T 21257859ec9d449a93bdf3825bd8b363 P a321ea5c7f5b41398948827af20be48a [term 1 LEADER]: Raft consensus shutting down.
I20260608 12:53:28.440152  4863 raft_consensus.cc:2272] T 21257859ec9d449a93bdf3825bd8b363 P a321ea5c7f5b41398948827af20be48a [term 1 FOLLOWER]: Raft consensus is shut down!
I20260608 12:53:28.442783  4863 tablet_replica.cc:333] T 8183cda0eed54fa1a42034fcf0456671 P a321ea5c7f5b41398948827af20be48a: stopping tablet replica
I20260608 12:53:28.443403  4863 raft_consensus.cc:2243] T 8183cda0eed54fa1a42034fcf0456671 P a321ea5c7f5b41398948827af20be48a [term 1 FOLLOWER]: Raft consensus shutting down.
I20260608 12:53:28.443977  4863 raft_consensus.cc:2272] T 8183cda0eed54fa1a42034fcf0456671 P a321ea5c7f5b41398948827af20be48a [term 1 FOLLOWER]: Raft consensus is shut down!
I20260608 12:53:28.446254  4863 tablet_replica.cc:333] T 8821cbfb27e3486fa7bf1fd35a2eeaa8 P a321ea5c7f5b41398948827af20be48a: stopping tablet replica
I20260608 12:53:28.446858  4863 raft_consensus.cc:2243] T 8821cbfb27e3486fa7bf1fd35a2eeaa8 P a321ea5c7f5b41398948827af20be48a [term 3 FOLLOWER]: Raft consensus shutting down.
I20260608 12:53:28.447494  4863 raft_consensus.cc:2272] T 8821cbfb27e3486fa7bf1fd35a2eeaa8 P a321ea5c7f5b41398948827af20be48a [term 3 FOLLOWER]: Raft consensus is shut down!
I20260608 12:53:28.449784  4863 tablet_replica.cc:333] T 6a1877afa2ce443c933dcc723181bf62 P a321ea5c7f5b41398948827af20be48a: stopping tablet replica
I20260608 12:53:28.450326  4863 raft_consensus.cc:2243] T 6a1877afa2ce443c933dcc723181bf62 P a321ea5c7f5b41398948827af20be48a [term 1 LEADER]: Raft consensus shutting down.
I20260608 12:53:28.451192  4863 raft_consensus.cc:2272] T 6a1877afa2ce443c933dcc723181bf62 P a321ea5c7f5b41398948827af20be48a [term 1 FOLLOWER]: Raft consensus is shut down!
I20260608 12:53:28.453562  4863 tablet_replica.cc:333] T 56599d42250448f4a2d15f7197979c9a P a321ea5c7f5b41398948827af20be48a: stopping tablet replica
I20260608 12:53:28.454180  4863 raft_consensus.cc:2243] T 56599d42250448f4a2d15f7197979c9a P a321ea5c7f5b41398948827af20be48a [term 3 FOLLOWER]: Raft consensus shutting down.
I20260608 12:53:28.455091  4863 raft_consensus.cc:2272] T 56599d42250448f4a2d15f7197979c9a P a321ea5c7f5b41398948827af20be48a [term 3 FOLLOWER]: Raft consensus is shut down!
I20260608 12:53:28.457237  4863 tablet_replica.cc:333] T 61344df3ba0d48759baee6a67f0f1196 P a321ea5c7f5b41398948827af20be48a: stopping tablet replica
I20260608 12:53:28.457927  4863 raft_consensus.cc:2243] T 61344df3ba0d48759baee6a67f0f1196 P a321ea5c7f5b41398948827af20be48a [term 3 FOLLOWER]: Raft consensus shutting down.
I20260608 12:53:28.458698  4863 raft_consensus.cc:2272] T 61344df3ba0d48759baee6a67f0f1196 P a321ea5c7f5b41398948827af20be48a [term 3 FOLLOWER]: Raft consensus is shut down!
W20260608 12:53:28.469359  8145 consensus_peers.cc:597] T 56599d42250448f4a2d15f7197979c9a P 7adda699d8ef4916a99015b15ce54b58 -> Peer a321ea5c7f5b41398948827af20be48a (127.4.191.195:37921): Couldn't send request to peer a321ea5c7f5b41398948827af20be48a. Status: Remote error: Service unavailable: service kudu.consensus.ConsensusService not registered on TabletServer. This is attempt 1: this message will repeat every 5th retry.
I20260608 12:53:28.500836  4863 tablet_server.cc:196] TabletServer@127.4.191.195:0 shutdown complete.
I20260608 12:53:28.532500  4863 tablet_server.cc:179] TabletServer@127.4.191.196:0 shutting down...
I20260608 12:53:28.561229  4863 ts_tablet_manager.cc:1507] Shutting down tablet manager...
W20260608 12:53:28.562685  8145 consensus_peers.cc:597] T 7180001f3fca4df281b3f425ed5b407a P 7adda699d8ef4916a99015b15ce54b58 -> Peer a321ea5c7f5b41398948827af20be48a (127.4.191.195:37921): Couldn't send request to peer a321ea5c7f5b41398948827af20be48a. Status: Network error: Client connection negotiation failed: client connection to 127.4.191.195:37921: connect: Connection refused (error 111). This is attempt 1: this message will repeat every 5th retry.
I20260608 12:53:28.562819  4863 tablet_replica.cc:333] T 6a1877afa2ce443c933dcc723181bf62 P 7adda699d8ef4916a99015b15ce54b58: stopping tablet replica
I20260608 12:53:28.563594  4863 raft_consensus.cc:2243] T 6a1877afa2ce443c933dcc723181bf62 P 7adda699d8ef4916a99015b15ce54b58 [term 1 FOLLOWER]: Raft consensus shutting down.
I20260608 12:53:28.564397  4863 raft_consensus.cc:2272] T 6a1877afa2ce443c933dcc723181bf62 P 7adda699d8ef4916a99015b15ce54b58 [term 1 FOLLOWER]: Raft consensus is shut down!
I20260608 12:53:28.567113  4863 tablet_replica.cc:333] T 8eb7891bd7e24fc2826783e5260d7d3d P 7adda699d8ef4916a99015b15ce54b58: stopping tablet replica
W20260608 12:53:28.567884  8145 consensus_peers.cc:597] T 61344df3ba0d48759baee6a67f0f1196 P 7adda699d8ef4916a99015b15ce54b58 -> Peer a321ea5c7f5b41398948827af20be48a (127.4.191.195:37921): Couldn't send request to peer a321ea5c7f5b41398948827af20be48a. Status: Network error: Client connection negotiation failed: client connection to 127.4.191.195:37921: connect: Connection refused (error 111). This is attempt 1: this message will repeat every 5th retry.
I20260608 12:53:28.567909  4863 raft_consensus.cc:2243] T 8eb7891bd7e24fc2826783e5260d7d3d P 7adda699d8ef4916a99015b15ce54b58 [term 1 FOLLOWER]: Raft consensus shutting down.
I20260608 12:53:28.568857  4863 raft_consensus.cc:2272] T 8eb7891bd7e24fc2826783e5260d7d3d P 7adda699d8ef4916a99015b15ce54b58 [term 1 FOLLOWER]: Raft consensus is shut down!
I20260608 12:53:28.571264  4863 tablet_replica.cc:333] T 56599d42250448f4a2d15f7197979c9a P 7adda699d8ef4916a99015b15ce54b58: stopping tablet replica
I20260608 12:53:28.571875  4863 raft_consensus.cc:2243] T 56599d42250448f4a2d15f7197979c9a P 7adda699d8ef4916a99015b15ce54b58 [term 3 LEADER]: Raft consensus shutting down.
I20260608 12:53:28.572712  4863 raft_consensus.cc:2272] T 56599d42250448f4a2d15f7197979c9a P 7adda699d8ef4916a99015b15ce54b58 [term 3 FOLLOWER]: Raft consensus is shut down!
I20260608 12:53:28.574658  4863 tablet_replica.cc:333] T 61344df3ba0d48759baee6a67f0f1196 P 7adda699d8ef4916a99015b15ce54b58: stopping tablet replica
I20260608 12:53:28.575202  4863 raft_consensus.cc:2243] T 61344df3ba0d48759baee6a67f0f1196 P 7adda699d8ef4916a99015b15ce54b58 [term 3 LEADER]: Raft consensus shutting down.
I20260608 12:53:28.575966  4863 pending_rounds.cc:70] T 61344df3ba0d48759baee6a67f0f1196 P 7adda699d8ef4916a99015b15ce54b58: Trying to abort 1 pending ops.
I20260608 12:53:28.576195  4863 pending_rounds.cc:77] T 61344df3ba0d48759baee6a67f0f1196 P 7adda699d8ef4916a99015b15ce54b58: Aborting op as it isn't in flight: id { term: 3 index: 6 } timestamp: 7294661459895119872 op_type: NO_OP noop_request { }
I20260608 12:53:28.576524  4863 raft_consensus.cc:2889] T 61344df3ba0d48759baee6a67f0f1196 P 7adda699d8ef4916a99015b15ce54b58 [term 3 LEADER]: NO_OP replication failed: Aborted: Op aborted
I20260608 12:53:28.576815  4863 raft_consensus.cc:2272] T 61344df3ba0d48759baee6a67f0f1196 P 7adda699d8ef4916a99015b15ce54b58 [term 3 FOLLOWER]: Raft consensus is shut down!
I20260608 12:53:28.579404  4863 tablet_replica.cc:333] T 280cc51a23fb4636bc7234336c87a902 P 7adda699d8ef4916a99015b15ce54b58: stopping tablet replica
I20260608 12:53:28.580000  4863 raft_consensus.cc:2243] T 280cc51a23fb4636bc7234336c87a902 P 7adda699d8ef4916a99015b15ce54b58 [term 1 FOLLOWER]: Raft consensus shutting down.
I20260608 12:53:28.580485  4863 raft_consensus.cc:2272] T 280cc51a23fb4636bc7234336c87a902 P 7adda699d8ef4916a99015b15ce54b58 [term 1 FOLLOWER]: Raft consensus is shut down!
I20260608 12:53:28.582469  4863 tablet_replica.cc:333] T 82356a09ad3e4283a7fd36631b98eb97 P 7adda699d8ef4916a99015b15ce54b58: stopping tablet replica
I20260608 12:53:28.583006  4863 raft_consensus.cc:2243] T 82356a09ad3e4283a7fd36631b98eb97 P 7adda699d8ef4916a99015b15ce54b58 [term 2 LEADER]: Raft consensus shutting down.
I20260608 12:53:28.583801  4863 raft_consensus.cc:2272] T 82356a09ad3e4283a7fd36631b98eb97 P 7adda699d8ef4916a99015b15ce54b58 [term 2 FOLLOWER]: Raft consensus is shut down!
I20260608 12:53:28.585644  4863 tablet_replica.cc:333] T 21257859ec9d449a93bdf3825bd8b363 P 7adda699d8ef4916a99015b15ce54b58: stopping tablet replica
I20260608 12:53:28.586200  4863 raft_consensus.cc:2243] T 21257859ec9d449a93bdf3825bd8b363 P 7adda699d8ef4916a99015b15ce54b58 [term 1 FOLLOWER]: Raft consensus shutting down.
I20260608 12:53:28.586651  4863 raft_consensus.cc:2272] T 21257859ec9d449a93bdf3825bd8b363 P 7adda699d8ef4916a99015b15ce54b58 [term 1 FOLLOWER]: Raft consensus is shut down!
I20260608 12:53:28.588546  4863 tablet_replica.cc:333] T 7180001f3fca4df281b3f425ed5b407a P 7adda699d8ef4916a99015b15ce54b58: stopping tablet replica
I20260608 12:53:28.589051  4863 raft_consensus.cc:2243] T 7180001f3fca4df281b3f425ed5b407a P 7adda699d8ef4916a99015b15ce54b58 [term 2 LEADER]: Raft consensus shutting down.
I20260608 12:53:28.589911  4863 raft_consensus.cc:2272] T 7180001f3fca4df281b3f425ed5b407a P 7adda699d8ef4916a99015b15ce54b58 [term 2 FOLLOWER]: Raft consensus is shut down!
I20260608 12:53:28.591739  4863 tablet_replica.cc:333] T 5214ff498822442681ac7d1a27bdb639 P 7adda699d8ef4916a99015b15ce54b58: stopping tablet replica
I20260608 12:53:28.592257  4863 raft_consensus.cc:2243] T 5214ff498822442681ac7d1a27bdb639 P 7adda699d8ef4916a99015b15ce54b58 [term 2 LEADER]: Raft consensus shutting down.
I20260608 12:53:28.592999  4863 raft_consensus.cc:2272] T 5214ff498822442681ac7d1a27bdb639 P 7adda699d8ef4916a99015b15ce54b58 [term 2 FOLLOWER]: Raft consensus is shut down!
I20260608 12:53:28.594835  4863 tablet_replica.cc:333] T 4249292c99e047d5bc747cd0c2829e56 P 7adda699d8ef4916a99015b15ce54b58: stopping tablet replica
I20260608 12:53:28.595327  4863 raft_consensus.cc:2243] T 4249292c99e047d5bc747cd0c2829e56 P 7adda699d8ef4916a99015b15ce54b58 [term 1 FOLLOWER]: Raft consensus shutting down.
I20260608 12:53:28.595726  4863 raft_consensus.cc:2272] T 4249292c99e047d5bc747cd0c2829e56 P 7adda699d8ef4916a99015b15ce54b58 [term 1 FOLLOWER]: Raft consensus is shut down!
I20260608 12:53:28.597604  4863 tablet_replica.cc:333] T ada000e7ed474d60960cc8348ae4f721 P 7adda699d8ef4916a99015b15ce54b58: stopping tablet replica
I20260608 12:53:28.598086  4863 raft_consensus.cc:2243] T ada000e7ed474d60960cc8348ae4f721 P 7adda699d8ef4916a99015b15ce54b58 [term 2 FOLLOWER]: Raft consensus shutting down.
I20260608 12:53:28.598738  4863 raft_consensus.cc:2272] T ada000e7ed474d60960cc8348ae4f721 P 7adda699d8ef4916a99015b15ce54b58 [term 2 FOLLOWER]: Raft consensus is shut down!
I20260608 12:53:28.600562  4863 tablet_replica.cc:333] T 8821cbfb27e3486fa7bf1fd35a2eeaa8 P 7adda699d8ef4916a99015b15ce54b58: stopping tablet replica
I20260608 12:53:28.601034  4863 raft_consensus.cc:2243] T 8821cbfb27e3486fa7bf1fd35a2eeaa8 P 7adda699d8ef4916a99015b15ce54b58 [term 3 LEADER]: Raft consensus shutting down.
I20260608 12:53:28.601871  4863 pending_rounds.cc:70] T 8821cbfb27e3486fa7bf1fd35a2eeaa8 P 7adda699d8ef4916a99015b15ce54b58: Trying to abort 1 pending ops.
I20260608 12:53:28.602092  4863 pending_rounds.cc:77] T 8821cbfb27e3486fa7bf1fd35a2eeaa8 P 7adda699d8ef4916a99015b15ce54b58: Aborting op as it isn't in flight: id { term: 3 index: 6 } timestamp: 7294661459824689152 op_type: NO_OP noop_request { }
I20260608 12:53:28.602363  4863 raft_consensus.cc:2889] T 8821cbfb27e3486fa7bf1fd35a2eeaa8 P 7adda699d8ef4916a99015b15ce54b58 [term 3 LEADER]: NO_OP replication failed: Aborted: Op aborted
I20260608 12:53:28.602636  4863 raft_consensus.cc:2272] T 8821cbfb27e3486fa7bf1fd35a2eeaa8 P 7adda699d8ef4916a99015b15ce54b58 [term 3 FOLLOWER]: Raft consensus is shut down!
I20260608 12:53:28.638803  4863 tablet_server.cc:196] TabletServer@127.4.191.196:0 shutdown complete.
I20260608 12:53:28.666671  4863 master.cc:562] Master@127.4.191.254:40651 shutting down...
