I20260608 12:51:51.664484  4941 webserver.cc:533] Webserver started at http://127.4.211.126:35669/ using document root <none> and password file <none>
I20260608 12:51:51.664942  4941 fs_manager.cc:362] Metadata directory not provided
I20260608 12:51:51.665122  4941 fs_manager.cc:368] Using write-ahead log directory (fs_wal_dir) as metadata directory
I20260608 12:51:51.665369  4941 server_base.cc:909] This appears to be a new deployment of Kudu; creating new FS layout
I20260608 12:51:51.666359  4941 fs_manager.cc:1068] Generated new instance metadata in path /tmp/dist-test-taskkiA03l/test-tmp/auto_rebalancer-test.0.AutoRebalancerTest.AutoRebalancingTurnOffAndOn.1780923106854226-4941-0/minicluster-data/master-0-root/instance:
uuid: "c941f8983fc0496b9f12b4f380ebe41c"
format_stamp: "Formatted at 2026-06-08 12:51:51 on dist-test-slave-bvz8"
I20260608 12:51:51.670738  4941 fs_manager.cc:696] Time spent creating directory manager: real 0.004s	user 0.006s	sys 0.000s
I20260608 12:51:51.673972  5488 log_block_manager.cc:4031] Time spent loading block containers with low live blocks: real 0.000s	user 0.000s	sys 0.000s
I20260608 12:51:51.674664  4941 fs_manager.cc:730] Time spent opening block manager: real 0.002s	user 0.001s	sys 0.000s
I20260608 12:51:51.674926  4941 fs_manager.cc:647] Opened local filesystem: /tmp/dist-test-taskkiA03l/test-tmp/auto_rebalancer-test.0.AutoRebalancerTest.AutoRebalancingTurnOffAndOn.1780923106854226-4941-0/minicluster-data/master-0-root
uuid: "c941f8983fc0496b9f12b4f380ebe41c"
format_stamp: "Formatted at 2026-06-08 12:51:51 on dist-test-slave-bvz8"
I20260608 12:51:51.675204  4941 fs_report.cc:389] FS layout report
--------------------
wal directory: /tmp/dist-test-taskkiA03l/test-tmp/auto_rebalancer-test.0.AutoRebalancerTest.AutoRebalancingTurnOffAndOn.1780923106854226-4941-0/minicluster-data/master-0-root
metadata directory: /tmp/dist-test-taskkiA03l/test-tmp/auto_rebalancer-test.0.AutoRebalancerTest.AutoRebalancingTurnOffAndOn.1780923106854226-4941-0/minicluster-data/master-0-root
1 data directories: /tmp/dist-test-taskkiA03l/test-tmp/auto_rebalancer-test.0.AutoRebalancerTest.AutoRebalancingTurnOffAndOn.1780923106854226-4941-0/minicluster-data/master-0-root/data
Total live blocks: 0
Total live bytes: 0
Total live bytes (after alignment): 0
Total number of LBM containers: 0 (0 full)
Did not check for missing blocks
Did not check for orphaned blocks
Total full LBM containers with extra space: 0 (0 repaired)
Total full LBM container extra space in bytes: 0 (0 repaired)
Total incomplete LBM containers: 0 (0 repaired)
Total LBM partial records: 0 (0 repaired)
Total corrupted LBM metadata records in RocksDB: 0 (0 repaired)
I20260608 12:51:51.689424  4941 rpc_server.cc:225] running with OpenSSL 1.1.1  11 Sep 2018
I20260608 12:51:51.690397  4941 kserver.cc:163] Server-wide thread pool size limit: 3276
I20260608 12:51:51.724031  4941 rpc_server.cc:307] RPC server started. Bound to: 127.4.211.126:37173
I20260608 12:51:51.724134  5539 acceptor_pool.cc:272] collecting diagnostics on the listening RPC socket 127.4.211.126:37173 every 8 connection(s)
I20260608 12:51:51.727895  5540 data_dirs.cc:400] Could only allocate 1 dirs of requested 3 for tablet 00000000000000000000000000000000. 1 dirs total, 0 dirs full, 0 dirs failed
I20260608 12:51:51.736886  5540 tablet_bootstrap.cc:492] T 00000000000000000000000000000000 P c941f8983fc0496b9f12b4f380ebe41c: Bootstrap starting.
I20260608 12:51:51.741067  5540 tablet_bootstrap.cc:654] T 00000000000000000000000000000000 P c941f8983fc0496b9f12b4f380ebe41c: Neither blocks nor log segments found. Creating new log.
I20260608 12:51:51.744896  5540 tablet_bootstrap.cc:492] T 00000000000000000000000000000000 P c941f8983fc0496b9f12b4f380ebe41c: No bootstrap required, opened a new log
I20260608 12:51:51.746833  5540 raft_consensus.cc:359] T 00000000000000000000000000000000 P c941f8983fc0496b9f12b4f380ebe41c [term 0 FOLLOWER]: Replica starting. Triggering 0 pending ops. Active config: opid_index: -1 OBSOLETE_local: true peers { permanent_uuid: "c941f8983fc0496b9f12b4f380ebe41c" member_type: VOTER }
I20260608 12:51:51.747189  5540 raft_consensus.cc:385] T 00000000000000000000000000000000 P c941f8983fc0496b9f12b4f380ebe41c [term 0 FOLLOWER]: Consensus starting up: Expiring failure detector timer to make a prompt election more likely
I20260608 12:51:51.747366  5540 raft_consensus.cc:740] T 00000000000000000000000000000000 P c941f8983fc0496b9f12b4f380ebe41c [term 0 FOLLOWER]: Becoming Follower/Learner. State: Replica: c941f8983fc0496b9f12b4f380ebe41c, State: Initialized, Role: FOLLOWER
I20260608 12:51:51.747936  5540 consensus_queue.cc:260] T 00000000000000000000000000000000 P c941f8983fc0496b9f12b4f380ebe41c [NON_LEADER]: Queue going to NON_LEADER mode. State: All replicated index: 0, Majority replicated index: 0, Committed index: 0, Last appended: 0.0, Last appended by leader: 0, Current term: 0, Majority size: -1, State: 0, Mode: NON_LEADER, active raft config: opid_index: -1 OBSOLETE_local: true peers { permanent_uuid: "c941f8983fc0496b9f12b4f380ebe41c" member_type: VOTER }
I20260608 12:51:51.748441  5540 raft_consensus.cc:399] T 00000000000000000000000000000000 P c941f8983fc0496b9f12b4f380ebe41c [term 0 FOLLOWER]: Only one voter in the Raft config. Triggering election immediately
I20260608 12:51:51.748653  5540 raft_consensus.cc:493] T 00000000000000000000000000000000 P c941f8983fc0496b9f12b4f380ebe41c [term 0 FOLLOWER]: Starting leader election (initial election of a single-replica configuration)
I20260608 12:51:51.748870  5540 raft_consensus.cc:3060] T 00000000000000000000000000000000 P c941f8983fc0496b9f12b4f380ebe41c [term 0 FOLLOWER]: Advancing to term 1
I20260608 12:51:51.752635  5540 raft_consensus.cc:515] T 00000000000000000000000000000000 P c941f8983fc0496b9f12b4f380ebe41c [term 1 FOLLOWER]: Starting leader election with config: opid_index: -1 OBSOLETE_local: true peers { permanent_uuid: "c941f8983fc0496b9f12b4f380ebe41c" member_type: VOTER }
I20260608 12:51:51.753098  5540 leader_election.cc:304] T 00000000000000000000000000000000 P c941f8983fc0496b9f12b4f380ebe41c [CANDIDATE]: Term 1 election: Election decided. Result: candidate won. Election summary: received 1 responses out of 1 voters: 1 yes votes; 0 no votes. yes voters: c941f8983fc0496b9f12b4f380ebe41c; no voters: 
I20260608 12:51:51.754117  5540 leader_election.cc:290] T 00000000000000000000000000000000 P c941f8983fc0496b9f12b4f380ebe41c [CANDIDATE]: Term 1 election: Requested vote from peers 
I20260608 12:51:51.754426  5543 raft_consensus.cc:2804] T 00000000000000000000000000000000 P c941f8983fc0496b9f12b4f380ebe41c [term 1 FOLLOWER]: Leader election won for term 1
I20260608 12:51:51.755676  5543 raft_consensus.cc:697] T 00000000000000000000000000000000 P c941f8983fc0496b9f12b4f380ebe41c [term 1 LEADER]: Becoming Leader. State: Replica: c941f8983fc0496b9f12b4f380ebe41c, State: Running, Role: LEADER
I20260608 12:51:51.756333  5543 consensus_queue.cc:237] T 00000000000000000000000000000000 P c941f8983fc0496b9f12b4f380ebe41c [LEADER]: Queue going to LEADER mode. State: All replicated index: 0, Majority replicated index: 0, Committed index: 0, Last appended: 0.0, Last appended by leader: 0, Current term: 1, Majority size: 1, State: 0, Mode: LEADER, active raft config: opid_index: -1 OBSOLETE_local: true peers { permanent_uuid: "c941f8983fc0496b9f12b4f380ebe41c" member_type: VOTER }
I20260608 12:51:51.756954  5540 sys_catalog.cc:565] T 00000000000000000000000000000000 P c941f8983fc0496b9f12b4f380ebe41c [sys.catalog]: configured and running, proceeding with master startup.
I20260608 12:51:51.759753  5544 sys_catalog.cc:455] T 00000000000000000000000000000000 P c941f8983fc0496b9f12b4f380ebe41c [sys.catalog]: SysCatalogTable state changed. Reason: RaftConsensus started. Latest consensus state: current_term: 1 leader_uuid: "c941f8983fc0496b9f12b4f380ebe41c" committed_config { opid_index: -1 OBSOLETE_local: true peers { permanent_uuid: "c941f8983fc0496b9f12b4f380ebe41c" member_type: VOTER } }
I20260608 12:51:51.759956  5545 sys_catalog.cc:455] T 00000000000000000000000000000000 P c941f8983fc0496b9f12b4f380ebe41c [sys.catalog]: SysCatalogTable state changed. Reason: New leader c941f8983fc0496b9f12b4f380ebe41c. Latest consensus state: current_term: 1 leader_uuid: "c941f8983fc0496b9f12b4f380ebe41c" committed_config { opid_index: -1 OBSOLETE_local: true peers { permanent_uuid: "c941f8983fc0496b9f12b4f380ebe41c" member_type: VOTER } }
I20260608 12:51:51.760408  5544 sys_catalog.cc:458] T 00000000000000000000000000000000 P c941f8983fc0496b9f12b4f380ebe41c [sys.catalog]: This master's current role is: LEADER
I20260608 12:51:51.761132  5545 sys_catalog.cc:458] T 00000000000000000000000000000000 P c941f8983fc0496b9f12b4f380ebe41c [sys.catalog]: This master's current role is: LEADER
I20260608 12:51:51.765600  5550 catalog_manager.cc:1510] Loading table and tablet metadata into memory...
I20260608 12:51:51.770810  5550 catalog_manager.cc:1519] Initializing Kudu cluster ID...
I20260608 12:51:51.773485  4941 internal_mini_cluster.cc:184] Waiting to initialize catalog manager on master 0
I20260608 12:51:51.780154  5550 catalog_manager.cc:1382] Generated new cluster ID: cf1426cd64894d0fb6638566e4c9c014
I20260608 12:51:51.780411  5550 catalog_manager.cc:1530] Initializing Kudu internal certificate authority...
I20260608 12:51:51.803689  5550 catalog_manager.cc:1405] Generated new certificate authority record
I20260608 12:51:51.804883  5550 catalog_manager.cc:1539] Loading token signing keys...
I20260608 12:51:51.816269  5550 catalog_manager.cc:6069] T 00000000000000000000000000000000 P c941f8983fc0496b9f12b4f380ebe41c: Generated new TSK 0
I20260608 12:51:51.816851  5550 catalog_manager.cc:1549] Initializing in-progress tserver states...
I20260608 12:51:51.842329  4941 file_cache.cc:492] Constructed file cache file cache with capacity 419430
W20260608 12:51:51.847999  5561 instance_detector.cc:116] could not retrieve AWS instance metadata: Network error: curl error: HTTP response code said error: The requested URL returned error: 404
W20260608 12:51:51.848778  5562 instance_detector.cc:116] could not retrieve Azure instance metadata: Network error: curl error: HTTP response code said error: The requested URL returned error: 404
W20260608 12:51:51.850836  5564 instance_detector.cc:116] could not retrieve OpenStack instance metadata: Network error: curl error: HTTP response code said error: The requested URL returned error: 404
I20260608 12:51:51.855013  4941 server_base.cc:1061] running on GCE node
I20260608 12:51:51.856038  4941 hybrid_clock.cc:584] initializing the hybrid clock with 'system_unsync' time source
W20260608 12:51:51.856230  4941 system_unsync_time.cc:38] NTP support is disabled. Clock error bounds will not be accurate. This configuration is not suitable for distributed clusters.
I20260608 12:51:51.856388  4941 hybrid_clock.cc:648] HybridClock initialized: now 1780923111856371 us; error 0 us; skew 500 ppm
I20260608 12:51:51.856935  4941 server_base.cc:861] Flag tcmalloc_max_total_thread_cache_bytes is not working since tcmalloc is not enabled.
I20260608 12:51:51.859308  4941 webserver.cc:533] Webserver started at http://127.4.211.65:44599/ using document root <none> and password file <none>
I20260608 12:51:51.859774  4941 fs_manager.cc:362] Metadata directory not provided
I20260608 12:51:51.859933  4941 fs_manager.cc:368] Using write-ahead log directory (fs_wal_dir) as metadata directory
I20260608 12:51:51.860148  4941 server_base.cc:909] This appears to be a new deployment of Kudu; creating new FS layout
I20260608 12:51:51.861178  4941 fs_manager.cc:1068] Generated new instance metadata in path /tmp/dist-test-taskkiA03l/test-tmp/auto_rebalancer-test.0.AutoRebalancerTest.AutoRebalancingTurnOffAndOn.1780923106854226-4941-0/minicluster-data/ts-0-root/instance:
uuid: "48dc28653f934e83a3111536bf9cd844"
format_stamp: "Formatted at 2026-06-08 12:51:51 on dist-test-slave-bvz8"
I20260608 12:51:51.865404  4941 fs_manager.cc:696] Time spent creating directory manager: real 0.004s	user 0.004s	sys 0.000s
I20260608 12:51:51.868688  5569 log_block_manager.cc:4031] Time spent loading block containers with low live blocks: real 0.000s	user 0.000s	sys 0.000s
I20260608 12:51:51.869381  4941 fs_manager.cc:730] Time spent opening block manager: real 0.002s	user 0.003s	sys 0.000s
I20260608 12:51:51.869655  4941 fs_manager.cc:647] Opened local filesystem: /tmp/dist-test-taskkiA03l/test-tmp/auto_rebalancer-test.0.AutoRebalancerTest.AutoRebalancingTurnOffAndOn.1780923106854226-4941-0/minicluster-data/ts-0-root
uuid: "48dc28653f934e83a3111536bf9cd844"
format_stamp: "Formatted at 2026-06-08 12:51:51 on dist-test-slave-bvz8"
I20260608 12:51:51.869894  4941 fs_report.cc:389] FS layout report
--------------------
wal directory: /tmp/dist-test-taskkiA03l/test-tmp/auto_rebalancer-test.0.AutoRebalancerTest.AutoRebalancingTurnOffAndOn.1780923106854226-4941-0/minicluster-data/ts-0-root
metadata directory: /tmp/dist-test-taskkiA03l/test-tmp/auto_rebalancer-test.0.AutoRebalancerTest.AutoRebalancingTurnOffAndOn.1780923106854226-4941-0/minicluster-data/ts-0-root
1 data directories: /tmp/dist-test-taskkiA03l/test-tmp/auto_rebalancer-test.0.AutoRebalancerTest.AutoRebalancingTurnOffAndOn.1780923106854226-4941-0/minicluster-data/ts-0-root/data
Total live blocks: 0
Total live bytes: 0
Total live bytes (after alignment): 0
Total number of LBM containers: 0 (0 full)
Did not check for missing blocks
Did not check for orphaned blocks
Total full LBM containers with extra space: 0 (0 repaired)
Total full LBM container extra space in bytes: 0 (0 repaired)
Total incomplete LBM containers: 0 (0 repaired)
Total LBM partial records: 0 (0 repaired)
Total corrupted LBM metadata records in RocksDB: 0 (0 repaired)
I20260608 12:51:51.893958  4941 rpc_server.cc:225] running with OpenSSL 1.1.1  11 Sep 2018
I20260608 12:51:51.894974  4941 kserver.cc:163] Server-wide thread pool size limit: 3276
I20260608 12:51:51.896377  4941 txn_system_client.cc:432] TxnSystemClient initialization is disabled...
I20260608 12:51:51.898553  4941 ts_tablet_manager.cc:585] Loaded tablet metadata (0 total tablets, 0 live tablets)
I20260608 12:51:51.898742  4941 ts_tablet_manager.cc:531] Time spent load tablet metadata: real 0.000s	user 0.000s	sys 0.000s
I20260608 12:51:51.898967  4941 ts_tablet_manager.cc:616] Registered 0 tablets
I20260608 12:51:51.899111  4941 ts_tablet_manager.cc:595] Time spent register tablets: real 0.000s	user 0.000s	sys 0.000s
I20260608 12:51:51.935514  4941 rpc_server.cc:307] RPC server started. Bound to: 127.4.211.65:42301
I20260608 12:51:51.935616  5631 acceptor_pool.cc:272] collecting diagnostics on the listening RPC socket 127.4.211.65:42301 every 8 connection(s)
I20260608 12:51:51.940490  4941 file_cache.cc:492] Constructed file cache file cache with capacity 419430
W20260608 12:51:51.947315  5636 instance_detector.cc:116] could not retrieve AWS instance metadata: Network error: curl error: HTTP response code said error: The requested URL returned error: 404
W20260608 12:51:51.948601  5637 instance_detector.cc:116] could not retrieve Azure instance metadata: Network error: curl error: HTTP response code said error: The requested URL returned error: 404
W20260608 12:51:51.951658  5639 instance_detector.cc:116] could not retrieve OpenStack instance metadata: Network error: curl error: HTTP response code said error: The requested URL returned error: 404
I20260608 12:51:51.952250  5632 heartbeater.cc:344] Connected to a master server at 127.4.211.126:37173
I20260608 12:51:51.952695  5632 heartbeater.cc:461] Registering TS with master...
I20260608 12:51:51.952768  4941 server_base.cc:1061] running on GCE node
I20260608 12:51:51.953956  5632 heartbeater.cc:507] Master 127.4.211.126:37173 requested a full tablet report, sending...
I20260608 12:51:51.954188  4941 hybrid_clock.cc:584] initializing the hybrid clock with 'system_unsync' time source
W20260608 12:51:51.954455  4941 system_unsync_time.cc:38] NTP support is disabled. Clock error bounds will not be accurate. This configuration is not suitable for distributed clusters.
I20260608 12:51:51.954653  4941 hybrid_clock.cc:648] HybridClock initialized: now 1780923111954634 us; error 0 us; skew 500 ppm
I20260608 12:51:51.955394  4941 server_base.cc:861] Flag tcmalloc_max_total_thread_cache_bytes is not working since tcmalloc is not enabled.
I20260608 12:51:51.956277  5505 ts_manager.cc:194] Registered new tserver with Master: 48dc28653f934e83a3111536bf9cd844 (127.4.211.65:42301)
I20260608 12:51:51.958047  4941 webserver.cc:533] Webserver started at http://127.4.211.66:40569/ using document root <none> and password file <none>
I20260608 12:51:51.958402  5505 master_service.cc:502] Signed X509 certificate for tserver {username='slave'} at 127.0.0.1:41186
I20260608 12:51:51.958659  4941 fs_manager.cc:362] Metadata directory not provided
I20260608 12:51:51.958886  4941 fs_manager.cc:368] Using write-ahead log directory (fs_wal_dir) as metadata directory
I20260608 12:51:51.959153  4941 server_base.cc:909] This appears to be a new deployment of Kudu; creating new FS layout
I20260608 12:51:51.960625  4941 fs_manager.cc:1068] Generated new instance metadata in path /tmp/dist-test-taskkiA03l/test-tmp/auto_rebalancer-test.0.AutoRebalancerTest.AutoRebalancingTurnOffAndOn.1780923106854226-4941-0/minicluster-data/ts-1-root/instance:
uuid: "1d3ac415b3c049dca67b6933042c8aa8"
format_stamp: "Formatted at 2026-06-08 12:51:51 on dist-test-slave-bvz8"
I20260608 12:51:51.964921  4941 fs_manager.cc:696] Time spent creating directory manager: real 0.004s	user 0.002s	sys 0.002s
I20260608 12:51:51.968021  5644 log_block_manager.cc:4031] Time spent loading block containers with low live blocks: real 0.000s	user 0.000s	sys 0.000s
I20260608 12:51:51.968830  4941 fs_manager.cc:730] Time spent opening block manager: real 0.002s	user 0.002s	sys 0.001s
I20260608 12:51:51.969089  4941 fs_manager.cc:647] Opened local filesystem: /tmp/dist-test-taskkiA03l/test-tmp/auto_rebalancer-test.0.AutoRebalancerTest.AutoRebalancingTurnOffAndOn.1780923106854226-4941-0/minicluster-data/ts-1-root
uuid: "1d3ac415b3c049dca67b6933042c8aa8"
format_stamp: "Formatted at 2026-06-08 12:51:51 on dist-test-slave-bvz8"
I20260608 12:51:51.969379  4941 fs_report.cc:389] FS layout report
--------------------
wal directory: /tmp/dist-test-taskkiA03l/test-tmp/auto_rebalancer-test.0.AutoRebalancerTest.AutoRebalancingTurnOffAndOn.1780923106854226-4941-0/minicluster-data/ts-1-root
metadata directory: /tmp/dist-test-taskkiA03l/test-tmp/auto_rebalancer-test.0.AutoRebalancerTest.AutoRebalancingTurnOffAndOn.1780923106854226-4941-0/minicluster-data/ts-1-root
1 data directories: /tmp/dist-test-taskkiA03l/test-tmp/auto_rebalancer-test.0.AutoRebalancerTest.AutoRebalancingTurnOffAndOn.1780923106854226-4941-0/minicluster-data/ts-1-root/data
Total live blocks: 0
Total live bytes: 0
Total live bytes (after alignment): 0
Total number of LBM containers: 0 (0 full)
Did not check for missing blocks
Did not check for orphaned blocks
Total full LBM containers with extra space: 0 (0 repaired)
Total full LBM container extra space in bytes: 0 (0 repaired)
Total incomplete LBM containers: 0 (0 repaired)
Total LBM partial records: 0 (0 repaired)
Total corrupted LBM metadata records in RocksDB: 0 (0 repaired)
I20260608 12:51:51.979368  4941 rpc_server.cc:225] running with OpenSSL 1.1.1  11 Sep 2018
I20260608 12:51:51.980427  4941 kserver.cc:163] Server-wide thread pool size limit: 3276
I20260608 12:51:51.981786  4941 txn_system_client.cc:432] TxnSystemClient initialization is disabled...
I20260608 12:51:51.983992  4941 ts_tablet_manager.cc:585] Loaded tablet metadata (0 total tablets, 0 live tablets)
I20260608 12:51:51.984184  4941 ts_tablet_manager.cc:531] Time spent load tablet metadata: real 0.000s	user 0.000s	sys 0.000s
I20260608 12:51:51.984428  4941 ts_tablet_manager.cc:616] Registered 0 tablets
I20260608 12:51:51.984582  4941 ts_tablet_manager.cc:595] Time spent register tablets: real 0.000s	user 0.000s	sys 0.000s
I20260608 12:51:52.019411  4941 rpc_server.cc:307] RPC server started. Bound to: 127.4.211.66:43063
I20260608 12:51:52.019515  5706 acceptor_pool.cc:272] collecting diagnostics on the listening RPC socket 127.4.211.66:43063 every 8 connection(s)
I20260608 12:51:52.024127  4941 file_cache.cc:492] Constructed file cache file cache with capacity 419430
W20260608 12:51:52.030876  5711 instance_detector.cc:116] could not retrieve Azure instance metadata: Network error: curl error: HTTP response code said error: The requested URL returned error: 404
W20260608 12:51:52.031737  5710 instance_detector.cc:116] could not retrieve AWS instance metadata: Network error: curl error: HTTP response code said error: The requested URL returned error: 404
W20260608 12:51:52.032668  5713 instance_detector.cc:116] could not retrieve OpenStack instance metadata: Network error: curl error: HTTP response code said error: The requested URL returned error: 404
I20260608 12:51:52.035187  4941 server_base.cc:1061] running on GCE node
I20260608 12:51:52.036108  4941 hybrid_clock.cc:584] initializing the hybrid clock with 'system_unsync' time source
W20260608 12:51:52.036403  4941 system_unsync_time.cc:38] NTP support is disabled. Clock error bounds will not be accurate. This configuration is not suitable for distributed clusters.
I20260608 12:51:52.036517  5707 heartbeater.cc:344] Connected to a master server at 127.4.211.126:37173
I20260608 12:51:52.036638  4941 hybrid_clock.cc:648] HybridClock initialized: now 1780923112036606 us; error 0 us; skew 500 ppm
I20260608 12:51:52.036966  5707 heartbeater.cc:461] Registering TS with master...
I20260608 12:51:52.037348  4941 server_base.cc:861] Flag tcmalloc_max_total_thread_cache_bytes is not working since tcmalloc is not enabled.
I20260608 12:51:52.037693  5707 heartbeater.cc:507] Master 127.4.211.126:37173 requested a full tablet report, sending...
I20260608 12:51:52.039860  5505 ts_manager.cc:194] Registered new tserver with Master: 1d3ac415b3c049dca67b6933042c8aa8 (127.4.211.66:43063)
I20260608 12:51:52.040073  4941 webserver.cc:533] Webserver started at http://127.4.211.67:36737/ using document root <none> and password file <none>
I20260608 12:51:52.040679  4941 fs_manager.cc:362] Metadata directory not provided
I20260608 12:51:52.040870  4941 fs_manager.cc:368] Using write-ahead log directory (fs_wal_dir) as metadata directory
I20260608 12:51:52.041112  4941 server_base.cc:909] This appears to be a new deployment of Kudu; creating new FS layout
I20260608 12:51:52.041366  5505 master_service.cc:502] Signed X509 certificate for tserver {username='slave'} at 127.0.0.1:41200
I20260608 12:51:52.042146  4941 fs_manager.cc:1068] Generated new instance metadata in path /tmp/dist-test-taskkiA03l/test-tmp/auto_rebalancer-test.0.AutoRebalancerTest.AutoRebalancingTurnOffAndOn.1780923106854226-4941-0/minicluster-data/ts-2-root/instance:
uuid: "7e25ed38a4894c8998c4df520dbca087"
format_stamp: "Formatted at 2026-06-08 12:51:52 on dist-test-slave-bvz8"
I20260608 12:51:52.046530  4941 fs_manager.cc:696] Time spent creating directory manager: real 0.004s	user 0.006s	sys 0.000s
I20260608 12:51:52.049747  5718 log_block_manager.cc:4031] Time spent loading block containers with low live blocks: real 0.000s	user 0.000s	sys 0.000s
I20260608 12:51:52.050526  4941 fs_manager.cc:730] Time spent opening block manager: real 0.002s	user 0.003s	sys 0.000s
I20260608 12:51:52.050812  4941 fs_manager.cc:647] Opened local filesystem: /tmp/dist-test-taskkiA03l/test-tmp/auto_rebalancer-test.0.AutoRebalancerTest.AutoRebalancingTurnOffAndOn.1780923106854226-4941-0/minicluster-data/ts-2-root
uuid: "7e25ed38a4894c8998c4df520dbca087"
format_stamp: "Formatted at 2026-06-08 12:51:52 on dist-test-slave-bvz8"
I20260608 12:51:52.051064  4941 fs_report.cc:389] FS layout report
--------------------
wal directory: /tmp/dist-test-taskkiA03l/test-tmp/auto_rebalancer-test.0.AutoRebalancerTest.AutoRebalancingTurnOffAndOn.1780923106854226-4941-0/minicluster-data/ts-2-root
metadata directory: /tmp/dist-test-taskkiA03l/test-tmp/auto_rebalancer-test.0.AutoRebalancerTest.AutoRebalancingTurnOffAndOn.1780923106854226-4941-0/minicluster-data/ts-2-root
1 data directories: /tmp/dist-test-taskkiA03l/test-tmp/auto_rebalancer-test.0.AutoRebalancerTest.AutoRebalancingTurnOffAndOn.1780923106854226-4941-0/minicluster-data/ts-2-root/data
Total live blocks: 0
Total live bytes: 0
Total live bytes (after alignment): 0
Total number of LBM containers: 0 (0 full)
Did not check for missing blocks
Did not check for orphaned blocks
Total full LBM containers with extra space: 0 (0 repaired)
Total full LBM container extra space in bytes: 0 (0 repaired)
Total incomplete LBM containers: 0 (0 repaired)
Total LBM partial records: 0 (0 repaired)
Total corrupted LBM metadata records in RocksDB: 0 (0 repaired)
I20260608 12:51:52.063118  4941 rpc_server.cc:225] running with OpenSSL 1.1.1  11 Sep 2018
I20260608 12:51:52.064168  4941 kserver.cc:163] Server-wide thread pool size limit: 3276
I20260608 12:51:52.065503  4941 txn_system_client.cc:432] TxnSystemClient initialization is disabled...
I20260608 12:51:52.067700  4941 ts_tablet_manager.cc:585] Loaded tablet metadata (0 total tablets, 0 live tablets)
I20260608 12:51:52.067899  4941 ts_tablet_manager.cc:531] Time spent load tablet metadata: real 0.000s	user 0.000s	sys 0.000s
I20260608 12:51:52.068127  4941 ts_tablet_manager.cc:616] Registered 0 tablets
I20260608 12:51:52.068282  4941 ts_tablet_manager.cc:595] Time spent register tablets: real 0.000s	user 0.000s	sys 0.000s
I20260608 12:51:52.104630  4941 rpc_server.cc:307] RPC server started. Bound to: 127.4.211.67:44349
I20260608 12:51:52.104725  5780 acceptor_pool.cc:272] collecting diagnostics on the listening RPC socket 127.4.211.67:44349 every 8 connection(s)
I20260608 12:51:52.118288  5781 heartbeater.cc:344] Connected to a master server at 127.4.211.126:37173
I20260608 12:51:52.118664  5781 heartbeater.cc:461] Registering TS with master...
I20260608 12:51:52.119433  5781 heartbeater.cc:507] Master 127.4.211.126:37173 requested a full tablet report, sending...
I20260608 12:51:52.121387  5505 ts_manager.cc:194] Registered new tserver with Master: 7e25ed38a4894c8998c4df520dbca087 (127.4.211.67:44349)
I20260608 12:51:52.122154  4941 internal_mini_cluster.cc:371] 3 TS(s) registered with all masters after 0.014271459s
I20260608 12:51:52.122690  5505 master_service.cc:502] Signed X509 certificate for tserver {username='slave'} at 127.0.0.1:41212
I20260608 12:51:52.961123  5632 heartbeater.cc:499] Master 127.4.211.126:37173 was elected leader, sending a full tablet report...
I20260608 12:51:53.043785  5707 heartbeater.cc:499] Master 127.4.211.126:37173 was elected leader, sending a full tablet report...
I20260608 12:51:53.125201  5781 heartbeater.cc:499] Master 127.4.211.126:37173 was elected leader, sending a full tablet report...
I20260608 12:51:53.176187  5505 catalog_manager.cc:2282] Servicing CreateTable request from {username='slave'} at 127.0.0.1:41214:
name: "test-workload"
schema {
  columns {
    name: "key"
    type: INT32
    is_key: true
    is_nullable: false
    encoding: AUTO_ENCODING
    compression: DEFAULT_COMPRESSION
    cfile_block_size: 0
    immutable: false
  }
  columns {
    name: "int_val"
    type: INT32
    is_key: false
    is_nullable: false
    encoding: AUTO_ENCODING
    compression: DEFAULT_COMPRESSION
    cfile_block_size: 0
    immutable: false
  }
  columns {
    name: "string_val"
    type: STRING
    is_key: false
    is_nullable: true
    encoding: AUTO_ENCODING
    compression: DEFAULT_COMPRESSION
    cfile_block_size: 0
    immutable: false
  }
}
num_replicas: 3
split_rows_range_bounds {
  rows: "\004\001\000\377\377\377\017\004\001\000\376\377\377\037\004\001\000\375\377\377/\004\001\000\374\377\377?\004\001\000\373\377\377O\004\001\000\372\377\377_\004\001\000\371\377\377o""\004\001\000\377\377\377\017\004\001\000\376\377\377\037\004\001\000\375\377\377/\004\001\000\374\377\377?\004\001\000\373\377\377O\004\001\000\372\377\377_\004\001\000\371\377\377o"
  indirect_data: """"
}
partition_schema {
  range_schema {
    columns {
      name: "key"
    }
  }
}
W20260608 12:51:53.178900  5505 catalog_manager.cc:7076] The number of live tablet servers is not enough to re-replicate a tablet replica of the newly created table test-workload in case of a server failure: 4 tablet servers would be needed, 3 are available. Consider bringing up more tablet servers.
I20260608 12:51:53.242152  5672 tablet_service.cc:1511] Processing CreateTablet for tablet 6e956d5dee014397a7dfbb7c890ea443 (DEFAULT_TABLE table=test-workload [id=1aebcc3d2e6e4a538bd4d640aa1249b9]), partition=RANGE (key) PARTITION VALUES < 268435455
I20260608 12:51:53.242334  5670 tablet_service.cc:1511] Processing CreateTablet for tablet 0a3aaa6fed844c988e27525e779e9b1a (DEFAULT_TABLE table=test-workload [id=1aebcc3d2e6e4a538bd4d640aa1249b9]), partition=RANGE (key) PARTITION 536870910 <= VALUES < 805306365
I20260608 12:51:53.243585  5672 data_dirs.cc:400] Could only allocate 1 dirs of requested 3 for tablet 6e956d5dee014397a7dfbb7c890ea443. 1 dirs total, 0 dirs full, 0 dirs failed
I20260608 12:51:53.244189  5670 data_dirs.cc:400] Could only allocate 1 dirs of requested 3 for tablet 0a3aaa6fed844c988e27525e779e9b1a. 1 dirs total, 0 dirs full, 0 dirs failed
I20260608 12:51:53.245643  5671 tablet_service.cc:1511] Processing CreateTablet for tablet 49d2cdcdbab848d9afb7323ead3b809e (DEFAULT_TABLE table=test-workload [id=1aebcc3d2e6e4a538bd4d640aa1249b9]), partition=RANGE (key) PARTITION 268435455 <= VALUES < 536870910
I20260608 12:51:53.246973  5671 data_dirs.cc:400] Could only allocate 1 dirs of requested 3 for tablet 49d2cdcdbab848d9afb7323ead3b809e. 1 dirs total, 0 dirs full, 0 dirs failed
I20260608 12:51:53.250005  5669 tablet_service.cc:1511] Processing CreateTablet for tablet c69184ff42c146e798df606a868a6d61 (DEFAULT_TABLE table=test-workload [id=1aebcc3d2e6e4a538bd4d640aa1249b9]), partition=RANGE (key) PARTITION 805306365 <= VALUES < 1073741820
I20260608 12:51:53.251506  5669 data_dirs.cc:400] Could only allocate 1 dirs of requested 3 for tablet c69184ff42c146e798df606a868a6d61. 1 dirs total, 0 dirs full, 0 dirs failed
I20260608 12:51:53.255014  5668 tablet_service.cc:1511] Processing CreateTablet for tablet ffdccabbba3f4132a6023caf6ea6cd8c (DEFAULT_TABLE table=test-workload [id=1aebcc3d2e6e4a538bd4d640aa1249b9]), partition=RANGE (key) PARTITION 1073741820 <= VALUES < 1342177275
I20260608 12:51:53.259323  5668 data_dirs.cc:400] Could only allocate 1 dirs of requested 3 for tablet ffdccabbba3f4132a6023caf6ea6cd8c. 1 dirs total, 0 dirs full, 0 dirs failed
I20260608 12:51:53.265664  5597 tablet_service.cc:1511] Processing CreateTablet for tablet 6e956d5dee014397a7dfbb7c890ea443 (DEFAULT_TABLE table=test-workload [id=1aebcc3d2e6e4a538bd4d640aa1249b9]), partition=RANGE (key) PARTITION VALUES < 268435455
I20260608 12:51:53.267088  5597 data_dirs.cc:400] Could only allocate 1 dirs of requested 3 for tablet 6e956d5dee014397a7dfbb7c890ea443. 1 dirs total, 0 dirs full, 0 dirs failed
I20260608 12:51:53.270442  5667 tablet_service.cc:1511] Processing CreateTablet for tablet 79c7783a41a54efbb5385581d29fc222 (DEFAULT_TABLE table=test-workload [id=1aebcc3d2e6e4a538bd4d640aa1249b9]), partition=RANGE (key) PARTITION 1342177275 <= VALUES < 1610612730
I20260608 12:51:53.271914  5667 data_dirs.cc:400] Could only allocate 1 dirs of requested 3 for tablet 79c7783a41a54efbb5385581d29fc222. 1 dirs total, 0 dirs full, 0 dirs failed
I20260608 12:51:53.274029  5666 tablet_service.cc:1511] Processing CreateTablet for tablet be3ce132d8e24ff2a1bf3fdfdab9887c (DEFAULT_TABLE table=test-workload [id=1aebcc3d2e6e4a538bd4d640aa1249b9]), partition=RANGE (key) PARTITION 1610612730 <= VALUES < 1879048185
I20260608 12:51:53.275367  5666 data_dirs.cc:400] Could only allocate 1 dirs of requested 3 for tablet be3ce132d8e24ff2a1bf3fdfdab9887c. 1 dirs total, 0 dirs full, 0 dirs failed
I20260608 12:51:53.276121  5596 tablet_service.cc:1511] Processing CreateTablet for tablet 49d2cdcdbab848d9afb7323ead3b809e (DEFAULT_TABLE table=test-workload [id=1aebcc3d2e6e4a538bd4d640aa1249b9]), partition=RANGE (key) PARTITION 268435455 <= VALUES < 536870910
I20260608 12:51:53.277484  5596 data_dirs.cc:400] Could only allocate 1 dirs of requested 3 for tablet 49d2cdcdbab848d9afb7323ead3b809e. 1 dirs total, 0 dirs full, 0 dirs failed
I20260608 12:51:53.288756  5595 tablet_service.cc:1511] Processing CreateTablet for tablet 0a3aaa6fed844c988e27525e779e9b1a (DEFAULT_TABLE table=test-workload [id=1aebcc3d2e6e4a538bd4d640aa1249b9]), partition=RANGE (key) PARTITION 536870910 <= VALUES < 805306365
I20260608 12:51:53.290295  5595 data_dirs.cc:400] Could only allocate 1 dirs of requested 3 for tablet 0a3aaa6fed844c988e27525e779e9b1a. 1 dirs total, 0 dirs full, 0 dirs failed
I20260608 12:51:53.292479  5594 tablet_service.cc:1511] Processing CreateTablet for tablet c69184ff42c146e798df606a868a6d61 (DEFAULT_TABLE table=test-workload [id=1aebcc3d2e6e4a538bd4d640aa1249b9]), partition=RANGE (key) PARTITION 805306365 <= VALUES < 1073741820
I20260608 12:51:53.293874  5594 data_dirs.cc:400] Could only allocate 1 dirs of requested 3 for tablet c69184ff42c146e798df606a868a6d61. 1 dirs total, 0 dirs full, 0 dirs failed
I20260608 12:51:53.295451  5745 tablet_service.cc:1511] Processing CreateTablet for tablet 49d2cdcdbab848d9afb7323ead3b809e (DEFAULT_TABLE table=test-workload [id=1aebcc3d2e6e4a538bd4d640aa1249b9]), partition=RANGE (key) PARTITION 268435455 <= VALUES < 536870910
I20260608 12:51:53.295558  5746 tablet_service.cc:1511] Processing CreateTablet for tablet 6e956d5dee014397a7dfbb7c890ea443 (DEFAULT_TABLE table=test-workload [id=1aebcc3d2e6e4a538bd4d640aa1249b9]), partition=RANGE (key) PARTITION VALUES < 268435455
I20260608 12:51:53.297115  5746 data_dirs.cc:400] Could only allocate 1 dirs of requested 3 for tablet 6e956d5dee014397a7dfbb7c890ea443. 1 dirs total, 0 dirs full, 0 dirs failed
I20260608 12:51:53.297746  5745 data_dirs.cc:400] Could only allocate 1 dirs of requested 3 for tablet 49d2cdcdbab848d9afb7323ead3b809e. 1 dirs total, 0 dirs full, 0 dirs failed
I20260608 12:51:53.316447  5744 tablet_service.cc:1511] Processing CreateTablet for tablet 0a3aaa6fed844c988e27525e779e9b1a (DEFAULT_TABLE table=test-workload [id=1aebcc3d2e6e4a538bd4d640aa1249b9]), partition=RANGE (key) PARTITION 536870910 <= VALUES < 805306365
I20260608 12:51:53.317955  5744 data_dirs.cc:400] Could only allocate 1 dirs of requested 3 for tablet 0a3aaa6fed844c988e27525e779e9b1a. 1 dirs total, 0 dirs full, 0 dirs failed
I20260608 12:51:53.321614  5743 tablet_service.cc:1511] Processing CreateTablet for tablet c69184ff42c146e798df606a868a6d61 (DEFAULT_TABLE table=test-workload [id=1aebcc3d2e6e4a538bd4d640aa1249b9]), partition=RANGE (key) PARTITION 805306365 <= VALUES < 1073741820
I20260608 12:51:53.322371  5667 tablet_service.cc:1511] Processing CreateTablet for tablet e58f1c4589024f42b67a9511bccabf63 (DEFAULT_TABLE table=test-workload [id=1aebcc3d2e6e4a538bd4d640aa1249b9]), partition=RANGE (key) PARTITION 1879048185 <= VALUES
I20260608 12:51:53.323190  5743 data_dirs.cc:400] Could only allocate 1 dirs of requested 3 for tablet c69184ff42c146e798df606a868a6d61. 1 dirs total, 0 dirs full, 0 dirs failed
I20260608 12:51:53.329885  5592 tablet_service.cc:1511] Processing CreateTablet for tablet 79c7783a41a54efbb5385581d29fc222 (DEFAULT_TABLE table=test-workload [id=1aebcc3d2e6e4a538bd4d640aa1249b9]), partition=RANGE (key) PARTITION 1342177275 <= VALUES < 1610612730
I20260608 12:51:53.331173  5592 data_dirs.cc:400] Could only allocate 1 dirs of requested 3 for tablet 79c7783a41a54efbb5385581d29fc222. 1 dirs total, 0 dirs full, 0 dirs failed
I20260608 12:51:53.322747  5590 tablet_service.cc:1511] Processing CreateTablet for tablet e58f1c4589024f42b67a9511bccabf63 (DEFAULT_TABLE table=test-workload [id=1aebcc3d2e6e4a538bd4d640aa1249b9]), partition=RANGE (key) PARTITION 1879048185 <= VALUES
I20260608 12:51:53.324012  5739 tablet_service.cc:1511] Processing CreateTablet for tablet e58f1c4589024f42b67a9511bccabf63 (DEFAULT_TABLE table=test-workload [id=1aebcc3d2e6e4a538bd4d640aa1249b9]), partition=RANGE (key) PARTITION 1879048185 <= VALUES
I20260608 12:51:53.324601  5742 tablet_service.cc:1511] Processing CreateTablet for tablet ffdccabbba3f4132a6023caf6ea6cd8c (DEFAULT_TABLE table=test-workload [id=1aebcc3d2e6e4a538bd4d640aa1249b9]), partition=RANGE (key) PARTITION 1073741820 <= VALUES < 1342177275
I20260608 12:51:53.326360  5741 tablet_service.cc:1511] Processing CreateTablet for tablet 79c7783a41a54efbb5385581d29fc222 (DEFAULT_TABLE table=test-workload [id=1aebcc3d2e6e4a538bd4d640aa1249b9]), partition=RANGE (key) PARTITION 1342177275 <= VALUES < 1610612730
I20260608 12:51:53.328096  5740 tablet_service.cc:1511] Processing CreateTablet for tablet be3ce132d8e24ff2a1bf3fdfdab9887c (DEFAULT_TABLE table=test-workload [id=1aebcc3d2e6e4a538bd4d640aa1249b9]), partition=RANGE (key) PARTITION 1610612730 <= VALUES < 1879048185
I20260608 12:51:53.333879  5590 data_dirs.cc:400] Could only allocate 1 dirs of requested 3 for tablet e58f1c4589024f42b67a9511bccabf63. 1 dirs total, 0 dirs full, 0 dirs failed
I20260608 12:51:53.332921  5739 data_dirs.cc:400] Could only allocate 1 dirs of requested 3 for tablet e58f1c4589024f42b67a9511bccabf63. 1 dirs total, 0 dirs full, 0 dirs failed
I20260608 12:51:53.336268  5591 tablet_service.cc:1511] Processing CreateTablet for tablet be3ce132d8e24ff2a1bf3fdfdab9887c (DEFAULT_TABLE table=test-workload [id=1aebcc3d2e6e4a538bd4d640aa1249b9]), partition=RANGE (key) PARTITION 1610612730 <= VALUES < 1879048185
I20260608 12:51:53.342669  5593 tablet_service.cc:1511] Processing CreateTablet for tablet ffdccabbba3f4132a6023caf6ea6cd8c (DEFAULT_TABLE table=test-workload [id=1aebcc3d2e6e4a538bd4d640aa1249b9]), partition=RANGE (key) PARTITION 1073741820 <= VALUES < 1342177275
I20260608 12:51:53.343803  5741 data_dirs.cc:400] Could only allocate 1 dirs of requested 3 for tablet 79c7783a41a54efbb5385581d29fc222. 1 dirs total, 0 dirs full, 0 dirs failed
I20260608 12:51:53.344904  5740 data_dirs.cc:400] Could only allocate 1 dirs of requested 3 for tablet be3ce132d8e24ff2a1bf3fdfdab9887c. 1 dirs total, 0 dirs full, 0 dirs failed
I20260608 12:51:53.347543  5742 data_dirs.cc:400] Could only allocate 1 dirs of requested 3 for tablet ffdccabbba3f4132a6023caf6ea6cd8c. 1 dirs total, 0 dirs full, 0 dirs failed
I20260608 12:51:53.353495  5667 data_dirs.cc:400] Could only allocate 1 dirs of requested 3 for tablet e58f1c4589024f42b67a9511bccabf63. 1 dirs total, 0 dirs full, 0 dirs failed
I20260608 12:51:53.360112  5593 data_dirs.cc:400] Could only allocate 1 dirs of requested 3 for tablet ffdccabbba3f4132a6023caf6ea6cd8c. 1 dirs total, 0 dirs full, 0 dirs failed
I20260608 12:51:53.361230  5591 data_dirs.cc:400] Could only allocate 1 dirs of requested 3 for tablet be3ce132d8e24ff2a1bf3fdfdab9887c. 1 dirs total, 0 dirs full, 0 dirs failed
I20260608 12:51:53.377867  5801 tablet_bootstrap.cc:492] T c69184ff42c146e798df606a868a6d61 P 1d3ac415b3c049dca67b6933042c8aa8: Bootstrap starting.
I20260608 12:51:53.402844  5802 tablet_bootstrap.cc:492] T 6e956d5dee014397a7dfbb7c890ea443 P 7e25ed38a4894c8998c4df520dbca087: Bootstrap starting.
I20260608 12:51:53.403236  5803 tablet_bootstrap.cc:492] T 6e956d5dee014397a7dfbb7c890ea443 P 48dc28653f934e83a3111536bf9cd844: Bootstrap starting.
I20260608 12:51:53.422910  5803 tablet_bootstrap.cc:654] T 6e956d5dee014397a7dfbb7c890ea443 P 48dc28653f934e83a3111536bf9cd844: Neither blocks nor log segments found. Creating new log.
I20260608 12:51:53.431151  5802 tablet_bootstrap.cc:654] T 6e956d5dee014397a7dfbb7c890ea443 P 7e25ed38a4894c8998c4df520dbca087: Neither blocks nor log segments found. Creating new log.
I20260608 12:51:53.437860  5801 tablet_bootstrap.cc:654] T c69184ff42c146e798df606a868a6d61 P 1d3ac415b3c049dca67b6933042c8aa8: Neither blocks nor log segments found. Creating new log.
I20260608 12:51:53.443262  5803 tablet_bootstrap.cc:492] T 6e956d5dee014397a7dfbb7c890ea443 P 48dc28653f934e83a3111536bf9cd844: No bootstrap required, opened a new log
I20260608 12:51:53.443769  5803 ts_tablet_manager.cc:1403] T 6e956d5dee014397a7dfbb7c890ea443 P 48dc28653f934e83a3111536bf9cd844: Time spent bootstrapping tablet: real 0.041s	user 0.008s	sys 0.018s
I20260608 12:51:53.443981  5802 tablet_bootstrap.cc:492] T 6e956d5dee014397a7dfbb7c890ea443 P 7e25ed38a4894c8998c4df520dbca087: No bootstrap required, opened a new log
I20260608 12:51:53.444226  5801 tablet_bootstrap.cc:492] T c69184ff42c146e798df606a868a6d61 P 1d3ac415b3c049dca67b6933042c8aa8: No bootstrap required, opened a new log
I20260608 12:51:53.444454  5802 ts_tablet_manager.cc:1403] T 6e956d5dee014397a7dfbb7c890ea443 P 7e25ed38a4894c8998c4df520dbca087: Time spent bootstrapping tablet: real 0.042s	user 0.002s	sys 0.018s
I20260608 12:51:53.444657  5801 ts_tablet_manager.cc:1403] T c69184ff42c146e798df606a868a6d61 P 1d3ac415b3c049dca67b6933042c8aa8: Time spent bootstrapping tablet: real 0.067s	user 0.008s	sys 0.004s
I20260608 12:51:53.446734  5801 raft_consensus.cc:359] T c69184ff42c146e798df606a868a6d61 P 1d3ac415b3c049dca67b6933042c8aa8 [term 0 FOLLOWER]: Replica starting. Triggering 0 pending ops. Active config: opid_index: -1 OBSOLETE_local: false peers { permanent_uuid: "48dc28653f934e83a3111536bf9cd844" member_type: VOTER last_known_addr { host: "127.4.211.65" port: 42301 } } peers { permanent_uuid: "1d3ac415b3c049dca67b6933042c8aa8" member_type: VOTER last_known_addr { host: "127.4.211.66" port: 43063 } } peers { permanent_uuid: "7e25ed38a4894c8998c4df520dbca087" member_type: VOTER last_known_addr { host: "127.4.211.67" port: 44349 } }
I20260608 12:51:53.446587  5803 raft_consensus.cc:359] T 6e956d5dee014397a7dfbb7c890ea443 P 48dc28653f934e83a3111536bf9cd844 [term 0 FOLLOWER]: Replica starting. Triggering 0 pending ops. Active config: opid_index: -1 OBSOLETE_local: false peers { permanent_uuid: "1d3ac415b3c049dca67b6933042c8aa8" member_type: VOTER last_known_addr { host: "127.4.211.66" port: 43063 } } peers { permanent_uuid: "7e25ed38a4894c8998c4df520dbca087" member_type: VOTER last_known_addr { host: "127.4.211.67" port: 44349 } } peers { permanent_uuid: "48dc28653f934e83a3111536bf9cd844" member_type: VOTER last_known_addr { host: "127.4.211.65" port: 42301 } }
I20260608 12:51:53.447299  5801 raft_consensus.cc:385] T c69184ff42c146e798df606a868a6d61 P 1d3ac415b3c049dca67b6933042c8aa8 [term 0 FOLLOWER]: Consensus starting up: Expiring failure detector timer to make a prompt election more likely
I20260608 12:51:53.447384  5803 raft_consensus.cc:385] T 6e956d5dee014397a7dfbb7c890ea443 P 48dc28653f934e83a3111536bf9cd844 [term 0 FOLLOWER]: Consensus starting up: Expiring failure detector timer to make a prompt election more likely
I20260608 12:51:53.447753  5801 raft_consensus.cc:740] T c69184ff42c146e798df606a868a6d61 P 1d3ac415b3c049dca67b6933042c8aa8 [term 0 FOLLOWER]: Becoming Follower/Learner. State: Replica: 1d3ac415b3c049dca67b6933042c8aa8, State: Initialized, Role: FOLLOWER
I20260608 12:51:53.447316  5802 raft_consensus.cc:359] T 6e956d5dee014397a7dfbb7c890ea443 P 7e25ed38a4894c8998c4df520dbca087 [term 0 FOLLOWER]: Replica starting. Triggering 0 pending ops. Active config: opid_index: -1 OBSOLETE_local: false peers { permanent_uuid: "1d3ac415b3c049dca67b6933042c8aa8" member_type: VOTER last_known_addr { host: "127.4.211.66" port: 43063 } } peers { permanent_uuid: "7e25ed38a4894c8998c4df520dbca087" member_type: VOTER last_known_addr { host: "127.4.211.67" port: 44349 } } peers { permanent_uuid: "48dc28653f934e83a3111536bf9cd844" member_type: VOTER last_known_addr { host: "127.4.211.65" port: 42301 } }
I20260608 12:51:53.447954  5803 raft_consensus.cc:740] T 6e956d5dee014397a7dfbb7c890ea443 P 48dc28653f934e83a3111536bf9cd844 [term 0 FOLLOWER]: Becoming Follower/Learner. State: Replica: 48dc28653f934e83a3111536bf9cd844, State: Initialized, Role: FOLLOWER
I20260608 12:51:53.448364  5802 raft_consensus.cc:385] T 6e956d5dee014397a7dfbb7c890ea443 P 7e25ed38a4894c8998c4df520dbca087 [term 0 FOLLOWER]: Consensus starting up: Expiring failure detector timer to make a prompt election more likely
I20260608 12:51:53.448727  5801 consensus_queue.cc:260] T c69184ff42c146e798df606a868a6d61 P 1d3ac415b3c049dca67b6933042c8aa8 [NON_LEADER]: Queue going to NON_LEADER mode. State: All replicated index: 0, Majority replicated index: 0, Committed index: 0, Last appended: 0.0, Last appended by leader: 0, Current term: 0, Majority size: -1, State: 0, Mode: NON_LEADER, active raft config: opid_index: -1 OBSOLETE_local: false peers { permanent_uuid: "48dc28653f934e83a3111536bf9cd844" member_type: VOTER last_known_addr { host: "127.4.211.65" port: 42301 } } peers { permanent_uuid: "1d3ac415b3c049dca67b6933042c8aa8" member_type: VOTER last_known_addr { host: "127.4.211.66" port: 43063 } } peers { permanent_uuid: "7e25ed38a4894c8998c4df520dbca087" member_type: VOTER last_known_addr { host: "127.4.211.67" port: 44349 } }
I20260608 12:51:53.448820  5802 raft_consensus.cc:740] T 6e956d5dee014397a7dfbb7c890ea443 P 7e25ed38a4894c8998c4df520dbca087 [term 0 FOLLOWER]: Becoming Follower/Learner. State: Replica: 7e25ed38a4894c8998c4df520dbca087, State: Initialized, Role: FOLLOWER
I20260608 12:51:53.448823  5803 consensus_queue.cc:260] T 6e956d5dee014397a7dfbb7c890ea443 P 48dc28653f934e83a3111536bf9cd844 [NON_LEADER]: Queue going to NON_LEADER mode. State: All replicated index: 0, Majority replicated index: 0, Committed index: 0, Last appended: 0.0, Last appended by leader: 0, Current term: 0, Majority size: -1, State: 0, Mode: NON_LEADER, active raft config: opid_index: -1 OBSOLETE_local: false peers { permanent_uuid: "1d3ac415b3c049dca67b6933042c8aa8" member_type: VOTER last_known_addr { host: "127.4.211.66" port: 43063 } } peers { permanent_uuid: "7e25ed38a4894c8998c4df520dbca087" member_type: VOTER last_known_addr { host: "127.4.211.67" port: 44349 } } peers { permanent_uuid: "48dc28653f934e83a3111536bf9cd844" member_type: VOTER last_known_addr { host: "127.4.211.65" port: 42301 } }
I20260608 12:51:53.450065  5802 consensus_queue.cc:260] T 6e956d5dee014397a7dfbb7c890ea443 P 7e25ed38a4894c8998c4df520dbca087 [NON_LEADER]: Queue going to NON_LEADER mode. State: All replicated index: 0, Majority replicated index: 0, Committed index: 0, Last appended: 0.0, Last appended by leader: 0, Current term: 0, Majority size: -1, State: 0, Mode: NON_LEADER, active raft config: opid_index: -1 OBSOLETE_local: false peers { permanent_uuid: "1d3ac415b3c049dca67b6933042c8aa8" member_type: VOTER last_known_addr { host: "127.4.211.66" port: 43063 } } peers { permanent_uuid: "7e25ed38a4894c8998c4df520dbca087" member_type: VOTER last_known_addr { host: "127.4.211.67" port: 44349 } } peers { permanent_uuid: "48dc28653f934e83a3111536bf9cd844" member_type: VOTER last_known_addr { host: "127.4.211.65" port: 42301 } }
I20260608 12:51:53.453626  5801 ts_tablet_manager.cc:1434] T c69184ff42c146e798df606a868a6d61 P 1d3ac415b3c049dca67b6933042c8aa8: Time spent starting tablet: real 0.009s	user 0.005s	sys 0.001s
I20260608 12:51:53.454457  5801 tablet_bootstrap.cc:492] T 79c7783a41a54efbb5385581d29fc222 P 1d3ac415b3c049dca67b6933042c8aa8: Bootstrap starting.
I20260608 12:51:53.458233  5802 ts_tablet_manager.cc:1434] T 6e956d5dee014397a7dfbb7c890ea443 P 7e25ed38a4894c8998c4df520dbca087: Time spent starting tablet: real 0.013s	user 0.006s	sys 0.002s
I20260608 12:51:53.459313  5802 tablet_bootstrap.cc:492] T 0a3aaa6fed844c988e27525e779e9b1a P 7e25ed38a4894c8998c4df520dbca087: Bootstrap starting.
I20260608 12:51:53.459987  5801 tablet_bootstrap.cc:654] T 79c7783a41a54efbb5385581d29fc222 P 1d3ac415b3c049dca67b6933042c8aa8: Neither blocks nor log segments found. Creating new log.
I20260608 12:51:53.465747  5802 tablet_bootstrap.cc:654] T 0a3aaa6fed844c988e27525e779e9b1a P 7e25ed38a4894c8998c4df520dbca087: Neither blocks nor log segments found. Creating new log.
I20260608 12:51:53.467680  5803 ts_tablet_manager.cc:1434] T 6e956d5dee014397a7dfbb7c890ea443 P 48dc28653f934e83a3111536bf9cd844: Time spent starting tablet: real 0.024s	user 0.004s	sys 0.020s
I20260608 12:51:53.468904  5803 tablet_bootstrap.cc:492] T e58f1c4589024f42b67a9511bccabf63 P 48dc28653f934e83a3111536bf9cd844: Bootstrap starting.
I20260608 12:51:53.474895  5803 tablet_bootstrap.cc:654] T e58f1c4589024f42b67a9511bccabf63 P 48dc28653f934e83a3111536bf9cd844: Neither blocks nor log segments found. Creating new log.
I20260608 12:51:53.475754  5809 raft_consensus.cc:493] T 6e956d5dee014397a7dfbb7c890ea443 P 7e25ed38a4894c8998c4df520dbca087 [term 0 FOLLOWER]: Starting pre-election (no leader contacted us within the election timeout)
I20260608 12:51:53.476284  5809 raft_consensus.cc:515] T 6e956d5dee014397a7dfbb7c890ea443 P 7e25ed38a4894c8998c4df520dbca087 [term 0 FOLLOWER]: Starting pre-election with config: opid_index: -1 OBSOLETE_local: false peers { permanent_uuid: "1d3ac415b3c049dca67b6933042c8aa8" member_type: VOTER last_known_addr { host: "127.4.211.66" port: 43063 } } peers { permanent_uuid: "7e25ed38a4894c8998c4df520dbca087" member_type: VOTER last_known_addr { host: "127.4.211.67" port: 44349 } } peers { permanent_uuid: "48dc28653f934e83a3111536bf9cd844" member_type: VOTER last_known_addr { host: "127.4.211.65" port: 42301 } }
I20260608 12:51:53.482890  5809 leader_election.cc:290] T 6e956d5dee014397a7dfbb7c890ea443 P 7e25ed38a4894c8998c4df520dbca087 [CANDIDATE]: Term 1 pre-election: Requested pre-vote from peers 1d3ac415b3c049dca67b6933042c8aa8 (127.4.211.66:43063), 48dc28653f934e83a3111536bf9cd844 (127.4.211.65:42301)
