I20260608 12:53:18.251125  7950 raft_consensus.cc:1275] T 048692bbebd34253a4ff59f5dcde8ac9 P e24c03c1b47c4e32a7aa6bcd859ee616 [term 1 LEARNER]: Refusing update from remote peer b2d842987eb04b54bc15c861a6fb1e86: Log matching property violated. Preceding OpId in replica: term: 1 index: 2. Preceding OpId from leader: term: 1 index: 3. (index mismatch)
I20260608 12:53:18.251084  8012 consensus_queue.cc:1048] T 048692bbebd34253a4ff59f5dcde8ac9 P b2d842987eb04b54bc15c861a6fb1e86 [LEADER]: Connected to new peer: Peer: permanent_uuid: "bbc65bc39a714d1bb7f991613d6db1a3" member_type: VOTER last_known_addr { host: "127.4.122.3" port: 45239 }, Status: LMP_MISMATCH, Last received: 0.0, Next index: 3, Last known committed idx: 2, Time since last communication: 0.000s
I20260608 12:53:18.252574  7701 tablet_service.cc:1558] Processing DeleteTablet for tablet eace4d9432894d0887f557e8217657aa with delete_type TABLET_DATA_TOMBSTONED (TS b2d842987eb04b54bc15c861a6fb1e86 not found in new config with opid_index 4) from {username='slave'} at 127.0.0.1:41874
I20260608 12:53:18.254114  7637 raft_consensus.cc:1275] T 048692bbebd34253a4ff59f5dcde8ac9 P 7b947be8b07a487985e9128fd6d6e54f [term 1 FOLLOWER]: Refusing update from remote peer b2d842987eb04b54bc15c861a6fb1e86: Log matching property violated. Preceding OpId in replica: term: 1 index: 2. Preceding OpId from leader: term: 1 index: 3. (index mismatch)
I20260608 12:53:18.255511  8119 tablet_replica.cc:333] T eace4d9432894d0887f557e8217657aa P b2d842987eb04b54bc15c861a6fb1e86: stopping tablet replica
I20260608 12:53:18.260857  8012 consensus_queue.cc:1048] T 048692bbebd34253a4ff59f5dcde8ac9 P b2d842987eb04b54bc15c861a6fb1e86 [LEADER]: Connected to new peer: Peer: permanent_uuid: "7b947be8b07a487985e9128fd6d6e54f" member_type: VOTER last_known_addr { host: "127.4.122.1" port: 44927 } attrs { replace: true }, Status: LMP_MISMATCH, Last received: 0.0, Next index: 3, Last known committed idx: 2, Time since last communication: 0.001s
I20260608 12:53:18.262607  8090 raft_consensus.cc:1064] T 4f125202fd554a8c893bc4b863eb601b P 7b947be8b07a487985e9128fd6d6e54f: attempting to promote NON_VOTER e24c03c1b47c4e32a7aa6bcd859ee616 to VOTER
I20260608 12:53:18.265077  8119 raft_consensus.cc:2243] T eace4d9432894d0887f557e8217657aa P b2d842987eb04b54bc15c861a6fb1e86 [term 1 FOLLOWER]: Raft consensus shutting down.
I20260608 12:53:18.264802  8106 consensus_queue.cc:1048] T 048692bbebd34253a4ff59f5dcde8ac9 P b2d842987eb04b54bc15c861a6fb1e86 [LEADER]: Connected to new peer: Peer: permanent_uuid: "e24c03c1b47c4e32a7aa6bcd859ee616" member_type: VOTER last_known_addr { host: "127.4.122.4" port: 42769 } attrs { promote: false }, Status: LMP_MISMATCH, Last received: 0.0, Next index: 3, Last known committed idx: 2, Time since last communication: 0.000s
I20260608 12:53:18.265950  8119 raft_consensus.cc:2272] T eace4d9432894d0887f557e8217657aa P b2d842987eb04b54bc15c861a6fb1e86 [term 1 FOLLOWER]: Raft consensus is shut down!
I20260608 12:53:18.265341  8090 consensus_queue.cc:237] T 4f125202fd554a8c893bc4b863eb601b P 7b947be8b07a487985e9128fd6d6e54f [LEADER]: Queue going to LEADER mode. State: All replicated index: 0, Majority replicated index: 2, Committed index: 2, Last appended: 1.2, Last appended by leader: 0, Current term: 1, Majority size: 3, State: 0, Mode: LEADER, active raft config: opid_index: 3 OBSOLETE_local: false peers { permanent_uuid: "7b947be8b07a487985e9128fd6d6e54f" member_type: VOTER last_known_addr { host: "127.4.122.1" port: 44927 } } peers { permanent_uuid: "b2d842987eb04b54bc15c861a6fb1e86" member_type: VOTER last_known_addr { host: "127.4.122.2" port: 33483 } } peers { permanent_uuid: "bbc65bc39a714d1bb7f991613d6db1a3" member_type: VOTER last_known_addr { host: "127.4.122.3" port: 45239 } attrs { replace: true } } peers { permanent_uuid: "e24c03c1b47c4e32a7aa6bcd859ee616" member_type: VOTER last_known_addr { host: "127.4.122.4" port: 42769 } attrs { promote: false } }
I20260608 12:53:18.270660  7713 raft_consensus.cc:1275] T 371772541b2e4a31b8a225503d9947d6 P b2d842987eb04b54bc15c861a6fb1e86 [term 2 FOLLOWER]: Refusing update from remote peer bbc65bc39a714d1bb7f991613d6db1a3: Log matching property violated. Preceding OpId in replica: term: 1 index: 1. Preceding OpId from leader: term: 2 index: 2. (index mismatch)
I20260608 12:53:18.270689  8119 ts_tablet_manager.cc:1916] T eace4d9432894d0887f557e8217657aa P b2d842987eb04b54bc15c861a6fb1e86: Deleting tablet data with delete state TABLET_DATA_TOMBSTONED
I20260608 12:53:18.274906  8015 consensus_queue.cc:1048] T 371772541b2e4a31b8a225503d9947d6 P bbc65bc39a714d1bb7f991613d6db1a3 [LEADER]: Connected to new peer: Peer: permanent_uuid: "b2d842987eb04b54bc15c861a6fb1e86" member_type: VOTER last_known_addr { host: "127.4.122.2" port: 33483 }, Status: LMP_MISMATCH, Last received: 0.0, Next index: 2, Last known committed idx: 1, Time since last communication: 0.001s
I20260608 12:53:18.332389  7638 raft_consensus.cc:1275] T 371772541b2e4a31b8a225503d9947d6 P 7b947be8b07a487985e9128fd6d6e54f [term 2 FOLLOWER]: Refusing update from remote peer bbc65bc39a714d1bb7f991613d6db1a3: Log matching property violated. Preceding OpId in replica: term: 1 index: 1. Preceding OpId from leader: term: 2 index: 2. (index mismatch)
I20260608 12:53:18.336825  8106 raft_consensus.cc:2955] T 048692bbebd34253a4ff59f5dcde8ac9 P b2d842987eb04b54bc15c861a6fb1e86 [term 1 LEADER]: Committing config change with OpId 1.3: config changed from index 2 to 3, e24c03c1b47c4e32a7aa6bcd859ee616 (127.4.122.4) changed from NON_VOTER to VOTER. New config: { opid_index: 3 OBSOLETE_local: false peers { permanent_uuid: "7b947be8b07a487985e9128fd6d6e54f" member_type: VOTER last_known_addr { host: "127.4.122.1" port: 44927 } attrs { replace: true } } peers { permanent_uuid: "b2d842987eb04b54bc15c861a6fb1e86" member_type: VOTER last_known_addr { host: "127.4.122.2" port: 33483 } } peers { permanent_uuid: "bbc65bc39a714d1bb7f991613d6db1a3" member_type: VOTER last_known_addr { host: "127.4.122.3" port: 45239 } } peers { permanent_uuid: "e24c03c1b47c4e32a7aa6bcd859ee616" member_type: VOTER last_known_addr { host: "127.4.122.4" port: 42769 } attrs { promote: false } } }
I20260608 12:53:18.338517  8119 ts_tablet_manager.cc:1929] T eace4d9432894d0887f557e8217657aa P b2d842987eb04b54bc15c861a6fb1e86: tablet deleted with delete type TABLET_DATA_TOMBSTONED: last-logged OpId 1.3
I20260608 12:53:18.339120  8119 log.cc:1199] T eace4d9432894d0887f557e8217657aa P b2d842987eb04b54bc15c861a6fb1e86: Deleting WAL directory at /tmp/dist-test-taskAvPim1/test-tmp/auto_rebalancer-test.0.AutoRebalancerTest.RangeAwareRebalancesNewRangeReplicas.1780923100419588-4584-0/minicluster-data/ts-1-root/wals/eace4d9432894d0887f557e8217657aa
I20260608 12:53:18.342739  7785 raft_consensus.cc:1275] T 4f125202fd554a8c893bc4b863eb601b P bbc65bc39a714d1bb7f991613d6db1a3 [term 1 FOLLOWER]: Refusing update from remote peer 7b947be8b07a487985e9128fd6d6e54f: Log matching property violated. Preceding OpId in replica: term: 1 index: 2. Preceding OpId from leader: term: 1 index: 3. (index mismatch)
I20260608 12:53:18.343262  7637 raft_consensus.cc:2955] T 048692bbebd34253a4ff59f5dcde8ac9 P 7b947be8b07a487985e9128fd6d6e54f [term 1 FOLLOWER]: Committing config change with OpId 1.3: config changed from index 2 to 3, e24c03c1b47c4e32a7aa6bcd859ee616 (127.4.122.4) changed from NON_VOTER to VOTER. New config: { opid_index: 3 OBSOLETE_local: false peers { permanent_uuid: "7b947be8b07a487985e9128fd6d6e54f" member_type: VOTER last_known_addr { host: "127.4.122.1" port: 44927 } attrs { replace: true } } peers { permanent_uuid: "b2d842987eb04b54bc15c861a6fb1e86" member_type: VOTER last_known_addr { host: "127.4.122.2" port: 33483 } } peers { permanent_uuid: "bbc65bc39a714d1bb7f991613d6db1a3" member_type: VOTER last_known_addr { host: "127.4.122.3" port: 45239 } } peers { permanent_uuid: "e24c03c1b47c4e32a7aa6bcd859ee616" member_type: VOTER last_known_addr { host: "127.4.122.4" port: 42769 } attrs { promote: false } } }
I20260608 12:53:18.345070  7520 catalog_manager.cc:5027] TS b2d842987eb04b54bc15c861a6fb1e86 (127.4.122.2:33483): tablet eace4d9432894d0887f557e8217657aa (table range_aware_rebalance_new_range [id=bb2e772e4c0b4046a69f86d1e5bdaf16]) successfully deleted
I20260608 12:53:18.349882  8097 consensus_queue.cc:1048] T 4f125202fd554a8c893bc4b863eb601b P 7b947be8b07a487985e9128fd6d6e54f [LEADER]: Connected to new peer: Peer: permanent_uuid: "bbc65bc39a714d1bb7f991613d6db1a3" member_type: VOTER last_known_addr { host: "127.4.122.3" port: 45239 } attrs { replace: true }, Status: LMP_MISMATCH, Last received: 0.0, Next index: 3, Last known committed idx: 2, Time since last communication: 0.000s
I20260608 12:53:18.350752  8128 consensus_queue.cc:1048] T 371772541b2e4a31b8a225503d9947d6 P bbc65bc39a714d1bb7f991613d6db1a3 [LEADER]: Connected to new peer: Peer: permanent_uuid: "7b947be8b07a487985e9128fd6d6e54f" member_type: VOTER last_known_addr { host: "127.4.122.1" port: 44927 }, Status: LMP_MISMATCH, Last received: 0.0, Next index: 2, Last known committed idx: 1, Time since last communication: 0.001s
I20260608 12:53:18.353459  7948 raft_consensus.cc:2955] T 048692bbebd34253a4ff59f5dcde8ac9 P e24c03c1b47c4e32a7aa6bcd859ee616 [term 1 FOLLOWER]: Committing config change with OpId 1.3: config changed from index 2 to 3, e24c03c1b47c4e32a7aa6bcd859ee616 (127.4.122.4) changed from NON_VOTER to VOTER. New config: { opid_index: 3 OBSOLETE_local: false peers { permanent_uuid: "7b947be8b07a487985e9128fd6d6e54f" member_type: VOTER last_known_addr { host: "127.4.122.1" port: 44927 } attrs { replace: true } } peers { permanent_uuid: "b2d842987eb04b54bc15c861a6fb1e86" member_type: VOTER last_known_addr { host: "127.4.122.2" port: 33483 } } peers { permanent_uuid: "bbc65bc39a714d1bb7f991613d6db1a3" member_type: VOTER last_known_addr { host: "127.4.122.3" port: 45239 } } peers { permanent_uuid: "e24c03c1b47c4e32a7aa6bcd859ee616" member_type: VOTER last_known_addr { host: "127.4.122.4" port: 42769 } attrs { promote: false } } }
I20260608 12:53:18.350208  7785 raft_consensus.cc:2955] T 048692bbebd34253a4ff59f5dcde8ac9 P bbc65bc39a714d1bb7f991613d6db1a3 [term 1 FOLLOWER]: Committing config change with OpId 1.3: config changed from index 2 to 3, e24c03c1b47c4e32a7aa6bcd859ee616 (127.4.122.4) changed from NON_VOTER to VOTER. New config: { opid_index: 3 OBSOLETE_local: false peers { permanent_uuid: "7b947be8b07a487985e9128fd6d6e54f" member_type: VOTER last_known_addr { host: "127.4.122.1" port: 44927 } attrs { replace: true } } peers { permanent_uuid: "b2d842987eb04b54bc15c861a6fb1e86" member_type: VOTER last_known_addr { host: "127.4.122.2" port: 33483 } } peers { permanent_uuid: "bbc65bc39a714d1bb7f991613d6db1a3" member_type: VOTER last_known_addr { host: "127.4.122.3" port: 45239 } } peers { permanent_uuid: "e24c03c1b47c4e32a7aa6bcd859ee616" member_type: VOTER last_known_addr { host: "127.4.122.4" port: 42769 } attrs { promote: false } } }
I20260608 12:53:18.357800  7536 catalog_manager.cc:5696] T 048692bbebd34253a4ff59f5dcde8ac9 P 7b947be8b07a487985e9128fd6d6e54f reported cstate change: config changed from index 2 to 3, e24c03c1b47c4e32a7aa6bcd859ee616 (127.4.122.4) changed from NON_VOTER to VOTER. New cstate: current_term: 1 leader_uuid: "b2d842987eb04b54bc15c861a6fb1e86" committed_config { opid_index: 3 OBSOLETE_local: false peers { permanent_uuid: "7b947be8b07a487985e9128fd6d6e54f" member_type: VOTER last_known_addr { host: "127.4.122.1" port: 44927 } attrs { replace: true } } peers { permanent_uuid: "b2d842987eb04b54bc15c861a6fb1e86" member_type: VOTER last_known_addr { host: "127.4.122.2" port: 33483 } } peers { permanent_uuid: "bbc65bc39a714d1bb7f991613d6db1a3" member_type: VOTER last_known_addr { host: "127.4.122.3" port: 45239 } } peers { permanent_uuid: "e24c03c1b47c4e32a7aa6bcd859ee616" member_type: VOTER last_known_addr { host: "127.4.122.4" port: 42769 } attrs { promote: false } } }
I20260608 12:53:18.364221  7713 raft_consensus.cc:1275] T e03ee4fae20c48fa90398f752234ba11 P b2d842987eb04b54bc15c861a6fb1e86 [term 2 FOLLOWER]: Refusing update from remote peer bbc65bc39a714d1bb7f991613d6db1a3: Log matching property violated. Preceding OpId in replica: term: 1 index: 1. Preceding OpId from leader: term: 2 index: 2. (index mismatch)
I20260608 12:53:18.367790  7949 raft_consensus.cc:1275] T 4f125202fd554a8c893bc4b863eb601b P e24c03c1b47c4e32a7aa6bcd859ee616 [term 1 LEARNER]: Refusing update from remote peer 7b947be8b07a487985e9128fd6d6e54f: Log matching property violated. Preceding OpId in replica: term: 1 index: 2. Preceding OpId from leader: term: 1 index: 3. (index mismatch)
I20260608 12:53:18.369688  8032 consensus_queue.cc:1048] T 4f125202fd554a8c893bc4b863eb601b P 7b947be8b07a487985e9128fd6d6e54f [LEADER]: Connected to new peer: Peer: permanent_uuid: "e24c03c1b47c4e32a7aa6bcd859ee616" member_type: VOTER last_known_addr { host: "127.4.122.4" port: 42769 } attrs { promote: false }, Status: LMP_MISMATCH, Last received: 0.0, Next index: 3, Last known committed idx: 2, Time since last communication: 0.000s
I20260608 12:53:18.370446  8128 consensus_queue.cc:1048] T e03ee4fae20c48fa90398f752234ba11 P bbc65bc39a714d1bb7f991613d6db1a3 [LEADER]: Connected to new peer: Peer: permanent_uuid: "b2d842987eb04b54bc15c861a6fb1e86" member_type: VOTER last_known_addr { host: "127.4.122.2" port: 33483 }, Status: LMP_MISMATCH, Last received: 0.0, Next index: 2, Last known committed idx: 1, Time since last communication: 0.000s
I20260608 12:53:18.381559  7711 raft_consensus.cc:1275] T 4f125202fd554a8c893bc4b863eb601b P b2d842987eb04b54bc15c861a6fb1e86 [term 1 FOLLOWER]: Refusing update from remote peer 7b947be8b07a487985e9128fd6d6e54f: Log matching property violated. Preceding OpId in replica: term: 1 index: 2. Preceding OpId from leader: term: 1 index: 3. (index mismatch)
I20260608 12:53:18.397228  7711 consensus_queue.cc:237] T 048692bbebd34253a4ff59f5dcde8ac9 P b2d842987eb04b54bc15c861a6fb1e86 [LEADER]: Queue going to LEADER mode. State: All replicated index: 0, Majority replicated index: 3, Committed index: 3, Last appended: 1.3, Last appended by leader: 0, Current term: 1, Majority size: 2, State: 0, Mode: LEADER, active raft config: opid_index: 4 OBSOLETE_local: false peers { permanent_uuid: "b2d842987eb04b54bc15c861a6fb1e86" member_type: VOTER last_known_addr { host: "127.4.122.2" port: 33483 } } peers { permanent_uuid: "bbc65bc39a714d1bb7f991613d6db1a3" member_type: VOTER last_known_addr { host: "127.4.122.3" port: 45239 } } peers { permanent_uuid: "e24c03c1b47c4e32a7aa6bcd859ee616" member_type: VOTER last_known_addr { host: "127.4.122.4" port: 42769 } attrs { promote: false } }
I20260608 12:53:18.394853  8090 consensus_queue.cc:1048] T 4f125202fd554a8c893bc4b863eb601b P 7b947be8b07a487985e9128fd6d6e54f [LEADER]: Connected to new peer: Peer: permanent_uuid: "b2d842987eb04b54bc15c861a6fb1e86" member_type: VOTER last_known_addr { host: "127.4.122.2" port: 33483 }, Status: LMP_MISMATCH, Last received: 0.0, Next index: 3, Last known committed idx: 2, Time since last communication: 0.005s
I20260608 12:53:18.413748  7638 raft_consensus.cc:1275] T e03ee4fae20c48fa90398f752234ba11 P 7b947be8b07a487985e9128fd6d6e54f [term 2 FOLLOWER]: Refusing update from remote peer bbc65bc39a714d1bb7f991613d6db1a3: Log matching property violated. Preceding OpId in replica: term: 1 index: 1. Preceding OpId from leader: term: 2 index: 2. (index mismatch)
I20260608 12:53:18.417037  8015 consensus_queue.cc:1048] T e03ee4fae20c48fa90398f752234ba11 P bbc65bc39a714d1bb7f991613d6db1a3 [LEADER]: Connected to new peer: Peer: permanent_uuid: "7b947be8b07a487985e9128fd6d6e54f" member_type: VOTER last_known_addr { host: "127.4.122.1" port: 44927 }, Status: LMP_MISMATCH, Last received: 0.0, Next index: 2, Last known committed idx: 1, Time since last communication: 0.001s
I20260608 12:53:18.455154  7785 raft_consensus.cc:1275] T 048692bbebd34253a4ff59f5dcde8ac9 P bbc65bc39a714d1bb7f991613d6db1a3 [term 1 FOLLOWER]: Refusing update from remote peer b2d842987eb04b54bc15c861a6fb1e86: Log matching property violated. Preceding OpId in replica: term: 1 index: 3. Preceding OpId from leader: term: 1 index: 4. (index mismatch)
I20260608 12:53:18.455636  7950 raft_consensus.cc:1275] T 048692bbebd34253a4ff59f5dcde8ac9 P e24c03c1b47c4e32a7aa6bcd859ee616 [term 1 FOLLOWER]: Refusing update from remote peer b2d842987eb04b54bc15c861a6fb1e86: Log matching property violated. Preceding OpId in replica: term: 1 index: 3. Preceding OpId from leader: term: 1 index: 4. (index mismatch)
I20260608 12:53:18.458717  8032 raft_consensus.cc:2955] T 4f125202fd554a8c893bc4b863eb601b P 7b947be8b07a487985e9128fd6d6e54f [term 1 LEADER]: Committing config change with OpId 1.3: config changed from index 2 to 3, e24c03c1b47c4e32a7aa6bcd859ee616 (127.4.122.4) changed from NON_VOTER to VOTER. New config: { opid_index: 3 OBSOLETE_local: false peers { permanent_uuid: "7b947be8b07a487985e9128fd6d6e54f" member_type: VOTER last_known_addr { host: "127.4.122.1" port: 44927 } } peers { permanent_uuid: "b2d842987eb04b54bc15c861a6fb1e86" member_type: VOTER last_known_addr { host: "127.4.122.2" port: 33483 } } peers { permanent_uuid: "bbc65bc39a714d1bb7f991613d6db1a3" member_type: VOTER last_known_addr { host: "127.4.122.3" port: 45239 } attrs { replace: true } } peers { permanent_uuid: "e24c03c1b47c4e32a7aa6bcd859ee616" member_type: VOTER last_known_addr { host: "127.4.122.4" port: 42769 } attrs { promote: false } } }
I20260608 12:53:18.460745  7787 raft_consensus.cc:2955] T 4f125202fd554a8c893bc4b863eb601b P bbc65bc39a714d1bb7f991613d6db1a3 [term 1 FOLLOWER]: Committing config change with OpId 1.3: config changed from index 2 to 3, e24c03c1b47c4e32a7aa6bcd859ee616 (127.4.122.4) changed from NON_VOTER to VOTER. New config: { opid_index: 3 OBSOLETE_local: false peers { permanent_uuid: "7b947be8b07a487985e9128fd6d6e54f" member_type: VOTER last_known_addr { host: "127.4.122.1" port: 44927 } } peers { permanent_uuid: "b2d842987eb04b54bc15c861a6fb1e86" member_type: VOTER last_known_addr { host: "127.4.122.2" port: 33483 } } peers { permanent_uuid: "bbc65bc39a714d1bb7f991613d6db1a3" member_type: VOTER last_known_addr { host: "127.4.122.3" port: 45239 } attrs { replace: true } } peers { permanent_uuid: "e24c03c1b47c4e32a7aa6bcd859ee616" member_type: VOTER last_known_addr { host: "127.4.122.4" port: 42769 } attrs { promote: false } } }
I20260608 12:53:18.462636  7785 raft_consensus.cc:1275] T bc9ff5a8e3cb44deb5f815dc31127b1f P bbc65bc39a714d1bb7f991613d6db1a3 [term 2 FOLLOWER]: Refusing update from remote peer 7b947be8b07a487985e9128fd6d6e54f: Log matching property violated. Preceding OpId in replica: term: 1 index: 2. Preceding OpId from leader: term: 2 index: 3. (index mismatch)
I20260608 12:53:18.465227  8097 consensus_queue.cc:1048] T bc9ff5a8e3cb44deb5f815dc31127b1f P 7b947be8b07a487985e9128fd6d6e54f [LEADER]: Connected to new peer: Peer: permanent_uuid: "bbc65bc39a714d1bb7f991613d6db1a3" member_type: VOTER last_known_addr { host: "127.4.122.3" port: 45239 }, Status: LMP_MISMATCH, Last received: 0.0, Next index: 3, Last known committed idx: 2, Time since last communication: 0.000s
I20260608 12:53:18.466962  8014 consensus_queue.cc:1048] T 048692bbebd34253a4ff59f5dcde8ac9 P b2d842987eb04b54bc15c861a6fb1e86 [LEADER]: Connected to new peer: Peer: permanent_uuid: "e24c03c1b47c4e32a7aa6bcd859ee616" member_type: VOTER last_known_addr { host: "127.4.122.4" port: 42769 } attrs { promote: false }, Status: LMP_MISMATCH, Last received: 0.0, Next index: 4, Last known committed idx: 3, Time since last communication: 0.002s
I20260608 12:53:18.470211  8014 consensus_queue.cc:1048] T 048692bbebd34253a4ff59f5dcde8ac9 P b2d842987eb04b54bc15c861a6fb1e86 [LEADER]: Connected to new peer: Peer: permanent_uuid: "bbc65bc39a714d1bb7f991613d6db1a3" member_type: VOTER last_known_addr { host: "127.4.122.3" port: 45239 }, Status: LMP_MISMATCH, Last received: 0.0, Next index: 4, Last known committed idx: 3, Time since last communication: 0.000s
I20260608 12:53:18.478081  7711 raft_consensus.cc:1275] T b50ddce46db44bee986d4e9ec06e448f P b2d842987eb04b54bc15c861a6fb1e86 [term 2 FOLLOWER]: Refusing update from remote peer e24c03c1b47c4e32a7aa6bcd859ee616: Log matching property violated. Preceding OpId in replica: term: 1 index: 1. Preceding OpId from leader: term: 2 index: 2. (index mismatch)
I20260608 12:53:18.481804  8108 consensus_queue.cc:1048] T b50ddce46db44bee986d4e9ec06e448f P e24c03c1b47c4e32a7aa6bcd859ee616 [LEADER]: Connected to new peer: Peer: permanent_uuid: "b2d842987eb04b54bc15c861a6fb1e86" member_type: VOTER last_known_addr { host: "127.4.122.2" port: 33483 }, Status: LMP_MISMATCH, Last received: 0.0, Next index: 2, Last known committed idx: 1, Time since last communication: 0.000s
I20260608 12:53:18.491421  8012 raft_consensus.cc:2955] T 048692bbebd34253a4ff59f5dcde8ac9 P b2d842987eb04b54bc15c861a6fb1e86 [term 1 LEADER]: Committing config change with OpId 1.4: config changed from index 3 to 4, VOTER 7b947be8b07a487985e9128fd6d6e54f (127.4.122.1) evicted. New config: { opid_index: 4 OBSOLETE_local: false peers { permanent_uuid: "b2d842987eb04b54bc15c861a6fb1e86" member_type: VOTER last_known_addr { host: "127.4.122.2" port: 33483 } } peers { permanent_uuid: "bbc65bc39a714d1bb7f991613d6db1a3" member_type: VOTER last_known_addr { host: "127.4.122.3" port: 45239 } } peers { permanent_uuid: "e24c03c1b47c4e32a7aa6bcd859ee616" member_type: VOTER last_known_addr { host: "127.4.122.4" port: 42769 } attrs { promote: false } } }
I20260608 12:53:18.499083  7786 raft_consensus.cc:2955] T 048692bbebd34253a4ff59f5dcde8ac9 P bbc65bc39a714d1bb7f991613d6db1a3 [term 1 FOLLOWER]: Committing config change with OpId 1.4: config changed from index 3 to 4, VOTER 7b947be8b07a487985e9128fd6d6e54f (127.4.122.1) evicted. New config: { opid_index: 4 OBSOLETE_local: false peers { permanent_uuid: "b2d842987eb04b54bc15c861a6fb1e86" member_type: VOTER last_known_addr { host: "127.4.122.2" port: 33483 } } peers { permanent_uuid: "bbc65bc39a714d1bb7f991613d6db1a3" member_type: VOTER last_known_addr { host: "127.4.122.3" port: 45239 } } peers { permanent_uuid: "e24c03c1b47c4e32a7aa6bcd859ee616" member_type: VOTER last_known_addr { host: "127.4.122.4" port: 42769 } attrs { promote: false } } }
I20260608 12:53:18.491410  7950 raft_consensus.cc:2955] T 4f125202fd554a8c893bc4b863eb601b P e24c03c1b47c4e32a7aa6bcd859ee616 [term 1 FOLLOWER]: Committing config change with OpId 1.3: config changed from index 2 to 3, e24c03c1b47c4e32a7aa6bcd859ee616 (127.4.122.4) changed from NON_VOTER to VOTER. New config: { opid_index: 3 OBSOLETE_local: false peers { permanent_uuid: "7b947be8b07a487985e9128fd6d6e54f" member_type: VOTER last_known_addr { host: "127.4.122.1" port: 44927 } } peers { permanent_uuid: "b2d842987eb04b54bc15c861a6fb1e86" member_type: VOTER last_known_addr { host: "127.4.122.2" port: 33483 } } peers { permanent_uuid: "bbc65bc39a714d1bb7f991613d6db1a3" member_type: VOTER last_known_addr { host: "127.4.122.3" port: 45239 } attrs { replace: true } } peers { permanent_uuid: "e24c03c1b47c4e32a7aa6bcd859ee616" member_type: VOTER last_known_addr { host: "127.4.122.4" port: 42769 } attrs { promote: false } } }
I20260608 12:53:18.513404  7713 raft_consensus.cc:2955] T 4f125202fd554a8c893bc4b863eb601b P b2d842987eb04b54bc15c861a6fb1e86 [term 1 FOLLOWER]: Committing config change with OpId 1.3: config changed from index 2 to 3, e24c03c1b47c4e32a7aa6bcd859ee616 (127.4.122.4) changed from NON_VOTER to VOTER. New config: { opid_index: 3 OBSOLETE_local: false peers { permanent_uuid: "7b947be8b07a487985e9128fd6d6e54f" member_type: VOTER last_known_addr { host: "127.4.122.1" port: 44927 } } peers { permanent_uuid: "b2d842987eb04b54bc15c861a6fb1e86" member_type: VOTER last_known_addr { host: "127.4.122.2" port: 33483 } } peers { permanent_uuid: "bbc65bc39a714d1bb7f991613d6db1a3" member_type: VOTER last_known_addr { host: "127.4.122.3" port: 45239 } attrs { replace: true } } peers { permanent_uuid: "e24c03c1b47c4e32a7aa6bcd859ee616" member_type: VOTER last_known_addr { host: "127.4.122.4" port: 42769 } attrs { promote: false } } }
I20260608 12:53:18.516688  7948 raft_consensus.cc:2955] T 048692bbebd34253a4ff59f5dcde8ac9 P e24c03c1b47c4e32a7aa6bcd859ee616 [term 1 FOLLOWER]: Committing config change with OpId 1.4: config changed from index 3 to 4, VOTER 7b947be8b07a487985e9128fd6d6e54f (127.4.122.1) evicted. New config: { opid_index: 4 OBSOLETE_local: false peers { permanent_uuid: "b2d842987eb04b54bc15c861a6fb1e86" member_type: VOTER last_known_addr { host: "127.4.122.2" port: 33483 } } peers { permanent_uuid: "bbc65bc39a714d1bb7f991613d6db1a3" member_type: VOTER last_known_addr { host: "127.4.122.3" port: 45239 } } peers { permanent_uuid: "e24c03c1b47c4e32a7aa6bcd859ee616" member_type: VOTER last_known_addr { host: "127.4.122.4" port: 42769 } attrs { promote: false } } }
I20260608 12:53:18.530804  7950 raft_consensus.cc:3060] T bc9ff5a8e3cb44deb5f815dc31127b1f P e24c03c1b47c4e32a7aa6bcd859ee616 [term 1 LEARNER]: Advancing to term 2
I20260608 12:53:18.542712  7786 raft_consensus.cc:1275] T b04142c01daf4e68992a9e7a693a7e08 P bbc65bc39a714d1bb7f991613d6db1a3 [term 2 FOLLOWER]: Refusing update from remote peer e24c03c1b47c4e32a7aa6bcd859ee616: Log matching property violated. Preceding OpId in replica: term: 1 index: 1. Preceding OpId from leader: term: 2 index: 2. (index mismatch)
I20260608 12:53:18.544803  8081 consensus_queue.cc:1048] T b04142c01daf4e68992a9e7a693a7e08 P e24c03c1b47c4e32a7aa6bcd859ee616 [LEADER]: Connected to new peer: Peer: permanent_uuid: "bbc65bc39a714d1bb7f991613d6db1a3" member_type: VOTER last_known_addr { host: "127.4.122.3" port: 45239 }, Status: LMP_MISMATCH, Last received: 0.0, Next index: 2, Last known committed idx: 1, Time since last communication: 0.000s
I20260608 12:53:18.554580  8032 raft_consensus.cc:993] T bc9ff5a8e3cb44deb5f815dc31127b1f P 7b947be8b07a487985e9128fd6d6e54f: : Instructing follower bbc65bc39a714d1bb7f991613d6db1a3 to start an election
I20260608 12:53:18.555073  8098 raft_consensus.cc:1081] T bc9ff5a8e3cb44deb5f815dc31127b1f P 7b947be8b07a487985e9128fd6d6e54f [term 2 LEADER]: Signalling peer bbc65bc39a714d1bb7f991613d6db1a3 to start an election
I20260608 12:53:18.557416  7785 tablet_service.cc:2044] Received Run Leader Election RPC: tablet_id: "bc9ff5a8e3cb44deb5f815dc31127b1f"
dest_uuid: "bbc65bc39a714d1bb7f991613d6db1a3"
 from {username='slave'} at 127.0.0.1:55088
I20260608 12:53:18.559500  7520 catalog_manager.cc:5209] ChangeConfig:REMOVE_PEER RPC for tablet 048692bbebd34253a4ff59f5dcde8ac9 with cas_config_opid_index 3: ChangeConfig:REMOVE_PEER succeeded (attempt 1)
I20260608 12:53:18.558072  7785 raft_consensus.cc:493] T bc9ff5a8e3cb44deb5f815dc31127b1f P bbc65bc39a714d1bb7f991613d6db1a3 [term 2 FOLLOWER]: Starting forced leader election (received explicit request)
I20260608 12:53:18.560736  7785 raft_consensus.cc:3060] T bc9ff5a8e3cb44deb5f815dc31127b1f P bbc65bc39a714d1bb7f991613d6db1a3 [term 2 FOLLOWER]: Advancing to term 3
I20260608 12:53:18.561019  7638 raft_consensus.cc:1275] T b50ddce46db44bee986d4e9ec06e448f P 7b947be8b07a487985e9128fd6d6e54f [term 2 FOLLOWER]: Refusing update from remote peer e24c03c1b47c4e32a7aa6bcd859ee616: Log matching property violated. Preceding OpId in replica: term: 1 index: 1. Preceding OpId from leader: term: 2 index: 2. (index mismatch)
I20260608 12:53:18.562579  8081 consensus_queue.cc:1048] T b50ddce46db44bee986d4e9ec06e448f P e24c03c1b47c4e32a7aa6bcd859ee616 [LEADER]: Connected to new peer: Peer: permanent_uuid: "7b947be8b07a487985e9128fd6d6e54f" member_type: VOTER last_known_addr { host: "127.4.122.1" port: 44927 }, Status: LMP_MISMATCH, Last received: 0.0, Next index: 2, Last known committed idx: 1, Time since last communication: 0.000s
I20260608 12:53:18.564852  7950 raft_consensus.cc:1275] T bc9ff5a8e3cb44deb5f815dc31127b1f P e24c03c1b47c4e32a7aa6bcd859ee616 [term 2 LEARNER]: Refusing update from remote peer 7b947be8b07a487985e9128fd6d6e54f: Log matching property violated. Preceding OpId in replica: term: 1 index: 2. Preceding OpId from leader: term: 2 index: 3. (index mismatch)
I20260608 12:53:18.558094  7536 catalog_manager.cc:5696] T 4f125202fd554a8c893bc4b863eb601b P e24c03c1b47c4e32a7aa6bcd859ee616 reported cstate change: config changed from index 2 to 3, e24c03c1b47c4e32a7aa6bcd859ee616 (127.4.122.4) changed from NON_VOTER to VOTER. New cstate: current_term: 1 leader_uuid: "7b947be8b07a487985e9128fd6d6e54f" committed_config { opid_index: 3 OBSOLETE_local: false peers { permanent_uuid: "7b947be8b07a487985e9128fd6d6e54f" member_type: VOTER last_known_addr { host: "127.4.122.1" port: 44927 } } peers { permanent_uuid: "b2d842987eb04b54bc15c861a6fb1e86" member_type: VOTER last_known_addr { host: "127.4.122.2" port: 33483 } } peers { permanent_uuid: "bbc65bc39a714d1bb7f991613d6db1a3" member_type: VOTER last_known_addr { host: "127.4.122.3" port: 45239 } attrs { replace: true } } peers { permanent_uuid: "e24c03c1b47c4e32a7aa6bcd859ee616" member_type: VOTER last_known_addr { host: "127.4.122.4" port: 42769 } attrs { promote: false } } }
I20260608 12:53:18.568171  7785 raft_consensus.cc:515] T bc9ff5a8e3cb44deb5f815dc31127b1f P bbc65bc39a714d1bb7f991613d6db1a3 [term 3 FOLLOWER]: Starting forced leader election with config: opid_index: 2 OBSOLETE_local: false peers { permanent_uuid: "7b947be8b07a487985e9128fd6d6e54f" member_type: VOTER last_known_addr { host: "127.4.122.1" port: 44927 } attrs { replace: true } } peers { permanent_uuid: "b2d842987eb04b54bc15c861a6fb1e86" member_type: VOTER last_known_addr { host: "127.4.122.2" port: 33483 } } peers { permanent_uuid: "bbc65bc39a714d1bb7f991613d6db1a3" member_type: VOTER last_known_addr { host: "127.4.122.3" port: 45239 } } peers { permanent_uuid: "e24c03c1b47c4e32a7aa6bcd859ee616" member_type: NON_VOTER last_known_addr { host: "127.4.122.4" port: 42769 } attrs { promote: true } }
I20260608 12:53:18.571352  7785 leader_election.cc:290] T bc9ff5a8e3cb44deb5f815dc31127b1f P bbc65bc39a714d1bb7f991613d6db1a3 [CANDIDATE]: Term 3 election: Requested vote from peers 7b947be8b07a487985e9128fd6d6e54f (127.4.122.1:44927), b2d842987eb04b54bc15c861a6fb1e86 (127.4.122.2:33483)
I20260608 12:53:18.572233  7636 tablet_service.cc:1917] Received RequestConsensusVote() RPC: tablet_id: "bc9ff5a8e3cb44deb5f815dc31127b1f" candidate_uuid: "bbc65bc39a714d1bb7f991613d6db1a3" candidate_term: 3 candidate_status { last_received { term: 2 index: 3 } } ignore_live_leader: true dest_uuid: "7b947be8b07a487985e9128fd6d6e54f"
I20260608 12:53:18.572872  7636 raft_consensus.cc:3055] T bc9ff5a8e3cb44deb5f815dc31127b1f P 7b947be8b07a487985e9128fd6d6e54f [term 2 LEADER]: Stepping down as leader of term 2
I20260608 12:53:18.573226  7636 raft_consensus.cc:740] T bc9ff5a8e3cb44deb5f815dc31127b1f P 7b947be8b07a487985e9128fd6d6e54f [term 2 LEADER]: Becoming Follower/Learner. State: Replica: 7b947be8b07a487985e9128fd6d6e54f, State: Running, Role: LEADER
I20260608 12:53:18.574055  7636 consensus_queue.cc:260] T bc9ff5a8e3cb44deb5f815dc31127b1f P 7b947be8b07a487985e9128fd6d6e54f [NON_LEADER]: Queue going to NON_LEADER mode. State: All replicated index: 0, Majority replicated index: 3, Committed index: 3, Last appended: 2.3, Last appended by leader: 3, Current term: 2, Majority size: -1, State: 0, Mode: NON_LEADER, active raft config: opid_index: 2 OBSOLETE_local: false peers { permanent_uuid: "7b947be8b07a487985e9128fd6d6e54f" member_type: VOTER last_known_addr { host: "127.4.122.1" port: 44927 } attrs { replace: true } } peers { permanent_uuid: "b2d842987eb04b54bc15c861a6fb1e86" member_type: VOTER last_known_addr { host: "127.4.122.2" port: 33483 } } peers { permanent_uuid: "bbc65bc39a714d1bb7f991613d6db1a3" member_type: VOTER last_known_addr { host: "127.4.122.3" port: 45239 } } peers { permanent_uuid: "e24c03c1b47c4e32a7aa6bcd859ee616" member_type: NON_VOTER last_known_addr { host: "127.4.122.4" port: 42769 } attrs { promote: true } }
I20260608 12:53:18.574898  7636 raft_consensus.cc:3060] T bc9ff5a8e3cb44deb5f815dc31127b1f P 7b947be8b07a487985e9128fd6d6e54f [term 2 FOLLOWER]: Advancing to term 3
I20260608 12:53:18.576565  7711 tablet_service.cc:1917] Received RequestConsensusVote() RPC: tablet_id: "bc9ff5a8e3cb44deb5f815dc31127b1f" candidate_uuid: "bbc65bc39a714d1bb7f991613d6db1a3" candidate_term: 3 candidate_status { last_received { term: 2 index: 3 } } ignore_live_leader: true dest_uuid: "b2d842987eb04b54bc15c861a6fb1e86"
I20260608 12:53:18.577163  7711 raft_consensus.cc:3060] T bc9ff5a8e3cb44deb5f815dc31127b1f P b2d842987eb04b54bc15c861a6fb1e86 [term 2 FOLLOWER]: Advancing to term 3
I20260608 12:53:18.582325  7785 raft_consensus.cc:1240] T bc9ff5a8e3cb44deb5f815dc31127b1f P bbc65bc39a714d1bb7f991613d6db1a3 [term 3 FOLLOWER]: Rejecting Update request from peer 7b947be8b07a487985e9128fd6d6e54f for earlier term 2. Current term is 3. Ops: []
I20260608 12:53:18.583990  7711 raft_consensus.cc:2468] T bc9ff5a8e3cb44deb5f815dc31127b1f P b2d842987eb04b54bc15c861a6fb1e86 [term 3 FOLLOWER]: Leader election vote request: Granting yes vote for candidate bbc65bc39a714d1bb7f991613d6db1a3 in term 3.
I20260608 12:53:18.585647  7750 leader_election.cc:304] T bc9ff5a8e3cb44deb5f815dc31127b1f P bbc65bc39a714d1bb7f991613d6db1a3 [CANDIDATE]: Term 3 election: Election decided. Result: candidate won. Election summary: received 2 responses out of 3 voters: 2 yes votes; 0 no votes. yes voters: b2d842987eb04b54bc15c861a6fb1e86, bbc65bc39a714d1bb7f991613d6db1a3; no voters: 
I20260608 12:53:18.586133  7534 catalog_manager.cc:5696] T 048692bbebd34253a4ff59f5dcde8ac9 P b2d842987eb04b54bc15c861a6fb1e86 reported cstate change: config changed from index 3 to 4, VOTER 7b947be8b07a487985e9128fd6d6e54f (127.4.122.1) evicted. New cstate: current_term: 1 leader_uuid: "b2d842987eb04b54bc15c861a6fb1e86" committed_config { opid_index: 4 OBSOLETE_local: false peers { permanent_uuid: "b2d842987eb04b54bc15c861a6fb1e86" member_type: VOTER last_known_addr { host: "127.4.122.2" port: 33483 } health_report { overall_health: HEALTHY } } peers { permanent_uuid: "bbc65bc39a714d1bb7f991613d6db1a3" member_type: VOTER last_known_addr { host: "127.4.122.3" port: 45239 } health_report { overall_health: HEALTHY } } peers { permanent_uuid: "e24c03c1b47c4e32a7aa6bcd859ee616" member_type: VOTER last_known_addr { host: "127.4.122.4" port: 42769 } attrs { promote: false } health_report { overall_health: HEALTHY } } }
I20260608 12:53:18.586834  8099 raft_consensus.cc:2804] T bc9ff5a8e3cb44deb5f815dc31127b1f P bbc65bc39a714d1bb7f991613d6db1a3 [term 3 FOLLOWER]: Leader election won for term 3
I20260608 12:53:18.587443  8099 raft_consensus.cc:697] T bc9ff5a8e3cb44deb5f815dc31127b1f P bbc65bc39a714d1bb7f991613d6db1a3 [term 3 LEADER]: Becoming Leader. State: Replica: bbc65bc39a714d1bb7f991613d6db1a3, State: Running, Role: LEADER
I20260608 12:53:18.588990  7713 raft_consensus.cc:1240] T bc9ff5a8e3cb44deb5f815dc31127b1f P b2d842987eb04b54bc15c861a6fb1e86 [term 3 FOLLOWER]: Rejecting Update request from peer 7b947be8b07a487985e9128fd6d6e54f for earlier term 2. Current term is 3. Ops: []
I20260608 12:53:18.588478  8099 consensus_queue.cc:237] T bc9ff5a8e3cb44deb5f815dc31127b1f P bbc65bc39a714d1bb7f991613d6db1a3 [LEADER]: Queue going to LEADER mode. State: All replicated index: 0, Majority replicated index: 2, Committed index: 2, Last appended: 2.3, Last appended by leader: 3, Current term: 3, Majority size: 2, State: 0, Mode: LEADER, active raft config: opid_index: 2 OBSOLETE_local: false peers { permanent_uuid: "7b947be8b07a487985e9128fd6d6e54f" member_type: VOTER last_known_addr { host: "127.4.122.1" port: 44927 } attrs { replace: true } } peers { permanent_uuid: "b2d842987eb04b54bc15c861a6fb1e86" member_type: VOTER last_known_addr { host: "127.4.122.2" port: 33483 } } peers { permanent_uuid: "bbc65bc39a714d1bb7f991613d6db1a3" member_type: VOTER last_known_addr { host: "127.4.122.3" port: 45239 } } peers { permanent_uuid: "e24c03c1b47c4e32a7aa6bcd859ee616" member_type: NON_VOTER last_known_addr { host: "127.4.122.4" port: 42769 } attrs { promote: true } }
I20260608 12:53:18.594336  7636 raft_consensus.cc:2468] T bc9ff5a8e3cb44deb5f815dc31127b1f P 7b947be8b07a487985e9128fd6d6e54f [term 3 FOLLOWER]: Leader election vote request: Granting yes vote for candidate bbc65bc39a714d1bb7f991613d6db1a3 in term 3.
I20260608 12:53:18.601652  7711 raft_consensus.cc:1275] T b04142c01daf4e68992a9e7a693a7e08 P b2d842987eb04b54bc15c861a6fb1e86 [term 2 FOLLOWER]: Refusing update from remote peer e24c03c1b47c4e32a7aa6bcd859ee616: Log matching property violated. Preceding OpId in replica: term: 1 index: 1. Preceding OpId from leader: term: 2 index: 2. (index mismatch)
I20260608 12:53:18.603240  8108 consensus_queue.cc:1048] T b04142c01daf4e68992a9e7a693a7e08 P e24c03c1b47c4e32a7aa6bcd859ee616 [LEADER]: Connected to new peer: Peer: permanent_uuid: "b2d842987eb04b54bc15c861a6fb1e86" member_type: VOTER last_known_addr { host: "127.4.122.2" port: 33483 }, Status: LMP_MISMATCH, Last received: 0.0, Next index: 2, Last known committed idx: 1, Time since last communication: 0.000s
I20260608 12:53:18.615537  7623 tablet_service.cc:1558] Processing DeleteTablet for tablet 048692bbebd34253a4ff59f5dcde8ac9 with delete_type TABLET_DATA_TOMBSTONED (TS 7b947be8b07a487985e9128fd6d6e54f not found in new config with opid_index 4) from {username='slave'} at 127.0.0.1:54234
I20260608 12:53:18.625120  8144 tablet_replica.cc:333] T 048692bbebd34253a4ff59f5dcde8ac9 P 7b947be8b07a487985e9128fd6d6e54f: stopping tablet replica
I20260608 12:53:18.626516  8144 raft_consensus.cc:2243] T 048692bbebd34253a4ff59f5dcde8ac9 P 7b947be8b07a487985e9128fd6d6e54f [term 1 FOLLOWER]: Raft consensus shutting down.
I20260608 12:53:18.627760  8144 raft_consensus.cc:2272] T 048692bbebd34253a4ff59f5dcde8ac9 P 7b947be8b07a487985e9128fd6d6e54f [term 1 FOLLOWER]: Raft consensus is shut down!
I20260608 12:53:18.631102  8144 ts_tablet_manager.cc:1916] T 048692bbebd34253a4ff59f5dcde8ac9 P 7b947be8b07a487985e9128fd6d6e54f: Deleting tablet data with delete state TABLET_DATA_TOMBSTONED
I20260608 12:53:18.637476  7637 consensus_queue.cc:237] T 4f125202fd554a8c893bc4b863eb601b P 7b947be8b07a487985e9128fd6d6e54f [LEADER]: Queue going to LEADER mode. State: All replicated index: 0, Majority replicated index: 3, Committed index: 3, Last appended: 1.3, Last appended by leader: 0, Current term: 1, Majority size: 2, State: 0, Mode: LEADER, active raft config: opid_index: 4 OBSOLETE_local: false peers { permanent_uuid: "7b947be8b07a487985e9128fd6d6e54f" member_type: VOTER last_known_addr { host: "127.4.122.1" port: 44927 } } peers { permanent_uuid: "b2d842987eb04b54bc15c861a6fb1e86" member_type: VOTER last_known_addr { host: "127.4.122.2" port: 33483 } } peers { permanent_uuid: "e24c03c1b47c4e32a7aa6bcd859ee616" member_type: VOTER last_known_addr { host: "127.4.122.4" port: 42769 } attrs { promote: false } }
I20260608 12:53:18.644161  7948 raft_consensus.cc:1275] T 4f125202fd554a8c893bc4b863eb601b P e24c03c1b47c4e32a7aa6bcd859ee616 [term 1 FOLLOWER]: Refusing update from remote peer 7b947be8b07a487985e9128fd6d6e54f: Log matching property violated. Preceding OpId in replica: term: 1 index: 3. Preceding OpId from leader: term: 1 index: 4. (index mismatch)
I20260608 12:53:18.646066  8144 ts_tablet_manager.cc:1929] T 048692bbebd34253a4ff59f5dcde8ac9 P 7b947be8b07a487985e9128fd6d6e54f: tablet deleted with delete type TABLET_DATA_TOMBSTONED: last-logged OpId 1.3
I20260608 12:53:18.646555  8144 log.cc:1199] T 048692bbebd34253a4ff59f5dcde8ac9 P 7b947be8b07a487985e9128fd6d6e54f: Deleting WAL directory at /tmp/dist-test-taskAvPim1/test-tmp/auto_rebalancer-test.0.AutoRebalancerTest.RangeAwareRebalancesNewRangeReplicas.1780923100419588-4584-0/minicluster-data/ts-0-root/wals/048692bbebd34253a4ff59f5dcde8ac9
I20260608 12:53:18.646648  8141 consensus_queue.cc:1048] T 4f125202fd554a8c893bc4b863eb601b P 7b947be8b07a487985e9128fd6d6e54f [LEADER]: Connected to new peer: Peer: permanent_uuid: "e24c03c1b47c4e32a7aa6bcd859ee616" member_type: VOTER last_known_addr { host: "127.4.122.4" port: 42769 } attrs { promote: false }, Status: LMP_MISMATCH, Last received: 0.0, Next index: 4, Last known committed idx: 3, Time since last communication: 0.001s
I20260608 12:53:18.650825  7711 raft_consensus.cc:1275] T 4f125202fd554a8c893bc4b863eb601b P b2d842987eb04b54bc15c861a6fb1e86 [term 1 FOLLOWER]: Refusing update from remote peer 7b947be8b07a487985e9128fd6d6e54f: Log matching property violated. Preceding OpId in replica: term: 1 index: 3. Preceding OpId from leader: term: 1 index: 4. (index mismatch)
I20260608 12:53:18.648128  7521 catalog_manager.cc:5027] TS 7b947be8b07a487985e9128fd6d6e54f (127.4.122.1:44927): tablet 048692bbebd34253a4ff59f5dcde8ac9 (table range_aware_rebalance_new_range [id=bb2e772e4c0b4046a69f86d1e5bdaf16]) successfully deleted
I20260608 12:53:18.652369  8090 consensus_queue.cc:1048] T 4f125202fd554a8c893bc4b863eb601b P 7b947be8b07a487985e9128fd6d6e54f [LEADER]: Connected to new peer: Peer: permanent_uuid: "b2d842987eb04b54bc15c861a6fb1e86" member_type: VOTER last_known_addr { host: "127.4.122.2" port: 33483 }, Status: LMP_MISMATCH, Last received: 0.0, Next index: 4, Last known committed idx: 3, Time since last communication: 0.000s
I20260608 12:53:18.655093  8141 raft_consensus.cc:2955] T 4f125202fd554a8c893bc4b863eb601b P 7b947be8b07a487985e9128fd6d6e54f [term 1 LEADER]: Committing config change with OpId 1.4: config changed from index 3 to 4, VOTER bbc65bc39a714d1bb7f991613d6db1a3 (127.4.122.3) evicted. New config: { opid_index: 4 OBSOLETE_local: false peers { permanent_uuid: "7b947be8b07a487985e9128fd6d6e54f" member_type: VOTER last_known_addr { host: "127.4.122.1" port: 44927 } } peers { permanent_uuid: "b2d842987eb04b54bc15c861a6fb1e86" member_type: VOTER last_known_addr { host: "127.4.122.2" port: 33483 } } peers { permanent_uuid: "e24c03c1b47c4e32a7aa6bcd859ee616" member_type: VOTER last_known_addr { host: "127.4.122.4" port: 42769 } attrs { promote: false } } }
I20260608 12:53:18.663852  7711 raft_consensus.cc:2955] T 4f125202fd554a8c893bc4b863eb601b P b2d842987eb04b54bc15c861a6fb1e86 [term 1 FOLLOWER]: Committing config change with OpId 1.4: config changed from index 3 to 4, VOTER bbc65bc39a714d1bb7f991613d6db1a3 (127.4.122.3) evicted. New config: { opid_index: 4 OBSOLETE_local: false peers { permanent_uuid: "7b947be8b07a487985e9128fd6d6e54f" member_type: VOTER last_known_addr { host: "127.4.122.1" port: 44927 } } peers { permanent_uuid: "b2d842987eb04b54bc15c861a6fb1e86" member_type: VOTER last_known_addr { host: "127.4.122.2" port: 33483 } } peers { permanent_uuid: "e24c03c1b47c4e32a7aa6bcd859ee616" member_type: VOTER last_known_addr { host: "127.4.122.4" port: 42769 } attrs { promote: false } } }
I20260608 12:53:18.666687  7521 catalog_manager.cc:5209] ChangeConfig:REMOVE_PEER RPC for tablet 4f125202fd554a8c893bc4b863eb601b with cas_config_opid_index 3: ChangeConfig:REMOVE_PEER succeeded (attempt 1)
I20260608 12:53:18.668380  7948 raft_consensus.cc:2955] T 4f125202fd554a8c893bc4b863eb601b P e24c03c1b47c4e32a7aa6bcd859ee616 [term 1 FOLLOWER]: Committing config change with OpId 1.4: config changed from index 3 to 4, VOTER bbc65bc39a714d1bb7f991613d6db1a3 (127.4.122.3) evicted. New config: { opid_index: 4 OBSOLETE_local: false peers { permanent_uuid: "7b947be8b07a487985e9128fd6d6e54f" member_type: VOTER last_known_addr { host: "127.4.122.1" port: 44927 } } peers { permanent_uuid: "b2d842987eb04b54bc15c861a6fb1e86" member_type: VOTER last_known_addr { host: "127.4.122.2" port: 33483 } } peers { permanent_uuid: "e24c03c1b47c4e32a7aa6bcd859ee616" member_type: VOTER last_known_addr { host: "127.4.122.4" port: 42769 } attrs { promote: false } } }
I20260608 12:53:18.670642  7534 catalog_manager.cc:5696] T bc9ff5a8e3cb44deb5f815dc31127b1f P bbc65bc39a714d1bb7f991613d6db1a3 reported cstate change: term changed from 2 to 3, leader changed from 7b947be8b07a487985e9128fd6d6e54f (127.4.122.1) to bbc65bc39a714d1bb7f991613d6db1a3 (127.4.122.3). New cstate: current_term: 3 leader_uuid: "bbc65bc39a714d1bb7f991613d6db1a3" committed_config { opid_index: 2 OBSOLETE_local: false peers { permanent_uuid: "7b947be8b07a487985e9128fd6d6e54f" member_type: VOTER last_known_addr { host: "127.4.122.1" port: 44927 } attrs { replace: true } health_report { overall_health: UNKNOWN } } peers { permanent_uuid: "b2d842987eb04b54bc15c861a6fb1e86" member_type: VOTER last_known_addr { host: "127.4.122.2" port: 33483 } health_report { overall_health: UNKNOWN } } peers { permanent_uuid: "bbc65bc39a714d1bb7f991613d6db1a3" member_type: VOTER last_known_addr { host: "127.4.122.3" port: 45239 } health_report { overall_health: HEALTHY } } peers { permanent_uuid: "e24c03c1b47c4e32a7aa6bcd859ee616" member_type: NON_VOTER last_known_addr { host: "127.4.122.4" port: 42769 } attrs { promote: true } health_report { overall_health: UNKNOWN } } }
I20260608 12:53:18.672874  7532 catalog_manager.cc:5696] T 4f125202fd554a8c893bc4b863eb601b P 7b947be8b07a487985e9128fd6d6e54f reported cstate change: config changed from index 3 to 4, VOTER bbc65bc39a714d1bb7f991613d6db1a3 (127.4.122.3) evicted. New cstate: current_term: 1 leader_uuid: "7b947be8b07a487985e9128fd6d6e54f" committed_config { opid_index: 4 OBSOLETE_local: false peers { permanent_uuid: "7b947be8b07a487985e9128fd6d6e54f" member_type: VOTER last_known_addr { host: "127.4.122.1" port: 44927 } health_report { overall_health: HEALTHY } } peers { permanent_uuid: "b2d842987eb04b54bc15c861a6fb1e86" member_type: VOTER last_known_addr { host: "127.4.122.2" port: 33483 } health_report { overall_health: HEALTHY } } peers { permanent_uuid: "e24c03c1b47c4e32a7aa6bcd859ee616" member_type: VOTER last_known_addr { host: "127.4.122.4" port: 42769 } attrs { promote: false } health_report { overall_health: HEALTHY } } }
I20260608 12:53:18.687330  7770 tablet_service.cc:1558] Processing DeleteTablet for tablet 4f125202fd554a8c893bc4b863eb601b with delete_type TABLET_DATA_TOMBSTONED (TS bbc65bc39a714d1bb7f991613d6db1a3 not found in new config with opid_index 4) from {username='slave'} at 127.0.0.1:55078
I20260608 12:53:18.689455  8145 tablet_replica.cc:333] T 4f125202fd554a8c893bc4b863eb601b P bbc65bc39a714d1bb7f991613d6db1a3: stopping tablet replica
I20260608 12:53:18.691555  8145 raft_consensus.cc:2243] T 4f125202fd554a8c893bc4b863eb601b P bbc65bc39a714d1bb7f991613d6db1a3 [term 1 FOLLOWER]: Raft consensus shutting down.
I20260608 12:53:18.692389  8145 raft_consensus.cc:2272] T 4f125202fd554a8c893bc4b863eb601b P bbc65bc39a714d1bb7f991613d6db1a3 [term 1 FOLLOWER]: Raft consensus is shut down!
I20260608 12:53:18.695613  8145 ts_tablet_manager.cc:1916] T 4f125202fd554a8c893bc4b863eb601b P bbc65bc39a714d1bb7f991613d6db1a3: Deleting tablet data with delete state TABLET_DATA_TOMBSTONED
I20260608 12:53:18.707188  8145 ts_tablet_manager.cc:1929] T 4f125202fd554a8c893bc4b863eb601b P bbc65bc39a714d1bb7f991613d6db1a3: tablet deleted with delete type TABLET_DATA_TOMBSTONED: last-logged OpId 1.3
I20260608 12:53:18.707495  8145 log.cc:1199] T 4f125202fd554a8c893bc4b863eb601b P bbc65bc39a714d1bb7f991613d6db1a3: Deleting WAL directory at /tmp/dist-test-taskAvPim1/test-tmp/auto_rebalancer-test.0.AutoRebalancerTest.RangeAwareRebalancesNewRangeReplicas.1780923100419588-4584-0/minicluster-data/ts-2-root/wals/4f125202fd554a8c893bc4b863eb601b
I20260608 12:53:18.709086  7523 catalog_manager.cc:5027] TS bbc65bc39a714d1bb7f991613d6db1a3 (127.4.122.3:45239): tablet 4f125202fd554a8c893bc4b863eb601b (table range_aware_rebalance_new_range [id=bb2e772e4c0b4046a69f86d1e5bdaf16]) successfully deleted
I20260608 12:53:18.976390  7711 raft_consensus.cc:1275] T bc9ff5a8e3cb44deb5f815dc31127b1f P b2d842987eb04b54bc15c861a6fb1e86 [term 3 FOLLOWER]: Refusing update from remote peer bbc65bc39a714d1bb7f991613d6db1a3: Log matching property violated. Preceding OpId in replica: term: 1 index: 2. Preceding OpId from leader: term: 3 index: 4. (index mismatch)
I20260608 12:53:18.977993  8128 consensus_queue.cc:1048] T bc9ff5a8e3cb44deb5f815dc31127b1f P bbc65bc39a714d1bb7f991613d6db1a3 [LEADER]: Connected to new peer: Peer: permanent_uuid: "b2d842987eb04b54bc15c861a6fb1e86" member_type: VOTER last_known_addr { host: "127.4.122.2" port: 33483 }, Status: LMP_MISMATCH, Last received: 0.0, Next index: 4, Last known committed idx: 2, Time since last communication: 0.000s
I20260608 12:53:18.990331  7637 raft_consensus.cc:1275] T bc9ff5a8e3cb44deb5f815dc31127b1f P 7b947be8b07a487985e9128fd6d6e54f [term 3 FOLLOWER]: Refusing update from remote peer bbc65bc39a714d1bb7f991613d6db1a3: Log matching property violated. Preceding OpId in replica: term: 2 index: 3. Preceding OpId from leader: term: 3 index: 4. (index mismatch)
I20260608 12:53:18.991778  7948 raft_consensus.cc:3060] T bc9ff5a8e3cb44deb5f815dc31127b1f P e24c03c1b47c4e32a7aa6bcd859ee616 [term 2 LEARNER]: Advancing to term 3
I20260608 12:53:18.992089  8128 consensus_queue.cc:1048] T bc9ff5a8e3cb44deb5f815dc31127b1f P bbc65bc39a714d1bb7f991613d6db1a3 [LEADER]: Connected to new peer: Peer: permanent_uuid: "7b947be8b07a487985e9128fd6d6e54f" member_type: VOTER last_known_addr { host: "127.4.122.1" port: 44927 } attrs { replace: true }, Status: LMP_MISMATCH, Last received: 0.0, Next index: 4, Last known committed idx: 3, Time since last communication: 0.000s
I20260608 12:53:19.008581  7948 raft_consensus.cc:1275] T bc9ff5a8e3cb44deb5f815dc31127b1f P e24c03c1b47c4e32a7aa6bcd859ee616 [term 3 LEARNER]: Refusing update from remote peer bbc65bc39a714d1bb7f991613d6db1a3: Log matching property violated. Preceding OpId in replica: term: 1 index: 2. Preceding OpId from leader: term: 3 index: 4. (index mismatch)
