I20260608 12:53:11.115727  8289 raft_consensus.cc:2955] T 7122db12cd114ca78aa5630dfb25de14 P e066f460a7a2492c8a51e259b09609aa [term 2 FOLLOWER]: Committing config change with OpId 2.4: config changed from index 3 to 4, e066f460a7a2492c8a51e259b09609aa (127.4.227.196) changed from NON_VOTER to VOTER. New config: { opid_index: 4 OBSOLETE_local: false peers { permanent_uuid: "25996366aaa3402b98d57e0281fc15a9" member_type: VOTER last_known_addr { host: "127.4.227.194" port: 42409 } } peers { permanent_uuid: "58105b9c1bca4f0cb44f0c082f94c65b" member_type: VOTER last_known_addr { host: "127.4.227.193" port: 40267 } } peers { permanent_uuid: "d832009fb5bb4b82bf1c9f5b5113a0fc" member_type: VOTER last_known_addr { host: "127.4.227.195" port: 33263 } attrs { replace: true } } peers { permanent_uuid: "e066f460a7a2492c8a51e259b09609aa" member_type: VOTER last_known_addr { host: "127.4.227.196" port: 34743 } attrs { promote: false } } }
I20260608 12:53:11.115566  8122 raft_consensus.cc:2955] T 7122db12cd114ca78aa5630dfb25de14 P d832009fb5bb4b82bf1c9f5b5113a0fc [term 2 FOLLOWER]: Committing config change with OpId 2.4: config changed from index 3 to 4, e066f460a7a2492c8a51e259b09609aa (127.4.227.196) changed from NON_VOTER to VOTER. New config: { opid_index: 4 OBSOLETE_local: false peers { permanent_uuid: "25996366aaa3402b98d57e0281fc15a9" member_type: VOTER last_known_addr { host: "127.4.227.194" port: 42409 } } peers { permanent_uuid: "58105b9c1bca4f0cb44f0c082f94c65b" member_type: VOTER last_known_addr { host: "127.4.227.193" port: 40267 } } peers { permanent_uuid: "d832009fb5bb4b82bf1c9f5b5113a0fc" member_type: VOTER last_known_addr { host: "127.4.227.195" port: 33263 } attrs { replace: true } } peers { permanent_uuid: "e066f460a7a2492c8a51e259b09609aa" member_type: VOTER last_known_addr { host: "127.4.227.196" port: 34743 } attrs { promote: false } } }
I20260608 12:53:11.134032  8051 raft_consensus.cc:2955] T 7122db12cd114ca78aa5630dfb25de14 P 25996366aaa3402b98d57e0281fc15a9 [term 2 FOLLOWER]: Committing config change with OpId 2.4: config changed from index 3 to 4, e066f460a7a2492c8a51e259b09609aa (127.4.227.196) changed from NON_VOTER to VOTER. New config: { opid_index: 4 OBSOLETE_local: false peers { permanent_uuid: "25996366aaa3402b98d57e0281fc15a9" member_type: VOTER last_known_addr { host: "127.4.227.194" port: 42409 } } peers { permanent_uuid: "58105b9c1bca4f0cb44f0c082f94c65b" member_type: VOTER last_known_addr { host: "127.4.227.193" port: 40267 } } peers { permanent_uuid: "d832009fb5bb4b82bf1c9f5b5113a0fc" member_type: VOTER last_known_addr { host: "127.4.227.195" port: 33263 } attrs { replace: true } } peers { permanent_uuid: "e066f460a7a2492c8a51e259b09609aa" member_type: VOTER last_known_addr { host: "127.4.227.196" port: 34743 } attrs { promote: false } } }
I20260608 12:53:11.136624  7873 catalog_manager.cc:5696] T 7122db12cd114ca78aa5630dfb25de14 P 58105b9c1bca4f0cb44f0c082f94c65b reported cstate change: config changed from index 3 to 4, e066f460a7a2492c8a51e259b09609aa (127.4.227.196) changed from NON_VOTER to VOTER. New cstate: current_term: 2 leader_uuid: "58105b9c1bca4f0cb44f0c082f94c65b" committed_config { opid_index: 4 OBSOLETE_local: false peers { permanent_uuid: "25996366aaa3402b98d57e0281fc15a9" member_type: VOTER last_known_addr { host: "127.4.227.194" port: 42409 } health_report { overall_health: HEALTHY } } peers { permanent_uuid: "58105b9c1bca4f0cb44f0c082f94c65b" member_type: VOTER last_known_addr { host: "127.4.227.193" port: 40267 } health_report { overall_health: HEALTHY } } peers { permanent_uuid: "d832009fb5bb4b82bf1c9f5b5113a0fc" member_type: VOTER last_known_addr { host: "127.4.227.195" port: 33263 } attrs { replace: true } health_report { overall_health: HEALTHY } } peers { permanent_uuid: "e066f460a7a2492c8a51e259b09609aa" member_type: VOTER last_known_addr { host: "127.4.227.196" port: 34743 } attrs { promote: false } health_report { overall_health: HEALTHY } } }
I20260608 12:53:11.148384  8616 tablet_bootstrap.cc:492] T b5e46fdd4ea840d0b17f78309e4ff865 P d832009fb5bb4b82bf1c9f5b5113a0fc: Bootstrap complete.
I20260608 12:53:11.149279  8616 ts_tablet_manager.cc:1403] T b5e46fdd4ea840d0b17f78309e4ff865 P d832009fb5bb4b82bf1c9f5b5113a0fc: Time spent bootstrapping tablet: real 0.139s	user 0.035s	sys 0.011s
I20260608 12:53:11.157526  7927 auto_leader_rebalancer.cc:140] leader rebalance for table range_aware_rebalance_new_range
I20260608 12:53:11.190393  8616 raft_consensus.cc:359] T b5e46fdd4ea840d0b17f78309e4ff865 P d832009fb5bb4b82bf1c9f5b5113a0fc [term 4 LEARNER]: Replica starting. Triggering 0 pending ops. Active config: opid_index: 2 OBSOLETE_local: false peers { permanent_uuid: "e066f460a7a2492c8a51e259b09609aa" member_type: VOTER last_known_addr { host: "127.4.227.196" port: 34743 } attrs { replace: true } } peers { permanent_uuid: "58105b9c1bca4f0cb44f0c082f94c65b" member_type: VOTER last_known_addr { host: "127.4.227.193" port: 40267 } } peers { permanent_uuid: "25996366aaa3402b98d57e0281fc15a9" member_type: VOTER last_known_addr { host: "127.4.227.194" port: 42409 } } peers { permanent_uuid: "d832009fb5bb4b82bf1c9f5b5113a0fc" member_type: NON_VOTER last_known_addr { host: "127.4.227.195" port: 33263 } attrs { promote: true } }
I20260608 12:53:11.193198  8616 raft_consensus.cc:740] T b5e46fdd4ea840d0b17f78309e4ff865 P d832009fb5bb4b82bf1c9f5b5113a0fc [term 4 LEARNER]: Becoming Follower/Learner. State: Replica: d832009fb5bb4b82bf1c9f5b5113a0fc, State: Initialized, Role: LEARNER
I20260608 12:53:11.194195  8616 consensus_queue.cc:260] T b5e46fdd4ea840d0b17f78309e4ff865 P d832009fb5bb4b82bf1c9f5b5113a0fc [NON_LEADER]: Queue going to NON_LEADER mode. State: All replicated index: 0, Majority replicated index: 0, Committed index: 4, Last appended: 4.4, Last appended by leader: 4, Current term: 0, Majority size: -1, State: 0, Mode: NON_LEADER, active raft config: opid_index: 2 OBSOLETE_local: false peers { permanent_uuid: "e066f460a7a2492c8a51e259b09609aa" member_type: VOTER last_known_addr { host: "127.4.227.196" port: 34743 } attrs { replace: true } } peers { permanent_uuid: "58105b9c1bca4f0cb44f0c082f94c65b" member_type: VOTER last_known_addr { host: "127.4.227.193" port: 40267 } } peers { permanent_uuid: "25996366aaa3402b98d57e0281fc15a9" member_type: VOTER last_known_addr { host: "127.4.227.194" port: 42409 } } peers { permanent_uuid: "d832009fb5bb4b82bf1c9f5b5113a0fc" member_type: NON_VOTER last_known_addr { host: "127.4.227.195" port: 33263 } attrs { promote: true } }
I20260608 12:53:11.207247  8616 ts_tablet_manager.cc:1434] T b5e46fdd4ea840d0b17f78309e4ff865 P d832009fb5bb4b82bf1c9f5b5113a0fc: Time spent starting tablet: real 0.058s	user 0.011s	sys 0.001s
I20260608 12:53:11.209605  8061 tablet_copy_service.cc:342] P 25996366aaa3402b98d57e0281fc15a9: Request end of tablet copy session d832009fb5bb4b82bf1c9f5b5113a0fc-b5e46fdd4ea840d0b17f78309e4ff865 received from {username='slave'} at 127.0.0.1:60920
I20260608 12:53:11.210175  8061 tablet_copy_service.cc:434] P 25996366aaa3402b98d57e0281fc15a9: ending tablet copy session d832009fb5bb4b82bf1c9f5b5113a0fc-b5e46fdd4ea840d0b17f78309e4ff865 on tablet b5e46fdd4ea840d0b17f78309e4ff865 with peer d832009fb5bb4b82bf1c9f5b5113a0fc
I20260608 12:53:11.236519  7973 consensus_queue.cc:237] T 7122db12cd114ca78aa5630dfb25de14 P 58105b9c1bca4f0cb44f0c082f94c65b [LEADER]: Queue going to LEADER mode. State: All replicated index: 0, Majority replicated index: 4, Committed index: 4, Last appended: 2.4, Last appended by leader: 1, Current term: 2, Majority size: 2, State: 0, Mode: LEADER, active raft config: opid_index: 5 OBSOLETE_local: false peers { permanent_uuid: "25996366aaa3402b98d57e0281fc15a9" member_type: VOTER last_known_addr { host: "127.4.227.194" port: 42409 } } peers { permanent_uuid: "58105b9c1bca4f0cb44f0c082f94c65b" member_type: VOTER last_known_addr { host: "127.4.227.193" port: 40267 } } peers { permanent_uuid: "e066f460a7a2492c8a51e259b09609aa" member_type: VOTER last_known_addr { host: "127.4.227.196" port: 34743 } attrs { promote: false } }
I20260608 12:53:11.256426  8051 tablet_service.cc:2072] Received LeaderStepDown RPC: tablet_id: "4f1dc61b211f4072a686aab40598a4dd"
dest_uuid: "25996366aaa3402b98d57e0281fc15a9"
mode: GRACEFUL
new_leader_uuid: "e066f460a7a2492c8a51e259b09609aa"
 from {username='slave'} at 127.0.0.1:60950
I20260608 12:53:11.257247  8051 raft_consensus.cc:606] T 4f1dc61b211f4072a686aab40598a4dd P 25996366aaa3402b98d57e0281fc15a9 [term 1 LEADER]: Received request to transfer leadership to TS e066f460a7a2492c8a51e259b09609aa
I20260608 12:53:11.259774  7927 auto_leader_rebalancer.cc:388] table: range_aware_rebalance_new_range, leader rebalance finish, leader transfer count: 1
I20260608 12:53:11.260655  7927 auto_leader_rebalancer.cc:451] All tables' leader rebalancing finished this round
I20260608 12:53:11.260833  8289 raft_consensus.cc:1275] T 7122db12cd114ca78aa5630dfb25de14 P e066f460a7a2492c8a51e259b09609aa [term 2 FOLLOWER]: Refusing update from remote peer 58105b9c1bca4f0cb44f0c082f94c65b: Log matching property violated. Preceding OpId in replica: term: 2 index: 4. Preceding OpId from leader: term: 2 index: 5. (index mismatch)
I20260608 12:53:11.263988  8618 consensus_queue.cc:1048] T 7122db12cd114ca78aa5630dfb25de14 P 58105b9c1bca4f0cb44f0c082f94c65b [LEADER]: Connected to new peer: Peer: permanent_uuid: "e066f460a7a2492c8a51e259b09609aa" member_type: VOTER last_known_addr { host: "127.4.227.196" port: 34743 } attrs { promote: false }, Status: LMP_MISMATCH, Last received: 0.0, Next index: 5, Last known committed idx: 4, Time since last communication: 0.001s
I20260608 12:53:11.271399  8051 raft_consensus.cc:1275] T 7122db12cd114ca78aa5630dfb25de14 P 25996366aaa3402b98d57e0281fc15a9 [term 2 FOLLOWER]: Refusing update from remote peer 58105b9c1bca4f0cb44f0c082f94c65b: Log matching property violated. Preceding OpId in replica: term: 2 index: 4. Preceding OpId from leader: term: 2 index: 5. (index mismatch)
I20260608 12:53:11.273969  8618 consensus_queue.cc:1048] T 7122db12cd114ca78aa5630dfb25de14 P 58105b9c1bca4f0cb44f0c082f94c65b [LEADER]: Connected to new peer: Peer: permanent_uuid: "25996366aaa3402b98d57e0281fc15a9" member_type: VOTER last_known_addr { host: "127.4.227.194" port: 42409 }, Status: LMP_MISMATCH, Last received: 0.0, Next index: 5, Last known committed idx: 4, Time since last communication: 0.001s
I20260608 12:53:11.278343  8625 raft_consensus.cc:2955] T 7122db12cd114ca78aa5630dfb25de14 P 58105b9c1bca4f0cb44f0c082f94c65b [term 2 LEADER]: Committing config change with OpId 2.5: config changed from index 4 to 5, VOTER d832009fb5bb4b82bf1c9f5b5113a0fc (127.4.227.195) evicted. New config: { opid_index: 5 OBSOLETE_local: false peers { permanent_uuid: "25996366aaa3402b98d57e0281fc15a9" member_type: VOTER last_known_addr { host: "127.4.227.194" port: 42409 } } peers { permanent_uuid: "58105b9c1bca4f0cb44f0c082f94c65b" member_type: VOTER last_known_addr { host: "127.4.227.193" port: 40267 } } peers { permanent_uuid: "e066f460a7a2492c8a51e259b09609aa" member_type: VOTER last_known_addr { host: "127.4.227.196" port: 34743 } attrs { promote: false } } }
I20260608 12:53:11.296046  8122 raft_consensus.cc:1217] T b5e46fdd4ea840d0b17f78309e4ff865 P d832009fb5bb4b82bf1c9f5b5113a0fc [term 4 LEARNER]: Deduplicated request from leader. Original: 3.3->[4.4-4.4]   Dedup: 4.4->[]
I20260608 12:53:11.293059  8287 raft_consensus.cc:2955] T 7122db12cd114ca78aa5630dfb25de14 P e066f460a7a2492c8a51e259b09609aa [term 2 FOLLOWER]: Committing config change with OpId 2.5: config changed from index 4 to 5, VOTER d832009fb5bb4b82bf1c9f5b5113a0fc (127.4.227.195) evicted. New config: { opid_index: 5 OBSOLETE_local: false peers { permanent_uuid: "25996366aaa3402b98d57e0281fc15a9" member_type: VOTER last_known_addr { host: "127.4.227.194" port: 42409 } } peers { permanent_uuid: "58105b9c1bca4f0cb44f0c082f94c65b" member_type: VOTER last_known_addr { host: "127.4.227.193" port: 40267 } } peers { permanent_uuid: "e066f460a7a2492c8a51e259b09609aa" member_type: VOTER last_known_addr { host: "127.4.227.196" port: 34743 } attrs { promote: false } } }
I20260608 12:53:11.337230  8051 raft_consensus.cc:2955] T 7122db12cd114ca78aa5630dfb25de14 P 25996366aaa3402b98d57e0281fc15a9 [term 2 FOLLOWER]: Committing config change with OpId 2.5: config changed from index 4 to 5, VOTER d832009fb5bb4b82bf1c9f5b5113a0fc (127.4.227.195) evicted. New config: { opid_index: 5 OBSOLETE_local: false peers { permanent_uuid: "25996366aaa3402b98d57e0281fc15a9" member_type: VOTER last_known_addr { host: "127.4.227.194" port: 42409 } } peers { permanent_uuid: "58105b9c1bca4f0cb44f0c082f94c65b" member_type: VOTER last_known_addr { host: "127.4.227.193" port: 40267 } } peers { permanent_uuid: "e066f460a7a2492c8a51e259b09609aa" member_type: VOTER last_known_addr { host: "127.4.227.196" port: 34743 } attrs { promote: false } } }
I20260608 12:53:11.390379  7871 catalog_manager.cc:5696] T 7122db12cd114ca78aa5630dfb25de14 P e066f460a7a2492c8a51e259b09609aa reported cstate change: config changed from index 4 to 5, VOTER d832009fb5bb4b82bf1c9f5b5113a0fc (127.4.227.195) evicted. New cstate: current_term: 2 leader_uuid: "58105b9c1bca4f0cb44f0c082f94c65b" committed_config { opid_index: 5 OBSOLETE_local: false peers { permanent_uuid: "25996366aaa3402b98d57e0281fc15a9" member_type: VOTER last_known_addr { host: "127.4.227.194" port: 42409 } } peers { permanent_uuid: "58105b9c1bca4f0cb44f0c082f94c65b" member_type: VOTER last_known_addr { host: "127.4.227.193" port: 40267 } } peers { permanent_uuid: "e066f460a7a2492c8a51e259b09609aa" member_type: VOTER last_known_addr { host: "127.4.227.196" port: 34743 } attrs { promote: false } } }
I20260608 12:53:11.407543  8594 raft_consensus.cc:993] T 4f1dc61b211f4072a686aab40598a4dd P 25996366aaa3402b98d57e0281fc15a9: : Instructing follower e066f460a7a2492c8a51e259b09609aa to start an election
I20260608 12:53:11.408465  8563 raft_consensus.cc:1081] T 4f1dc61b211f4072a686aab40598a4dd P 25996366aaa3402b98d57e0281fc15a9 [term 1 LEADER]: Signalling peer e066f460a7a2492c8a51e259b09609aa to start an election
I20260608 12:53:11.411389  8289 tablet_service.cc:2044] Received Run Leader Election RPC: tablet_id: "4f1dc61b211f4072a686aab40598a4dd"
dest_uuid: "e066f460a7a2492c8a51e259b09609aa"
 from {username='slave'} at 127.0.0.1:41856
I20260608 12:53:11.412182  8289 raft_consensus.cc:493] T 4f1dc61b211f4072a686aab40598a4dd P e066f460a7a2492c8a51e259b09609aa [term 1 FOLLOWER]: Starting forced leader election (received explicit request)
I20260608 12:53:11.412634  8289 raft_consensus.cc:3060] T 4f1dc61b211f4072a686aab40598a4dd P e066f460a7a2492c8a51e259b09609aa [term 1 FOLLOWER]: Advancing to term 2
I20260608 12:53:11.422464  8108 tablet_service.cc:1558] Processing DeleteTablet for tablet 7122db12cd114ca78aa5630dfb25de14 with delete_type TABLET_DATA_TOMBSTONED (TS d832009fb5bb4b82bf1c9f5b5113a0fc not found in new config with opid_index 5) from {username='slave'} at 127.0.0.1:41984
I20260608 12:53:11.428455  7859 catalog_manager.cc:5209] ChangeConfig:REMOVE_PEER RPC for tablet 7122db12cd114ca78aa5630dfb25de14 with cas_config_opid_index 4: ChangeConfig:REMOVE_PEER succeeded (attempt 1)
I20260608 12:53:11.426290  8289 raft_consensus.cc:515] T 4f1dc61b211f4072a686aab40598a4dd P e066f460a7a2492c8a51e259b09609aa [term 2 FOLLOWER]: Starting forced leader election with config: opid_index: -1 OBSOLETE_local: false peers { permanent_uuid: "58105b9c1bca4f0cb44f0c082f94c65b" member_type: VOTER last_known_addr { host: "127.4.227.193" port: 40267 } } peers { permanent_uuid: "25996366aaa3402b98d57e0281fc15a9" member_type: VOTER last_known_addr { host: "127.4.227.194" port: 42409 } } peers { permanent_uuid: "e066f460a7a2492c8a51e259b09609aa" member_type: VOTER last_known_addr { host: "127.4.227.196" port: 34743 } }
I20260608 12:53:11.434314  7973 tablet_service.cc:1917] Received RequestConsensusVote() RPC: tablet_id: "4f1dc61b211f4072a686aab40598a4dd" candidate_uuid: "e066f460a7a2492c8a51e259b09609aa" candidate_term: 2 candidate_status { last_received { term: 1 index: 1 } } ignore_live_leader: true dest_uuid: "58105b9c1bca4f0cb44f0c082f94c65b"
I20260608 12:53:11.435249  7973 raft_consensus.cc:3060] T 4f1dc61b211f4072a686aab40598a4dd P 58105b9c1bca4f0cb44f0c082f94c65b [term 1 FOLLOWER]: Advancing to term 2
I20260608 12:53:11.437309  8051 tablet_service.cc:1917] Received RequestConsensusVote() RPC: tablet_id: "4f1dc61b211f4072a686aab40598a4dd" candidate_uuid: "e066f460a7a2492c8a51e259b09609aa" candidate_term: 2 candidate_status { last_received { term: 1 index: 1 } } ignore_live_leader: true dest_uuid: "25996366aaa3402b98d57e0281fc15a9"
I20260608 12:53:11.438012  8051 raft_consensus.cc:3055] T 4f1dc61b211f4072a686aab40598a4dd P 25996366aaa3402b98d57e0281fc15a9 [term 1 LEADER]: Stepping down as leader of term 1
I20260608 12:53:11.438328  8051 raft_consensus.cc:740] T 4f1dc61b211f4072a686aab40598a4dd P 25996366aaa3402b98d57e0281fc15a9 [term 1 LEADER]: Becoming Follower/Learner. State: Replica: 25996366aaa3402b98d57e0281fc15a9, State: Running, Role: LEADER
I20260608 12:53:11.439263  8289 leader_election.cc:290] T 4f1dc61b211f4072a686aab40598a4dd P e066f460a7a2492c8a51e259b09609aa [CANDIDATE]: Term 2 election: Requested vote from peers 58105b9c1bca4f0cb44f0c082f94c65b (127.4.227.193:40267), 25996366aaa3402b98d57e0281fc15a9 (127.4.227.194:42409)
I20260608 12:53:11.441459  8051 consensus_queue.cc:260] T 4f1dc61b211f4072a686aab40598a4dd P 25996366aaa3402b98d57e0281fc15a9 [NON_LEADER]: Queue going to NON_LEADER mode. State: All replicated index: 0, Majority replicated index: 1, Committed index: 1, Last appended: 1.1, Last appended by leader: 1, Current term: 1, Majority size: -1, State: 0, Mode: NON_LEADER, active raft config: opid_index: -1 OBSOLETE_local: false peers { permanent_uuid: "58105b9c1bca4f0cb44f0c082f94c65b" member_type: VOTER last_known_addr { host: "127.4.227.193" port: 40267 } } peers { permanent_uuid: "25996366aaa3402b98d57e0281fc15a9" member_type: VOTER last_known_addr { host: "127.4.227.194" port: 42409 } } peers { permanent_uuid: "e066f460a7a2492c8a51e259b09609aa" member_type: VOTER last_known_addr { host: "127.4.227.196" port: 34743 } }
I20260608 12:53:11.444921  8051 raft_consensus.cc:3060] T 4f1dc61b211f4072a686aab40598a4dd P 25996366aaa3402b98d57e0281fc15a9 [term 1 FOLLOWER]: Advancing to term 2
I20260608 12:53:11.459223  7973 raft_consensus.cc:2468] T 4f1dc61b211f4072a686aab40598a4dd P 58105b9c1bca4f0cb44f0c082f94c65b [term 2 FOLLOWER]: Leader election vote request: Granting yes vote for candidate e066f460a7a2492c8a51e259b09609aa in term 2.
I20260608 12:53:11.462728  8251 leader_election.cc:304] T 4f1dc61b211f4072a686aab40598a4dd P e066f460a7a2492c8a51e259b09609aa [CANDIDATE]: Term 2 election: Election decided. Result: candidate won. Election summary: received 2 responses out of 3 voters: 2 yes votes; 0 no votes. yes voters: 58105b9c1bca4f0cb44f0c082f94c65b, e066f460a7a2492c8a51e259b09609aa; no voters: 
I20260608 12:53:11.464262  8587 raft_consensus.cc:2804] T 4f1dc61b211f4072a686aab40598a4dd P e066f460a7a2492c8a51e259b09609aa [term 2 FOLLOWER]: Leader election won for term 2
I20260608 12:53:11.465750  8630 tablet_replica.cc:333] T 7122db12cd114ca78aa5630dfb25de14 P d832009fb5bb4b82bf1c9f5b5113a0fc: stopping tablet replica
I20260608 12:53:11.467305  8630 raft_consensus.cc:2243] T 7122db12cd114ca78aa5630dfb25de14 P d832009fb5bb4b82bf1c9f5b5113a0fc [term 2 FOLLOWER]: Raft consensus shutting down.
I20260608 12:53:11.468568  8630 raft_consensus.cc:2272] T 7122db12cd114ca78aa5630dfb25de14 P d832009fb5bb4b82bf1c9f5b5113a0fc [term 2 FOLLOWER]: Raft consensus is shut down!
I20260608 12:53:11.474195  8630 ts_tablet_manager.cc:1916] T 7122db12cd114ca78aa5630dfb25de14 P d832009fb5bb4b82bf1c9f5b5113a0fc: Deleting tablet data with delete state TABLET_DATA_TOMBSTONED
I20260608 12:53:11.494875  8587 raft_consensus.cc:697] T 4f1dc61b211f4072a686aab40598a4dd P e066f460a7a2492c8a51e259b09609aa [term 2 LEADER]: Becoming Leader. State: Replica: e066f460a7a2492c8a51e259b09609aa, State: Running, Role: LEADER
I20260608 12:53:11.496306  8587 consensus_queue.cc:237] T 4f1dc61b211f4072a686aab40598a4dd P e066f460a7a2492c8a51e259b09609aa [LEADER]: Queue going to LEADER mode. State: All replicated index: 0, Majority replicated index: 1, Committed index: 1, Last appended: 1.1, Last appended by leader: 1, Current term: 2, Majority size: 2, State: 0, Mode: LEADER, active raft config: opid_index: -1 OBSOLETE_local: false peers { permanent_uuid: "58105b9c1bca4f0cb44f0c082f94c65b" member_type: VOTER last_known_addr { host: "127.4.227.193" port: 40267 } } peers { permanent_uuid: "25996366aaa3402b98d57e0281fc15a9" member_type: VOTER last_known_addr { host: "127.4.227.194" port: 42409 } } peers { permanent_uuid: "e066f460a7a2492c8a51e259b09609aa" member_type: VOTER last_known_addr { host: "127.4.227.196" port: 34743 } }
I20260608 12:53:11.508038  8051 raft_consensus.cc:2468] T 4f1dc61b211f4072a686aab40598a4dd P 25996366aaa3402b98d57e0281fc15a9 [term 2 FOLLOWER]: Leader election vote request: Granting yes vote for candidate e066f460a7a2492c8a51e259b09609aa in term 2.
I20260608 12:53:11.514401  8630 ts_tablet_manager.cc:1929] T 7122db12cd114ca78aa5630dfb25de14 P d832009fb5bb4b82bf1c9f5b5113a0fc: tablet deleted with delete type TABLET_DATA_TOMBSTONED: last-logged OpId 2.4
I20260608 12:53:11.515100  8630 log.cc:1199] T 7122db12cd114ca78aa5630dfb25de14 P d832009fb5bb4b82bf1c9f5b5113a0fc: Deleting WAL directory at /tmp/dist-test-task6RxhnK/test-tmp/auto_rebalancer-test.0.AutoRebalancerTest.RangeAwareRebalancesNewRangeReplicas.1780923099771449-5007-0/minicluster-data/ts-2-root/wals/7122db12cd114ca78aa5630dfb25de14
I20260608 12:53:11.518008  7858 catalog_manager.cc:5027] TS d832009fb5bb4b82bf1c9f5b5113a0fc (127.4.227.195:33263): tablet 7122db12cd114ca78aa5630dfb25de14 (table range_aware_rebalance_new_range [id=5485a0fe79ed41c4b66365d803e9b2f3]) successfully deleted
I20260608 12:53:11.520656  7871 catalog_manager.cc:5696] T 4f1dc61b211f4072a686aab40598a4dd P e066f460a7a2492c8a51e259b09609aa reported cstate change: term changed from 1 to 2, leader changed from 25996366aaa3402b98d57e0281fc15a9 (127.4.227.194) to e066f460a7a2492c8a51e259b09609aa (127.4.227.196). New cstate: current_term: 2 leader_uuid: "e066f460a7a2492c8a51e259b09609aa" committed_config { opid_index: -1 OBSOLETE_local: false peers { permanent_uuid: "58105b9c1bca4f0cb44f0c082f94c65b" member_type: VOTER last_known_addr { host: "127.4.227.193" port: 40267 } health_report { overall_health: UNKNOWN } } peers { permanent_uuid: "25996366aaa3402b98d57e0281fc15a9" member_type: VOTER last_known_addr { host: "127.4.227.194" port: 42409 } health_report { overall_health: UNKNOWN } } peers { permanent_uuid: "e066f460a7a2492c8a51e259b09609aa" member_type: VOTER last_known_addr { host: "127.4.227.196" port: 34743 } health_report { overall_health: HEALTHY } } }
I20260608 12:53:11.778928  8594 raft_consensus.cc:1064] T b5e46fdd4ea840d0b17f78309e4ff865 P 25996366aaa3402b98d57e0281fc15a9: attempting to promote NON_VOTER d832009fb5bb4b82bf1c9f5b5113a0fc to VOTER
I20260608 12:53:11.782398  8594 consensus_queue.cc:237] T b5e46fdd4ea840d0b17f78309e4ff865 P 25996366aaa3402b98d57e0281fc15a9 [LEADER]: Queue going to LEADER mode. State: All replicated index: 0, Majority replicated index: 4, Committed index: 4, Last appended: 4.4, Last appended by leader: 3, Current term: 4, Majority size: 3, State: 0, Mode: LEADER, active raft config: opid_index: 5 OBSOLETE_local: false peers { permanent_uuid: "e066f460a7a2492c8a51e259b09609aa" member_type: VOTER last_known_addr { host: "127.4.227.196" port: 34743 } attrs { replace: true } } peers { permanent_uuid: "58105b9c1bca4f0cb44f0c082f94c65b" member_type: VOTER last_known_addr { host: "127.4.227.193" port: 40267 } } peers { permanent_uuid: "25996366aaa3402b98d57e0281fc15a9" member_type: VOTER last_known_addr { host: "127.4.227.194" port: 42409 } } peers { permanent_uuid: "d832009fb5bb4b82bf1c9f5b5113a0fc" member_type: VOTER last_known_addr { host: "127.4.227.195" port: 33263 } attrs { promote: false } }
I20260608 12:53:11.795120  7974 raft_consensus.cc:1275] T b5e46fdd4ea840d0b17f78309e4ff865 P 58105b9c1bca4f0cb44f0c082f94c65b [term 4 FOLLOWER]: Refusing update from remote peer 25996366aaa3402b98d57e0281fc15a9: Log matching property violated. Preceding OpId in replica: term: 4 index: 4. Preceding OpId from leader: term: 4 index: 5. (index mismatch)
I20260608 12:53:11.797403  8563 consensus_queue.cc:1048] T b5e46fdd4ea840d0b17f78309e4ff865 P 25996366aaa3402b98d57e0281fc15a9 [LEADER]: Connected to new peer: Peer: permanent_uuid: "58105b9c1bca4f0cb44f0c082f94c65b" member_type: VOTER last_known_addr { host: "127.4.227.193" port: 40267 }, Status: LMP_MISMATCH, Last received: 0.0, Next index: 5, Last known committed idx: 4, Time since last communication: 0.001s
I20260608 12:53:11.803071  8122 raft_consensus.cc:1275] T b5e46fdd4ea840d0b17f78309e4ff865 P d832009fb5bb4b82bf1c9f5b5113a0fc [term 4 LEARNER]: Refusing update from remote peer 25996366aaa3402b98d57e0281fc15a9: Log matching property violated. Preceding OpId in replica: term: 4 index: 4. Preceding OpId from leader: term: 4 index: 5. (index mismatch)
I20260608 12:53:11.805747  8594 consensus_queue.cc:1048] T b5e46fdd4ea840d0b17f78309e4ff865 P 25996366aaa3402b98d57e0281fc15a9 [LEADER]: Connected to new peer: Peer: permanent_uuid: "d832009fb5bb4b82bf1c9f5b5113a0fc" member_type: VOTER last_known_addr { host: "127.4.227.195" port: 33263 } attrs { promote: false }, Status: LMP_MISMATCH, Last received: 0.0, Next index: 5, Last known committed idx: 4, Time since last communication: 0.000s
I20260608 12:53:11.806898  8289 raft_consensus.cc:1275] T b5e46fdd4ea840d0b17f78309e4ff865 P e066f460a7a2492c8a51e259b09609aa [term 4 FOLLOWER]: Refusing update from remote peer 25996366aaa3402b98d57e0281fc15a9: Log matching property violated. Preceding OpId in replica: term: 4 index: 4. Preceding OpId from leader: term: 4 index: 5. (index mismatch)
I20260608 12:53:11.812050  8563 consensus_queue.cc:1048] T b5e46fdd4ea840d0b17f78309e4ff865 P 25996366aaa3402b98d57e0281fc15a9 [LEADER]: Connected to new peer: Peer: permanent_uuid: "e066f460a7a2492c8a51e259b09609aa" member_type: VOTER last_known_addr { host: "127.4.227.196" port: 34743 } attrs { replace: true }, Status: LMP_MISMATCH, Last received: 0.0, Next index: 5, Last known committed idx: 4, Time since last communication: 0.001s
I20260608 12:53:11.838593  8636 raft_consensus.cc:2955] T b5e46fdd4ea840d0b17f78309e4ff865 P 25996366aaa3402b98d57e0281fc15a9 [term 4 LEADER]: Committing config change with OpId 4.5: config changed from index 2 to 5, d832009fb5bb4b82bf1c9f5b5113a0fc (127.4.227.195) changed from NON_VOTER to VOTER. New config: { opid_index: 5 OBSOLETE_local: false peers { permanent_uuid: "e066f460a7a2492c8a51e259b09609aa" member_type: VOTER last_known_addr { host: "127.4.227.196" port: 34743 } attrs { replace: true } } peers { permanent_uuid: "58105b9c1bca4f0cb44f0c082f94c65b" member_type: VOTER last_known_addr { host: "127.4.227.193" port: 40267 } } peers { permanent_uuid: "25996366aaa3402b98d57e0281fc15a9" member_type: VOTER last_known_addr { host: "127.4.227.194" port: 42409 } } peers { permanent_uuid: "d832009fb5bb4b82bf1c9f5b5113a0fc" member_type: VOTER last_known_addr { host: "127.4.227.195" port: 33263 } attrs { promote: false } } }
I20260608 12:53:11.841256  8122 raft_consensus.cc:2955] T b5e46fdd4ea840d0b17f78309e4ff865 P d832009fb5bb4b82bf1c9f5b5113a0fc [term 4 FOLLOWER]: Committing config change with OpId 4.5: config changed from index 2 to 5, d832009fb5bb4b82bf1c9f5b5113a0fc (127.4.227.195) changed from NON_VOTER to VOTER. New config: { opid_index: 5 OBSOLETE_local: false peers { permanent_uuid: "e066f460a7a2492c8a51e259b09609aa" member_type: VOTER last_known_addr { host: "127.4.227.196" port: 34743 } attrs { replace: true } } peers { permanent_uuid: "58105b9c1bca4f0cb44f0c082f94c65b" member_type: VOTER last_known_addr { host: "127.4.227.193" port: 40267 } } peers { permanent_uuid: "25996366aaa3402b98d57e0281fc15a9" member_type: VOTER last_known_addr { host: "127.4.227.194" port: 42409 } } peers { permanent_uuid: "d832009fb5bb4b82bf1c9f5b5113a0fc" member_type: VOTER last_known_addr { host: "127.4.227.195" port: 33263 } attrs { promote: false } } }
I20260608 12:53:11.852623  8289 raft_consensus.cc:2955] T b5e46fdd4ea840d0b17f78309e4ff865 P e066f460a7a2492c8a51e259b09609aa [term 4 FOLLOWER]: Committing config change with OpId 4.5: config changed from index 2 to 5, d832009fb5bb4b82bf1c9f5b5113a0fc (127.4.227.195) changed from NON_VOTER to VOTER. New config: { opid_index: 5 OBSOLETE_local: false peers { permanent_uuid: "e066f460a7a2492c8a51e259b09609aa" member_type: VOTER last_known_addr { host: "127.4.227.196" port: 34743 } attrs { replace: true } } peers { permanent_uuid: "58105b9c1bca4f0cb44f0c082f94c65b" member_type: VOTER last_known_addr { host: "127.4.227.193" port: 40267 } } peers { permanent_uuid: "25996366aaa3402b98d57e0281fc15a9" member_type: VOTER last_known_addr { host: "127.4.227.194" port: 42409 } } peers { permanent_uuid: "d832009fb5bb4b82bf1c9f5b5113a0fc" member_type: VOTER last_known_addr { host: "127.4.227.195" port: 33263 } attrs { promote: false } } }
I20260608 12:53:11.865085  7973 raft_consensus.cc:2955] T b5e46fdd4ea840d0b17f78309e4ff865 P 58105b9c1bca4f0cb44f0c082f94c65b [term 4 FOLLOWER]: Committing config change with OpId 4.5: config changed from index 2 to 5, d832009fb5bb4b82bf1c9f5b5113a0fc (127.4.227.195) changed from NON_VOTER to VOTER. New config: { opid_index: 5 OBSOLETE_local: false peers { permanent_uuid: "e066f460a7a2492c8a51e259b09609aa" member_type: VOTER last_known_addr { host: "127.4.227.196" port: 34743 } attrs { replace: true } } peers { permanent_uuid: "58105b9c1bca4f0cb44f0c082f94c65b" member_type: VOTER last_known_addr { host: "127.4.227.193" port: 40267 } } peers { permanent_uuid: "25996366aaa3402b98d57e0281fc15a9" member_type: VOTER last_known_addr { host: "127.4.227.194" port: 42409 } } peers { permanent_uuid: "d832009fb5bb4b82bf1c9f5b5113a0fc" member_type: VOTER last_known_addr { host: "127.4.227.195" port: 33263 } attrs { promote: false } } }
I20260608 12:53:11.870218  7871 catalog_manager.cc:5696] T b5e46fdd4ea840d0b17f78309e4ff865 P d832009fb5bb4b82bf1c9f5b5113a0fc reported cstate change: config changed from index 2 to 5, d832009fb5bb4b82bf1c9f5b5113a0fc (127.4.227.195) changed from NON_VOTER to VOTER. New cstate: current_term: 4 leader_uuid: "25996366aaa3402b98d57e0281fc15a9" committed_config { opid_index: 5 OBSOLETE_local: false peers { permanent_uuid: "e066f460a7a2492c8a51e259b09609aa" member_type: VOTER last_known_addr { host: "127.4.227.196" port: 34743 } attrs { replace: true } } peers { permanent_uuid: "58105b9c1bca4f0cb44f0c082f94c65b" member_type: VOTER last_known_addr { host: "127.4.227.193" port: 40267 } } peers { permanent_uuid: "25996366aaa3402b98d57e0281fc15a9" member_type: VOTER last_known_addr { host: "127.4.227.194" port: 42409 } } peers { permanent_uuid: "d832009fb5bb4b82bf1c9f5b5113a0fc" member_type: VOTER last_known_addr { host: "127.4.227.195" port: 33263 } attrs { promote: false } } }
I20260608 12:53:11.915181  8051 consensus_queue.cc:237] T b5e46fdd4ea840d0b17f78309e4ff865 P 25996366aaa3402b98d57e0281fc15a9 [LEADER]: Queue going to LEADER mode. State: All replicated index: 0, Majority replicated index: 5, Committed index: 5, Last appended: 4.5, Last appended by leader: 3, Current term: 4, Majority size: 2, State: 0, Mode: LEADER, active raft config: opid_index: 6 OBSOLETE_local: false peers { permanent_uuid: "58105b9c1bca4f0cb44f0c082f94c65b" member_type: VOTER last_known_addr { host: "127.4.227.193" port: 40267 } } peers { permanent_uuid: "25996366aaa3402b98d57e0281fc15a9" member_type: VOTER last_known_addr { host: "127.4.227.194" port: 42409 } } peers { permanent_uuid: "d832009fb5bb4b82bf1c9f5b5113a0fc" member_type: VOTER last_known_addr { host: "127.4.227.195" port: 33263 } attrs { promote: false } }
I20260608 12:53:11.923326  8122 raft_consensus.cc:1275] T b5e46fdd4ea840d0b17f78309e4ff865 P d832009fb5bb4b82bf1c9f5b5113a0fc [term 4 FOLLOWER]: Refusing update from remote peer 25996366aaa3402b98d57e0281fc15a9: Log matching property violated. Preceding OpId in replica: term: 4 index: 5. Preceding OpId from leader: term: 4 index: 6. (index mismatch)
I20260608 12:53:11.924782  7973 raft_consensus.cc:1275] T b5e46fdd4ea840d0b17f78309e4ff865 P 58105b9c1bca4f0cb44f0c082f94c65b [term 4 FOLLOWER]: Refusing update from remote peer 25996366aaa3402b98d57e0281fc15a9: Log matching property violated. Preceding OpId in replica: term: 4 index: 5. Preceding OpId from leader: term: 4 index: 6. (index mismatch)
I20260608 12:53:11.925913  8636 consensus_queue.cc:1048] T b5e46fdd4ea840d0b17f78309e4ff865 P 25996366aaa3402b98d57e0281fc15a9 [LEADER]: Connected to new peer: Peer: permanent_uuid: "d832009fb5bb4b82bf1c9f5b5113a0fc" member_type: VOTER last_known_addr { host: "127.4.227.195" port: 33263 } attrs { promote: false }, Status: LMP_MISMATCH, Last received: 0.0, Next index: 6, Last known committed idx: 5, Time since last communication: 0.001s
I20260608 12:53:11.927284  8594 consensus_queue.cc:1048] T b5e46fdd4ea840d0b17f78309e4ff865 P 25996366aaa3402b98d57e0281fc15a9 [LEADER]: Connected to new peer: Peer: permanent_uuid: "58105b9c1bca4f0cb44f0c082f94c65b" member_type: VOTER last_known_addr { host: "127.4.227.193" port: 40267 }, Status: LMP_MISMATCH, Last received: 0.0, Next index: 6, Last known committed idx: 5, Time since last communication: 0.000s
I20260608 12:53:11.942417  8594 raft_consensus.cc:2955] T b5e46fdd4ea840d0b17f78309e4ff865 P 25996366aaa3402b98d57e0281fc15a9 [term 4 LEADER]: Committing config change with OpId 4.6: config changed from index 5 to 6, VOTER e066f460a7a2492c8a51e259b09609aa (127.4.227.196) evicted. New config: { opid_index: 6 OBSOLETE_local: false peers { permanent_uuid: "58105b9c1bca4f0cb44f0c082f94c65b" member_type: VOTER last_known_addr { host: "127.4.227.193" port: 40267 } } peers { permanent_uuid: "25996366aaa3402b98d57e0281fc15a9" member_type: VOTER last_known_addr { host: "127.4.227.194" port: 42409 } } peers { permanent_uuid: "d832009fb5bb4b82bf1c9f5b5113a0fc" member_type: VOTER last_known_addr { host: "127.4.227.195" port: 33263 } attrs { promote: false } } }
I20260608 12:53:11.943682  8122 raft_consensus.cc:2955] T b5e46fdd4ea840d0b17f78309e4ff865 P d832009fb5bb4b82bf1c9f5b5113a0fc [term 4 FOLLOWER]: Committing config change with OpId 4.6: config changed from index 5 to 6, VOTER e066f460a7a2492c8a51e259b09609aa (127.4.227.196) evicted. New config: { opid_index: 6 OBSOLETE_local: false peers { permanent_uuid: "58105b9c1bca4f0cb44f0c082f94c65b" member_type: VOTER last_known_addr { host: "127.4.227.193" port: 40267 } } peers { permanent_uuid: "25996366aaa3402b98d57e0281fc15a9" member_type: VOTER last_known_addr { host: "127.4.227.194" port: 42409 } } peers { permanent_uuid: "d832009fb5bb4b82bf1c9f5b5113a0fc" member_type: VOTER last_known_addr { host: "127.4.227.195" port: 33263 } attrs { promote: false } } }
I20260608 12:53:11.951973  7974 raft_consensus.cc:2955] T b5e46fdd4ea840d0b17f78309e4ff865 P 58105b9c1bca4f0cb44f0c082f94c65b [term 4 FOLLOWER]: Committing config change with OpId 4.6: config changed from index 5 to 6, VOTER e066f460a7a2492c8a51e259b09609aa (127.4.227.196) evicted. New config: { opid_index: 6 OBSOLETE_local: false peers { permanent_uuid: "58105b9c1bca4f0cb44f0c082f94c65b" member_type: VOTER last_known_addr { host: "127.4.227.193" port: 40267 } } peers { permanent_uuid: "25996366aaa3402b98d57e0281fc15a9" member_type: VOTER last_known_addr { host: "127.4.227.194" port: 42409 } } peers { permanent_uuid: "d832009fb5bb4b82bf1c9f5b5113a0fc" member_type: VOTER last_known_addr { host: "127.4.227.195" port: 33263 } attrs { promote: false } } }
I20260608 12:53:11.960843  7873 catalog_manager.cc:5696] T b5e46fdd4ea840d0b17f78309e4ff865 P d832009fb5bb4b82bf1c9f5b5113a0fc reported cstate change: config changed from index 5 to 6, VOTER e066f460a7a2492c8a51e259b09609aa (127.4.227.196) evicted. New cstate: current_term: 4 leader_uuid: "25996366aaa3402b98d57e0281fc15a9" committed_config { opid_index: 6 OBSOLETE_local: false peers { permanent_uuid: "58105b9c1bca4f0cb44f0c082f94c65b" member_type: VOTER last_known_addr { host: "127.4.227.193" port: 40267 } } peers { permanent_uuid: "25996366aaa3402b98d57e0281fc15a9" member_type: VOTER last_known_addr { host: "127.4.227.194" port: 42409 } } peers { permanent_uuid: "d832009fb5bb4b82bf1c9f5b5113a0fc" member_type: VOTER last_known_addr { host: "127.4.227.195" port: 33263 } attrs { promote: false } } }
I20260608 12:53:11.975184  8051 raft_consensus.cc:1275] T 4f1dc61b211f4072a686aab40598a4dd P 25996366aaa3402b98d57e0281fc15a9 [term 2 FOLLOWER]: Refusing update from remote peer e066f460a7a2492c8a51e259b09609aa: Log matching property violated. Preceding OpId in replica: term: 1 index: 1. Preceding OpId from leader: term: 2 index: 2. (index mismatch)
I20260608 12:53:11.977106  8587 consensus_queue.cc:1048] T 4f1dc61b211f4072a686aab40598a4dd P e066f460a7a2492c8a51e259b09609aa [LEADER]: Connected to new peer: Peer: permanent_uuid: "25996366aaa3402b98d57e0281fc15a9" member_type: VOTER last_known_addr { host: "127.4.227.194" port: 42409 }, Status: LMP_MISMATCH, Last received: 0.0, Next index: 2, Last known committed idx: 1, Time since last communication: 0.001s
I20260608 12:53:11.980086  8273 tablet_service.cc:1558] Processing DeleteTablet for tablet b5e46fdd4ea840d0b17f78309e4ff865 with delete_type TABLET_DATA_TOMBSTONED (TS e066f460a7a2492c8a51e259b09609aa not found in new config with opid_index 6) from {username='slave'} at 127.0.0.1:41840
I20260608 12:53:11.987100  7861 catalog_manager.cc:5209] ChangeConfig:REMOVE_PEER RPC for tablet b5e46fdd4ea840d0b17f78309e4ff865 with cas_config_opid_index 5: ChangeConfig:REMOVE_PEER succeeded (attempt 1)
I20260608 12:53:11.992129  8641 tablet_replica.cc:333] T b5e46fdd4ea840d0b17f78309e4ff865 P e066f460a7a2492c8a51e259b09609aa: stopping tablet replica
I20260608 12:53:11.993629  8641 raft_consensus.cc:2243] T b5e46fdd4ea840d0b17f78309e4ff865 P e066f460a7a2492c8a51e259b09609aa [term 4 FOLLOWER]: Raft consensus shutting down.
I20260608 12:53:11.994858  8641 raft_consensus.cc:2272] T b5e46fdd4ea840d0b17f78309e4ff865 P e066f460a7a2492c8a51e259b09609aa [term 4 FOLLOWER]: Raft consensus is shut down!
I20260608 12:53:11.999944  8641 ts_tablet_manager.cc:1916] T b5e46fdd4ea840d0b17f78309e4ff865 P e066f460a7a2492c8a51e259b09609aa: Deleting tablet data with delete state TABLET_DATA_TOMBSTONED
I20260608 12:53:12.028553  8641 ts_tablet_manager.cc:1929] T b5e46fdd4ea840d0b17f78309e4ff865 P e066f460a7a2492c8a51e259b09609aa: tablet deleted with delete type TABLET_DATA_TOMBSTONED: last-logged OpId 4.5
I20260608 12:53:12.029165  8641 log.cc:1199] T b5e46fdd4ea840d0b17f78309e4ff865 P e066f460a7a2492c8a51e259b09609aa: Deleting WAL directory at /tmp/dist-test-task6RxhnK/test-tmp/auto_rebalancer-test.0.AutoRebalancerTest.RangeAwareRebalancesNewRangeReplicas.1780923099771449-5007-0/minicluster-data/ts-3-root/wals/b5e46fdd4ea840d0b17f78309e4ff865
I20260608 12:53:12.036504  7858 catalog_manager.cc:5027] TS e066f460a7a2492c8a51e259b09609aa (127.4.227.196:34743): tablet b5e46fdd4ea840d0b17f78309e4ff865 (table range_aware_rebalance_new_range [id=5485a0fe79ed41c4b66365d803e9b2f3]) successfully deleted
I20260608 12:53:12.044174  7974 raft_consensus.cc:1275] T 4f1dc61b211f4072a686aab40598a4dd P 58105b9c1bca4f0cb44f0c082f94c65b [term 2 FOLLOWER]: Refusing update from remote peer e066f460a7a2492c8a51e259b09609aa: Log matching property violated. Preceding OpId in replica: term: 1 index: 1. Preceding OpId from leader: term: 2 index: 2. (index mismatch)
I20260608 12:53:12.052194  8587 consensus_queue.cc:1048] T 4f1dc61b211f4072a686aab40598a4dd P e066f460a7a2492c8a51e259b09609aa [LEADER]: Connected to new peer: Peer: permanent_uuid: "58105b9c1bca4f0cb44f0c082f94c65b" member_type: VOTER last_known_addr { host: "127.4.227.193" port: 40267 }, Status: LMP_MISMATCH, Last received: 0.0, Next index: 2, Last known committed idx: 1, Time since last communication: 0.000s
I20260608 12:53:12.242128  5007 tablet_server.cc:179] TabletServer@127.4.227.193:0 shutting down...
W20260608 12:53:12.266417  8251 proxy.cc:239] Call had error, refreshing address and retrying: Remote error: Service unavailable: service kudu.consensus.ConsensusService not registered on TabletServer [suppressed 1 similar messages]
W20260608 12:53:12.291285  8251 consensus_peers.cc:597] T 1882ff56158f47a594ad1b95ba813175 P e066f460a7a2492c8a51e259b09609aa -> Peer 58105b9c1bca4f0cb44f0c082f94c65b (127.4.227.193:40267): Couldn't send request to peer 58105b9c1bca4f0cb44f0c082f94c65b. Status: Remote error: Service unavailable: service kudu.consensus.ConsensusService not registered on TabletServer. This is attempt 1: this message will repeat every 5th retry.
I20260608 12:53:12.322405  5007 ts_tablet_manager.cc:1507] Shutting down tablet manager...
I20260608 12:53:12.324831  5007 tablet_replica.cc:333] T 4762094ec06b4be49465aea8c67e8f68 P 58105b9c1bca4f0cb44f0c082f94c65b: stopping tablet replica
I20260608 12:53:12.326088  5007 raft_consensus.cc:2243] T 4762094ec06b4be49465aea8c67e8f68 P 58105b9c1bca4f0cb44f0c082f94c65b [term 1 LEADER]: Raft consensus shutting down.
I20260608 12:53:12.327668  5007 raft_consensus.cc:2272] T 4762094ec06b4be49465aea8c67e8f68 P 58105b9c1bca4f0cb44f0c082f94c65b [term 1 FOLLOWER]: Raft consensus is shut down!
I20260608 12:53:12.331295  5007 tablet_replica.cc:333] T 1882ff56158f47a594ad1b95ba813175 P 58105b9c1bca4f0cb44f0c082f94c65b: stopping tablet replica
I20260608 12:53:12.332350  5007 raft_consensus.cc:2243] T 1882ff56158f47a594ad1b95ba813175 P 58105b9c1bca4f0cb44f0c082f94c65b [term 1 FOLLOWER]: Raft consensus shutting down.
I20260608 12:53:12.333122  5007 raft_consensus.cc:2272] T 1882ff56158f47a594ad1b95ba813175 P 58105b9c1bca4f0cb44f0c082f94c65b [term 1 FOLLOWER]: Raft consensus is shut down!
I20260608 12:53:12.338400  5007 tablet_replica.cc:333] T f455169b69e5485b9bd566d282a3631f P 58105b9c1bca4f0cb44f0c082f94c65b: stopping tablet replica
I20260608 12:53:12.339460  5007 raft_consensus.cc:2243] T f455169b69e5485b9bd566d282a3631f P 58105b9c1bca4f0cb44f0c082f94c65b [term 4 FOLLOWER]: Raft consensus shutting down.
I20260608 12:53:12.340701  5007 raft_consensus.cc:2272] T f455169b69e5485b9bd566d282a3631f P 58105b9c1bca4f0cb44f0c082f94c65b [term 4 FOLLOWER]: Raft consensus is shut down!
I20260608 12:53:12.344276  5007 tablet_replica.cc:333] T 4f1dc61b211f4072a686aab40598a4dd P 58105b9c1bca4f0cb44f0c082f94c65b: stopping tablet replica
I20260608 12:53:12.345235  5007 raft_consensus.cc:2243] T 4f1dc61b211f4072a686aab40598a4dd P 58105b9c1bca4f0cb44f0c082f94c65b [term 2 FOLLOWER]: Raft consensus shutting down.
I20260608 12:53:12.345904  5007 raft_consensus.cc:2272] T 4f1dc61b211f4072a686aab40598a4dd P 58105b9c1bca4f0cb44f0c082f94c65b [term 2 FOLLOWER]: Raft consensus is shut down!
I20260608 12:53:12.350040  5007 tablet_replica.cc:333] T b5e46fdd4ea840d0b17f78309e4ff865 P 58105b9c1bca4f0cb44f0c082f94c65b: stopping tablet replica
I20260608 12:53:12.351051  5007 raft_consensus.cc:2243] T b5e46fdd4ea840d0b17f78309e4ff865 P 58105b9c1bca4f0cb44f0c082f94c65b [term 4 FOLLOWER]: Raft consensus shutting down.
I20260608 12:53:12.351789  5007 raft_consensus.cc:2272] T b5e46fdd4ea840d0b17f78309e4ff865 P 58105b9c1bca4f0cb44f0c082f94c65b [term 4 FOLLOWER]: Raft consensus is shut down!
W20260608 12:53:12.352645  8251 consensus_peers.cc:597] T 238cfe8ba3834b5e9fc6579486790042 P e066f460a7a2492c8a51e259b09609aa -> Peer 58105b9c1bca4f0cb44f0c082f94c65b (127.4.227.193:40267): Couldn't send request to peer 58105b9c1bca4f0cb44f0c082f94c65b. Status: Remote error: Service unavailable: service kudu.consensus.ConsensusService not registered on TabletServer. This is attempt 1: this message will repeat every 5th retry.
I20260608 12:53:12.357295  5007 tablet_replica.cc:333] T 9b368c36f9904075bad0e9e567f39159 P 58105b9c1bca4f0cb44f0c082f94c65b: stopping tablet replica
I20260608 12:53:12.358551  5007 raft_consensus.cc:2243] T 9b368c36f9904075bad0e9e567f39159 P 58105b9c1bca4f0cb44f0c082f94c65b [term 1 LEADER]: Raft consensus shutting down.
I20260608 12:53:12.360443  5007 raft_consensus.cc:2272] T 9b368c36f9904075bad0e9e567f39159 P 58105b9c1bca4f0cb44f0c082f94c65b [term 1 FOLLOWER]: Raft consensus is shut down!
I20260608 12:53:12.364370  5007 tablet_replica.cc:333] T 9ee9967b50aa48e0a77c5db518f39dfe P 58105b9c1bca4f0cb44f0c082f94c65b: stopping tablet replica
I20260608 12:53:12.365517  5007 raft_consensus.cc:2243] T 9ee9967b50aa48e0a77c5db518f39dfe P 58105b9c1bca4f0cb44f0c082f94c65b [term 2 FOLLOWER]: Raft consensus shutting down.
I20260608 12:53:12.366534  5007 raft_consensus.cc:2272] T 9ee9967b50aa48e0a77c5db518f39dfe P 58105b9c1bca4f0cb44f0c082f94c65b [term 2 FOLLOWER]: Raft consensus is shut down!
W20260608 12:53:12.370391  8251 consensus_peers.cc:597] T f455169b69e5485b9bd566d282a3631f P e066f460a7a2492c8a51e259b09609aa -> Peer 58105b9c1bca4f0cb44f0c082f94c65b (127.4.227.193:40267): Couldn't send request to peer 58105b9c1bca4f0cb44f0c082f94c65b. Status: Remote error: Service unavailable: service kudu.consensus.ConsensusService not registered on TabletServer. This is attempt 1: this message will repeat every 5th retry.
I20260608 12:53:12.370967  5007 tablet_replica.cc:333] T 774520243a69409fb5b6d8bb542334a9 P 58105b9c1bca4f0cb44f0c082f94c65b: stopping tablet replica
I20260608 12:53:12.372262  5007 raft_consensus.cc:2243] T 774520243a69409fb5b6d8bb542334a9 P 58105b9c1bca4f0cb44f0c082f94c65b [term 1 FOLLOWER]: Raft consensus shutting down.
I20260608 12:53:12.373390  5007 raft_consensus.cc:2272] T 774520243a69409fb5b6d8bb542334a9 P 58105b9c1bca4f0cb44f0c082f94c65b [term 1 FOLLOWER]: Raft consensus is shut down!
W20260608 12:53:12.376950  8015 consensus_peers.cc:597] T b5e46fdd4ea840d0b17f78309e4ff865 P 25996366aaa3402b98d57e0281fc15a9 -> Peer 58105b9c1bca4f0cb44f0c082f94c65b (127.4.227.193:40267): Couldn't send request to peer 58105b9c1bca4f0cb44f0c082f94c65b. Status: Remote error: Service unavailable: service kudu.consensus.ConsensusService not registered on TabletServer. This is attempt 1: this message will repeat every 5th retry.
I20260608 12:53:12.378595  5007 tablet_replica.cc:333] T 50679d6f849b413291a38d3567645690 P 58105b9c1bca4f0cb44f0c082f94c65b: stopping tablet replica
I20260608 12:53:12.379774  5007 raft_consensus.cc:2243] T 50679d6f849b413291a38d3567645690 P 58105b9c1bca4f0cb44f0c082f94c65b [term 1 LEADER]: Raft consensus shutting down.
I20260608 12:53:12.381211  5007 raft_consensus.cc:2272] T 50679d6f849b413291a38d3567645690 P 58105b9c1bca4f0cb44f0c082f94c65b [term 1 FOLLOWER]: Raft consensus is shut down!
I20260608 12:53:12.384976  5007 tablet_replica.cc:333] T 7122db12cd114ca78aa5630dfb25de14 P 58105b9c1bca4f0cb44f0c082f94c65b: stopping tablet replica
I20260608 12:53:12.385999  5007 raft_consensus.cc:2243] T 7122db12cd114ca78aa5630dfb25de14 P 58105b9c1bca4f0cb44f0c082f94c65b [term 2 LEADER]: Raft consensus shutting down.
I20260608 12:53:12.387388  5007 raft_consensus.cc:2272] T 7122db12cd114ca78aa5630dfb25de14 P 58105b9c1bca4f0cb44f0c082f94c65b [term 2 FOLLOWER]: Raft consensus is shut down!
I20260608 12:53:12.391010  5007 tablet_replica.cc:333] T 238cfe8ba3834b5e9fc6579486790042 P 58105b9c1bca4f0cb44f0c082f94c65b: stopping tablet replica
I20260608 12:53:12.391897  5007 raft_consensus.cc:2243] T 238cfe8ba3834b5e9fc6579486790042 P 58105b9c1bca4f0cb44f0c082f94c65b [term 2 FOLLOWER]: Raft consensus shutting down.
I20260608 12:53:12.392647  5007 raft_consensus.cc:2272] T 238cfe8ba3834b5e9fc6579486790042 P 58105b9c1bca4f0cb44f0c082f94c65b [term 2 FOLLOWER]: Raft consensus is shut down!
I20260608 12:53:12.395884  5007 tablet_replica.cc:333] T 5f1031d8a1a14f18bb0c7fb27500efb0 P 58105b9c1bca4f0cb44f0c082f94c65b: stopping tablet replica
I20260608 12:53:12.396677  5007 raft_consensus.cc:2243] T 5f1031d8a1a14f18bb0c7fb27500efb0 P 58105b9c1bca4f0cb44f0c082f94c65b [term 2 FOLLOWER]: Raft consensus shutting down.
I20260608 12:53:12.397724  5007 raft_consensus.cc:2272] T 5f1031d8a1a14f18bb0c7fb27500efb0 P 58105b9c1bca4f0cb44f0c082f94c65b [term 2 FOLLOWER]: Raft consensus is shut down!
W20260608 12:53:12.476959  8251 consensus_peers.cc:597] T 4f1dc61b211f4072a686aab40598a4dd P e066f460a7a2492c8a51e259b09609aa -> Peer 58105b9c1bca4f0cb44f0c082f94c65b (127.4.227.193:40267): Couldn't send request to peer 58105b9c1bca4f0cb44f0c082f94c65b. Status: Network error: Client connection negotiation failed: client connection to 127.4.227.193:40267: connect: Connection refused (error 111). This is attempt 1: this message will repeat every 5th retry.
W20260608 12:53:12.539076  8089 consensus_peers.cc:597] T 5f1031d8a1a14f18bb0c7fb27500efb0 P d832009fb5bb4b82bf1c9f5b5113a0fc -> Peer 58105b9c1bca4f0cb44f0c082f94c65b (127.4.227.193:40267): Couldn't send request to peer 58105b9c1bca4f0cb44f0c082f94c65b. Status: Network error: Client connection negotiation failed: client connection to 127.4.227.193:40267: connect: Connection refused (error 111). This is attempt 1: this message will repeat every 5th retry.
I20260608 12:53:12.567232  5007 tablet_server.cc:196] TabletServer@127.4.227.193:0 shutdown complete.
W20260608 12:53:12.592298  8089 consensus_peers.cc:597] T 774520243a69409fb5b6d8bb542334a9 P d832009fb5bb4b82bf1c9f5b5113a0fc -> Peer 58105b9c1bca4f0cb44f0c082f94c65b (127.4.227.193:40267): Couldn't send request to peer 58105b9c1bca4f0cb44f0c082f94c65b. Status: Network error: Client connection negotiation failed: client connection to 127.4.227.193:40267: connect: Connection refused (error 111). This is attempt 1: this message will repeat every 5th retry.
I20260608 12:53:12.623024  5007 tablet_server.cc:179] TabletServer@127.4.227.194:0 shutting down...
