I20260608 12:53:43.369192  9768 consensus_queue.cc:260] T 57a90195c0784be484c465393a5ad285 P c94b1ac97af443c3917de71f418ec50c [NON_LEADER]: Queue going to NON_LEADER mode. State: All replicated index: 0, Majority replicated index: 0, Committed index: 0, Last appended: 0.0, Last appended by leader: 0, Current term: 0, Majority size: -1, State: 0, Mode: NON_LEADER, active raft config: opid_index: -1 OBSOLETE_local: false peers { permanent_uuid: "d0c52ff0434841c5aa74c1061cd8871f" member_type: VOTER last_known_addr { host: "127.4.227.193" port: 33759 } } peers { permanent_uuid: "30715af791474bb097dea4bed60016ba" member_type: VOTER last_known_addr { host: "127.4.227.194" port: 44457 } } peers { permanent_uuid: "c94b1ac97af443c3917de71f418ec50c" member_type: VOTER last_known_addr { host: "127.4.227.195" port: 46657 } }
I20260608 12:53:43.371856  9768 ts_tablet_manager.cc:1434] T 57a90195c0784be484c465393a5ad285 P c94b1ac97af443c3917de71f418ec50c: Time spent starting tablet: real 0.017s	user 0.006s	sys 0.000s
I20260608 12:53:43.373912  9769 tablet_bootstrap.cc:654] T 57a90195c0784be484c465393a5ad285 P d0c52ff0434841c5aa74c1061cd8871f: Neither blocks nor log segments found. Creating new log.
I20260608 12:53:43.379235  9809 raft_consensus.cc:493] T bb8c816939754e69bd58ac1f660a7aa0 P d0c52ff0434841c5aa74c1061cd8871f [term 0 FOLLOWER]: Starting pre-election (no leader contacted us within the election timeout)
I20260608 12:53:43.379853  9809 raft_consensus.cc:515] T bb8c816939754e69bd58ac1f660a7aa0 P d0c52ff0434841c5aa74c1061cd8871f [term 0 FOLLOWER]: Starting pre-election with config: opid_index: -1 OBSOLETE_local: false peers { permanent_uuid: "d0c52ff0434841c5aa74c1061cd8871f" member_type: VOTER last_known_addr { host: "127.4.227.193" port: 33759 } } peers { permanent_uuid: "30715af791474bb097dea4bed60016ba" member_type: VOTER last_known_addr { host: "127.4.227.194" port: 44457 } } peers { permanent_uuid: "c94b1ac97af443c3917de71f418ec50c" member_type: VOTER last_known_addr { host: "127.4.227.195" port: 46657 } }
I20260608 12:53:43.383347  9647 tablet_service.cc:1917] Received RequestConsensusVote() RPC: tablet_id: "bb8c816939754e69bd58ac1f660a7aa0" candidate_uuid: "d0c52ff0434841c5aa74c1061cd8871f" candidate_term: 1 candidate_status { last_received { term: 0 index: 0 } } ignore_live_leader: false dest_uuid: "30715af791474bb097dea4bed60016ba" is_pre_election: true
I20260608 12:53:43.384194  9647 raft_consensus.cc:2468] T bb8c816939754e69bd58ac1f660a7aa0 P 30715af791474bb097dea4bed60016ba [term 0 FOLLOWER]: Leader pre-election vote request: Granting yes vote for candidate d0c52ff0434841c5aa74c1061cd8871f in term 0.
I20260608 12:53:43.384420  9767 tablet_bootstrap.cc:492] T 62cae56fd311491baafce4c8a4d0475b P 30715af791474bb097dea4bed60016ba: No bootstrap required, opened a new log
I20260608 12:53:43.384459  9768 tablet_bootstrap.cc:492] T f87111d36ccc410daec0833ea6779a9f P c94b1ac97af443c3917de71f418ec50c: Bootstrap starting.
I20260608 12:53:43.385248  9767 ts_tablet_manager.cc:1403] T 62cae56fd311491baafce4c8a4d0475b P 30715af791474bb097dea4bed60016ba: Time spent bootstrapping tablet: real 0.031s	user 0.017s	sys 0.012s
I20260608 12:53:43.385730  9539 leader_election.cc:304] T bb8c816939754e69bd58ac1f660a7aa0 P d0c52ff0434841c5aa74c1061cd8871f [CANDIDATE]: Term 1 pre-election: Election decided. Result: candidate won. Election summary: received 2 responses out of 3 voters: 2 yes votes; 0 no votes. yes voters: 30715af791474bb097dea4bed60016ba, d0c52ff0434841c5aa74c1061cd8871f; no voters: 
I20260608 12:53:43.386700  9774 raft_consensus.cc:2804] T bb8c816939754e69bd58ac1f660a7aa0 P d0c52ff0434841c5aa74c1061cd8871f [term 0 FOLLOWER]: Leader pre-election won for term 1
I20260608 12:53:43.387074  9774 raft_consensus.cc:493] T bb8c816939754e69bd58ac1f660a7aa0 P d0c52ff0434841c5aa74c1061cd8871f [term 0 FOLLOWER]: Starting leader election (no leader contacted us within the election timeout)
I20260608 12:53:43.387415  9774 raft_consensus.cc:3060] T bb8c816939754e69bd58ac1f660a7aa0 P d0c52ff0434841c5aa74c1061cd8871f [term 0 FOLLOWER]: Advancing to term 1
I20260608 12:53:43.388564  9767 raft_consensus.cc:359] T 62cae56fd311491baafce4c8a4d0475b P 30715af791474bb097dea4bed60016ba [term 0 FOLLOWER]: Replica starting. Triggering 0 pending ops. Active config: opid_index: -1 OBSOLETE_local: false peers { permanent_uuid: "d0c52ff0434841c5aa74c1061cd8871f" member_type: VOTER last_known_addr { host: "127.4.227.193" port: 33759 } } peers { permanent_uuid: "30715af791474bb097dea4bed60016ba" member_type: VOTER last_known_addr { host: "127.4.227.194" port: 44457 } } peers { permanent_uuid: "c94b1ac97af443c3917de71f418ec50c" member_type: VOTER last_known_addr { host: "127.4.227.195" port: 46657 } }
I20260608 12:53:43.389344  9767 raft_consensus.cc:385] T 62cae56fd311491baafce4c8a4d0475b P 30715af791474bb097dea4bed60016ba [term 0 FOLLOWER]: Consensus starting up: Expiring failure detector timer to make a prompt election more likely
I20260608 12:53:43.389635  9767 raft_consensus.cc:740] T 62cae56fd311491baafce4c8a4d0475b P 30715af791474bb097dea4bed60016ba [term 0 FOLLOWER]: Becoming Follower/Learner. State: Replica: 30715af791474bb097dea4bed60016ba, State: Initialized, Role: FOLLOWER
I20260608 12:53:43.390398  9767 consensus_queue.cc:260] T 62cae56fd311491baafce4c8a4d0475b P 30715af791474bb097dea4bed60016ba [NON_LEADER]: Queue going to NON_LEADER mode. State: All replicated index: 0, Majority replicated index: 0, Committed index: 0, Last appended: 0.0, Last appended by leader: 0, Current term: 0, Majority size: -1, State: 0, Mode: NON_LEADER, active raft config: opid_index: -1 OBSOLETE_local: false peers { permanent_uuid: "d0c52ff0434841c5aa74c1061cd8871f" member_type: VOTER last_known_addr { host: "127.4.227.193" port: 33759 } } peers { permanent_uuid: "30715af791474bb097dea4bed60016ba" member_type: VOTER last_known_addr { host: "127.4.227.194" port: 44457 } } peers { permanent_uuid: "c94b1ac97af443c3917de71f418ec50c" member_type: VOTER last_known_addr { host: "127.4.227.195" port: 46657 } }
I20260608 12:53:43.391800  9768 tablet_bootstrap.cc:654] T f87111d36ccc410daec0833ea6779a9f P c94b1ac97af443c3917de71f418ec50c: Neither blocks nor log segments found. Creating new log.
I20260608 12:53:43.393493  9767 ts_tablet_manager.cc:1434] T 62cae56fd311491baafce4c8a4d0475b P 30715af791474bb097dea4bed60016ba: Time spent starting tablet: real 0.008s	user 0.006s	sys 0.000s
I20260608 12:53:43.396394  9767 tablet_bootstrap.cc:492] T 0ec90b19bee54d0f90b799a50b59f701 P 30715af791474bb097dea4bed60016ba: Bootstrap starting.
I20260608 12:53:43.399473  9471 catalog_manager.cc:5696] T 70586872af044ecd9914dc0a815a0447 P d0c52ff0434841c5aa74c1061cd8871f reported cstate change: term changed from 0 to 1, leader changed from <none> to d0c52ff0434841c5aa74c1061cd8871f (127.4.227.193). New cstate: current_term: 1 leader_uuid: "d0c52ff0434841c5aa74c1061cd8871f" committed_config { opid_index: -1 OBSOLETE_local: false peers { permanent_uuid: "d0c52ff0434841c5aa74c1061cd8871f" member_type: VOTER last_known_addr { host: "127.4.227.193" port: 33759 } health_report { overall_health: HEALTHY } } peers { permanent_uuid: "30715af791474bb097dea4bed60016ba" member_type: VOTER last_known_addr { host: "127.4.227.194" port: 44457 } health_report { overall_health: UNKNOWN } } peers { permanent_uuid: "c94b1ac97af443c3917de71f418ec50c" member_type: VOTER last_known_addr { host: "127.4.227.195" port: 46657 } health_report { overall_health: UNKNOWN } } }
I20260608 12:53:43.404150  9810 raft_consensus.cc:493] T 62cae56fd311491baafce4c8a4d0475b P d0c52ff0434841c5aa74c1061cd8871f [term 0 FOLLOWER]: Starting pre-election (no leader contacted us within the election timeout)
I20260608 12:53:43.404840  9810 raft_consensus.cc:515] T 62cae56fd311491baafce4c8a4d0475b P d0c52ff0434841c5aa74c1061cd8871f [term 0 FOLLOWER]: Starting pre-election with config: opid_index: -1 OBSOLETE_local: false peers { permanent_uuid: "d0c52ff0434841c5aa74c1061cd8871f" member_type: VOTER last_known_addr { host: "127.4.227.193" port: 33759 } } peers { permanent_uuid: "30715af791474bb097dea4bed60016ba" member_type: VOTER last_known_addr { host: "127.4.227.194" port: 44457 } } peers { permanent_uuid: "c94b1ac97af443c3917de71f418ec50c" member_type: VOTER last_known_addr { host: "127.4.227.195" port: 46657 } }
I20260608 12:53:43.410106  9721 tablet_service.cc:1917] Received RequestConsensusVote() RPC: tablet_id: "62cae56fd311491baafce4c8a4d0475b" candidate_uuid: "d0c52ff0434841c5aa74c1061cd8871f" candidate_term: 1 candidate_status { last_received { term: 0 index: 0 } } ignore_live_leader: false dest_uuid: "c94b1ac97af443c3917de71f418ec50c" is_pre_election: true
W20260608 12:53:43.413206  9538 leader_election.cc:343] T 62cae56fd311491baafce4c8a4d0475b P d0c52ff0434841c5aa74c1061cd8871f [CANDIDATE]: Term 1 pre-election: Tablet error from VoteRequest() call to peer c94b1ac97af443c3917de71f418ec50c (127.4.227.195:46657): Illegal state: must be running to vote when last-logged opid is not known
I20260608 12:53:43.413416  9809 leader_election.cc:290] T bb8c816939754e69bd58ac1f660a7aa0 P d0c52ff0434841c5aa74c1061cd8871f [CANDIDATE]: Term 1 pre-election: Requested pre-vote from peers 30715af791474bb097dea4bed60016ba (127.4.227.194:44457), c94b1ac97af443c3917de71f418ec50c (127.4.227.195:46657)
I20260608 12:53:43.414508  9774 raft_consensus.cc:515] T bb8c816939754e69bd58ac1f660a7aa0 P d0c52ff0434841c5aa74c1061cd8871f [term 1 FOLLOWER]: Starting leader election with config: opid_index: -1 OBSOLETE_local: false peers { permanent_uuid: "d0c52ff0434841c5aa74c1061cd8871f" member_type: VOTER last_known_addr { host: "127.4.227.193" port: 33759 } } peers { permanent_uuid: "30715af791474bb097dea4bed60016ba" member_type: VOTER last_known_addr { host: "127.4.227.194" port: 44457 } } peers { permanent_uuid: "c94b1ac97af443c3917de71f418ec50c" member_type: VOTER last_known_addr { host: "127.4.227.195" port: 46657 } }
I20260608 12:53:43.417591  9768 tablet_bootstrap.cc:492] T f87111d36ccc410daec0833ea6779a9f P c94b1ac97af443c3917de71f418ec50c: No bootstrap required, opened a new log
I20260608 12:53:43.418008  9774 leader_election.cc:290] T bb8c816939754e69bd58ac1f660a7aa0 P d0c52ff0434841c5aa74c1061cd8871f [CANDIDATE]: Term 1 election: Requested vote from peers 30715af791474bb097dea4bed60016ba (127.4.227.194:44457), c94b1ac97af443c3917de71f418ec50c (127.4.227.195:46657)
I20260608 12:53:43.418584  9768 ts_tablet_manager.cc:1403] T f87111d36ccc410daec0833ea6779a9f P c94b1ac97af443c3917de71f418ec50c: Time spent bootstrapping tablet: real 0.034s	user 0.013s	sys 0.007s
I20260608 12:53:43.419960  9722 tablet_service.cc:1917] Received RequestConsensusVote() RPC: tablet_id: "bb8c816939754e69bd58ac1f660a7aa0" candidate_uuid: "d0c52ff0434841c5aa74c1061cd8871f" candidate_term: 1 candidate_status { last_received { term: 0 index: 0 } } ignore_live_leader: false dest_uuid: "c94b1ac97af443c3917de71f418ec50c"
I20260608 12:53:43.417541  9721 tablet_service.cc:1917] Received RequestConsensusVote() RPC: tablet_id: "bb8c816939754e69bd58ac1f660a7aa0" candidate_uuid: "d0c52ff0434841c5aa74c1061cd8871f" candidate_term: 1 candidate_status { last_received { term: 0 index: 0 } } ignore_live_leader: false dest_uuid: "c94b1ac97af443c3917de71f418ec50c" is_pre_election: true
I20260608 12:53:43.420693  9722 raft_consensus.cc:3060] T bb8c816939754e69bd58ac1f660a7aa0 P c94b1ac97af443c3917de71f418ec50c [term 0 FOLLOWER]: Advancing to term 1
I20260608 12:53:43.421465  9810 leader_election.cc:290] T 62cae56fd311491baafce4c8a4d0475b P d0c52ff0434841c5aa74c1061cd8871f [CANDIDATE]: Term 1 pre-election: Requested pre-vote from peers 30715af791474bb097dea4bed60016ba (127.4.227.194:44457), c94b1ac97af443c3917de71f418ec50c (127.4.227.195:46657)
I20260608 12:53:43.403486  9767 tablet_bootstrap.cc:654] T 0ec90b19bee54d0f90b799a50b59f701 P 30715af791474bb097dea4bed60016ba: Neither blocks nor log segments found. Creating new log.
I20260608 12:53:43.422241  9647 tablet_service.cc:1917] Received RequestConsensusVote() RPC: tablet_id: "62cae56fd311491baafce4c8a4d0475b" candidate_uuid: "d0c52ff0434841c5aa74c1061cd8871f" candidate_term: 1 candidate_status { last_received { term: 0 index: 0 } } ignore_live_leader: false dest_uuid: "30715af791474bb097dea4bed60016ba" is_pre_election: true
I20260608 12:53:43.423182  9647 raft_consensus.cc:2468] T 62cae56fd311491baafce4c8a4d0475b P 30715af791474bb097dea4bed60016ba [term 0 FOLLOWER]: Leader pre-election vote request: Granting yes vote for candidate d0c52ff0434841c5aa74c1061cd8871f in term 0.
I20260608 12:53:43.423272  9768 raft_consensus.cc:359] T f87111d36ccc410daec0833ea6779a9f P c94b1ac97af443c3917de71f418ec50c [term 0 FOLLOWER]: Replica starting. Triggering 0 pending ops. Active config: opid_index: -1 OBSOLETE_local: false peers { permanent_uuid: "d0c52ff0434841c5aa74c1061cd8871f" member_type: VOTER last_known_addr { host: "127.4.227.193" port: 33759 } } peers { permanent_uuid: "30715af791474bb097dea4bed60016ba" member_type: VOTER last_known_addr { host: "127.4.227.194" port: 44457 } } peers { permanent_uuid: "c94b1ac97af443c3917de71f418ec50c" member_type: VOTER last_known_addr { host: "127.4.227.195" port: 46657 } }
I20260608 12:53:43.424330  9768 raft_consensus.cc:385] T f87111d36ccc410daec0833ea6779a9f P c94b1ac97af443c3917de71f418ec50c [term 0 FOLLOWER]: Consensus starting up: Expiring failure detector timer to make a prompt election more likely
I20260608 12:53:43.424937  9768 raft_consensus.cc:740] T f87111d36ccc410daec0833ea6779a9f P c94b1ac97af443c3917de71f418ec50c [term 0 FOLLOWER]: Becoming Follower/Learner. State: Replica: c94b1ac97af443c3917de71f418ec50c, State: Initialized, Role: FOLLOWER
I20260608 12:53:43.425519  9539 leader_election.cc:304] T 62cae56fd311491baafce4c8a4d0475b P d0c52ff0434841c5aa74c1061cd8871f [CANDIDATE]: Term 1 pre-election: Election decided. Result: candidate won. Election summary: received 3 responses out of 3 voters: 2 yes votes; 1 no votes. yes voters: 30715af791474bb097dea4bed60016ba, d0c52ff0434841c5aa74c1061cd8871f; no voters: c94b1ac97af443c3917de71f418ec50c
I20260608 12:53:43.426275  9768 consensus_queue.cc:260] T f87111d36ccc410daec0833ea6779a9f P c94b1ac97af443c3917de71f418ec50c [NON_LEADER]: Queue going to NON_LEADER mode. State: All replicated index: 0, Majority replicated index: 0, Committed index: 0, Last appended: 0.0, Last appended by leader: 0, Current term: 0, Majority size: -1, State: 0, Mode: NON_LEADER, active raft config: opid_index: -1 OBSOLETE_local: false peers { permanent_uuid: "d0c52ff0434841c5aa74c1061cd8871f" member_type: VOTER last_known_addr { host: "127.4.227.193" port: 33759 } } peers { permanent_uuid: "30715af791474bb097dea4bed60016ba" member_type: VOTER last_known_addr { host: "127.4.227.194" port: 44457 } } peers { permanent_uuid: "c94b1ac97af443c3917de71f418ec50c" member_type: VOTER last_known_addr { host: "127.4.227.195" port: 46657 } }
I20260608 12:53:43.427186  9810 raft_consensus.cc:2804] T 62cae56fd311491baafce4c8a4d0475b P d0c52ff0434841c5aa74c1061cd8871f [term 0 FOLLOWER]: Leader pre-election won for term 1
I20260608 12:53:43.427872  9810 raft_consensus.cc:493] T 62cae56fd311491baafce4c8a4d0475b P d0c52ff0434841c5aa74c1061cd8871f [term 0 FOLLOWER]: Starting leader election (no leader contacted us within the election timeout)
I20260608 12:53:43.428342  9810 raft_consensus.cc:3060] T 62cae56fd311491baafce4c8a4d0475b P d0c52ff0434841c5aa74c1061cd8871f [term 0 FOLLOWER]: Advancing to term 1
I20260608 12:53:43.429670  9768 ts_tablet_manager.cc:1434] T f87111d36ccc410daec0833ea6779a9f P c94b1ac97af443c3917de71f418ec50c: Time spent starting tablet: real 0.010s	user 0.005s	sys 0.003s
I20260608 12:53:43.430992  9768 tablet_bootstrap.cc:492] T 70586872af044ecd9914dc0a815a0447 P c94b1ac97af443c3917de71f418ec50c: Bootstrap starting.
I20260608 12:53:43.421696  9648 tablet_service.cc:1917] Received RequestConsensusVote() RPC: tablet_id: "bb8c816939754e69bd58ac1f660a7aa0" candidate_uuid: "d0c52ff0434841c5aa74c1061cd8871f" candidate_term: 1 candidate_status { last_received { term: 0 index: 0 } } ignore_live_leader: false dest_uuid: "30715af791474bb097dea4bed60016ba"
I20260608 12:53:43.432317  9648 raft_consensus.cc:3060] T bb8c816939754e69bd58ac1f660a7aa0 P 30715af791474bb097dea4bed60016ba [term 0 FOLLOWER]: Advancing to term 1
I20260608 12:53:43.432209  9722 raft_consensus.cc:2468] T bb8c816939754e69bd58ac1f660a7aa0 P c94b1ac97af443c3917de71f418ec50c [term 1 FOLLOWER]: Leader election vote request: Granting yes vote for candidate d0c52ff0434841c5aa74c1061cd8871f in term 1.
I20260608 12:53:43.434798  9538 leader_election.cc:304] T bb8c816939754e69bd58ac1f660a7aa0 P d0c52ff0434841c5aa74c1061cd8871f [CANDIDATE]: Term 1 election: Election decided. Result: candidate won. Election summary: received 2 responses out of 3 voters: 2 yes votes; 0 no votes. yes voters: c94b1ac97af443c3917de71f418ec50c, d0c52ff0434841c5aa74c1061cd8871f; no voters: 
I20260608 12:53:43.438640  9768 tablet_bootstrap.cc:654] T 70586872af044ecd9914dc0a815a0447 P c94b1ac97af443c3917de71f418ec50c: Neither blocks nor log segments found. Creating new log.
I20260608 12:53:43.436364  9774 raft_consensus.cc:2804] T bb8c816939754e69bd58ac1f660a7aa0 P d0c52ff0434841c5aa74c1061cd8871f [term 1 FOLLOWER]: Leader election won for term 1
I20260608 12:53:43.445250  9774 raft_consensus.cc:697] T bb8c816939754e69bd58ac1f660a7aa0 P d0c52ff0434841c5aa74c1061cd8871f [term 1 LEADER]: Becoming Leader. State: Replica: d0c52ff0434841c5aa74c1061cd8871f, State: Running, Role: LEADER
I20260608 12:53:43.446791  9774 consensus_queue.cc:237] T bb8c816939754e69bd58ac1f660a7aa0 P d0c52ff0434841c5aa74c1061cd8871f [LEADER]: Queue going to LEADER mode. State: All replicated index: 0, Majority replicated index: 0, Committed index: 0, Last appended: 0.0, Last appended by leader: 0, Current term: 1, Majority size: 2, State: 0, Mode: LEADER, active raft config: opid_index: -1 OBSOLETE_local: false peers { permanent_uuid: "d0c52ff0434841c5aa74c1061cd8871f" member_type: VOTER last_known_addr { host: "127.4.227.193" port: 33759 } } peers { permanent_uuid: "30715af791474bb097dea4bed60016ba" member_type: VOTER last_known_addr { host: "127.4.227.194" port: 44457 } } peers { permanent_uuid: "c94b1ac97af443c3917de71f418ec50c" member_type: VOTER last_known_addr { host: "127.4.227.195" port: 46657 } }
I20260608 12:53:43.457599  9769 tablet_bootstrap.cc:492] T 57a90195c0784be484c465393a5ad285 P d0c52ff0434841c5aa74c1061cd8871f: No bootstrap required, opened a new log
I20260608 12:53:43.457525  9767 tablet_bootstrap.cc:492] T 0ec90b19bee54d0f90b799a50b59f701 P 30715af791474bb097dea4bed60016ba: No bootstrap required, opened a new log
I20260608 12:53:43.458338  9769 ts_tablet_manager.cc:1403] T 57a90195c0784be484c465393a5ad285 P d0c52ff0434841c5aa74c1061cd8871f: Time spent bootstrapping tablet: real 0.151s	user 0.018s	sys 0.011s
I20260608 12:53:43.458426  9767 ts_tablet_manager.cc:1403] T 0ec90b19bee54d0f90b799a50b59f701 P 30715af791474bb097dea4bed60016ba: Time spent bootstrapping tablet: real 0.062s	user 0.024s	sys 0.016s
I20260608 12:53:43.458702  9768 tablet_bootstrap.cc:492] T 70586872af044ecd9914dc0a815a0447 P c94b1ac97af443c3917de71f418ec50c: No bootstrap required, opened a new log
I20260608 12:53:43.459564  9768 ts_tablet_manager.cc:1403] T 70586872af044ecd9914dc0a815a0447 P c94b1ac97af443c3917de71f418ec50c: Time spent bootstrapping tablet: real 0.029s	user 0.014s	sys 0.011s
I20260608 12:53:43.461722  9769 raft_consensus.cc:359] T 57a90195c0784be484c465393a5ad285 P d0c52ff0434841c5aa74c1061cd8871f [term 0 FOLLOWER]: Replica starting. Triggering 0 pending ops. Active config: opid_index: -1 OBSOLETE_local: false peers { permanent_uuid: "d0c52ff0434841c5aa74c1061cd8871f" member_type: VOTER last_known_addr { host: "127.4.227.193" port: 33759 } } peers { permanent_uuid: "30715af791474bb097dea4bed60016ba" member_type: VOTER last_known_addr { host: "127.4.227.194" port: 44457 } } peers { permanent_uuid: "c94b1ac97af443c3917de71f418ec50c" member_type: VOTER last_known_addr { host: "127.4.227.195" port: 46657 } }
I20260608 12:53:43.462044  9767 raft_consensus.cc:359] T 0ec90b19bee54d0f90b799a50b59f701 P 30715af791474bb097dea4bed60016ba [term 0 FOLLOWER]: Replica starting. Triggering 0 pending ops. Active config: opid_index: -1 OBSOLETE_local: false peers { permanent_uuid: "d0c52ff0434841c5aa74c1061cd8871f" member_type: VOTER last_known_addr { host: "127.4.227.193" port: 33759 } } peers { permanent_uuid: "30715af791474bb097dea4bed60016ba" member_type: VOTER last_known_addr { host: "127.4.227.194" port: 44457 } } peers { permanent_uuid: "c94b1ac97af443c3917de71f418ec50c" member_type: VOTER last_known_addr { host: "127.4.227.195" port: 46657 } }
I20260608 12:53:43.462695  9769 raft_consensus.cc:385] T 57a90195c0784be484c465393a5ad285 P d0c52ff0434841c5aa74c1061cd8871f [term 0 FOLLOWER]: Consensus starting up: Expiring failure detector timer to make a prompt election more likely
I20260608 12:53:43.462885  9767 raft_consensus.cc:385] T 0ec90b19bee54d0f90b799a50b59f701 P 30715af791474bb097dea4bed60016ba [term 0 FOLLOWER]: Consensus starting up: Expiring failure detector timer to make a prompt election more likely
I20260608 12:53:43.463114  9769 raft_consensus.cc:740] T 57a90195c0784be484c465393a5ad285 P d0c52ff0434841c5aa74c1061cd8871f [term 0 FOLLOWER]: Becoming Follower/Learner. State: Replica: d0c52ff0434841c5aa74c1061cd8871f, State: Initialized, Role: FOLLOWER
I20260608 12:53:43.463290  9767 raft_consensus.cc:740] T 0ec90b19bee54d0f90b799a50b59f701 P 30715af791474bb097dea4bed60016ba [term 0 FOLLOWER]: Becoming Follower/Learner. State: Replica: 30715af791474bb097dea4bed60016ba, State: Initialized, Role: FOLLOWER
I20260608 12:53:43.463985  9768 raft_consensus.cc:359] T 70586872af044ecd9914dc0a815a0447 P c94b1ac97af443c3917de71f418ec50c [term 0 FOLLOWER]: Replica starting. Triggering 0 pending ops. Active config: opid_index: -1 OBSOLETE_local: false peers { permanent_uuid: "d0c52ff0434841c5aa74c1061cd8871f" member_type: VOTER last_known_addr { host: "127.4.227.193" port: 33759 } } peers { permanent_uuid: "30715af791474bb097dea4bed60016ba" member_type: VOTER last_known_addr { host: "127.4.227.194" port: 44457 } } peers { permanent_uuid: "c94b1ac97af443c3917de71f418ec50c" member_type: VOTER last_known_addr { host: "127.4.227.195" port: 46657 } }
I20260608 12:53:43.464288  9767 consensus_queue.cc:260] T 0ec90b19bee54d0f90b799a50b59f701 P 30715af791474bb097dea4bed60016ba [NON_LEADER]: Queue going to NON_LEADER mode. State: All replicated index: 0, Majority replicated index: 0, Committed index: 0, Last appended: 0.0, Last appended by leader: 0, Current term: 0, Majority size: -1, State: 0, Mode: NON_LEADER, active raft config: opid_index: -1 OBSOLETE_local: false peers { permanent_uuid: "d0c52ff0434841c5aa74c1061cd8871f" member_type: VOTER last_known_addr { host: "127.4.227.193" port: 33759 } } peers { permanent_uuid: "30715af791474bb097dea4bed60016ba" member_type: VOTER last_known_addr { host: "127.4.227.194" port: 44457 } } peers { permanent_uuid: "c94b1ac97af443c3917de71f418ec50c" member_type: VOTER last_known_addr { host: "127.4.227.195" port: 46657 } }
I20260608 12:53:43.467047  9767 ts_tablet_manager.cc:1434] T 0ec90b19bee54d0f90b799a50b59f701 P 30715af791474bb097dea4bed60016ba: Time spent starting tablet: real 0.008s	user 0.003s	sys 0.004s
I20260608 12:53:43.466871  9810 raft_consensus.cc:515] T 62cae56fd311491baafce4c8a4d0475b P d0c52ff0434841c5aa74c1061cd8871f [term 1 FOLLOWER]: Starting leader election with config: opid_index: -1 OBSOLETE_local: false peers { permanent_uuid: "d0c52ff0434841c5aa74c1061cd8871f" member_type: VOTER last_known_addr { host: "127.4.227.193" port: 33759 } } peers { permanent_uuid: "30715af791474bb097dea4bed60016ba" member_type: VOTER last_known_addr { host: "127.4.227.194" port: 44457 } } peers { permanent_uuid: "c94b1ac97af443c3917de71f418ec50c" member_type: VOTER last_known_addr { host: "127.4.227.195" port: 46657 } }
I20260608 12:53:43.469060  9767 tablet_bootstrap.cc:492] T 292d75172dfe40c7a4af90c510094d1a P 30715af791474bb097dea4bed60016ba: Bootstrap starting.
I20260608 12:53:43.472657  9647 tablet_service.cc:1917] Received RequestConsensusVote() RPC: tablet_id: "62cae56fd311491baafce4c8a4d0475b" candidate_uuid: "d0c52ff0434841c5aa74c1061cd8871f" candidate_term: 1 candidate_status { last_received { term: 0 index: 0 } } ignore_live_leader: false dest_uuid: "30715af791474bb097dea4bed60016ba"
I20260608 12:53:43.473747  9647 raft_consensus.cc:3060] T 62cae56fd311491baafce4c8a4d0475b P 30715af791474bb097dea4bed60016ba [term 0 FOLLOWER]: Advancing to term 1
I20260608 12:53:43.485260  9647 raft_consensus.cc:2468] T 62cae56fd311491baafce4c8a4d0475b P 30715af791474bb097dea4bed60016ba [term 1 FOLLOWER]: Leader election vote request: Granting yes vote for candidate d0c52ff0434841c5aa74c1061cd8871f in term 1.
I20260608 12:53:43.465214  9768 raft_consensus.cc:385] T 70586872af044ecd9914dc0a815a0447 P c94b1ac97af443c3917de71f418ec50c [term 0 FOLLOWER]: Consensus starting up: Expiring failure detector timer to make a prompt election more likely
I20260608 12:53:43.486159  9768 raft_consensus.cc:740] T 70586872af044ecd9914dc0a815a0447 P c94b1ac97af443c3917de71f418ec50c [term 0 FOLLOWER]: Becoming Follower/Learner. State: Replica: c94b1ac97af443c3917de71f418ec50c, State: Initialized, Role: FOLLOWER
I20260608 12:53:43.487587  9768 consensus_queue.cc:260] T 70586872af044ecd9914dc0a815a0447 P c94b1ac97af443c3917de71f418ec50c [NON_LEADER]: Queue going to NON_LEADER mode. State: All replicated index: 0, Majority replicated index: 0, Committed index: 0, Last appended: 0.0, Last appended by leader: 0, Current term: 0, Majority size: -1, State: 0, Mode: NON_LEADER, active raft config: opid_index: -1 OBSOLETE_local: false peers { permanent_uuid: "d0c52ff0434841c5aa74c1061cd8871f" member_type: VOTER last_known_addr { host: "127.4.227.193" port: 33759 } } peers { permanent_uuid: "30715af791474bb097dea4bed60016ba" member_type: VOTER last_known_addr { host: "127.4.227.194" port: 44457 } } peers { permanent_uuid: "c94b1ac97af443c3917de71f418ec50c" member_type: VOTER last_known_addr { host: "127.4.227.195" port: 46657 } }
I20260608 12:53:43.488937  9648 raft_consensus.cc:2468] T bb8c816939754e69bd58ac1f660a7aa0 P 30715af791474bb097dea4bed60016ba [term 1 FOLLOWER]: Leader election vote request: Granting yes vote for candidate d0c52ff0434841c5aa74c1061cd8871f in term 1.
I20260608 12:53:43.464159  9769 consensus_queue.cc:260] T 57a90195c0784be484c465393a5ad285 P d0c52ff0434841c5aa74c1061cd8871f [NON_LEADER]: Queue going to NON_LEADER mode. State: All replicated index: 0, Majority replicated index: 0, Committed index: 0, Last appended: 0.0, Last appended by leader: 0, Current term: 0, Majority size: -1, State: 0, Mode: NON_LEADER, active raft config: opid_index: -1 OBSOLETE_local: false peers { permanent_uuid: "d0c52ff0434841c5aa74c1061cd8871f" member_type: VOTER last_known_addr { host: "127.4.227.193" port: 33759 } } peers { permanent_uuid: "30715af791474bb097dea4bed60016ba" member_type: VOTER last_known_addr { host: "127.4.227.194" port: 44457 } } peers { permanent_uuid: "c94b1ac97af443c3917de71f418ec50c" member_type: VOTER last_known_addr { host: "127.4.227.195" port: 46657 } }
I20260608 12:53:43.490859  9768 ts_tablet_manager.cc:1434] T 70586872af044ecd9914dc0a815a0447 P c94b1ac97af443c3917de71f418ec50c: Time spent starting tablet: real 0.031s	user 0.010s	sys 0.000s
I20260608 12:53:43.493175  9767 tablet_bootstrap.cc:654] T 292d75172dfe40c7a4af90c510094d1a P 30715af791474bb097dea4bed60016ba: Neither blocks nor log segments found. Creating new log.
I20260608 12:53:43.493199  9769 ts_tablet_manager.cc:1434] T 57a90195c0784be484c465393a5ad285 P d0c52ff0434841c5aa74c1061cd8871f: Time spent starting tablet: real 0.034s	user 0.006s	sys 0.000s
I20260608 12:53:43.494225  9768 tablet_bootstrap.cc:492] T c54af8a4d7fc4fbdbd5ac6d5d5c1e894 P c94b1ac97af443c3917de71f418ec50c: Bootstrap starting.
I20260608 12:53:43.494830  9769 tablet_bootstrap.cc:492] T 0ec90b19bee54d0f90b799a50b59f701 P d0c52ff0434841c5aa74c1061cd8871f: Bootstrap starting.
I20260608 12:53:43.497529  9470 catalog_manager.cc:5696] T bb8c816939754e69bd58ac1f660a7aa0 P d0c52ff0434841c5aa74c1061cd8871f reported cstate change: term changed from 0 to 1, leader changed from <none> to d0c52ff0434841c5aa74c1061cd8871f (127.4.227.193). New cstate: current_term: 1 leader_uuid: "d0c52ff0434841c5aa74c1061cd8871f" committed_config { opid_index: -1 OBSOLETE_local: false peers { permanent_uuid: "d0c52ff0434841c5aa74c1061cd8871f" member_type: VOTER last_known_addr { host: "127.4.227.193" port: 33759 } health_report { overall_health: HEALTHY } } peers { permanent_uuid: "30715af791474bb097dea4bed60016ba" member_type: VOTER last_known_addr { host: "127.4.227.194" port: 44457 } health_report { overall_health: UNKNOWN } } peers { permanent_uuid: "c94b1ac97af443c3917de71f418ec50c" member_type: VOTER last_known_addr { host: "127.4.227.195" port: 46657 } health_report { overall_health: UNKNOWN } } }
I20260608 12:53:43.502100  9769 tablet_bootstrap.cc:654] T 0ec90b19bee54d0f90b799a50b59f701 P d0c52ff0434841c5aa74c1061cd8871f: Neither blocks nor log segments found. Creating new log.
I20260608 12:53:43.502945  9768 tablet_bootstrap.cc:654] T c54af8a4d7fc4fbdbd5ac6d5d5c1e894 P c94b1ac97af443c3917de71f418ec50c: Neither blocks nor log segments found. Creating new log.
I20260608 12:53:43.504122  9539 leader_election.cc:304] T 62cae56fd311491baafce4c8a4d0475b P d0c52ff0434841c5aa74c1061cd8871f [CANDIDATE]: Term 1 election: Election decided. Result: candidate won. Election summary: received 2 responses out of 3 voters: 2 yes votes; 0 no votes. yes voters: 30715af791474bb097dea4bed60016ba, d0c52ff0434841c5aa74c1061cd8871f; no voters: 
I20260608 12:53:43.505674  9774 raft_consensus.cc:2804] T 62cae56fd311491baafce4c8a4d0475b P d0c52ff0434841c5aa74c1061cd8871f [term 1 FOLLOWER]: Leader election won for term 1
I20260608 12:53:43.506371  9774 raft_consensus.cc:697] T 62cae56fd311491baafce4c8a4d0475b P d0c52ff0434841c5aa74c1061cd8871f [term 1 LEADER]: Becoming Leader. State: Replica: d0c52ff0434841c5aa74c1061cd8871f, State: Running, Role: LEADER
I20260608 12:53:43.507645  9774 consensus_queue.cc:237] T 62cae56fd311491baafce4c8a4d0475b P d0c52ff0434841c5aa74c1061cd8871f [LEADER]: Queue going to LEADER mode. State: All replicated index: 0, Majority replicated index: 0, Committed index: 0, Last appended: 0.0, Last appended by leader: 0, Current term: 1, Majority size: 2, State: 0, Mode: LEADER, active raft config: opid_index: -1 OBSOLETE_local: false peers { permanent_uuid: "d0c52ff0434841c5aa74c1061cd8871f" member_type: VOTER last_known_addr { host: "127.4.227.193" port: 33759 } } peers { permanent_uuid: "30715af791474bb097dea4bed60016ba" member_type: VOTER last_known_addr { host: "127.4.227.194" port: 44457 } } peers { permanent_uuid: "c94b1ac97af443c3917de71f418ec50c" member_type: VOTER last_known_addr { host: "127.4.227.195" port: 46657 } }
I20260608 12:53:43.519675  9810 leader_election.cc:290] T 62cae56fd311491baafce4c8a4d0475b P d0c52ff0434841c5aa74c1061cd8871f [CANDIDATE]: Term 1 election: Requested vote from peers 30715af791474bb097dea4bed60016ba (127.4.227.194:44457), c94b1ac97af443c3917de71f418ec50c (127.4.227.195:46657)
I20260608 12:53:43.520182  9768 tablet_bootstrap.cc:492] T c54af8a4d7fc4fbdbd5ac6d5d5c1e894 P c94b1ac97af443c3917de71f418ec50c: No bootstrap required, opened a new log
I20260608 12:53:43.520913  9768 ts_tablet_manager.cc:1403] T c54af8a4d7fc4fbdbd5ac6d5d5c1e894 P c94b1ac97af443c3917de71f418ec50c: Time spent bootstrapping tablet: real 0.027s	user 0.009s	sys 0.010s
I20260608 12:53:43.521658  9722 tablet_service.cc:1917] Received RequestConsensusVote() RPC: tablet_id: "62cae56fd311491baafce4c8a4d0475b" candidate_uuid: "d0c52ff0434841c5aa74c1061cd8871f" candidate_term: 1 candidate_status { last_received { term: 0 index: 0 } } ignore_live_leader: false dest_uuid: "c94b1ac97af443c3917de71f418ec50c"
W20260608 12:53:43.523916  9538 leader_election.cc:343] T 62cae56fd311491baafce4c8a4d0475b P d0c52ff0434841c5aa74c1061cd8871f [CANDIDATE]: Term 1 election: Tablet error from VoteRequest() call to peer c94b1ac97af443c3917de71f418ec50c (127.4.227.195:46657): Illegal state: must be running to vote when last-logged opid is not known
I20260608 12:53:43.524991  9769 tablet_bootstrap.cc:492] T 0ec90b19bee54d0f90b799a50b59f701 P d0c52ff0434841c5aa74c1061cd8871f: No bootstrap required, opened a new log
I20260608 12:53:43.524801  9768 raft_consensus.cc:359] T c54af8a4d7fc4fbdbd5ac6d5d5c1e894 P c94b1ac97af443c3917de71f418ec50c [term 0 FOLLOWER]: Replica starting. Triggering 0 pending ops. Active config: opid_index: -1 OBSOLETE_local: false peers { permanent_uuid: "d0c52ff0434841c5aa74c1061cd8871f" member_type: VOTER last_known_addr { host: "127.4.227.193" port: 33759 } } peers { permanent_uuid: "30715af791474bb097dea4bed60016ba" member_type: VOTER last_known_addr { host: "127.4.227.194" port: 44457 } } peers { permanent_uuid: "c94b1ac97af443c3917de71f418ec50c" member_type: VOTER last_known_addr { host: "127.4.227.195" port: 46657 } }
I20260608 12:53:43.525569  9769 ts_tablet_manager.cc:1403] T 0ec90b19bee54d0f90b799a50b59f701 P d0c52ff0434841c5aa74c1061cd8871f: Time spent bootstrapping tablet: real 0.031s	user 0.011s	sys 0.010s
I20260608 12:53:43.525673  9768 raft_consensus.cc:385] T c54af8a4d7fc4fbdbd5ac6d5d5c1e894 P c94b1ac97af443c3917de71f418ec50c [term 0 FOLLOWER]: Consensus starting up: Expiring failure detector timer to make a prompt election more likely
I20260608 12:53:43.526127  9768 raft_consensus.cc:740] T c54af8a4d7fc4fbdbd5ac6d5d5c1e894 P c94b1ac97af443c3917de71f418ec50c [term 0 FOLLOWER]: Becoming Follower/Learner. State: Replica: c94b1ac97af443c3917de71f418ec50c, State: Initialized, Role: FOLLOWER
I20260608 12:53:43.526558  9767 tablet_bootstrap.cc:492] T 292d75172dfe40c7a4af90c510094d1a P 30715af791474bb097dea4bed60016ba: No bootstrap required, opened a new log
I20260608 12:53:43.527191  9767 ts_tablet_manager.cc:1403] T 292d75172dfe40c7a4af90c510094d1a P 30715af791474bb097dea4bed60016ba: Time spent bootstrapping tablet: real 0.058s	user 0.015s	sys 0.020s
I20260608 12:53:43.527245  9768 consensus_queue.cc:260] T c54af8a4d7fc4fbdbd5ac6d5d5c1e894 P c94b1ac97af443c3917de71f418ec50c [NON_LEADER]: Queue going to NON_LEADER mode. State: All replicated index: 0, Majority replicated index: 0, Committed index: 0, Last appended: 0.0, Last appended by leader: 0, Current term: 0, Majority size: -1, State: 0, Mode: NON_LEADER, active raft config: opid_index: -1 OBSOLETE_local: false peers { permanent_uuid: "d0c52ff0434841c5aa74c1061cd8871f" member_type: VOTER last_known_addr { host: "127.4.227.193" port: 33759 } } peers { permanent_uuid: "30715af791474bb097dea4bed60016ba" member_type: VOTER last_known_addr { host: "127.4.227.194" port: 44457 } } peers { permanent_uuid: "c94b1ac97af443c3917de71f418ec50c" member_type: VOTER last_known_addr { host: "127.4.227.195" port: 46657 } }
I20260608 12:53:43.528903  9769 raft_consensus.cc:359] T 0ec90b19bee54d0f90b799a50b59f701 P d0c52ff0434841c5aa74c1061cd8871f [term 0 FOLLOWER]: Replica starting. Triggering 0 pending ops. Active config: opid_index: -1 OBSOLETE_local: false peers { permanent_uuid: "d0c52ff0434841c5aa74c1061cd8871f" member_type: VOTER last_known_addr { host: "127.4.227.193" port: 33759 } } peers { permanent_uuid: "30715af791474bb097dea4bed60016ba" member_type: VOTER last_known_addr { host: "127.4.227.194" port: 44457 } } peers { permanent_uuid: "c94b1ac97af443c3917de71f418ec50c" member_type: VOTER last_known_addr { host: "127.4.227.195" port: 46657 } }
I20260608 12:53:43.529680  9769 raft_consensus.cc:385] T 0ec90b19bee54d0f90b799a50b59f701 P d0c52ff0434841c5aa74c1061cd8871f [term 0 FOLLOWER]: Consensus starting up: Expiring failure detector timer to make a prompt election more likely
I20260608 12:53:43.530000  9769 raft_consensus.cc:740] T 0ec90b19bee54d0f90b799a50b59f701 P d0c52ff0434841c5aa74c1061cd8871f [term 0 FOLLOWER]: Becoming Follower/Learner. State: Replica: d0c52ff0434841c5aa74c1061cd8871f, State: Initialized, Role: FOLLOWER
I20260608 12:53:43.530383  9768 ts_tablet_manager.cc:1434] T c54af8a4d7fc4fbdbd5ac6d5d5c1e894 P c94b1ac97af443c3917de71f418ec50c: Time spent starting tablet: real 0.009s	user 0.008s	sys 0.000s
I20260608 12:53:43.530900  9769 consensus_queue.cc:260] T 0ec90b19bee54d0f90b799a50b59f701 P d0c52ff0434841c5aa74c1061cd8871f [NON_LEADER]: Queue going to NON_LEADER mode. State: All replicated index: 0, Majority replicated index: 0, Committed index: 0, Last appended: 0.0, Last appended by leader: 0, Current term: 0, Majority size: -1, State: 0, Mode: NON_LEADER, active raft config: opid_index: -1 OBSOLETE_local: false peers { permanent_uuid: "d0c52ff0434841c5aa74c1061cd8871f" member_type: VOTER last_known_addr { host: "127.4.227.193" port: 33759 } } peers { permanent_uuid: "30715af791474bb097dea4bed60016ba" member_type: VOTER last_known_addr { host: "127.4.227.194" port: 44457 } } peers { permanent_uuid: "c94b1ac97af443c3917de71f418ec50c" member_type: VOTER last_known_addr { host: "127.4.227.195" port: 46657 } }
I20260608 12:53:43.530947  9767 raft_consensus.cc:359] T 292d75172dfe40c7a4af90c510094d1a P 30715af791474bb097dea4bed60016ba [term 0 FOLLOWER]: Replica starting. Triggering 0 pending ops. Active config: opid_index: -1 OBSOLETE_local: false peers { permanent_uuid: "d0c52ff0434841c5aa74c1061cd8871f" member_type: VOTER last_known_addr { host: "127.4.227.193" port: 33759 } } peers { permanent_uuid: "30715af791474bb097dea4bed60016ba" member_type: VOTER last_known_addr { host: "127.4.227.194" port: 44457 } } peers { permanent_uuid: "c94b1ac97af443c3917de71f418ec50c" member_type: VOTER last_known_addr { host: "127.4.227.195" port: 46657 } }
I20260608 12:53:43.531561  9768 tablet_bootstrap.cc:492] T 62cae56fd311491baafce4c8a4d0475b P c94b1ac97af443c3917de71f418ec50c: Bootstrap starting.
I20260608 12:53:43.532179  9767 raft_consensus.cc:385] T 292d75172dfe40c7a4af90c510094d1a P 30715af791474bb097dea4bed60016ba [term 0 FOLLOWER]: Consensus starting up: Expiring failure detector timer to make a prompt election more likely
I20260608 12:53:43.532815  9767 raft_consensus.cc:740] T 292d75172dfe40c7a4af90c510094d1a P 30715af791474bb097dea4bed60016ba [term 0 FOLLOWER]: Becoming Follower/Learner. State: Replica: 30715af791474bb097dea4bed60016ba, State: Initialized, Role: FOLLOWER
I20260608 12:53:43.533506  9769 ts_tablet_manager.cc:1434] T 0ec90b19bee54d0f90b799a50b59f701 P d0c52ff0434841c5aa74c1061cd8871f: Time spent starting tablet: real 0.008s	user 0.009s	sys 0.000s
I20260608 12:53:43.533933  9767 consensus_queue.cc:260] T 292d75172dfe40c7a4af90c510094d1a P 30715af791474bb097dea4bed60016ba [NON_LEADER]: Queue going to NON_LEADER mode. State: All replicated index: 0, Majority replicated index: 0, Committed index: 0, Last appended: 0.0, Last appended by leader: 0, Current term: 0, Majority size: -1, State: 0, Mode: NON_LEADER, active raft config: opid_index: -1 OBSOLETE_local: false peers { permanent_uuid: "d0c52ff0434841c5aa74c1061cd8871f" member_type: VOTER last_known_addr { host: "127.4.227.193" port: 33759 } } peers { permanent_uuid: "30715af791474bb097dea4bed60016ba" member_type: VOTER last_known_addr { host: "127.4.227.194" port: 44457 } } peers { permanent_uuid: "c94b1ac97af443c3917de71f418ec50c" member_type: VOTER last_known_addr { host: "127.4.227.195" port: 46657 } }
I20260608 12:53:43.534775  9769 tablet_bootstrap.cc:492] T 292d75172dfe40c7a4af90c510094d1a P d0c52ff0434841c5aa74c1061cd8871f: Bootstrap starting.
I20260608 12:53:43.536886  9767 ts_tablet_manager.cc:1434] T 292d75172dfe40c7a4af90c510094d1a P 30715af791474bb097dea4bed60016ba: Time spent starting tablet: real 0.009s	user 0.006s	sys 0.000s
I20260608 12:53:43.538107  9767 tablet_bootstrap.cc:492] T bbf0ad40e2044ba1a7aebd96614eeb63 P 30715af791474bb097dea4bed60016ba: Bootstrap starting.
I20260608 12:53:43.542550  9769 tablet_bootstrap.cc:654] T 292d75172dfe40c7a4af90c510094d1a P d0c52ff0434841c5aa74c1061cd8871f: Neither blocks nor log segments found. Creating new log.
I20260608 12:53:43.542833  9768 tablet_bootstrap.cc:654] T 62cae56fd311491baafce4c8a4d0475b P c94b1ac97af443c3917de71f418ec50c: Neither blocks nor log segments found. Creating new log.
I20260608 12:53:43.547153  9767 tablet_bootstrap.cc:654] T bbf0ad40e2044ba1a7aebd96614eeb63 P 30715af791474bb097dea4bed60016ba: Neither blocks nor log segments found. Creating new log.
I20260608 12:53:43.554613  9783 raft_consensus.cc:493] T f87111d36ccc410daec0833ea6779a9f P c94b1ac97af443c3917de71f418ec50c [term 0 FOLLOWER]: Starting pre-election (no leader contacted us within the election timeout)
I20260608 12:53:43.555148  9810 raft_consensus.cc:493] T 57a90195c0784be484c465393a5ad285 P d0c52ff0434841c5aa74c1061cd8871f [term 0 FOLLOWER]: Starting pre-election (no leader contacted us within the election timeout)
I20260608 12:53:43.555441  9783 raft_consensus.cc:515] T f87111d36ccc410daec0833ea6779a9f P c94b1ac97af443c3917de71f418ec50c [term 0 FOLLOWER]: Starting pre-election with config: opid_index: -1 OBSOLETE_local: false peers { permanent_uuid: "d0c52ff0434841c5aa74c1061cd8871f" member_type: VOTER last_known_addr { host: "127.4.227.193" port: 33759 } } peers { permanent_uuid: "30715af791474bb097dea4bed60016ba" member_type: VOTER last_known_addr { host: "127.4.227.194" port: 44457 } } peers { permanent_uuid: "c94b1ac97af443c3917de71f418ec50c" member_type: VOTER last_known_addr { host: "127.4.227.195" port: 46657 } }
I20260608 12:53:43.555707  9810 raft_consensus.cc:515] T 57a90195c0784be484c465393a5ad285 P d0c52ff0434841c5aa74c1061cd8871f [term 0 FOLLOWER]: Starting pre-election with config: opid_index: -1 OBSOLETE_local: false peers { permanent_uuid: "d0c52ff0434841c5aa74c1061cd8871f" member_type: VOTER last_known_addr { host: "127.4.227.193" port: 33759 } } peers { permanent_uuid: "30715af791474bb097dea4bed60016ba" member_type: VOTER last_known_addr { host: "127.4.227.194" port: 44457 } } peers { permanent_uuid: "c94b1ac97af443c3917de71f418ec50c" member_type: VOTER last_known_addr { host: "127.4.227.195" port: 46657 } }
I20260608 12:53:43.536626  9467 catalog_manager.cc:5696] T 62cae56fd311491baafce4c8a4d0475b P d0c52ff0434841c5aa74c1061cd8871f reported cstate change: term changed from 0 to 1, leader changed from <none> to d0c52ff0434841c5aa74c1061cd8871f (127.4.227.193). New cstate: current_term: 1 leader_uuid: "d0c52ff0434841c5aa74c1061cd8871f" committed_config { opid_index: -1 OBSOLETE_local: false peers { permanent_uuid: "d0c52ff0434841c5aa74c1061cd8871f" member_type: VOTER last_known_addr { host: "127.4.227.193" port: 33759 } health_report { overall_health: HEALTHY } } peers { permanent_uuid: "30715af791474bb097dea4bed60016ba" member_type: VOTER last_known_addr { host: "127.4.227.194" port: 44457 } health_report { overall_health: UNKNOWN } } peers { permanent_uuid: "c94b1ac97af443c3917de71f418ec50c" member_type: VOTER last_known_addr { host: "127.4.227.195" port: 46657 } health_report { overall_health: UNKNOWN } } }
I20260608 12:53:43.558120  9769 tablet_bootstrap.cc:492] T 292d75172dfe40c7a4af90c510094d1a P d0c52ff0434841c5aa74c1061cd8871f: No bootstrap required, opened a new log
I20260608 12:53:43.558249  9810 leader_election.cc:290] T 57a90195c0784be484c465393a5ad285 P d0c52ff0434841c5aa74c1061cd8871f [CANDIDATE]: Term 1 pre-election: Requested pre-vote from peers 30715af791474bb097dea4bed60016ba (127.4.227.194:44457), c94b1ac97af443c3917de71f418ec50c (127.4.227.195:46657)
I20260608 12:53:43.558821  9769 ts_tablet_manager.cc:1403] T 292d75172dfe40c7a4af90c510094d1a P d0c52ff0434841c5aa74c1061cd8871f: Time spent bootstrapping tablet: real 0.024s	user 0.008s	sys 0.015s
I20260608 12:53:43.559167  9648 tablet_service.cc:1917] Received RequestConsensusVote() RPC: tablet_id: "57a90195c0784be484c465393a5ad285" candidate_uuid: "d0c52ff0434841c5aa74c1061cd8871f" candidate_term: 1 candidate_status { last_received { term: 0 index: 0 } } ignore_live_leader: false dest_uuid: "30715af791474bb097dea4bed60016ba" is_pre_election: true
I20260608 12:53:43.559521  9783 leader_election.cc:290] T f87111d36ccc410daec0833ea6779a9f P c94b1ac97af443c3917de71f418ec50c [CANDIDATE]: Term 1 pre-election: Requested pre-vote from peers d0c52ff0434841c5aa74c1061cd8871f (127.4.227.193:33759), 30715af791474bb097dea4bed60016ba (127.4.227.194:44457)
I20260608 12:53:43.559526  9572 tablet_service.cc:1917] Received RequestConsensusVote() RPC: tablet_id: "f87111d36ccc410daec0833ea6779a9f" candidate_uuid: "c94b1ac97af443c3917de71f418ec50c" candidate_term: 1 candidate_status { last_received { term: 0 index: 0 } } ignore_live_leader: false dest_uuid: "d0c52ff0434841c5aa74c1061cd8871f" is_pre_election: true
W20260608 12:53:43.561658  9687 leader_election.cc:343] T f87111d36ccc410daec0833ea6779a9f P c94b1ac97af443c3917de71f418ec50c [CANDIDATE]: Term 1 pre-election: Tablet error from VoteRequest() call to peer d0c52ff0434841c5aa74c1061cd8871f (127.4.227.193:33759): Illegal state: must be running to vote when last-logged opid is not known
I20260608 12:53:43.562129  9722 tablet_service.cc:1917] Received RequestConsensusVote() RPC: tablet_id: "57a90195c0784be484c465393a5ad285" candidate_uuid: "d0c52ff0434841c5aa74c1061cd8871f" candidate_term: 1 candidate_status { last_received { term: 0 index: 0 } } ignore_live_leader: false dest_uuid: "c94b1ac97af443c3917de71f418ec50c" is_pre_election: true
I20260608 12:53:43.563086  9722 raft_consensus.cc:2468] T 57a90195c0784be484c465393a5ad285 P c94b1ac97af443c3917de71f418ec50c [term 0 FOLLOWER]: Leader pre-election vote request: Granting yes vote for candidate d0c52ff0434841c5aa74c1061cd8871f in term 0.
I20260608 12:53:43.565070  9768 tablet_bootstrap.cc:492] T 62cae56fd311491baafce4c8a4d0475b P c94b1ac97af443c3917de71f418ec50c: No bootstrap required, opened a new log
I20260608 12:53:43.565675  9768 ts_tablet_manager.cc:1403] T 62cae56fd311491baafce4c8a4d0475b P c94b1ac97af443c3917de71f418ec50c: Time spent bootstrapping tablet: real 0.034s	user 0.008s	sys 0.011s
I20260608 12:53:43.565603  9538 leader_election.cc:304] T 57a90195c0784be484c465393a5ad285 P d0c52ff0434841c5aa74c1061cd8871f [CANDIDATE]: Term 1 pre-election: Election decided. Result: candidate won. Election summary: received 2 responses out of 3 voters: 2 yes votes; 0 no votes. yes voters: c94b1ac97af443c3917de71f418ec50c, d0c52ff0434841c5aa74c1061cd8871f; no voters: 
I20260608 12:53:43.566565  9769 raft_consensus.cc:359] T 292d75172dfe40c7a4af90c510094d1a P d0c52ff0434841c5aa74c1061cd8871f [term 0 FOLLOWER]: Replica starting. Triggering 0 pending ops. Active config: opid_index: -1 OBSOLETE_local: false peers { permanent_uuid: "d0c52ff0434841c5aa74c1061cd8871f" member_type: VOTER last_known_addr { host: "127.4.227.193" port: 33759 } } peers { permanent_uuid: "30715af791474bb097dea4bed60016ba" member_type: VOTER last_known_addr { host: "127.4.227.194" port: 44457 } } peers { permanent_uuid: "c94b1ac97af443c3917de71f418ec50c" member_type: VOTER last_known_addr { host: "127.4.227.195" port: 46657 } }
I20260608 12:53:43.567293  9647 tablet_service.cc:1917] Received RequestConsensusVote() RPC: tablet_id: "f87111d36ccc410daec0833ea6779a9f" candidate_uuid: "c94b1ac97af443c3917de71f418ec50c" candidate_term: 1 candidate_status { last_received { term: 0 index: 0 } } ignore_live_leader: false dest_uuid: "30715af791474bb097dea4bed60016ba" is_pre_election: true
I20260608 12:53:43.568091  9648 raft_consensus.cc:2468] T 57a90195c0784be484c465393a5ad285 P 30715af791474bb097dea4bed60016ba [term 0 FOLLOWER]: Leader pre-election vote request: Granting yes vote for candidate d0c52ff0434841c5aa74c1061cd8871f in term 0.
I20260608 12:53:43.568444  9767 tablet_bootstrap.cc:492] T bbf0ad40e2044ba1a7aebd96614eeb63 P 30715af791474bb097dea4bed60016ba: No bootstrap required, opened a new log
I20260608 12:53:43.568415  9810 raft_consensus.cc:2804] T 57a90195c0784be484c465393a5ad285 P d0c52ff0434841c5aa74c1061cd8871f [term 0 FOLLOWER]: Leader pre-election won for term 1
I20260608 12:53:43.569090  9810 raft_consensus.cc:493] T 57a90195c0784be484c465393a5ad285 P d0c52ff0434841c5aa74c1061cd8871f [term 0 FOLLOWER]: Starting leader election (no leader contacted us within the election timeout)
I20260608 12:53:43.569264  9767 ts_tablet_manager.cc:1403] T bbf0ad40e2044ba1a7aebd96614eeb63 P 30715af791474bb097dea4bed60016ba: Time spent bootstrapping tablet: real 0.031s	user 0.012s	sys 0.003s
I20260608 12:53:43.569866  9810 raft_consensus.cc:3060] T 57a90195c0784be484c465393a5ad285 P d0c52ff0434841c5aa74c1061cd8871f [term 0 FOLLOWER]: Advancing to term 1
I20260608 12:53:43.568102  9647 raft_consensus.cc:2468] T f87111d36ccc410daec0833ea6779a9f P 30715af791474bb097dea4bed60016ba [term 0 FOLLOWER]: Leader pre-election vote request: Granting yes vote for candidate c94b1ac97af443c3917de71f418ec50c in term 0.
I20260608 12:53:43.569378  9768 raft_consensus.cc:359] T 62cae56fd311491baafce4c8a4d0475b P c94b1ac97af443c3917de71f418ec50c [term 0 FOLLOWER]: Replica starting. Triggering 0 pending ops. Active config: opid_index: -1 OBSOLETE_local: false peers { permanent_uuid: "d0c52ff0434841c5aa74c1061cd8871f" member_type: VOTER last_known_addr { host: "127.4.227.193" port: 33759 } } peers { permanent_uuid: "30715af791474bb097dea4bed60016ba" member_type: VOTER last_known_addr { host: "127.4.227.194" port: 44457 } } peers { permanent_uuid: "c94b1ac97af443c3917de71f418ec50c" member_type: VOTER last_known_addr { host: "127.4.227.195" port: 46657 } }
I20260608 12:53:43.571158  9768 raft_consensus.cc:385] T 62cae56fd311491baafce4c8a4d0475b P c94b1ac97af443c3917de71f418ec50c [term 0 FOLLOWER]: Consensus starting up: Expiring failure detector timer to make a prompt election more likely
