I20260608 12:52:51.306524  7459 tablet_service.cc:1917] Received RequestConsensusVote() RPC: tablet_id: "699d9f80f8a0464e823546fb81e79b32" candidate_uuid: "ef189de1ec7d4d8db72d26a6a4a6223c" candidate_term: 1 candidate_status { last_received { term: 0 index: 0 } } ignore_live_leader: false dest_uuid: "d8497e55fe13448e8f66b73912a71ed1" is_pre_election: true
I20260608 12:52:51.307920  7727 tablet_bootstrap.cc:654] T 699d9f80f8a0464e823546fb81e79b32 P d8497e55fe13448e8f66b73912a71ed1: Neither blocks nor log segments found. Creating new log.
I20260608 12:52:51.313578  7730 tablet_bootstrap.cc:654] T 60009ec52b1748f182137a2ebf7c51cd P fb16a7cc34704a3bb0d2756c57aa4600: Neither blocks nor log segments found. Creating new log.
I20260608 12:52:51.316560  7726 tablet_bootstrap.cc:492] T 45f6ca9b2f3647e3b68acce317477922 P 685a64c2826f4e02bb737fd064ab8b76: No bootstrap required, opened a new log
I20260608 12:52:51.317138  7726 ts_tablet_manager.cc:1403] T 45f6ca9b2f3647e3b68acce317477922 P 685a64c2826f4e02bb737fd064ab8b76: Time spent bootstrapping tablet: real 0.066s	user 0.009s	sys 0.005s
W20260608 12:52:51.319626  7349 leader_election.cc:343] T 699d9f80f8a0464e823546fb81e79b32 P ef189de1ec7d4d8db72d26a6a4a6223c [CANDIDATE]: Term 1 pre-election: Tablet error from VoteRequest() call to peer d8497e55fe13448e8f66b73912a71ed1 (127.4.80.66:46453): Illegal state: must be running to vote when last-logged opid is not known
I20260608 12:52:51.322248  7726 raft_consensus.cc:359] T 45f6ca9b2f3647e3b68acce317477922 P 685a64c2826f4e02bb737fd064ab8b76 [term 0 FOLLOWER]: Replica starting. Triggering 0 pending ops. Active config: opid_index: -1 OBSOLETE_local: false peers { permanent_uuid: "fb16a7cc34704a3bb0d2756c57aa4600" member_type: VOTER last_known_addr { host: "127.4.80.68" port: 34275 } } peers { permanent_uuid: "ef189de1ec7d4d8db72d26a6a4a6223c" member_type: VOTER last_known_addr { host: "127.4.80.65" port: 41737 } } peers { permanent_uuid: "685a64c2826f4e02bb737fd064ab8b76" member_type: VOTER last_known_addr { host: "127.4.80.67" port: 43293 } }
I20260608 12:52:51.322971  7726 raft_consensus.cc:385] T 45f6ca9b2f3647e3b68acce317477922 P 685a64c2826f4e02bb737fd064ab8b76 [term 0 FOLLOWER]: Consensus starting up: Expiring failure detector timer to make a prompt election more likely
I20260608 12:52:51.323300  7726 raft_consensus.cc:740] T 45f6ca9b2f3647e3b68acce317477922 P 685a64c2826f4e02bb737fd064ab8b76 [term 0 FOLLOWER]: Becoming Follower/Learner. State: Replica: 685a64c2826f4e02bb737fd064ab8b76, State: Initialized, Role: FOLLOWER
I20260608 12:52:51.327968  7726 consensus_queue.cc:260] T 45f6ca9b2f3647e3b68acce317477922 P 685a64c2826f4e02bb737fd064ab8b76 [NON_LEADER]: Queue going to NON_LEADER mode. State: All replicated index: 0, Majority replicated index: 0, Committed index: 0, Last appended: 0.0, Last appended by leader: 0, Current term: 0, Majority size: -1, State: 0, Mode: NON_LEADER, active raft config: opid_index: -1 OBSOLETE_local: false peers { permanent_uuid: "fb16a7cc34704a3bb0d2756c57aa4600" member_type: VOTER last_known_addr { host: "127.4.80.68" port: 34275 } } peers { permanent_uuid: "ef189de1ec7d4d8db72d26a6a4a6223c" member_type: VOTER last_known_addr { host: "127.4.80.65" port: 41737 } } peers { permanent_uuid: "685a64c2826f4e02bb737fd064ab8b76" member_type: VOTER last_known_addr { host: "127.4.80.67" port: 43293 } }
I20260608 12:52:51.342257  7605 consensus_queue.cc:1048] T 0d11c4f3fea449399d6c5c046c186bcc P ef189de1ec7d4d8db72d26a6a4a6223c [LEADER]: Connected to new peer: Peer: permanent_uuid: "d8497e55fe13448e8f66b73912a71ed1" member_type: VOTER last_known_addr { host: "127.4.80.66" port: 46453 }, Status: LMP_MISMATCH, Last received: 0.0, Next index: 1, Last known committed idx: 0, Time since last communication: 0.001s
I20260608 12:52:51.374073  7603 consensus_queue.cc:1048] T 0d11c4f3fea449399d6c5c046c186bcc P ef189de1ec7d4d8db72d26a6a4a6223c [LEADER]: Connected to new peer: Peer: permanent_uuid: "685a64c2826f4e02bb737fd064ab8b76" member_type: VOTER last_known_addr { host: "127.4.80.67" port: 43293 }, Status: LMP_MISMATCH, Last received: 0.0, Next index: 1, Last known committed idx: 0, Time since last communication: 0.000s
W20260608 12:52:51.375044  7330 auto_rebalancer.cc:259] Could not retrieve cluster info: Service unavailable: Tablet not running
I20260608 12:52:51.376171  7726 ts_tablet_manager.cc:1434] T 45f6ca9b2f3647e3b68acce317477922 P 685a64c2826f4e02bb737fd064ab8b76: Time spent starting tablet: real 0.059s	user 0.018s	sys 0.000s
I20260608 12:52:51.383467  7724 tablet_bootstrap.cc:492] T 60009ec52b1748f182137a2ebf7c51cd P ef189de1ec7d4d8db72d26a6a4a6223c: No bootstrap required, opened a new log
I20260608 12:52:51.384111  7724 ts_tablet_manager.cc:1403] T 60009ec52b1748f182137a2ebf7c51cd P ef189de1ec7d4d8db72d26a6a4a6223c: Time spent bootstrapping tablet: real 0.138s	user 0.013s	sys 0.004s
I20260608 12:52:51.384233  7726 tablet_bootstrap.cc:492] T 0d121a36d4fc43648b6a5882fbfa1266 P 685a64c2826f4e02bb737fd064ab8b76: Bootstrap starting.
I20260608 12:52:51.388242  7724 raft_consensus.cc:359] T 60009ec52b1748f182137a2ebf7c51cd P ef189de1ec7d4d8db72d26a6a4a6223c [term 0 FOLLOWER]: Replica starting. Triggering 0 pending ops. Active config: opid_index: -1 OBSOLETE_local: false peers { permanent_uuid: "685a64c2826f4e02bb737fd064ab8b76" member_type: VOTER last_known_addr { host: "127.4.80.67" port: 43293 } } peers { permanent_uuid: "fb16a7cc34704a3bb0d2756c57aa4600" member_type: VOTER last_known_addr { host: "127.4.80.68" port: 34275 } } peers { permanent_uuid: "ef189de1ec7d4d8db72d26a6a4a6223c" member_type: VOTER last_known_addr { host: "127.4.80.65" port: 41737 } }
I20260608 12:52:51.391551  7730 tablet_bootstrap.cc:492] T 60009ec52b1748f182137a2ebf7c51cd P fb16a7cc34704a3bb0d2756c57aa4600: No bootstrap required, opened a new log
I20260608 12:52:51.392184  7730 ts_tablet_manager.cc:1403] T 60009ec52b1748f182137a2ebf7c51cd P fb16a7cc34704a3bb0d2756c57aa4600: Time spent bootstrapping tablet: real 0.203s	user 0.010s	sys 0.009s
I20260608 12:52:51.389415  7724 raft_consensus.cc:385] T 60009ec52b1748f182137a2ebf7c51cd P ef189de1ec7d4d8db72d26a6a4a6223c [term 0 FOLLOWER]: Consensus starting up: Expiring failure detector timer to make a prompt election more likely
I20260608 12:52:51.395382  7724 raft_consensus.cc:740] T 60009ec52b1748f182137a2ebf7c51cd P ef189de1ec7d4d8db72d26a6a4a6223c [term 0 FOLLOWER]: Becoming Follower/Learner. State: Replica: ef189de1ec7d4d8db72d26a6a4a6223c, State: Initialized, Role: FOLLOWER
I20260608 12:52:51.396996  7681 tablet_service.cc:1917] Received RequestConsensusVote() RPC: tablet_id: "699d9f80f8a0464e823546fb81e79b32" candidate_uuid: "ef189de1ec7d4d8db72d26a6a4a6223c" candidate_term: 1 candidate_status { last_received { term: 0 index: 0 } } ignore_live_leader: false dest_uuid: "fb16a7cc34704a3bb0d2756c57aa4600" is_pre_election: true
I20260608 12:52:51.398255  7724 consensus_queue.cc:260] T 60009ec52b1748f182137a2ebf7c51cd P ef189de1ec7d4d8db72d26a6a4a6223c [NON_LEADER]: Queue going to NON_LEADER mode. State: All replicated index: 0, Majority replicated index: 0, Committed index: 0, Last appended: 0.0, Last appended by leader: 0, Current term: 0, Majority size: -1, State: 0, Mode: NON_LEADER, active raft config: opid_index: -1 OBSOLETE_local: false peers { permanent_uuid: "685a64c2826f4e02bb737fd064ab8b76" member_type: VOTER last_known_addr { host: "127.4.80.67" port: 43293 } } peers { permanent_uuid: "fb16a7cc34704a3bb0d2756c57aa4600" member_type: VOTER last_known_addr { host: "127.4.80.68" port: 34275 } } peers { permanent_uuid: "ef189de1ec7d4d8db72d26a6a4a6223c" member_type: VOTER last_known_addr { host: "127.4.80.65" port: 41737 } }
W20260608 12:52:51.399405  7349 leader_election.cc:343] T 699d9f80f8a0464e823546fb81e79b32 P ef189de1ec7d4d8db72d26a6a4a6223c [CANDIDATE]: Term 1 pre-election: Tablet error from VoteRequest() call to peer fb16a7cc34704a3bb0d2756c57aa4600 (127.4.80.68:34275): Illegal state: must be running to vote when last-logged opid is not known
I20260608 12:52:51.400418  7605 raft_consensus.cc:493] T 60009ec52b1748f182137a2ebf7c51cd P ef189de1ec7d4d8db72d26a6a4a6223c [term 0 FOLLOWER]: Starting pre-election (no leader contacted us within the election timeout)
I20260608 12:52:51.400665  7349 leader_election.cc:304] T 699d9f80f8a0464e823546fb81e79b32 P ef189de1ec7d4d8db72d26a6a4a6223c [CANDIDATE]: Term 1 pre-election: Election decided. Result: candidate lost. Election summary: received 3 responses out of 3 voters: 1 yes votes; 2 no votes. yes voters: ef189de1ec7d4d8db72d26a6a4a6223c; no voters: d8497e55fe13448e8f66b73912a71ed1, fb16a7cc34704a3bb0d2756c57aa4600
I20260608 12:52:51.400934  7605 raft_consensus.cc:515] T 60009ec52b1748f182137a2ebf7c51cd P ef189de1ec7d4d8db72d26a6a4a6223c [term 0 FOLLOWER]: Starting pre-election with config: opid_index: -1 OBSOLETE_local: false peers { permanent_uuid: "685a64c2826f4e02bb737fd064ab8b76" member_type: VOTER last_known_addr { host: "127.4.80.67" port: 43293 } } peers { permanent_uuid: "fb16a7cc34704a3bb0d2756c57aa4600" member_type: VOTER last_known_addr { host: "127.4.80.68" port: 34275 } } peers { permanent_uuid: "ef189de1ec7d4d8db72d26a6a4a6223c" member_type: VOTER last_known_addr { host: "127.4.80.65" port: 41737 } }
I20260608 12:52:51.401990  7603 raft_consensus.cc:2749] T 699d9f80f8a0464e823546fb81e79b32 P ef189de1ec7d4d8db72d26a6a4a6223c [term 0 FOLLOWER]: Leader pre-election lost for term 1. Reason: could not achieve majority
I20260608 12:52:51.396783  7730 raft_consensus.cc:359] T 60009ec52b1748f182137a2ebf7c51cd P fb16a7cc34704a3bb0d2756c57aa4600 [term 0 FOLLOWER]: Replica starting. Triggering 0 pending ops. Active config: opid_index: -1 OBSOLETE_local: false peers { permanent_uuid: "685a64c2826f4e02bb737fd064ab8b76" member_type: VOTER last_known_addr { host: "127.4.80.67" port: 43293 } } peers { permanent_uuid: "fb16a7cc34704a3bb0d2756c57aa4600" member_type: VOTER last_known_addr { host: "127.4.80.68" port: 34275 } } peers { permanent_uuid: "ef189de1ec7d4d8db72d26a6a4a6223c" member_type: VOTER last_known_addr { host: "127.4.80.65" port: 41737 } }
I20260608 12:52:51.403088  7730 raft_consensus.cc:385] T 60009ec52b1748f182137a2ebf7c51cd P fb16a7cc34704a3bb0d2756c57aa4600 [term 0 FOLLOWER]: Consensus starting up: Expiring failure detector timer to make a prompt election more likely
I20260608 12:52:51.403184  7605 leader_election.cc:290] T 60009ec52b1748f182137a2ebf7c51cd P ef189de1ec7d4d8db72d26a6a4a6223c [CANDIDATE]: Term 1 pre-election: Requested pre-vote from peers 685a64c2826f4e02bb737fd064ab8b76 (127.4.80.67:43293), fb16a7cc34704a3bb0d2756c57aa4600 (127.4.80.68:34275)
I20260608 12:52:51.403439  7730 raft_consensus.cc:740] T 60009ec52b1748f182137a2ebf7c51cd P fb16a7cc34704a3bb0d2756c57aa4600 [term 0 FOLLOWER]: Becoming Follower/Learner. State: Replica: fb16a7cc34704a3bb0d2756c57aa4600, State: Initialized, Role: FOLLOWER
I20260608 12:52:51.404330  7730 consensus_queue.cc:260] T 60009ec52b1748f182137a2ebf7c51cd P fb16a7cc34704a3bb0d2756c57aa4600 [NON_LEADER]: Queue going to NON_LEADER mode. State: All replicated index: 0, Majority replicated index: 0, Committed index: 0, Last appended: 0.0, Last appended by leader: 0, Current term: 0, Majority size: -1, State: 0, Mode: NON_LEADER, active raft config: opid_index: -1 OBSOLETE_local: false peers { permanent_uuid: "685a64c2826f4e02bb737fd064ab8b76" member_type: VOTER last_known_addr { host: "127.4.80.67" port: 43293 } } peers { permanent_uuid: "fb16a7cc34704a3bb0d2756c57aa4600" member_type: VOTER last_known_addr { host: "127.4.80.68" port: 34275 } } peers { permanent_uuid: "ef189de1ec7d4d8db72d26a6a4a6223c" member_type: VOTER last_known_addr { host: "127.4.80.65" port: 41737 } }
I20260608 12:52:51.404906  7533 tablet_service.cc:1917] Received RequestConsensusVote() RPC: tablet_id: "60009ec52b1748f182137a2ebf7c51cd" candidate_uuid: "ef189de1ec7d4d8db72d26a6a4a6223c" candidate_term: 1 candidate_status { last_received { term: 0 index: 0 } } ignore_live_leader: false dest_uuid: "685a64c2826f4e02bb737fd064ab8b76" is_pre_election: true
I20260608 12:52:51.405128  7681 tablet_service.cc:1917] Received RequestConsensusVote() RPC: tablet_id: "60009ec52b1748f182137a2ebf7c51cd" candidate_uuid: "ef189de1ec7d4d8db72d26a6a4a6223c" candidate_term: 1 candidate_status { last_received { term: 0 index: 0 } } ignore_live_leader: false dest_uuid: "fb16a7cc34704a3bb0d2756c57aa4600" is_pre_election: true
I20260608 12:52:51.405604  7533 raft_consensus.cc:2468] T 60009ec52b1748f182137a2ebf7c51cd P 685a64c2826f4e02bb737fd064ab8b76 [term 0 FOLLOWER]: Leader pre-election vote request: Granting yes vote for candidate ef189de1ec7d4d8db72d26a6a4a6223c in term 0.
I20260608 12:52:51.405905  7681 raft_consensus.cc:2468] T 60009ec52b1748f182137a2ebf7c51cd P fb16a7cc34704a3bb0d2756c57aa4600 [term 0 FOLLOWER]: Leader pre-election vote request: Granting yes vote for candidate ef189de1ec7d4d8db72d26a6a4a6223c in term 0.
I20260608 12:52:51.407016  7350 leader_election.cc:304] T 60009ec52b1748f182137a2ebf7c51cd P ef189de1ec7d4d8db72d26a6a4a6223c [CANDIDATE]: Term 1 pre-election: Election decided. Result: candidate won. Election summary: received 2 responses out of 3 voters: 2 yes votes; 0 no votes. yes voters: 685a64c2826f4e02bb737fd064ab8b76, ef189de1ec7d4d8db72d26a6a4a6223c; no voters: 
I20260608 12:52:51.410543  7605 raft_consensus.cc:2804] T 60009ec52b1748f182137a2ebf7c51cd P ef189de1ec7d4d8db72d26a6a4a6223c [term 0 FOLLOWER]: Leader pre-election won for term 1
I20260608 12:52:51.410935  7605 raft_consensus.cc:493] T 60009ec52b1748f182137a2ebf7c51cd P ef189de1ec7d4d8db72d26a6a4a6223c [term 0 FOLLOWER]: Starting leader election (no leader contacted us within the election timeout)
I20260608 12:52:51.411288  7605 raft_consensus.cc:3060] T 60009ec52b1748f182137a2ebf7c51cd P ef189de1ec7d4d8db72d26a6a4a6223c [term 0 FOLLOWER]: Advancing to term 1
I20260608 12:52:51.416332  7724 ts_tablet_manager.cc:1434] T 60009ec52b1748f182137a2ebf7c51cd P ef189de1ec7d4d8db72d26a6a4a6223c: Time spent starting tablet: real 0.032s	user 0.007s	sys 0.001s
I20260608 12:52:51.417063  7727 tablet_bootstrap.cc:492] T 699d9f80f8a0464e823546fb81e79b32 P d8497e55fe13448e8f66b73912a71ed1: No bootstrap required, opened a new log
I20260608 12:52:51.417654  7724 tablet_bootstrap.cc:492] T ce67c712aba34ac680f62ca0be65f497 P ef189de1ec7d4d8db72d26a6a4a6223c: Bootstrap starting.
I20260608 12:52:51.424551  7716 heartbeater.cc:499] Master 127.4.80.126:40571 was elected leader, sending a full tablet report...
I20260608 12:52:51.417960  7727 ts_tablet_manager.cc:1403] T 699d9f80f8a0464e823546fb81e79b32 P d8497e55fe13448e8f66b73912a71ed1: Time spent bootstrapping tablet: real 0.234s	user 0.041s	sys 0.019s
I20260608 12:52:51.418678  7726 tablet_bootstrap.cc:654] T 0d121a36d4fc43648b6a5882fbfa1266 P 685a64c2826f4e02bb737fd064ab8b76: Neither blocks nor log segments found. Creating new log.
I20260608 12:52:51.424141  7605 raft_consensus.cc:515] T 60009ec52b1748f182137a2ebf7c51cd P ef189de1ec7d4d8db72d26a6a4a6223c [term 1 FOLLOWER]: Starting leader election with config: opid_index: -1 OBSOLETE_local: false peers { permanent_uuid: "685a64c2826f4e02bb737fd064ab8b76" member_type: VOTER last_known_addr { host: "127.4.80.67" port: 43293 } } peers { permanent_uuid: "fb16a7cc34704a3bb0d2756c57aa4600" member_type: VOTER last_known_addr { host: "127.4.80.68" port: 34275 } } peers { permanent_uuid: "ef189de1ec7d4d8db72d26a6a4a6223c" member_type: VOTER last_known_addr { host: "127.4.80.65" port: 41737 } }
I20260608 12:52:51.439874  7730 ts_tablet_manager.cc:1434] T 60009ec52b1748f182137a2ebf7c51cd P fb16a7cc34704a3bb0d2756c57aa4600: Time spent starting tablet: real 0.047s	user 0.008s	sys 0.000s
I20260608 12:52:51.440752  7724 tablet_bootstrap.cc:654] T ce67c712aba34ac680f62ca0be65f497 P ef189de1ec7d4d8db72d26a6a4a6223c: Neither blocks nor log segments found. Creating new log.
I20260608 12:52:51.445437  7730 tablet_bootstrap.cc:492] T 272b533588e9410b84ff76ccf64649f8 P fb16a7cc34704a3bb0d2756c57aa4600: Bootstrap starting.
I20260608 12:52:51.447233  7727 raft_consensus.cc:359] T 699d9f80f8a0464e823546fb81e79b32 P d8497e55fe13448e8f66b73912a71ed1 [term 0 FOLLOWER]: Replica starting. Triggering 0 pending ops. Active config: opid_index: -1 OBSOLETE_local: false peers { permanent_uuid: "fb16a7cc34704a3bb0d2756c57aa4600" member_type: VOTER last_known_addr { host: "127.4.80.68" port: 34275 } } peers { permanent_uuid: "ef189de1ec7d4d8db72d26a6a4a6223c" member_type: VOTER last_known_addr { host: "127.4.80.65" port: 41737 } } peers { permanent_uuid: "d8497e55fe13448e8f66b73912a71ed1" member_type: VOTER last_known_addr { host: "127.4.80.66" port: 46453 } }
I20260608 12:52:51.447955  7727 raft_consensus.cc:385] T 699d9f80f8a0464e823546fb81e79b32 P d8497e55fe13448e8f66b73912a71ed1 [term 0 FOLLOWER]: Consensus starting up: Expiring failure detector timer to make a prompt election more likely
I20260608 12:52:51.448254  7727 raft_consensus.cc:740] T 699d9f80f8a0464e823546fb81e79b32 P d8497e55fe13448e8f66b73912a71ed1 [term 0 FOLLOWER]: Becoming Follower/Learner. State: Replica: d8497e55fe13448e8f66b73912a71ed1, State: Initialized, Role: FOLLOWER
I20260608 12:52:51.449025  7727 consensus_queue.cc:260] T 699d9f80f8a0464e823546fb81e79b32 P d8497e55fe13448e8f66b73912a71ed1 [NON_LEADER]: Queue going to NON_LEADER mode. State: All replicated index: 0, Majority replicated index: 0, Committed index: 0, Last appended: 0.0, Last appended by leader: 0, Current term: 0, Majority size: -1, State: 0, Mode: NON_LEADER, active raft config: opid_index: -1 OBSOLETE_local: false peers { permanent_uuid: "fb16a7cc34704a3bb0d2756c57aa4600" member_type: VOTER last_known_addr { host: "127.4.80.68" port: 34275 } } peers { permanent_uuid: "ef189de1ec7d4d8db72d26a6a4a6223c" member_type: VOTER last_known_addr { host: "127.4.80.65" port: 41737 } } peers { permanent_uuid: "d8497e55fe13448e8f66b73912a71ed1" member_type: VOTER last_known_addr { host: "127.4.80.66" port: 46453 } }
I20260608 12:52:51.449829  7532 tablet_service.cc:1917] Received RequestConsensusVote() RPC: tablet_id: "60009ec52b1748f182137a2ebf7c51cd" candidate_uuid: "ef189de1ec7d4d8db72d26a6a4a6223c" candidate_term: 1 candidate_status { last_received { term: 0 index: 0 } } ignore_live_leader: false dest_uuid: "685a64c2826f4e02bb737fd064ab8b76"
I20260608 12:52:51.450475  7532 raft_consensus.cc:3060] T 60009ec52b1748f182137a2ebf7c51cd P 685a64c2826f4e02bb737fd064ab8b76 [term 0 FOLLOWER]: Advancing to term 1
I20260608 12:52:51.451356  7727 ts_tablet_manager.cc:1434] T 699d9f80f8a0464e823546fb81e79b32 P d8497e55fe13448e8f66b73912a71ed1: Time spent starting tablet: real 0.008s	user 0.005s	sys 0.001s
I20260608 12:52:51.452340  7727 tablet_bootstrap.cc:492] T 272b533588e9410b84ff76ccf64649f8 P d8497e55fe13448e8f66b73912a71ed1: Bootstrap starting.
I20260608 12:52:51.458775  7727 tablet_bootstrap.cc:654] T 272b533588e9410b84ff76ccf64649f8 P d8497e55fe13448e8f66b73912a71ed1: Neither blocks nor log segments found. Creating new log.
I20260608 12:52:51.476058  7605 leader_election.cc:290] T 60009ec52b1748f182137a2ebf7c51cd P ef189de1ec7d4d8db72d26a6a4a6223c [CANDIDATE]: Term 1 election: Requested vote from peers 685a64c2826f4e02bb737fd064ab8b76 (127.4.80.67:43293), fb16a7cc34704a3bb0d2756c57aa4600 (127.4.80.68:34275)
I20260608 12:52:51.478739  7681 tablet_service.cc:1917] Received RequestConsensusVote() RPC: tablet_id: "60009ec52b1748f182137a2ebf7c51cd" candidate_uuid: "ef189de1ec7d4d8db72d26a6a4a6223c" candidate_term: 1 candidate_status { last_received { term: 0 index: 0 } } ignore_live_leader: false dest_uuid: "fb16a7cc34704a3bb0d2756c57aa4600"
I20260608 12:52:51.479518  7681 raft_consensus.cc:3060] T 60009ec52b1748f182137a2ebf7c51cd P fb16a7cc34704a3bb0d2756c57aa4600 [term 0 FOLLOWER]: Advancing to term 1
I20260608 12:52:51.487358  7282 catalog_manager.cc:6241] T 00000000000000000000000000000000 P a8b7a86560644f7984f25ea78a602ea7: range_aware_rebalance_new_range [id=c6ac0dc450c84dbab1a2db00680b75bd] alter complete (version 0)
I20260608 12:52:51.494200  7681 raft_consensus.cc:2468] T 60009ec52b1748f182137a2ebf7c51cd P fb16a7cc34704a3bb0d2756c57aa4600 [term 1 FOLLOWER]: Leader election vote request: Granting yes vote for candidate ef189de1ec7d4d8db72d26a6a4a6223c in term 1.
I20260608 12:52:51.495038  7532 raft_consensus.cc:2468] T 60009ec52b1748f182137a2ebf7c51cd P 685a64c2826f4e02bb737fd064ab8b76 [term 1 FOLLOWER]: Leader election vote request: Granting yes vote for candidate ef189de1ec7d4d8db72d26a6a4a6223c in term 1.
I20260608 12:52:51.503064  7349 leader_election.cc:304] T 60009ec52b1748f182137a2ebf7c51cd P ef189de1ec7d4d8db72d26a6a4a6223c [CANDIDATE]: Term 1 election: Election decided. Result: candidate won. Election summary: received 2 responses out of 3 voters: 2 yes votes; 0 no votes. yes voters: ef189de1ec7d4d8db72d26a6a4a6223c, fb16a7cc34704a3bb0d2756c57aa4600; no voters: 
I20260608 12:52:51.504436  7605 raft_consensus.cc:2804] T 60009ec52b1748f182137a2ebf7c51cd P ef189de1ec7d4d8db72d26a6a4a6223c [term 1 FOLLOWER]: Leader election won for term 1
I20260608 12:52:51.504786  7726 tablet_bootstrap.cc:492] T 0d121a36d4fc43648b6a5882fbfa1266 P 685a64c2826f4e02bb737fd064ab8b76: No bootstrap required, opened a new log
I20260608 12:52:51.504935  7605 raft_consensus.cc:697] T 60009ec52b1748f182137a2ebf7c51cd P ef189de1ec7d4d8db72d26a6a4a6223c [term 1 LEADER]: Becoming Leader. State: Replica: ef189de1ec7d4d8db72d26a6a4a6223c, State: Running, Role: LEADER
I20260608 12:52:51.505340  7726 ts_tablet_manager.cc:1403] T 0d121a36d4fc43648b6a5882fbfa1266 P 685a64c2826f4e02bb737fd064ab8b76: Time spent bootstrapping tablet: real 0.121s	user 0.015s	sys 0.028s
I20260608 12:52:51.505848  7605 consensus_queue.cc:237] T 60009ec52b1748f182137a2ebf7c51cd P ef189de1ec7d4d8db72d26a6a4a6223c [LEADER]: Queue going to LEADER mode. State: All replicated index: 0, Majority replicated index: 0, Committed index: 0, Last appended: 0.0, Last appended by leader: 0, Current term: 1, Majority size: 2, State: 0, Mode: LEADER, active raft config: opid_index: -1 OBSOLETE_local: false peers { permanent_uuid: "685a64c2826f4e02bb737fd064ab8b76" member_type: VOTER last_known_addr { host: "127.4.80.67" port: 43293 } } peers { permanent_uuid: "fb16a7cc34704a3bb0d2756c57aa4600" member_type: VOTER last_known_addr { host: "127.4.80.68" port: 34275 } } peers { permanent_uuid: "ef189de1ec7d4d8db72d26a6a4a6223c" member_type: VOTER last_known_addr { host: "127.4.80.65" port: 41737 } }
I20260608 12:52:51.508925  7724 tablet_bootstrap.cc:492] T ce67c712aba34ac680f62ca0be65f497 P ef189de1ec7d4d8db72d26a6a4a6223c: No bootstrap required, opened a new log
I20260608 12:52:51.509357  7724 ts_tablet_manager.cc:1403] T ce67c712aba34ac680f62ca0be65f497 P ef189de1ec7d4d8db72d26a6a4a6223c: Time spent bootstrapping tablet: real 0.092s	user 0.016s	sys 0.028s
I20260608 12:52:51.499908  7727 tablet_bootstrap.cc:492] T 272b533588e9410b84ff76ccf64649f8 P d8497e55fe13448e8f66b73912a71ed1: No bootstrap required, opened a new log
I20260608 12:52:51.510502  7727 ts_tablet_manager.cc:1403] T 272b533588e9410b84ff76ccf64649f8 P d8497e55fe13448e8f66b73912a71ed1: Time spent bootstrapping tablet: real 0.058s	user 0.025s	sys 0.022s
I20260608 12:52:51.512209  7724 raft_consensus.cc:359] T ce67c712aba34ac680f62ca0be65f497 P ef189de1ec7d4d8db72d26a6a4a6223c [term 0 FOLLOWER]: Replica starting. Triggering 0 pending ops. Active config: opid_index: -1 OBSOLETE_local: false peers { permanent_uuid: "d8497e55fe13448e8f66b73912a71ed1" member_type: VOTER last_known_addr { host: "127.4.80.66" port: 46453 } } peers { permanent_uuid: "fb16a7cc34704a3bb0d2756c57aa4600" member_type: VOTER last_known_addr { host: "127.4.80.68" port: 34275 } } peers { permanent_uuid: "ef189de1ec7d4d8db72d26a6a4a6223c" member_type: VOTER last_known_addr { host: "127.4.80.65" port: 41737 } }
I20260608 12:52:51.512440  7726 raft_consensus.cc:359] T 0d121a36d4fc43648b6a5882fbfa1266 P 685a64c2826f4e02bb737fd064ab8b76 [term 0 FOLLOWER]: Replica starting. Triggering 0 pending ops. Active config: opid_index: -1 OBSOLETE_local: false peers { permanent_uuid: "fb16a7cc34704a3bb0d2756c57aa4600" member_type: VOTER last_known_addr { host: "127.4.80.68" port: 34275 } } peers { permanent_uuid: "d8497e55fe13448e8f66b73912a71ed1" member_type: VOTER last_known_addr { host: "127.4.80.66" port: 46453 } } peers { permanent_uuid: "685a64c2826f4e02bb737fd064ab8b76" member_type: VOTER last_known_addr { host: "127.4.80.67" port: 43293 } }
I20260608 12:52:51.512969  7724 raft_consensus.cc:385] T ce67c712aba34ac680f62ca0be65f497 P ef189de1ec7d4d8db72d26a6a4a6223c [term 0 FOLLOWER]: Consensus starting up: Expiring failure detector timer to make a prompt election more likely
I20260608 12:52:51.513211  7726 raft_consensus.cc:385] T 0d121a36d4fc43648b6a5882fbfa1266 P 685a64c2826f4e02bb737fd064ab8b76 [term 0 FOLLOWER]: Consensus starting up: Expiring failure detector timer to make a prompt election more likely
I20260608 12:52:51.513305  7724 raft_consensus.cc:740] T ce67c712aba34ac680f62ca0be65f497 P ef189de1ec7d4d8db72d26a6a4a6223c [term 0 FOLLOWER]: Becoming Follower/Learner. State: Replica: ef189de1ec7d4d8db72d26a6a4a6223c, State: Initialized, Role: FOLLOWER
I20260608 12:52:51.500195  7730 tablet_bootstrap.cc:654] T 272b533588e9410b84ff76ccf64649f8 P fb16a7cc34704a3bb0d2756c57aa4600: Neither blocks nor log segments found. Creating new log.
I20260608 12:52:51.513827  7726 raft_consensus.cc:740] T 0d121a36d4fc43648b6a5882fbfa1266 P 685a64c2826f4e02bb737fd064ab8b76 [term 0 FOLLOWER]: Becoming Follower/Learner. State: Replica: 685a64c2826f4e02bb737fd064ab8b76, State: Initialized, Role: FOLLOWER
I20260608 12:52:51.514741  7724 consensus_queue.cc:260] T ce67c712aba34ac680f62ca0be65f497 P ef189de1ec7d4d8db72d26a6a4a6223c [NON_LEADER]: Queue going to NON_LEADER mode. State: All replicated index: 0, Majority replicated index: 0, Committed index: 0, Last appended: 0.0, Last appended by leader: 0, Current term: 0, Majority size: -1, State: 0, Mode: NON_LEADER, active raft config: opid_index: -1 OBSOLETE_local: false peers { permanent_uuid: "d8497e55fe13448e8f66b73912a71ed1" member_type: VOTER last_known_addr { host: "127.4.80.66" port: 46453 } } peers { permanent_uuid: "fb16a7cc34704a3bb0d2756c57aa4600" member_type: VOTER last_known_addr { host: "127.4.80.68" port: 34275 } } peers { permanent_uuid: "ef189de1ec7d4d8db72d26a6a4a6223c" member_type: VOTER last_known_addr { host: "127.4.80.65" port: 41737 } }
I20260608 12:52:51.515024  7726 consensus_queue.cc:260] T 0d121a36d4fc43648b6a5882fbfa1266 P 685a64c2826f4e02bb737fd064ab8b76 [NON_LEADER]: Queue going to NON_LEADER mode. State: All replicated index: 0, Majority replicated index: 0, Committed index: 0, Last appended: 0.0, Last appended by leader: 0, Current term: 0, Majority size: -1, State: 0, Mode: NON_LEADER, active raft config: opid_index: -1 OBSOLETE_local: false peers { permanent_uuid: "fb16a7cc34704a3bb0d2756c57aa4600" member_type: VOTER last_known_addr { host: "127.4.80.68" port: 34275 } } peers { permanent_uuid: "d8497e55fe13448e8f66b73912a71ed1" member_type: VOTER last_known_addr { host: "127.4.80.66" port: 46453 } } peers { permanent_uuid: "685a64c2826f4e02bb737fd064ab8b76" member_type: VOTER last_known_addr { host: "127.4.80.67" port: 43293 } }
I20260608 12:52:51.516803  7724 ts_tablet_manager.cc:1434] T ce67c712aba34ac680f62ca0be65f497 P ef189de1ec7d4d8db72d26a6a4a6223c: Time spent starting tablet: real 0.007s	user 0.007s	sys 0.000s
I20260608 12:52:51.513485  7727 raft_consensus.cc:359] T 272b533588e9410b84ff76ccf64649f8 P d8497e55fe13448e8f66b73912a71ed1 [term 0 FOLLOWER]: Replica starting. Triggering 0 pending ops. Active config: opid_index: -1 OBSOLETE_local: false peers { permanent_uuid: "fb16a7cc34704a3bb0d2756c57aa4600" member_type: VOTER last_known_addr { host: "127.4.80.68" port: 34275 } } peers { permanent_uuid: "ef189de1ec7d4d8db72d26a6a4a6223c" member_type: VOTER last_known_addr { host: "127.4.80.65" port: 41737 } } peers { permanent_uuid: "d8497e55fe13448e8f66b73912a71ed1" member_type: VOTER last_known_addr { host: "127.4.80.66" port: 46453 } }
I20260608 12:52:51.517874  7726 ts_tablet_manager.cc:1434] T 0d121a36d4fc43648b6a5882fbfa1266 P 685a64c2826f4e02bb737fd064ab8b76: Time spent starting tablet: real 0.012s	user 0.009s	sys 0.000s
I20260608 12:52:51.518044  7724 tablet_bootstrap.cc:492] T 45f6ca9b2f3647e3b68acce317477922 P ef189de1ec7d4d8db72d26a6a4a6223c: Bootstrap starting.
I20260608 12:52:51.518998  7726 tablet_bootstrap.cc:492] T ac69115675904b549fe4ea012f129310 P 685a64c2826f4e02bb737fd064ab8b76: Bootstrap starting.
I20260608 12:52:51.517875  7727 raft_consensus.cc:385] T 272b533588e9410b84ff76ccf64649f8 P d8497e55fe13448e8f66b73912a71ed1 [term 0 FOLLOWER]: Consensus starting up: Expiring failure detector timer to make a prompt election more likely
I20260608 12:52:51.523041  7727 raft_consensus.cc:740] T 272b533588e9410b84ff76ccf64649f8 P d8497e55fe13448e8f66b73912a71ed1 [term 0 FOLLOWER]: Becoming Follower/Learner. State: Replica: d8497e55fe13448e8f66b73912a71ed1, State: Initialized, Role: FOLLOWER
I20260608 12:52:51.524125  7730 tablet_bootstrap.cc:492] T 272b533588e9410b84ff76ccf64649f8 P fb16a7cc34704a3bb0d2756c57aa4600: No bootstrap required, opened a new log
I20260608 12:52:51.524008  7727 consensus_queue.cc:260] T 272b533588e9410b84ff76ccf64649f8 P d8497e55fe13448e8f66b73912a71ed1 [NON_LEADER]: Queue going to NON_LEADER mode. State: All replicated index: 0, Majority replicated index: 0, Committed index: 0, Last appended: 0.0, Last appended by leader: 0, Current term: 0, Majority size: -1, State: 0, Mode: NON_LEADER, active raft config: opid_index: -1 OBSOLETE_local: false peers { permanent_uuid: "fb16a7cc34704a3bb0d2756c57aa4600" member_type: VOTER last_known_addr { host: "127.4.80.68" port: 34275 } } peers { permanent_uuid: "ef189de1ec7d4d8db72d26a6a4a6223c" member_type: VOTER last_known_addr { host: "127.4.80.65" port: 41737 } } peers { permanent_uuid: "d8497e55fe13448e8f66b73912a71ed1" member_type: VOTER last_known_addr { host: "127.4.80.66" port: 46453 } }
I20260608 12:52:51.524626  7730 ts_tablet_manager.cc:1403] T 272b533588e9410b84ff76ccf64649f8 P fb16a7cc34704a3bb0d2756c57aa4600: Time spent bootstrapping tablet: real 0.079s	user 0.011s	sys 0.004s
I20260608 12:52:51.525738  7724 tablet_bootstrap.cc:654] T 45f6ca9b2f3647e3b68acce317477922 P ef189de1ec7d4d8db72d26a6a4a6223c: Neither blocks nor log segments found. Creating new log.
I20260608 12:52:51.529886  7727 ts_tablet_manager.cc:1434] T 272b533588e9410b84ff76ccf64649f8 P d8497e55fe13448e8f66b73912a71ed1: Time spent starting tablet: real 0.019s	user 0.004s	sys 0.003s
I20260608 12:52:51.531420  7727 tablet_bootstrap.cc:492] T ce67c712aba34ac680f62ca0be65f497 P d8497e55fe13448e8f66b73912a71ed1: Bootstrap starting.
I20260608 12:52:51.532802  7730 raft_consensus.cc:359] T 272b533588e9410b84ff76ccf64649f8 P fb16a7cc34704a3bb0d2756c57aa4600 [term 0 FOLLOWER]: Replica starting. Triggering 0 pending ops. Active config: opid_index: -1 OBSOLETE_local: false peers { permanent_uuid: "fb16a7cc34704a3bb0d2756c57aa4600" member_type: VOTER last_known_addr { host: "127.4.80.68" port: 34275 } } peers { permanent_uuid: "ef189de1ec7d4d8db72d26a6a4a6223c" member_type: VOTER last_known_addr { host: "127.4.80.65" port: 41737 } } peers { permanent_uuid: "d8497e55fe13448e8f66b73912a71ed1" member_type: VOTER last_known_addr { host: "127.4.80.66" port: 46453 } }
I20260608 12:52:51.533556  7730 raft_consensus.cc:385] T 272b533588e9410b84ff76ccf64649f8 P fb16a7cc34704a3bb0d2756c57aa4600 [term 0 FOLLOWER]: Consensus starting up: Expiring failure detector timer to make a prompt election more likely
I20260608 12:52:51.533870  7730 raft_consensus.cc:740] T 272b533588e9410b84ff76ccf64649f8 P fb16a7cc34704a3bb0d2756c57aa4600 [term 0 FOLLOWER]: Becoming Follower/Learner. State: Replica: fb16a7cc34704a3bb0d2756c57aa4600, State: Initialized, Role: FOLLOWER
I20260608 12:52:51.534729  7730 consensus_queue.cc:260] T 272b533588e9410b84ff76ccf64649f8 P fb16a7cc34704a3bb0d2756c57aa4600 [NON_LEADER]: Queue going to NON_LEADER mode. State: All replicated index: 0, Majority replicated index: 0, Committed index: 0, Last appended: 0.0, Last appended by leader: 0, Current term: 0, Majority size: -1, State: 0, Mode: NON_LEADER, active raft config: opid_index: -1 OBSOLETE_local: false peers { permanent_uuid: "fb16a7cc34704a3bb0d2756c57aa4600" member_type: VOTER last_known_addr { host: "127.4.80.68" port: 34275 } } peers { permanent_uuid: "ef189de1ec7d4d8db72d26a6a4a6223c" member_type: VOTER last_known_addr { host: "127.4.80.65" port: 41737 } } peers { permanent_uuid: "d8497e55fe13448e8f66b73912a71ed1" member_type: VOTER last_known_addr { host: "127.4.80.66" port: 46453 } }
I20260608 12:52:51.540729  7726 tablet_bootstrap.cc:654] T ac69115675904b549fe4ea012f129310 P 685a64c2826f4e02bb737fd064ab8b76: Neither blocks nor log segments found. Creating new log.
I20260608 12:52:51.552629  7730 ts_tablet_manager.cc:1434] T 272b533588e9410b84ff76ccf64649f8 P fb16a7cc34704a3bb0d2756c57aa4600: Time spent starting tablet: real 0.023s	user 0.001s	sys 0.004s
I20260608 12:52:51.555842  7727 tablet_bootstrap.cc:654] T ce67c712aba34ac680f62ca0be65f497 P d8497e55fe13448e8f66b73912a71ed1: Neither blocks nor log segments found. Creating new log.
I20260608 12:52:51.561990  7730 tablet_bootstrap.cc:492] T ac69115675904b549fe4ea012f129310 P fb16a7cc34704a3bb0d2756c57aa4600: Bootstrap starting.
I20260608 12:52:51.563529  7726 tablet_bootstrap.cc:492] T ac69115675904b549fe4ea012f129310 P 685a64c2826f4e02bb737fd064ab8b76: No bootstrap required, opened a new log
I20260608 12:52:51.564323  7726 ts_tablet_manager.cc:1403] T ac69115675904b549fe4ea012f129310 P 685a64c2826f4e02bb737fd064ab8b76: Time spent bootstrapping tablet: real 0.046s	user 0.012s	sys 0.005s
I20260608 12:52:51.568529  7726 raft_consensus.cc:359] T ac69115675904b549fe4ea012f129310 P 685a64c2826f4e02bb737fd064ab8b76 [term 0 FOLLOWER]: Replica starting. Triggering 0 pending ops. Active config: opid_index: -1 OBSOLETE_local: false peers { permanent_uuid: "fb16a7cc34704a3bb0d2756c57aa4600" member_type: VOTER last_known_addr { host: "127.4.80.68" port: 34275 } } peers { permanent_uuid: "d8497e55fe13448e8f66b73912a71ed1" member_type: VOTER last_known_addr { host: "127.4.80.66" port: 46453 } } peers { permanent_uuid: "685a64c2826f4e02bb737fd064ab8b76" member_type: VOTER last_known_addr { host: "127.4.80.67" port: 43293 } }
I20260608 12:52:51.571123  7706 raft_consensus.cc:493] T 699d9f80f8a0464e823546fb81e79b32 P d8497e55fe13448e8f66b73912a71ed1 [term 0 FOLLOWER]: Starting pre-election (no leader contacted us within the election timeout)
I20260608 12:52:51.571640  7706 raft_consensus.cc:515] T 699d9f80f8a0464e823546fb81e79b32 P d8497e55fe13448e8f66b73912a71ed1 [term 0 FOLLOWER]: Starting pre-election with config: opid_index: -1 OBSOLETE_local: false peers { permanent_uuid: "fb16a7cc34704a3bb0d2756c57aa4600" member_type: VOTER last_known_addr { host: "127.4.80.68" port: 34275 } } peers { permanent_uuid: "ef189de1ec7d4d8db72d26a6a4a6223c" member_type: VOTER last_known_addr { host: "127.4.80.65" port: 41737 } } peers { permanent_uuid: "d8497e55fe13448e8f66b73912a71ed1" member_type: VOTER last_known_addr { host: "127.4.80.66" port: 46453 } }
I20260608 12:52:51.570712  7726 raft_consensus.cc:385] T ac69115675904b549fe4ea012f129310 P 685a64c2826f4e02bb737fd064ab8b76 [term 0 FOLLOWER]: Consensus starting up: Expiring failure detector timer to make a prompt election more likely
I20260608 12:52:51.573087  7726 raft_consensus.cc:740] T ac69115675904b549fe4ea012f129310 P 685a64c2826f4e02bb737fd064ab8b76 [term 0 FOLLOWER]: Becoming Follower/Learner. State: Replica: 685a64c2826f4e02bb737fd064ab8b76, State: Initialized, Role: FOLLOWER
I20260608 12:52:51.573832  7726 consensus_queue.cc:260] T ac69115675904b549fe4ea012f129310 P 685a64c2826f4e02bb737fd064ab8b76 [NON_LEADER]: Queue going to NON_LEADER mode. State: All replicated index: 0, Majority replicated index: 0, Committed index: 0, Last appended: 0.0, Last appended by leader: 0, Current term: 0, Majority size: -1, State: 0, Mode: NON_LEADER, active raft config: opid_index: -1 OBSOLETE_local: false peers { permanent_uuid: "fb16a7cc34704a3bb0d2756c57aa4600" member_type: VOTER last_known_addr { host: "127.4.80.68" port: 34275 } } peers { permanent_uuid: "d8497e55fe13448e8f66b73912a71ed1" member_type: VOTER last_known_addr { host: "127.4.80.66" port: 46453 } } peers { permanent_uuid: "685a64c2826f4e02bb737fd064ab8b76" member_type: VOTER last_known_addr { host: "127.4.80.67" port: 43293 } }
I20260608 12:52:51.576280  7730 tablet_bootstrap.cc:654] T ac69115675904b549fe4ea012f129310 P fb16a7cc34704a3bb0d2756c57aa4600: Neither blocks nor log segments found. Creating new log.
I20260608 12:52:51.577083  7383 tablet_service.cc:1917] Received RequestConsensusVote() RPC: tablet_id: "699d9f80f8a0464e823546fb81e79b32" candidate_uuid: "d8497e55fe13448e8f66b73912a71ed1" candidate_term: 1 candidate_status { last_received { term: 0 index: 0 } } ignore_live_leader: false dest_uuid: "ef189de1ec7d4d8db72d26a6a4a6223c" is_pre_election: true
I20260608 12:52:51.576792  7280 catalog_manager.cc:5696] T 60009ec52b1748f182137a2ebf7c51cd P ef189de1ec7d4d8db72d26a6a4a6223c reported cstate change: term changed from 0 to 1, leader changed from <none> to ef189de1ec7d4d8db72d26a6a4a6223c (127.4.80.65). New cstate: current_term: 1 leader_uuid: "ef189de1ec7d4d8db72d26a6a4a6223c" committed_config { opid_index: -1 OBSOLETE_local: false peers { permanent_uuid: "685a64c2826f4e02bb737fd064ab8b76" member_type: VOTER last_known_addr { host: "127.4.80.67" port: 43293 } health_report { overall_health: UNKNOWN } } peers { permanent_uuid: "fb16a7cc34704a3bb0d2756c57aa4600" member_type: VOTER last_known_addr { host: "127.4.80.68" port: 34275 } health_report { overall_health: UNKNOWN } } peers { permanent_uuid: "ef189de1ec7d4d8db72d26a6a4a6223c" member_type: VOTER last_known_addr { host: "127.4.80.65" port: 41737 } health_report { overall_health: HEALTHY } } }
I20260608 12:52:51.577736  7383 raft_consensus.cc:2468] T 699d9f80f8a0464e823546fb81e79b32 P ef189de1ec7d4d8db72d26a6a4a6223c [term 0 FOLLOWER]: Leader pre-election vote request: Granting yes vote for candidate d8497e55fe13448e8f66b73912a71ed1 in term 0.
I20260608 12:52:51.578706  7706 leader_election.cc:290] T 699d9f80f8a0464e823546fb81e79b32 P d8497e55fe13448e8f66b73912a71ed1 [CANDIDATE]: Term 1 pre-election: Requested pre-vote from peers fb16a7cc34704a3bb0d2756c57aa4600 (127.4.80.68:34275), ef189de1ec7d4d8db72d26a6a4a6223c (127.4.80.65:41737)
I20260608 12:52:51.579175  7422 leader_election.cc:304] T 699d9f80f8a0464e823546fb81e79b32 P d8497e55fe13448e8f66b73912a71ed1 [CANDIDATE]: Term 1 pre-election: Election decided. Result: candidate won. Election summary: received 2 responses out of 3 voters: 2 yes votes; 0 no votes. yes voters: d8497e55fe13448e8f66b73912a71ed1, ef189de1ec7d4d8db72d26a6a4a6223c; no voters: 
I20260608 12:52:51.581300  7726 ts_tablet_manager.cc:1434] T ac69115675904b549fe4ea012f129310 P 685a64c2826f4e02bb737fd064ab8b76: Time spent starting tablet: real 0.017s	user 0.006s	sys 0.001s
I20260608 12:52:51.582000  7724 tablet_bootstrap.cc:492] T 45f6ca9b2f3647e3b68acce317477922 P ef189de1ec7d4d8db72d26a6a4a6223c: No bootstrap required, opened a new log
I20260608 12:52:51.582501  7726 tablet_bootstrap.cc:492] T b8baa4d39ba743cea55a574f374a21c0 P 685a64c2826f4e02bb737fd064ab8b76: Bootstrap starting.
I20260608 12:52:51.582641  7724 ts_tablet_manager.cc:1403] T 45f6ca9b2f3647e3b68acce317477922 P ef189de1ec7d4d8db72d26a6a4a6223c: Time spent bootstrapping tablet: real 0.065s	user 0.006s	sys 0.046s
I20260608 12:52:51.586194  7724 raft_consensus.cc:359] T 45f6ca9b2f3647e3b68acce317477922 P ef189de1ec7d4d8db72d26a6a4a6223c [term 0 FOLLOWER]: Replica starting. Triggering 0 pending ops. Active config: opid_index: -1 OBSOLETE_local: false peers { permanent_uuid: "fb16a7cc34704a3bb0d2756c57aa4600" member_type: VOTER last_known_addr { host: "127.4.80.68" port: 34275 } } peers { permanent_uuid: "ef189de1ec7d4d8db72d26a6a4a6223c" member_type: VOTER last_known_addr { host: "127.4.80.65" port: 41737 } } peers { permanent_uuid: "685a64c2826f4e02bb737fd064ab8b76" member_type: VOTER last_known_addr { host: "127.4.80.67" port: 43293 } }
I20260608 12:52:51.587066  7724 raft_consensus.cc:385] T 45f6ca9b2f3647e3b68acce317477922 P ef189de1ec7d4d8db72d26a6a4a6223c [term 0 FOLLOWER]: Consensus starting up: Expiring failure detector timer to make a prompt election more likely
I20260608 12:52:51.587474  7724 raft_consensus.cc:740] T 45f6ca9b2f3647e3b68acce317477922 P ef189de1ec7d4d8db72d26a6a4a6223c [term 0 FOLLOWER]: Becoming Follower/Learner. State: Replica: ef189de1ec7d4d8db72d26a6a4a6223c, State: Initialized, Role: FOLLOWER
I20260608 12:52:51.588321  7724 consensus_queue.cc:260] T 45f6ca9b2f3647e3b68acce317477922 P ef189de1ec7d4d8db72d26a6a4a6223c [NON_LEADER]: Queue going to NON_LEADER mode. State: All replicated index: 0, Majority replicated index: 0, Committed index: 0, Last appended: 0.0, Last appended by leader: 0, Current term: 0, Majority size: -1, State: 0, Mode: NON_LEADER, active raft config: opid_index: -1 OBSOLETE_local: false peers { permanent_uuid: "fb16a7cc34704a3bb0d2756c57aa4600" member_type: VOTER last_known_addr { host: "127.4.80.68" port: 34275 } } peers { permanent_uuid: "ef189de1ec7d4d8db72d26a6a4a6223c" member_type: VOTER last_known_addr { host: "127.4.80.65" port: 41737 } } peers { permanent_uuid: "685a64c2826f4e02bb737fd064ab8b76" member_type: VOTER last_known_addr { host: "127.4.80.67" port: 43293 } }
I20260608 12:52:51.589481  7727 tablet_bootstrap.cc:492] T ce67c712aba34ac680f62ca0be65f497 P d8497e55fe13448e8f66b73912a71ed1: No bootstrap required, opened a new log
I20260608 12:52:51.590041  7727 ts_tablet_manager.cc:1403] T ce67c712aba34ac680f62ca0be65f497 P d8497e55fe13448e8f66b73912a71ed1: Time spent bootstrapping tablet: real 0.059s	user 0.012s	sys 0.004s
I20260608 12:52:51.590701  7724 ts_tablet_manager.cc:1434] T 45f6ca9b2f3647e3b68acce317477922 P ef189de1ec7d4d8db72d26a6a4a6223c: Time spent starting tablet: real 0.008s	user 0.004s	sys 0.000s
I20260608 12:52:51.591753  7724 tablet_bootstrap.cc:492] T b8baa4d39ba743cea55a574f374a21c0 P ef189de1ec7d4d8db72d26a6a4a6223c: Bootstrap starting.
I20260608 12:52:51.593371  7727 raft_consensus.cc:359] T ce67c712aba34ac680f62ca0be65f497 P d8497e55fe13448e8f66b73912a71ed1 [term 0 FOLLOWER]: Replica starting. Triggering 0 pending ops. Active config: opid_index: -1 OBSOLETE_local: false peers { permanent_uuid: "d8497e55fe13448e8f66b73912a71ed1" member_type: VOTER last_known_addr { host: "127.4.80.66" port: 46453 } } peers { permanent_uuid: "fb16a7cc34704a3bb0d2756c57aa4600" member_type: VOTER last_known_addr { host: "127.4.80.68" port: 34275 } } peers { permanent_uuid: "ef189de1ec7d4d8db72d26a6a4a6223c" member_type: VOTER last_known_addr { host: "127.4.80.65" port: 41737 } }
I20260608 12:52:51.596269  7727 raft_consensus.cc:385] T ce67c712aba34ac680f62ca0be65f497 P d8497e55fe13448e8f66b73912a71ed1 [term 0 FOLLOWER]: Consensus starting up: Expiring failure detector timer to make a prompt election more likely
I20260608 12:52:51.599364  7727 raft_consensus.cc:740] T ce67c712aba34ac680f62ca0be65f497 P d8497e55fe13448e8f66b73912a71ed1 [term 0 FOLLOWER]: Becoming Follower/Learner. State: Replica: d8497e55fe13448e8f66b73912a71ed1, State: Initialized, Role: FOLLOWER
I20260608 12:52:51.599871  7724 tablet_bootstrap.cc:654] T b8baa4d39ba743cea55a574f374a21c0 P ef189de1ec7d4d8db72d26a6a4a6223c: Neither blocks nor log segments found. Creating new log.
I20260608 12:52:51.591770  7726 tablet_bootstrap.cc:654] T b8baa4d39ba743cea55a574f374a21c0 P 685a64c2826f4e02bb737fd064ab8b76: Neither blocks nor log segments found. Creating new log.
I20260608 12:52:51.603036  7727 consensus_queue.cc:260] T ce67c712aba34ac680f62ca0be65f497 P d8497e55fe13448e8f66b73912a71ed1 [NON_LEADER]: Queue going to NON_LEADER mode. State: All replicated index: 0, Majority replicated index: 0, Committed index: 0, Last appended: 0.0, Last appended by leader: 0, Current term: 0, Majority size: -1, State: 0, Mode: NON_LEADER, active raft config: opid_index: -1 OBSOLETE_local: false peers { permanent_uuid: "d8497e55fe13448e8f66b73912a71ed1" member_type: VOTER last_known_addr { host: "127.4.80.66" port: 46453 } } peers { permanent_uuid: "fb16a7cc34704a3bb0d2756c57aa4600" member_type: VOTER last_known_addr { host: "127.4.80.68" port: 34275 } } peers { permanent_uuid: "ef189de1ec7d4d8db72d26a6a4a6223c" member_type: VOTER last_known_addr { host: "127.4.80.65" port: 41737 } }
I20260608 12:52:51.607218  7730 tablet_bootstrap.cc:492] T ac69115675904b549fe4ea012f129310 P fb16a7cc34704a3bb0d2756c57aa4600: No bootstrap required, opened a new log
I20260608 12:52:51.607718  7730 ts_tablet_manager.cc:1403] T ac69115675904b549fe4ea012f129310 P fb16a7cc34704a3bb0d2756c57aa4600: Time spent bootstrapping tablet: real 0.046s	user 0.023s	sys 0.002s
I20260608 12:52:51.613150  7726 tablet_bootstrap.cc:492] T b8baa4d39ba743cea55a574f374a21c0 P 685a64c2826f4e02bb737fd064ab8b76: No bootstrap required, opened a new log
I20260608 12:52:51.613673  7726 ts_tablet_manager.cc:1403] T b8baa4d39ba743cea55a574f374a21c0 P 685a64c2826f4e02bb737fd064ab8b76: Time spent bootstrapping tablet: real 0.031s	user 0.010s	sys 0.001s
I20260608 12:52:51.615428  7706 raft_consensus.cc:2804] T 699d9f80f8a0464e823546fb81e79b32 P d8497e55fe13448e8f66b73912a71ed1 [term 0 FOLLOWER]: Leader pre-election won for term 1
I20260608 12:52:51.615828  7706 raft_consensus.cc:493] T 699d9f80f8a0464e823546fb81e79b32 P d8497e55fe13448e8f66b73912a71ed1 [term 0 FOLLOWER]: Starting leader election (no leader contacted us within the election timeout)
I20260608 12:52:51.616179  7706 raft_consensus.cc:3060] T 699d9f80f8a0464e823546fb81e79b32 P d8497e55fe13448e8f66b73912a71ed1 [term 0 FOLLOWER]: Advancing to term 1
I20260608 12:52:51.616849  7726 raft_consensus.cc:359] T b8baa4d39ba743cea55a574f374a21c0 P 685a64c2826f4e02bb737fd064ab8b76 [term 0 FOLLOWER]: Replica starting. Triggering 0 pending ops. Active config: opid_index: -1 OBSOLETE_local: false peers { permanent_uuid: "fb16a7cc34704a3bb0d2756c57aa4600" member_type: VOTER last_known_addr { host: "127.4.80.68" port: 34275 } } peers { permanent_uuid: "685a64c2826f4e02bb737fd064ab8b76" member_type: VOTER last_known_addr { host: "127.4.80.67" port: 43293 } } peers { permanent_uuid: "ef189de1ec7d4d8db72d26a6a4a6223c" member_type: VOTER last_known_addr { host: "127.4.80.65" port: 41737 } }
I20260608 12:52:51.617595  7726 raft_consensus.cc:385] T b8baa4d39ba743cea55a574f374a21c0 P 685a64c2826f4e02bb737fd064ab8b76 [term 0 FOLLOWER]: Consensus starting up: Expiring failure detector timer to make a prompt election more likely
I20260608 12:52:51.617906  7726 raft_consensus.cc:740] T b8baa4d39ba743cea55a574f374a21c0 P 685a64c2826f4e02bb737fd064ab8b76 [term 0 FOLLOWER]: Becoming Follower/Learner. State: Replica: 685a64c2826f4e02bb737fd064ab8b76, State: Initialized, Role: FOLLOWER
I20260608 12:52:51.618810  7726 consensus_queue.cc:260] T b8baa4d39ba743cea55a574f374a21c0 P 685a64c2826f4e02bb737fd064ab8b76 [NON_LEADER]: Queue going to NON_LEADER mode. State: All replicated index: 0, Majority replicated index: 0, Committed index: 0, Last appended: 0.0, Last appended by leader: 0, Current term: 0, Majority size: -1, State: 0, Mode: NON_LEADER, active raft config: opid_index: -1 OBSOLETE_local: false peers { permanent_uuid: "fb16a7cc34704a3bb0d2756c57aa4600" member_type: VOTER last_known_addr { host: "127.4.80.68" port: 34275 } } peers { permanent_uuid: "685a64c2826f4e02bb737fd064ab8b76" member_type: VOTER last_known_addr { host: "127.4.80.67" port: 43293 } } peers { permanent_uuid: "ef189de1ec7d4d8db72d26a6a4a6223c" member_type: VOTER last_known_addr { host: "127.4.80.65" port: 41737 } }
I20260608 12:52:51.621768  7726 ts_tablet_manager.cc:1434] T b8baa4d39ba743cea55a574f374a21c0 P 685a64c2826f4e02bb737fd064ab8b76: Time spent starting tablet: real 0.008s	user 0.006s	sys 0.002s
I20260608 12:52:51.610879  7730 raft_consensus.cc:359] T ac69115675904b549fe4ea012f129310 P fb16a7cc34704a3bb0d2756c57aa4600 [term 0 FOLLOWER]: Replica starting. Triggering 0 pending ops. Active config: opid_index: -1 OBSOLETE_local: false peers { permanent_uuid: "fb16a7cc34704a3bb0d2756c57aa4600" member_type: VOTER last_known_addr { host: "127.4.80.68" port: 34275 } } peers { permanent_uuid: "d8497e55fe13448e8f66b73912a71ed1" member_type: VOTER last_known_addr { host: "127.4.80.66" port: 46453 } } peers { permanent_uuid: "685a64c2826f4e02bb737fd064ab8b76" member_type: VOTER last_known_addr { host: "127.4.80.67" port: 43293 } }
I20260608 12:52:51.622987  7730 raft_consensus.cc:385] T ac69115675904b549fe4ea012f129310 P fb16a7cc34704a3bb0d2756c57aa4600 [term 0 FOLLOWER]: Consensus starting up: Expiring failure detector timer to make a prompt election more likely
I20260608 12:52:51.623319  7730 raft_consensus.cc:740] T ac69115675904b549fe4ea012f129310 P fb16a7cc34704a3bb0d2756c57aa4600 [term 0 FOLLOWER]: Becoming Follower/Learner. State: Replica: fb16a7cc34704a3bb0d2756c57aa4600, State: Initialized, Role: FOLLOWER
