I20260608 12:51:40.200562  5288 leader_election.cc:290] T 9cbba0daabf14ffbb982f317b9a1db4f P b1e15313cee849e1b33b16321fe49b40 [CANDIDATE]: Term 1 election: Requested vote from peers 0ed362f593644196a8d2d9da0b47cbef (127.4.80.65:38525), 8e934e0af8b7490b8d7140fb6c17880a (127.4.80.67:45697)
I20260608 12:51:40.201557  5282 tablet_bootstrap.cc:492] T 92170c34875f417c9637426d131704fa P b1e15313cee849e1b33b16321fe49b40: No bootstrap required, opened a new log
I20260608 12:51:40.201297  5126 leader_election.cc:304] T ef517b9dfb8448f89a6aa7928fc1ef8d P b1e15313cee849e1b33b16321fe49b40 [CANDIDATE]: Term 1 election: Election decided. Result: candidate won. Election summary: received 2 responses out of 3 voters: 2 yes votes; 0 no votes. yes voters: 0ed362f593644196a8d2d9da0b47cbef, b1e15313cee849e1b33b16321fe49b40; no voters: 
I20260608 12:51:40.202044  5282 ts_tablet_manager.cc:1403] T 92170c34875f417c9637426d131704fa P b1e15313cee849e1b33b16321fe49b40: Time spent bootstrapping tablet: real 0.186s	user 0.025s	sys 0.040s
I20260608 12:51:40.193900  5287 raft_consensus.cc:3060] T 9cbba0daabf14ffbb982f317b9a1db4f P 8e934e0af8b7490b8d7140fb6c17880a [term 0 FOLLOWER]: Advancing to term 1
I20260608 12:51:40.203447  5288 raft_consensus.cc:2804] T ef517b9dfb8448f89a6aa7928fc1ef8d P b1e15313cee849e1b33b16321fe49b40 [term 1 FOLLOWER]: Leader election won for term 1
I20260608 12:51:40.204010  5288 raft_consensus.cc:697] T ef517b9dfb8448f89a6aa7928fc1ef8d P b1e15313cee849e1b33b16321fe49b40 [term 1 LEADER]: Becoming Leader. State: Replica: b1e15313cee849e1b33b16321fe49b40, State: Running, Role: LEADER
I20260608 12:51:40.203939  5304 raft_consensus.cc:515] T f32d6f95eadb488eb7a8bd00a3f5ea8b P 0ed362f593644196a8d2d9da0b47cbef [term 1 FOLLOWER]: Starting leader election with config: opid_index: -1 OBSOLETE_local: false peers { permanent_uuid: "0ed362f593644196a8d2d9da0b47cbef" member_type: VOTER last_known_addr { host: "127.4.80.65" port: 38525 } } peers { permanent_uuid: "b1e15313cee849e1b33b16321fe49b40" member_type: VOTER last_known_addr { host: "127.4.80.66" port: 38059 } } peers { permanent_uuid: "8e934e0af8b7490b8d7140fb6c17880a" member_type: VOTER last_known_addr { host: "127.4.80.67" port: 45697 } }
I20260608 12:51:40.205260  5086 raft_consensus.cc:2393] T f32d6f95eadb488eb7a8bd00a3f5ea8b P 0ed362f593644196a8d2d9da0b47cbef [term 1 FOLLOWER]: Leader pre-election vote request: Denying vote to candidate 8e934e0af8b7490b8d7140fb6c17880a in current term 1: Already voted for candidate 0ed362f593644196a8d2d9da0b47cbef in this term.
I20260608 12:51:40.205067  5288 consensus_queue.cc:237] T ef517b9dfb8448f89a6aa7928fc1ef8d P b1e15313cee849e1b33b16321fe49b40 [LEADER]: Queue going to LEADER mode. State: All replicated index: 0, Majority replicated index: 0, Committed index: 0, Last appended: 0.0, Last appended by leader: 0, Current term: 1, Majority size: 2, State: 0, Mode: LEADER, active raft config: opid_index: -1 OBSOLETE_local: false peers { permanent_uuid: "0ed362f593644196a8d2d9da0b47cbef" member_type: VOTER last_known_addr { host: "127.4.80.65" port: 38525 } } peers { permanent_uuid: "b1e15313cee849e1b33b16321fe49b40" member_type: VOTER last_known_addr { host: "127.4.80.66" port: 38059 } } peers { permanent_uuid: "8e934e0af8b7490b8d7140fb6c17880a" member_type: VOTER last_known_addr { host: "127.4.80.67" port: 45697 } }
I20260608 12:51:40.205607  5202 leader_election.cc:304] T f32d6f95eadb488eb7a8bd00a3f5ea8b P 8e934e0af8b7490b8d7140fb6c17880a [CANDIDATE]: Term 1 pre-election: Election decided. Result: candidate won. Election summary: received 2 responses out of 3 voters: 2 yes votes; 0 no votes. yes voters: 8e934e0af8b7490b8d7140fb6c17880a, b1e15313cee849e1b33b16321fe49b40; no voters: 
I20260608 12:51:40.208504  5085 tablet_service.cc:1917] Received RequestConsensusVote() RPC: tablet_id: "9cbba0daabf14ffbb982f317b9a1db4f" candidate_uuid: "b1e15313cee849e1b33b16321fe49b40" candidate_term: 1 candidate_status { last_received { term: 0 index: 0 } } ignore_live_leader: false dest_uuid: "0ed362f593644196a8d2d9da0b47cbef"
I20260608 12:51:40.209136  5085 raft_consensus.cc:3060] T 9cbba0daabf14ffbb982f317b9a1db4f P 0ed362f593644196a8d2d9da0b47cbef [term 0 FOLLOWER]: Advancing to term 1
I20260608 12:51:40.213989  5236 tablet_service.cc:1917] Received RequestConsensusVote() RPC: tablet_id: "ef517b9dfb8448f89a6aa7928fc1ef8d" candidate_uuid: "b1e15313cee849e1b33b16321fe49b40" candidate_term: 1 candidate_status { last_received { term: 0 index: 0 } } ignore_live_leader: false dest_uuid: "8e934e0af8b7490b8d7140fb6c17880a"
I20260608 12:51:40.214583  5236 raft_consensus.cc:3060] T ef517b9dfb8448f89a6aa7928fc1ef8d P 8e934e0af8b7490b8d7140fb6c17880a [term 0 FOLLOWER]: Advancing to term 1
I20260608 12:51:40.216769  5162 tablet_service.cc:1917] Received RequestConsensusVote() RPC: tablet_id: "f32d6f95eadb488eb7a8bd00a3f5ea8b" candidate_uuid: "0ed362f593644196a8d2d9da0b47cbef" candidate_term: 1 candidate_status { last_received { term: 0 index: 0 } } ignore_live_leader: false dest_uuid: "b1e15313cee849e1b33b16321fe49b40"
I20260608 12:51:40.217530  5162 raft_consensus.cc:3060] T f32d6f95eadb488eb7a8bd00a3f5ea8b P b1e15313cee849e1b33b16321fe49b40 [term 0 FOLLOWER]: Advancing to term 1
I20260608 12:51:40.219672  5316 raft_consensus.cc:515] T c3d0b00356dc480ab584fb1e7d3c9f5a P 8e934e0af8b7490b8d7140fb6c17880a [term 1 FOLLOWER]: Starting leader election with config: opid_index: -1 OBSOLETE_local: false peers { permanent_uuid: "0ed362f593644196a8d2d9da0b47cbef" member_type: VOTER last_known_addr { host: "127.4.80.65" port: 38525 } } peers { permanent_uuid: "b1e15313cee849e1b33b16321fe49b40" member_type: VOTER last_known_addr { host: "127.4.80.66" port: 38059 } } peers { permanent_uuid: "8e934e0af8b7490b8d7140fb6c17880a" member_type: VOTER last_known_addr { host: "127.4.80.67" port: 45697 } }
I20260608 12:51:40.221000  5236 raft_consensus.cc:2468] T ef517b9dfb8448f89a6aa7928fc1ef8d P 8e934e0af8b7490b8d7140fb6c17880a [term 1 FOLLOWER]: Leader election vote request: Granting yes vote for candidate b1e15313cee849e1b33b16321fe49b40 in term 1.
I20260608 12:51:40.221953  5316 leader_election.cc:290] T c3d0b00356dc480ab584fb1e7d3c9f5a P 8e934e0af8b7490b8d7140fb6c17880a [CANDIDATE]: Term 1 election: Requested vote from peers 0ed362f593644196a8d2d9da0b47cbef (127.4.80.65:38525), b1e15313cee849e1b33b16321fe49b40 (127.4.80.66:38059)
I20260608 12:51:40.222714  5086 tablet_service.cc:1917] Received RequestConsensusVote() RPC: tablet_id: "c3d0b00356dc480ab584fb1e7d3c9f5a" candidate_uuid: "8e934e0af8b7490b8d7140fb6c17880a" candidate_term: 1 candidate_status { last_received { term: 0 index: 0 } } ignore_live_leader: false dest_uuid: "0ed362f593644196a8d2d9da0b47cbef"
I20260608 12:51:40.223328  5086 raft_consensus.cc:3060] T c3d0b00356dc480ab584fb1e7d3c9f5a P 0ed362f593644196a8d2d9da0b47cbef [term 0 FOLLOWER]: Advancing to term 1
I20260608 12:51:40.228014  5160 tablet_service.cc:1917] Received RequestConsensusVote() RPC: tablet_id: "c3d0b00356dc480ab584fb1e7d3c9f5a" candidate_uuid: "8e934e0af8b7490b8d7140fb6c17880a" candidate_term: 1 candidate_status { last_received { term: 0 index: 0 } } ignore_live_leader: false dest_uuid: "b1e15313cee849e1b33b16321fe49b40"
I20260608 12:51:40.228622  5160 raft_consensus.cc:3060] T c3d0b00356dc480ab584fb1e7d3c9f5a P b1e15313cee849e1b33b16321fe49b40 [term 0 FOLLOWER]: Advancing to term 1
I20260608 12:51:40.228430  5282 raft_consensus.cc:359] T 92170c34875f417c9637426d131704fa P b1e15313cee849e1b33b16321fe49b40 [term 0 FOLLOWER]: Replica starting. Triggering 0 pending ops. Active config: opid_index: -1 OBSOLETE_local: false peers { permanent_uuid: "0ed362f593644196a8d2d9da0b47cbef" member_type: VOTER last_known_addr { host: "127.4.80.65" port: 38525 } } peers { permanent_uuid: "b1e15313cee849e1b33b16321fe49b40" member_type: VOTER last_known_addr { host: "127.4.80.66" port: 38059 } } peers { permanent_uuid: "8e934e0af8b7490b8d7140fb6c17880a" member_type: VOTER last_known_addr { host: "127.4.80.67" port: 45697 } }
I20260608 12:51:40.229367  5282 raft_consensus.cc:385] T 92170c34875f417c9637426d131704fa P b1e15313cee849e1b33b16321fe49b40 [term 0 FOLLOWER]: Consensus starting up: Expiring failure detector timer to make a prompt election more likely
I20260608 12:51:40.229759  5282 raft_consensus.cc:740] T 92170c34875f417c9637426d131704fa P b1e15313cee849e1b33b16321fe49b40 [term 0 FOLLOWER]: Becoming Follower/Learner. State: Replica: b1e15313cee849e1b33b16321fe49b40, State: Initialized, Role: FOLLOWER
I20260608 12:51:40.232249  5282 consensus_queue.cc:260] T 92170c34875f417c9637426d131704fa P b1e15313cee849e1b33b16321fe49b40 [NON_LEADER]: Queue going to NON_LEADER mode. State: All replicated index: 0, Majority replicated index: 0, Committed index: 0, Last appended: 0.0, Last appended by leader: 0, Current term: 0, Majority size: -1, State: 0, Mode: NON_LEADER, active raft config: opid_index: -1 OBSOLETE_local: false peers { permanent_uuid: "0ed362f593644196a8d2d9da0b47cbef" member_type: VOTER last_known_addr { host: "127.4.80.65" port: 38525 } } peers { permanent_uuid: "b1e15313cee849e1b33b16321fe49b40" member_type: VOTER last_known_addr { host: "127.4.80.66" port: 38059 } } peers { permanent_uuid: "8e934e0af8b7490b8d7140fb6c17880a" member_type: VOTER last_known_addr { host: "127.4.80.67" port: 45697 } }
I20260608 12:51:40.231997  5304 leader_election.cc:290] T f32d6f95eadb488eb7a8bd00a3f5ea8b P 0ed362f593644196a8d2d9da0b47cbef [CANDIDATE]: Term 1 election: Requested vote from peers b1e15313cee849e1b33b16321fe49b40 (127.4.80.66:38059), 8e934e0af8b7490b8d7140fb6c17880a (127.4.80.67:45697)
I20260608 12:51:40.232445  5324 raft_consensus.cc:2749] T 92170c34875f417c9637426d131704fa P 8e934e0af8b7490b8d7140fb6c17880a [term 0 FOLLOWER]: Leader pre-election lost for term 1. Reason: could not achieve majority
I20260608 12:51:40.235472  5282 ts_tablet_manager.cc:1434] T 92170c34875f417c9637426d131704fa P b1e15313cee849e1b33b16321fe49b40: Time spent starting tablet: real 0.033s	user 0.007s	sys 0.002s
I20260608 12:51:40.231549  5316 raft_consensus.cc:2804] T f32d6f95eadb488eb7a8bd00a3f5ea8b P 8e934e0af8b7490b8d7140fb6c17880a [term 0 FOLLOWER]: Leader pre-election won for term 1
I20260608 12:51:40.237911  5316 raft_consensus.cc:493] T f32d6f95eadb488eb7a8bd00a3f5ea8b P 8e934e0af8b7490b8d7140fb6c17880a [term 0 FOLLOWER]: Starting leader election (no leader contacted us within the election timeout)
I20260608 12:51:40.238287  5316 raft_consensus.cc:3060] T f32d6f95eadb488eb7a8bd00a3f5ea8b P 8e934e0af8b7490b8d7140fb6c17880a [term 0 FOLLOWER]: Advancing to term 1
I20260608 12:51:40.231395  5162 raft_consensus.cc:2468] T f32d6f95eadb488eb7a8bd00a3f5ea8b P b1e15313cee849e1b33b16321fe49b40 [term 1 FOLLOWER]: Leader election vote request: Granting yes vote for candidate 0ed362f593644196a8d2d9da0b47cbef in term 1.
I20260608 12:51:40.239256  5236 tablet_service.cc:1917] Received RequestConsensusVote() RPC: tablet_id: "f32d6f95eadb488eb7a8bd00a3f5ea8b" candidate_uuid: "0ed362f593644196a8d2d9da0b47cbef" candidate_term: 1 candidate_status { last_received { term: 0 index: 0 } } ignore_live_leader: false dest_uuid: "8e934e0af8b7490b8d7140fb6c17880a"
I20260608 12:51:40.241971  5281 tablet_bootstrap.cc:492] T 92170c34875f417c9637426d131704fa P 0ed362f593644196a8d2d9da0b47cbef: No bootstrap required, opened a new log
I20260608 12:51:40.242300  5281 ts_tablet_manager.cc:1403] T 92170c34875f417c9637426d131704fa P 0ed362f593644196a8d2d9da0b47cbef: Time spent bootstrapping tablet: real 0.144s	user 0.013s	sys 0.003s
I20260608 12:51:40.241519  4985 catalog_manager.cc:5696] T ef517b9dfb8448f89a6aa7928fc1ef8d P b1e15313cee849e1b33b16321fe49b40 reported cstate change: term changed from 0 to 1, leader changed from <none> to b1e15313cee849e1b33b16321fe49b40 (127.4.80.66). New cstate: current_term: 1 leader_uuid: "b1e15313cee849e1b33b16321fe49b40" committed_config { opid_index: -1 OBSOLETE_local: false peers { permanent_uuid: "0ed362f593644196a8d2d9da0b47cbef" member_type: VOTER last_known_addr { host: "127.4.80.65" port: 38525 } health_report { overall_health: UNKNOWN } } peers { permanent_uuid: "b1e15313cee849e1b33b16321fe49b40" member_type: VOTER last_known_addr { host: "127.4.80.66" port: 38059 } health_report { overall_health: HEALTHY } } peers { permanent_uuid: "8e934e0af8b7490b8d7140fb6c17880a" member_type: VOTER last_known_addr { host: "127.4.80.67" port: 45697 } health_report { overall_health: UNKNOWN } } }
I20260608 12:51:40.243839  5234 tablet_service.cc:1917] Received RequestConsensusVote() RPC: tablet_id: "9cbba0daabf14ffbb982f317b9a1db4f" candidate_uuid: "b1e15313cee849e1b33b16321fe49b40" candidate_term: 1 candidate_status { last_received { term: 0 index: 0 } } ignore_live_leader: false dest_uuid: "8e934e0af8b7490b8d7140fb6c17880a"
I20260608 12:51:40.244246  5086 raft_consensus.cc:2468] T c3d0b00356dc480ab584fb1e7d3c9f5a P 0ed362f593644196a8d2d9da0b47cbef [term 1 FOLLOWER]: Leader election vote request: Granting yes vote for candidate 8e934e0af8b7490b8d7140fb6c17880a in term 1.
I20260608 12:51:40.245209  5085 raft_consensus.cc:2468] T 9cbba0daabf14ffbb982f317b9a1db4f P 0ed362f593644196a8d2d9da0b47cbef [term 1 FOLLOWER]: Leader election vote request: Granting yes vote for candidate b1e15313cee849e1b33b16321fe49b40 in term 1.
I20260608 12:51:40.245544  5200 leader_election.cc:304] T c3d0b00356dc480ab584fb1e7d3c9f5a P 8e934e0af8b7490b8d7140fb6c17880a [CANDIDATE]: Term 1 election: Election decided. Result: candidate won. Election summary: received 2 responses out of 3 voters: 2 yes votes; 0 no votes. yes voters: 0ed362f593644196a8d2d9da0b47cbef, 8e934e0af8b7490b8d7140fb6c17880a; no voters: 
I20260608 12:51:40.246501  5324 raft_consensus.cc:2804] T c3d0b00356dc480ab584fb1e7d3c9f5a P 8e934e0af8b7490b8d7140fb6c17880a [term 1 FOLLOWER]: Leader election won for term 1
I20260608 12:51:40.246447  5126 leader_election.cc:304] T 9cbba0daabf14ffbb982f317b9a1db4f P b1e15313cee849e1b33b16321fe49b40 [CANDIDATE]: Term 1 election: Election decided. Result: candidate won. Election summary: received 2 responses out of 3 voters: 2 yes votes; 0 no votes. yes voters: 0ed362f593644196a8d2d9da0b47cbef, b1e15313cee849e1b33b16321fe49b40; no voters: 
I20260608 12:51:40.247787  5324 raft_consensus.cc:697] T c3d0b00356dc480ab584fb1e7d3c9f5a P 8e934e0af8b7490b8d7140fb6c17880a [term 1 LEADER]: Becoming Leader. State: Replica: 8e934e0af8b7490b8d7140fb6c17880a, State: Running, Role: LEADER
I20260608 12:51:40.248724  5324 consensus_queue.cc:237] T c3d0b00356dc480ab584fb1e7d3c9f5a P 8e934e0af8b7490b8d7140fb6c17880a [LEADER]: Queue going to LEADER mode. State: All replicated index: 0, Majority replicated index: 0, Committed index: 0, Last appended: 0.0, Last appended by leader: 0, Current term: 1, Majority size: 2, State: 0, Mode: LEADER, active raft config: opid_index: -1 OBSOLETE_local: false peers { permanent_uuid: "0ed362f593644196a8d2d9da0b47cbef" member_type: VOTER last_known_addr { host: "127.4.80.65" port: 38525 } } peers { permanent_uuid: "b1e15313cee849e1b33b16321fe49b40" member_type: VOTER last_known_addr { host: "127.4.80.66" port: 38059 } } peers { permanent_uuid: "8e934e0af8b7490b8d7140fb6c17880a" member_type: VOTER last_known_addr { host: "127.4.80.67" port: 45697 } }
I20260608 12:51:40.251694  5053 leader_election.cc:304] T f32d6f95eadb488eb7a8bd00a3f5ea8b P 0ed362f593644196a8d2d9da0b47cbef [CANDIDATE]: Term 1 election: Election decided. Result: candidate won. Election summary: received 2 responses out of 3 voters: 2 yes votes; 0 no votes. yes voters: 0ed362f593644196a8d2d9da0b47cbef, b1e15313cee849e1b33b16321fe49b40; no voters: 
I20260608 12:51:40.253489  5288 raft_consensus.cc:2804] T 9cbba0daabf14ffbb982f317b9a1db4f P b1e15313cee849e1b33b16321fe49b40 [term 1 FOLLOWER]: Leader election won for term 1
I20260608 12:51:40.253688  5304 raft_consensus.cc:2804] T f32d6f95eadb488eb7a8bd00a3f5ea8b P 0ed362f593644196a8d2d9da0b47cbef [term 1 FOLLOWER]: Leader election won for term 1
I20260608 12:51:40.254211  5304 raft_consensus.cc:697] T f32d6f95eadb488eb7a8bd00a3f5ea8b P 0ed362f593644196a8d2d9da0b47cbef [term 1 LEADER]: Becoming Leader. State: Replica: 0ed362f593644196a8d2d9da0b47cbef, State: Running, Role: LEADER
I20260608 12:51:40.254314  5288 raft_consensus.cc:697] T 9cbba0daabf14ffbb982f317b9a1db4f P b1e15313cee849e1b33b16321fe49b40 [term 1 LEADER]: Becoming Leader. State: Replica: b1e15313cee849e1b33b16321fe49b40, State: Running, Role: LEADER
I20260608 12:51:40.250902  5316 raft_consensus.cc:515] T f32d6f95eadb488eb7a8bd00a3f5ea8b P 8e934e0af8b7490b8d7140fb6c17880a [term 1 FOLLOWER]: Starting leader election with config: opid_index: -1 OBSOLETE_local: false peers { permanent_uuid: "0ed362f593644196a8d2d9da0b47cbef" member_type: VOTER last_known_addr { host: "127.4.80.65" port: 38525 } } peers { permanent_uuid: "b1e15313cee849e1b33b16321fe49b40" member_type: VOTER last_known_addr { host: "127.4.80.66" port: 38059 } } peers { permanent_uuid: "8e934e0af8b7490b8d7140fb6c17880a" member_type: VOTER last_known_addr { host: "127.4.80.67" port: 45697 } }
I20260608 12:51:40.255125  5304 consensus_queue.cc:237] T f32d6f95eadb488eb7a8bd00a3f5ea8b P 0ed362f593644196a8d2d9da0b47cbef [LEADER]: Queue going to LEADER mode. State: All replicated index: 0, Majority replicated index: 0, Committed index: 0, Last appended: 0.0, Last appended by leader: 0, Current term: 1, Majority size: 2, State: 0, Mode: LEADER, active raft config: opid_index: -1 OBSOLETE_local: false peers { permanent_uuid: "0ed362f593644196a8d2d9da0b47cbef" member_type: VOTER last_known_addr { host: "127.4.80.65" port: 38525 } } peers { permanent_uuid: "b1e15313cee849e1b33b16321fe49b40" member_type: VOTER last_known_addr { host: "127.4.80.66" port: 38059 } } peers { permanent_uuid: "8e934e0af8b7490b8d7140fb6c17880a" member_type: VOTER last_known_addr { host: "127.4.80.67" port: 45697 } }
I20260608 12:51:40.252769  5160 raft_consensus.cc:2468] T c3d0b00356dc480ab584fb1e7d3c9f5a P b1e15313cee849e1b33b16321fe49b40 [term 1 FOLLOWER]: Leader election vote request: Granting yes vote for candidate 8e934e0af8b7490b8d7140fb6c17880a in term 1.
I20260608 12:51:40.255267  5288 consensus_queue.cc:237] T 9cbba0daabf14ffbb982f317b9a1db4f P b1e15313cee849e1b33b16321fe49b40 [LEADER]: Queue going to LEADER mode. State: All replicated index: 0, Majority replicated index: 0, Committed index: 0, Last appended: 0.0, Last appended by leader: 0, Current term: 1, Majority size: 2, State: 0, Mode: LEADER, active raft config: opid_index: -1 OBSOLETE_local: false peers { permanent_uuid: "0ed362f593644196a8d2d9da0b47cbef" member_type: VOTER last_known_addr { host: "127.4.80.65" port: 38525 } } peers { permanent_uuid: "b1e15313cee849e1b33b16321fe49b40" member_type: VOTER last_known_addr { host: "127.4.80.66" port: 38059 } } peers { permanent_uuid: "8e934e0af8b7490b8d7140fb6c17880a" member_type: VOTER last_known_addr { host: "127.4.80.67" port: 45697 } }
I20260608 12:51:40.257278  5316 leader_election.cc:290] T f32d6f95eadb488eb7a8bd00a3f5ea8b P 8e934e0af8b7490b8d7140fb6c17880a [CANDIDATE]: Term 1 election: Requested vote from peers 0ed362f593644196a8d2d9da0b47cbef (127.4.80.65:38525), b1e15313cee849e1b33b16321fe49b40 (127.4.80.66:38059)
I20260608 12:51:40.257701  5287 raft_consensus.cc:515] T 9cbba0daabf14ffbb982f317b9a1db4f P 8e934e0af8b7490b8d7140fb6c17880a [term 1 FOLLOWER]: Starting leader election with config: opid_index: -1 OBSOLETE_local: false peers { permanent_uuid: "0ed362f593644196a8d2d9da0b47cbef" member_type: VOTER last_known_addr { host: "127.4.80.65" port: 38525 } } peers { permanent_uuid: "b1e15313cee849e1b33b16321fe49b40" member_type: VOTER last_known_addr { host: "127.4.80.66" port: 38059 } } peers { permanent_uuid: "8e934e0af8b7490b8d7140fb6c17880a" member_type: VOTER last_known_addr { host: "127.4.80.67" port: 45697 } }
I20260608 12:51:40.258860  5234 raft_consensus.cc:2393] T 9cbba0daabf14ffbb982f317b9a1db4f P 8e934e0af8b7490b8d7140fb6c17880a [term 1 FOLLOWER]: Leader election vote request: Denying vote to candidate b1e15313cee849e1b33b16321fe49b40 in current term 1: Already voted for candidate 8e934e0af8b7490b8d7140fb6c17880a in this term.
I20260608 12:51:40.261724  5236 raft_consensus.cc:2393] T f32d6f95eadb488eb7a8bd00a3f5ea8b P 8e934e0af8b7490b8d7140fb6c17880a [term 1 FOLLOWER]: Leader election vote request: Denying vote to candidate 0ed362f593644196a8d2d9da0b47cbef in current term 1: Already voted for candidate 8e934e0af8b7490b8d7140fb6c17880a in this term.
I20260608 12:51:40.262192  5085 tablet_service.cc:1917] Received RequestConsensusVote() RPC: tablet_id: "9cbba0daabf14ffbb982f317b9a1db4f" candidate_uuid: "8e934e0af8b7490b8d7140fb6c17880a" candidate_term: 1 candidate_status { last_received { term: 0 index: 0 } } ignore_live_leader: false dest_uuid: "0ed362f593644196a8d2d9da0b47cbef"
I20260608 12:51:40.263013  5085 raft_consensus.cc:2393] T 9cbba0daabf14ffbb982f317b9a1db4f P 0ed362f593644196a8d2d9da0b47cbef [term 1 FOLLOWER]: Leader election vote request: Denying vote to candidate 8e934e0af8b7490b8d7140fb6c17880a in current term 1: Already voted for candidate b1e15313cee849e1b33b16321fe49b40 in this term.
I20260608 12:51:40.262434  5281 raft_consensus.cc:359] T 92170c34875f417c9637426d131704fa P 0ed362f593644196a8d2d9da0b47cbef [term 0 FOLLOWER]: Replica starting. Triggering 0 pending ops. Active config: opid_index: -1 OBSOLETE_local: false peers { permanent_uuid: "0ed362f593644196a8d2d9da0b47cbef" member_type: VOTER last_known_addr { host: "127.4.80.65" port: 38525 } } peers { permanent_uuid: "b1e15313cee849e1b33b16321fe49b40" member_type: VOTER last_known_addr { host: "127.4.80.66" port: 38059 } } peers { permanent_uuid: "8e934e0af8b7490b8d7140fb6c17880a" member_type: VOTER last_known_addr { host: "127.4.80.67" port: 45697 } }
I20260608 12:51:40.263833  5281 raft_consensus.cc:385] T 92170c34875f417c9637426d131704fa P 0ed362f593644196a8d2d9da0b47cbef [term 0 FOLLOWER]: Consensus starting up: Expiring failure detector timer to make a prompt election more likely
I20260608 12:51:40.264410  5281 raft_consensus.cc:740] T 92170c34875f417c9637426d131704fa P 0ed362f593644196a8d2d9da0b47cbef [term 0 FOLLOWER]: Becoming Follower/Learner. State: Replica: 0ed362f593644196a8d2d9da0b47cbef, State: Initialized, Role: FOLLOWER
I20260608 12:51:40.266193  5086 tablet_service.cc:1917] Received RequestConsensusVote() RPC: tablet_id: "f32d6f95eadb488eb7a8bd00a3f5ea8b" candidate_uuid: "8e934e0af8b7490b8d7140fb6c17880a" candidate_term: 1 candidate_status { last_received { term: 0 index: 0 } } ignore_live_leader: false dest_uuid: "0ed362f593644196a8d2d9da0b47cbef"
I20260608 12:51:40.265156  5281 consensus_queue.cc:260] T 92170c34875f417c9637426d131704fa P 0ed362f593644196a8d2d9da0b47cbef [NON_LEADER]: Queue going to NON_LEADER mode. State: All replicated index: 0, Majority replicated index: 0, Committed index: 0, Last appended: 0.0, Last appended by leader: 0, Current term: 0, Majority size: -1, State: 0, Mode: NON_LEADER, active raft config: opid_index: -1 OBSOLETE_local: false peers { permanent_uuid: "0ed362f593644196a8d2d9da0b47cbef" member_type: VOTER last_known_addr { host: "127.4.80.65" port: 38525 } } peers { permanent_uuid: "b1e15313cee849e1b33b16321fe49b40" member_type: VOTER last_known_addr { host: "127.4.80.66" port: 38059 } } peers { permanent_uuid: "8e934e0af8b7490b8d7140fb6c17880a" member_type: VOTER last_known_addr { host: "127.4.80.67" port: 45697 } }
I20260608 12:51:40.271920  5160 tablet_service.cc:1917] Received RequestConsensusVote() RPC: tablet_id: "f32d6f95eadb488eb7a8bd00a3f5ea8b" candidate_uuid: "8e934e0af8b7490b8d7140fb6c17880a" candidate_term: 1 candidate_status { last_received { term: 0 index: 0 } } ignore_live_leader: false dest_uuid: "b1e15313cee849e1b33b16321fe49b40"
I20260608 12:51:40.272504  5281 ts_tablet_manager.cc:1434] T 92170c34875f417c9637426d131704fa P 0ed362f593644196a8d2d9da0b47cbef: Time spent starting tablet: real 0.030s	user 0.007s	sys 0.000s
I20260608 12:51:40.273010  5160 raft_consensus.cc:2393] T f32d6f95eadb488eb7a8bd00a3f5ea8b P b1e15313cee849e1b33b16321fe49b40 [term 1 FOLLOWER]: Leader election vote request: Denying vote to candidate 8e934e0af8b7490b8d7140fb6c17880a in current term 1: Already voted for candidate 0ed362f593644196a8d2d9da0b47cbef in this term.
I20260608 12:51:40.274631  5316 raft_consensus.cc:493] T 58980e9440004ce382eb6c72de9e2b80 P 8e934e0af8b7490b8d7140fb6c17880a [term 0 FOLLOWER]: Starting pre-election (no leader contacted us within the election timeout)
I20260608 12:51:40.275164  5316 raft_consensus.cc:515] T 58980e9440004ce382eb6c72de9e2b80 P 8e934e0af8b7490b8d7140fb6c17880a [term 0 FOLLOWER]: Starting pre-election with config: opid_index: -1 OBSOLETE_local: false peers { permanent_uuid: "0ed362f593644196a8d2d9da0b47cbef" member_type: VOTER last_known_addr { host: "127.4.80.65" port: 38525 } } peers { permanent_uuid: "b1e15313cee849e1b33b16321fe49b40" member_type: VOTER last_known_addr { host: "127.4.80.66" port: 38059 } } peers { permanent_uuid: "8e934e0af8b7490b8d7140fb6c17880a" member_type: VOTER last_known_addr { host: "127.4.80.67" port: 45697 } }
I20260608 12:51:40.277336  5316 leader_election.cc:290] T 58980e9440004ce382eb6c72de9e2b80 P 8e934e0af8b7490b8d7140fb6c17880a [CANDIDATE]: Term 1 pre-election: Requested pre-vote from peers 0ed362f593644196a8d2d9da0b47cbef (127.4.80.65:38525), b1e15313cee849e1b33b16321fe49b40 (127.4.80.66:38059)
I20260608 12:51:40.277424  5202 leader_election.cc:304] T f32d6f95eadb488eb7a8bd00a3f5ea8b P 8e934e0af8b7490b8d7140fb6c17880a [CANDIDATE]: Term 1 election: Election decided. Result: candidate lost. Election summary: received 3 responses out of 3 voters: 1 yes votes; 2 no votes. yes voters: 8e934e0af8b7490b8d7140fb6c17880a; no voters: 0ed362f593644196a8d2d9da0b47cbef, b1e15313cee849e1b33b16321fe49b40
I20260608 12:51:40.276574  4985 catalog_manager.cc:5696] T 9cbba0daabf14ffbb982f317b9a1db4f P b1e15313cee849e1b33b16321fe49b40 reported cstate change: term changed from 0 to 1, leader changed from <none> to b1e15313cee849e1b33b16321fe49b40 (127.4.80.66). New cstate: current_term: 1 leader_uuid: "b1e15313cee849e1b33b16321fe49b40" committed_config { opid_index: -1 OBSOLETE_local: false peers { permanent_uuid: "0ed362f593644196a8d2d9da0b47cbef" member_type: VOTER last_known_addr { host: "127.4.80.65" port: 38525 } health_report { overall_health: UNKNOWN } } peers { permanent_uuid: "b1e15313cee849e1b33b16321fe49b40" member_type: VOTER last_known_addr { host: "127.4.80.66" port: 38059 } health_report { overall_health: HEALTHY } } peers { permanent_uuid: "8e934e0af8b7490b8d7140fb6c17880a" member_type: VOTER last_known_addr { host: "127.4.80.67" port: 45697 } health_report { overall_health: UNKNOWN } } }
I20260608 12:51:40.280735  4982 catalog_manager.cc:5696] T f32d6f95eadb488eb7a8bd00a3f5ea8b P 0ed362f593644196a8d2d9da0b47cbef reported cstate change: term changed from 0 to 1, leader changed from <none> to 0ed362f593644196a8d2d9da0b47cbef (127.4.80.65). New cstate: current_term: 1 leader_uuid: "0ed362f593644196a8d2d9da0b47cbef" committed_config { opid_index: -1 OBSOLETE_local: false peers { permanent_uuid: "0ed362f593644196a8d2d9da0b47cbef" member_type: VOTER last_known_addr { host: "127.4.80.65" port: 38525 } health_report { overall_health: HEALTHY } } peers { permanent_uuid: "b1e15313cee849e1b33b16321fe49b40" member_type: VOTER last_known_addr { host: "127.4.80.66" port: 38059 } health_report { overall_health: UNKNOWN } } peers { permanent_uuid: "8e934e0af8b7490b8d7140fb6c17880a" member_type: VOTER last_known_addr { host: "127.4.80.67" port: 45697 } health_report { overall_health: UNKNOWN } } }
I20260608 12:51:40.285480  5287 leader_election.cc:290] T 9cbba0daabf14ffbb982f317b9a1db4f P 8e934e0af8b7490b8d7140fb6c17880a [CANDIDATE]: Term 1 election: Requested vote from peers 0ed362f593644196a8d2d9da0b47cbef (127.4.80.65:38525), b1e15313cee849e1b33b16321fe49b40 (127.4.80.66:38059)
I20260608 12:51:40.283716  5162 tablet_service.cc:1917] Received RequestConsensusVote() RPC: tablet_id: "58980e9440004ce382eb6c72de9e2b80" candidate_uuid: "8e934e0af8b7490b8d7140fb6c17880a" candidate_term: 1 candidate_status { last_received { term: 0 index: 0 } } ignore_live_leader: false dest_uuid: "b1e15313cee849e1b33b16321fe49b40" is_pre_election: true
I20260608 12:51:40.286084  5324 raft_consensus.cc:2749] T f32d6f95eadb488eb7a8bd00a3f5ea8b P 8e934e0af8b7490b8d7140fb6c17880a [term 1 FOLLOWER]: Leader election lost for term 1. Reason: could not achieve majority
I20260608 12:51:40.286173  5162 raft_consensus.cc:2468] T 58980e9440004ce382eb6c72de9e2b80 P b1e15313cee849e1b33b16321fe49b40 [term 0 FOLLOWER]: Leader pre-election vote request: Granting yes vote for candidate 8e934e0af8b7490b8d7140fb6c17880a in term 0.
I20260608 12:51:40.284511  5160 tablet_service.cc:1917] Received RequestConsensusVote() RPC: tablet_id: "9cbba0daabf14ffbb982f317b9a1db4f" candidate_uuid: "8e934e0af8b7490b8d7140fb6c17880a" candidate_term: 1 candidate_status { last_received { term: 0 index: 0 } } ignore_live_leader: false dest_uuid: "b1e15313cee849e1b33b16321fe49b40"
I20260608 12:51:40.287572  5202 leader_election.cc:304] T 58980e9440004ce382eb6c72de9e2b80 P 8e934e0af8b7490b8d7140fb6c17880a [CANDIDATE]: Term 1 pre-election: Election decided. Result: candidate won. Election summary: received 2 responses out of 3 voters: 2 yes votes; 0 no votes. yes voters: 8e934e0af8b7490b8d7140fb6c17880a, b1e15313cee849e1b33b16321fe49b40; no voters: 
I20260608 12:51:40.288457  5324 raft_consensus.cc:2804] T 58980e9440004ce382eb6c72de9e2b80 P 8e934e0af8b7490b8d7140fb6c17880a [term 0 FOLLOWER]: Leader pre-election won for term 1
I20260608 12:51:40.288564  5202 leader_election.cc:304] T 9cbba0daabf14ffbb982f317b9a1db4f P 8e934e0af8b7490b8d7140fb6c17880a [CANDIDATE]: Term 1 election: Election decided. Result: candidate lost. Election summary: received 3 responses out of 3 voters: 1 yes votes; 2 no votes. yes voters: 8e934e0af8b7490b8d7140fb6c17880a; no voters: 0ed362f593644196a8d2d9da0b47cbef, b1e15313cee849e1b33b16321fe49b40
I20260608 12:51:40.288944  5324 raft_consensus.cc:493] T 58980e9440004ce382eb6c72de9e2b80 P 8e934e0af8b7490b8d7140fb6c17880a [term 0 FOLLOWER]: Starting leader election (no leader contacted us within the election timeout)
I20260608 12:51:40.289469  5324 raft_consensus.cc:3060] T 58980e9440004ce382eb6c72de9e2b80 P 8e934e0af8b7490b8d7140fb6c17880a [term 0 FOLLOWER]: Advancing to term 1
I20260608 12:51:40.289884  5287 raft_consensus.cc:2749] T 9cbba0daabf14ffbb982f317b9a1db4f P 8e934e0af8b7490b8d7140fb6c17880a [term 1 FOLLOWER]: Leader election lost for term 1. Reason: could not achieve majority
I20260608 12:51:40.291538  4984 catalog_manager.cc:5696] T c3d0b00356dc480ab584fb1e7d3c9f5a P 8e934e0af8b7490b8d7140fb6c17880a reported cstate change: term changed from 0 to 1, leader changed from <none> to 8e934e0af8b7490b8d7140fb6c17880a (127.4.80.67). New cstate: current_term: 1 leader_uuid: "8e934e0af8b7490b8d7140fb6c17880a" committed_config { opid_index: -1 OBSOLETE_local: false peers { permanent_uuid: "0ed362f593644196a8d2d9da0b47cbef" member_type: VOTER last_known_addr { host: "127.4.80.65" port: 38525 } health_report { overall_health: UNKNOWN } } peers { permanent_uuid: "b1e15313cee849e1b33b16321fe49b40" member_type: VOTER last_known_addr { host: "127.4.80.66" port: 38059 } health_report { overall_health: UNKNOWN } } peers { permanent_uuid: "8e934e0af8b7490b8d7140fb6c17880a" member_type: VOTER last_known_addr { host: "127.4.80.67" port: 45697 } health_report { overall_health: HEALTHY } } }
I20260608 12:51:40.295426  5324 raft_consensus.cc:515] T 58980e9440004ce382eb6c72de9e2b80 P 8e934e0af8b7490b8d7140fb6c17880a [term 1 FOLLOWER]: Starting leader election with config: opid_index: -1 OBSOLETE_local: false peers { permanent_uuid: "0ed362f593644196a8d2d9da0b47cbef" member_type: VOTER last_known_addr { host: "127.4.80.65" port: 38525 } } peers { permanent_uuid: "b1e15313cee849e1b33b16321fe49b40" member_type: VOTER last_known_addr { host: "127.4.80.66" port: 38059 } } peers { permanent_uuid: "8e934e0af8b7490b8d7140fb6c17880a" member_type: VOTER last_known_addr { host: "127.4.80.67" port: 45697 } }
I20260608 12:51:40.298027  5085 tablet_service.cc:1917] Received RequestConsensusVote() RPC: tablet_id: "58980e9440004ce382eb6c72de9e2b80" candidate_uuid: "8e934e0af8b7490b8d7140fb6c17880a" candidate_term: 1 candidate_status { last_received { term: 0 index: 0 } } ignore_live_leader: false dest_uuid: "0ed362f593644196a8d2d9da0b47cbef"
I20260608 12:51:40.298200  5086 tablet_service.cc:1917] Received RequestConsensusVote() RPC: tablet_id: "58980e9440004ce382eb6c72de9e2b80" candidate_uuid: "8e934e0af8b7490b8d7140fb6c17880a" candidate_term: 1 candidate_status { last_received { term: 0 index: 0 } } ignore_live_leader: false dest_uuid: "0ed362f593644196a8d2d9da0b47cbef" is_pre_election: true
I20260608 12:51:40.298655  5085 raft_consensus.cc:3060] T 58980e9440004ce382eb6c72de9e2b80 P 0ed362f593644196a8d2d9da0b47cbef [term 0 FOLLOWER]: Advancing to term 1
I20260608 12:51:40.297235  5324 leader_election.cc:290] T 58980e9440004ce382eb6c72de9e2b80 P 8e934e0af8b7490b8d7140fb6c17880a [CANDIDATE]: Term 1 election: Requested vote from peers 0ed362f593644196a8d2d9da0b47cbef (127.4.80.65:38525), b1e15313cee849e1b33b16321fe49b40 (127.4.80.66:38059)
I20260608 12:51:40.299635  5160 tablet_service.cc:1917] Received RequestConsensusVote() RPC: tablet_id: "58980e9440004ce382eb6c72de9e2b80" candidate_uuid: "8e934e0af8b7490b8d7140fb6c17880a" candidate_term: 1 candidate_status { last_received { term: 0 index: 0 } } ignore_live_leader: false dest_uuid: "b1e15313cee849e1b33b16321fe49b40"
I20260608 12:51:40.300115  5160 raft_consensus.cc:3060] T 58980e9440004ce382eb6c72de9e2b80 P b1e15313cee849e1b33b16321fe49b40 [term 0 FOLLOWER]: Advancing to term 1
I20260608 12:51:40.304005  5085 raft_consensus.cc:2468] T 58980e9440004ce382eb6c72de9e2b80 P 0ed362f593644196a8d2d9da0b47cbef [term 1 FOLLOWER]: Leader election vote request: Granting yes vote for candidate 8e934e0af8b7490b8d7140fb6c17880a in term 1.
I20260608 12:51:40.306466  5160 raft_consensus.cc:2468] T 58980e9440004ce382eb6c72de9e2b80 P b1e15313cee849e1b33b16321fe49b40 [term 1 FOLLOWER]: Leader election vote request: Granting yes vote for candidate 8e934e0af8b7490b8d7140fb6c17880a in term 1.
I20260608 12:51:40.307794  5202 leader_election.cc:304] T 58980e9440004ce382eb6c72de9e2b80 P 8e934e0af8b7490b8d7140fb6c17880a [CANDIDATE]: Term 1 election: Election decided. Result: candidate won. Election summary: received 2 responses out of 3 voters: 2 yes votes; 0 no votes. yes voters: 8e934e0af8b7490b8d7140fb6c17880a, b1e15313cee849e1b33b16321fe49b40; no voters: 
I20260608 12:51:40.308696  5324 raft_consensus.cc:2804] T 58980e9440004ce382eb6c72de9e2b80 P 8e934e0af8b7490b8d7140fb6c17880a [term 1 FOLLOWER]: Leader election won for term 1
I20260608 12:51:40.309180  5324 raft_consensus.cc:697] T 58980e9440004ce382eb6c72de9e2b80 P 8e934e0af8b7490b8d7140fb6c17880a [term 1 LEADER]: Becoming Leader. State: Replica: 8e934e0af8b7490b8d7140fb6c17880a, State: Running, Role: LEADER
I20260608 12:51:40.309986  5324 consensus_queue.cc:237] T 58980e9440004ce382eb6c72de9e2b80 P 8e934e0af8b7490b8d7140fb6c17880a [LEADER]: Queue going to LEADER mode. State: All replicated index: 0, Majority replicated index: 0, Committed index: 0, Last appended: 0.0, Last appended by leader: 0, Current term: 1, Majority size: 2, State: 0, Mode: LEADER, active raft config: opid_index: -1 OBSOLETE_local: false peers { permanent_uuid: "0ed362f593644196a8d2d9da0b47cbef" member_type: VOTER last_known_addr { host: "127.4.80.65" port: 38525 } } peers { permanent_uuid: "b1e15313cee849e1b33b16321fe49b40" member_type: VOTER last_known_addr { host: "127.4.80.66" port: 38059 } } peers { permanent_uuid: "8e934e0af8b7490b8d7140fb6c17880a" member_type: VOTER last_known_addr { host: "127.4.80.67" port: 45697 } }
I20260608 12:51:40.318388  4982 catalog_manager.cc:5696] T 58980e9440004ce382eb6c72de9e2b80 P 8e934e0af8b7490b8d7140fb6c17880a reported cstate change: term changed from 0 to 1, leader changed from <none> to 8e934e0af8b7490b8d7140fb6c17880a (127.4.80.67). New cstate: current_term: 1 leader_uuid: "8e934e0af8b7490b8d7140fb6c17880a" committed_config { opid_index: -1 OBSOLETE_local: false peers { permanent_uuid: "0ed362f593644196a8d2d9da0b47cbef" member_type: VOTER last_known_addr { host: "127.4.80.65" port: 38525 } health_report { overall_health: UNKNOWN } } peers { permanent_uuid: "b1e15313cee849e1b33b16321fe49b40" member_type: VOTER last_known_addr { host: "127.4.80.66" port: 38059 } health_report { overall_health: UNKNOWN } } peers { permanent_uuid: "8e934e0af8b7490b8d7140fb6c17880a" member_type: VOTER last_known_addr { host: "127.4.80.67" port: 45697 } health_report { overall_health: HEALTHY } } }
I20260608 12:51:40.328753  5288 raft_consensus.cc:493] T 92170c34875f417c9637426d131704fa P b1e15313cee849e1b33b16321fe49b40 [term 0 FOLLOWER]: Starting pre-election (no leader contacted us within the election timeout)
I20260608 12:51:40.329198  5288 raft_consensus.cc:515] T 92170c34875f417c9637426d131704fa P b1e15313cee849e1b33b16321fe49b40 [term 0 FOLLOWER]: Starting pre-election with config: opid_index: -1 OBSOLETE_local: false peers { permanent_uuid: "0ed362f593644196a8d2d9da0b47cbef" member_type: VOTER last_known_addr { host: "127.4.80.65" port: 38525 } } peers { permanent_uuid: "b1e15313cee849e1b33b16321fe49b40" member_type: VOTER last_known_addr { host: "127.4.80.66" port: 38059 } } peers { permanent_uuid: "8e934e0af8b7490b8d7140fb6c17880a" member_type: VOTER last_known_addr { host: "127.4.80.67" port: 45697 } }
I20260608 12:51:40.330806  5288 leader_election.cc:290] T 92170c34875f417c9637426d131704fa P b1e15313cee849e1b33b16321fe49b40 [CANDIDATE]: Term 1 pre-election: Requested pre-vote from peers 0ed362f593644196a8d2d9da0b47cbef (127.4.80.65:38525), 8e934e0af8b7490b8d7140fb6c17880a (127.4.80.67:45697)
I20260608 12:51:40.331542  5085 tablet_service.cc:1917] Received RequestConsensusVote() RPC: tablet_id: "92170c34875f417c9637426d131704fa" candidate_uuid: "b1e15313cee849e1b33b16321fe49b40" candidate_term: 1 candidate_status { last_received { term: 0 index: 0 } } ignore_live_leader: false dest_uuid: "0ed362f593644196a8d2d9da0b47cbef" is_pre_election: true
I20260608 12:51:40.331703  5234 tablet_service.cc:1917] Received RequestConsensusVote() RPC: tablet_id: "92170c34875f417c9637426d131704fa" candidate_uuid: "b1e15313cee849e1b33b16321fe49b40" candidate_term: 1 candidate_status { last_received { term: 0 index: 0 } } ignore_live_leader: false dest_uuid: "8e934e0af8b7490b8d7140fb6c17880a" is_pre_election: true
I20260608 12:51:40.332098  5085 raft_consensus.cc:2468] T 92170c34875f417c9637426d131704fa P 0ed362f593644196a8d2d9da0b47cbef [term 0 FOLLOWER]: Leader pre-election vote request: Granting yes vote for candidate b1e15313cee849e1b33b16321fe49b40 in term 0.
I20260608 12:51:40.332350  5234 raft_consensus.cc:2468] T 92170c34875f417c9637426d131704fa P 8e934e0af8b7490b8d7140fb6c17880a [term 0 FOLLOWER]: Leader pre-election vote request: Granting yes vote for candidate b1e15313cee849e1b33b16321fe49b40 in term 0.
I20260608 12:51:40.333213  5126 leader_election.cc:304] T 92170c34875f417c9637426d131704fa P b1e15313cee849e1b33b16321fe49b40 [CANDIDATE]: Term 1 pre-election: Election decided. Result: candidate won. Election summary: received 2 responses out of 3 voters: 2 yes votes; 0 no votes. yes voters: 0ed362f593644196a8d2d9da0b47cbef, b1e15313cee849e1b33b16321fe49b40; no voters: 
I20260608 12:51:40.333941  5288 raft_consensus.cc:2804] T 92170c34875f417c9637426d131704fa P b1e15313cee849e1b33b16321fe49b40 [term 0 FOLLOWER]: Leader pre-election won for term 1
I20260608 12:51:40.334293  5288 raft_consensus.cc:493] T 92170c34875f417c9637426d131704fa P b1e15313cee849e1b33b16321fe49b40 [term 0 FOLLOWER]: Starting leader election (no leader contacted us within the election timeout)
I20260608 12:51:40.334568  5288 raft_consensus.cc:3060] T 92170c34875f417c9637426d131704fa P b1e15313cee849e1b33b16321fe49b40 [term 0 FOLLOWER]: Advancing to term 1
I20260608 12:51:40.338836  5288 raft_consensus.cc:515] T 92170c34875f417c9637426d131704fa P b1e15313cee849e1b33b16321fe49b40 [term 1 FOLLOWER]: Starting leader election with config: opid_index: -1 OBSOLETE_local: false peers { permanent_uuid: "0ed362f593644196a8d2d9da0b47cbef" member_type: VOTER last_known_addr { host: "127.4.80.65" port: 38525 } } peers { permanent_uuid: "b1e15313cee849e1b33b16321fe49b40" member_type: VOTER last_known_addr { host: "127.4.80.66" port: 38059 } } peers { permanent_uuid: "8e934e0af8b7490b8d7140fb6c17880a" member_type: VOTER last_known_addr { host: "127.4.80.67" port: 45697 } }
I20260608 12:51:40.340444  5288 leader_election.cc:290] T 92170c34875f417c9637426d131704fa P b1e15313cee849e1b33b16321fe49b40 [CANDIDATE]: Term 1 election: Requested vote from peers 0ed362f593644196a8d2d9da0b47cbef (127.4.80.65:38525), 8e934e0af8b7490b8d7140fb6c17880a (127.4.80.67:45697)
I20260608 12:51:40.341224  5085 tablet_service.cc:1917] Received RequestConsensusVote() RPC: tablet_id: "92170c34875f417c9637426d131704fa" candidate_uuid: "b1e15313cee849e1b33b16321fe49b40" candidate_term: 1 candidate_status { last_received { term: 0 index: 0 } } ignore_live_leader: false dest_uuid: "0ed362f593644196a8d2d9da0b47cbef"
I20260608 12:51:40.341358  5234 tablet_service.cc:1917] Received RequestConsensusVote() RPC: tablet_id: "92170c34875f417c9637426d131704fa" candidate_uuid: "b1e15313cee849e1b33b16321fe49b40" candidate_term: 1 candidate_status { last_received { term: 0 index: 0 } } ignore_live_leader: false dest_uuid: "8e934e0af8b7490b8d7140fb6c17880a"
I20260608 12:51:40.341686  5085 raft_consensus.cc:3060] T 92170c34875f417c9637426d131704fa P 0ed362f593644196a8d2d9da0b47cbef [term 0 FOLLOWER]: Advancing to term 1
I20260608 12:51:40.341854  5234 raft_consensus.cc:3060] T 92170c34875f417c9637426d131704fa P 8e934e0af8b7490b8d7140fb6c17880a [term 0 FOLLOWER]: Advancing to term 1
I20260608 12:51:40.346149  5085 raft_consensus.cc:2468] T 92170c34875f417c9637426d131704fa P 0ed362f593644196a8d2d9da0b47cbef [term 1 FOLLOWER]: Leader election vote request: Granting yes vote for candidate b1e15313cee849e1b33b16321fe49b40 in term 1.
I20260608 12:51:40.346612  5234 raft_consensus.cc:2468] T 92170c34875f417c9637426d131704fa P 8e934e0af8b7490b8d7140fb6c17880a [term 1 FOLLOWER]: Leader election vote request: Granting yes vote for candidate b1e15313cee849e1b33b16321fe49b40 in term 1.
I20260608 12:51:40.347645  5126 leader_election.cc:304] T 92170c34875f417c9637426d131704fa P b1e15313cee849e1b33b16321fe49b40 [CANDIDATE]: Term 1 election: Election decided. Result: candidate won. Election summary: received 2 responses out of 3 voters: 2 yes votes; 0 no votes. yes voters: 8e934e0af8b7490b8d7140fb6c17880a, b1e15313cee849e1b33b16321fe49b40; no voters: 
I20260608 12:51:40.348505  5288 raft_consensus.cc:2804] T 92170c34875f417c9637426d131704fa P b1e15313cee849e1b33b16321fe49b40 [term 1 FOLLOWER]: Leader election won for term 1
I20260608 12:51:40.348994  5288 raft_consensus.cc:697] T 92170c34875f417c9637426d131704fa P b1e15313cee849e1b33b16321fe49b40 [term 1 LEADER]: Becoming Leader. State: Replica: b1e15313cee849e1b33b16321fe49b40, State: Running, Role: LEADER
I20260608 12:51:40.349617  5288 consensus_queue.cc:237] T 92170c34875f417c9637426d131704fa P b1e15313cee849e1b33b16321fe49b40 [LEADER]: Queue going to LEADER mode. State: All replicated index: 0, Majority replicated index: 0, Committed index: 0, Last appended: 0.0, Last appended by leader: 0, Current term: 1, Majority size: 2, State: 0, Mode: LEADER, active raft config: opid_index: -1 OBSOLETE_local: false peers { permanent_uuid: "0ed362f593644196a8d2d9da0b47cbef" member_type: VOTER last_known_addr { host: "127.4.80.65" port: 38525 } } peers { permanent_uuid: "b1e15313cee849e1b33b16321fe49b40" member_type: VOTER last_known_addr { host: "127.4.80.66" port: 38059 } } peers { permanent_uuid: "8e934e0af8b7490b8d7140fb6c17880a" member_type: VOTER last_known_addr { host: "127.4.80.67" port: 45697 } }
I20260608 12:51:40.356956  4982 catalog_manager.cc:5696] T 92170c34875f417c9637426d131704fa P b1e15313cee849e1b33b16321fe49b40 reported cstate change: term changed from 0 to 1, leader changed from <none> to b1e15313cee849e1b33b16321fe49b40 (127.4.80.66). New cstate: current_term: 1 leader_uuid: "b1e15313cee849e1b33b16321fe49b40" committed_config { opid_index: -1 OBSOLETE_local: false peers { permanent_uuid: "0ed362f593644196a8d2d9da0b47cbef" member_type: VOTER last_known_addr { host: "127.4.80.65" port: 38525 } health_report { overall_health: UNKNOWN } } peers { permanent_uuid: "b1e15313cee849e1b33b16321fe49b40" member_type: VOTER last_known_addr { host: "127.4.80.66" port: 38059 } health_report { overall_health: HEALTHY } } peers { permanent_uuid: "8e934e0af8b7490b8d7140fb6c17880a" member_type: VOTER last_known_addr { host: "127.4.80.67" port: 45697 } health_report { overall_health: UNKNOWN } } }
I20260608 12:51:40.402843  5304 consensus_queue.cc:1048] T d0416ac6bf4e493b97f3b1cea71cbdf3 P 0ed362f593644196a8d2d9da0b47cbef [LEADER]: Connected to new peer: Peer: permanent_uuid: "b1e15313cee849e1b33b16321fe49b40" member_type: VOTER last_known_addr { host: "127.4.80.66" port: 38059 }, Status: LMP_MISMATCH, Last received: 0.0, Next index: 1, Last known committed idx: 0, Time since last communication: 0.000s
I20260608 12:51:40.414433  5289 consensus_queue.cc:1048] T d0416ac6bf4e493b97f3b1cea71cbdf3 P 0ed362f593644196a8d2d9da0b47cbef [LEADER]: Connected to new peer: Peer: permanent_uuid: "8e934e0af8b7490b8d7140fb6c17880a" member_type: VOTER last_known_addr { host: "127.4.80.67" port: 45697 }, Status: LMP_MISMATCH, Last received: 0.0, Next index: 1, Last known committed idx: 0, Time since last communication: 0.000s
I20260608 12:51:40.418743  4417 file_cache.cc:492] Constructed file cache file cache with capacity 419430
W20260608 12:51:40.428297  5337 instance_detector.cc:116] could not retrieve AWS instance metadata: Network error: curl error: HTTP response code said error: The requested URL returned error: 404
W20260608 12:51:40.429018  5338 instance_detector.cc:116] could not retrieve Azure instance metadata: Network error: curl error: HTTP response code said error: The requested URL returned error: 404
I20260608 12:51:40.431039  4417 server_base.cc:1061] running on GCE node
W20260608 12:51:40.431887  5340 instance_detector.cc:116] could not retrieve OpenStack instance metadata: Network error: curl error: HTTP response code said error: The requested URL returned error: 404
I20260608 12:51:40.432865  4417 hybrid_clock.cc:584] initializing the hybrid clock with 'system_unsync' time source
W20260608 12:51:40.433104  4417 system_unsync_time.cc:38] NTP support is disabled. Clock error bounds will not be accurate. This configuration is not suitable for distributed clusters.
I20260608 12:51:40.433300  4417 hybrid_clock.cc:648] HybridClock initialized: now 1780923100433264 us; error 0 us; skew 500 ppm
I20260608 12:51:40.433909  4417 server_base.cc:861] Flag tcmalloc_max_total_thread_cache_bytes is not working since tcmalloc is not enabled.
I20260608 12:51:40.436661  4417 webserver.cc:533] Webserver started at http://127.4.80.68:38291/ using document root <none> and password file <none>
I20260608 12:51:40.437181  4417 fs_manager.cc:362] Metadata directory not provided
I20260608 12:51:40.437397  4417 fs_manager.cc:368] Using write-ahead log directory (fs_wal_dir) as metadata directory
I20260608 12:51:40.437692  4417 server_base.cc:909] This appears to be a new deployment of Kudu; creating new FS layout
I20260608 12:51:40.438746  4417 fs_manager.cc:1068] Generated new instance metadata in path /tmp/dist-test-taskEFq9NE/test-tmp/auto_rebalancer-test.0.AutoRebalancerTest.AutoRebalancingTurnOffAndOn.1780923092921356-4417-0/minicluster-data/ts-3-root/instance:
uuid: "e72f943693894c6aaa00dd5c74f33e32"
format_stamp: "Formatted at 2026-06-08 12:51:40 on dist-test-slave-7vxk"
I20260608 12:51:40.443434  4417 fs_manager.cc:696] Time spent creating directory manager: real 0.004s	user 0.002s	sys 0.001s
I20260608 12:51:40.446982  5345 log_block_manager.cc:4031] Time spent loading block containers with low live blocks: real 0.000s	user 0.000s	sys 0.000s
I20260608 12:51:40.447856  4417 fs_manager.cc:730] Time spent opening block manager: real 0.003s	user 0.002s	sys 0.001s
I20260608 12:51:40.448166  4417 fs_manager.cc:647] Opened local filesystem: /tmp/dist-test-taskEFq9NE/test-tmp/auto_rebalancer-test.0.AutoRebalancerTest.AutoRebalancingTurnOffAndOn.1780923092921356-4417-0/minicluster-data/ts-3-root
uuid: "e72f943693894c6aaa00dd5c74f33e32"
format_stamp: "Formatted at 2026-06-08 12:51:40 on dist-test-slave-7vxk"
I20260608 12:51:40.448463  4417 fs_report.cc:389] FS layout report
--------------------
wal directory: /tmp/dist-test-taskEFq9NE/test-tmp/auto_rebalancer-test.0.AutoRebalancerTest.AutoRebalancingTurnOffAndOn.1780923092921356-4417-0/minicluster-data/ts-3-root
metadata directory: /tmp/dist-test-taskEFq9NE/test-tmp/auto_rebalancer-test.0.AutoRebalancerTest.AutoRebalancingTurnOffAndOn.1780923092921356-4417-0/minicluster-data/ts-3-root
1 data directories: /tmp/dist-test-taskEFq9NE/test-tmp/auto_rebalancer-test.0.AutoRebalancerTest.AutoRebalancingTurnOffAndOn.1780923092921356-4417-0/minicluster-data/ts-3-root/data
Total live blocks: 0
Total live bytes: 0
Total live bytes (after alignment): 0
Total number of LBM containers: 0 (0 full)
Did not check for missing blocks
Did not check for orphaned blocks
Total full LBM containers with extra space: 0 (0 repaired)
Total full LBM container extra space in bytes: 0 (0 repaired)
Total incomplete LBM containers: 0 (0 repaired)
Total LBM partial records: 0 (0 repaired)
Total corrupted LBM metadata records in RocksDB: 0 (0 repaired)
