W20260608 12:51:37.406173  5055 instance_detector.cc:116] could not retrieve OpenStack instance metadata: Network error: curl error: HTTP response code said error: The requested URL returned error: 404
I20260608 12:51:37.406649  4513 server_base.cc:1061] running on GCE node
I20260608 12:51:37.407541  4513 hybrid_clock.cc:584] initializing the hybrid clock with 'system_unsync' time source
W20260608 12:51:37.407743  4513 system_unsync_time.cc:38] NTP support is disabled. Clock error bounds will not be accurate. This configuration is not suitable for distributed clusters.
I20260608 12:51:37.407927  4513 hybrid_clock.cc:648] HybridClock initialized: now 1780923097407907 us; error 0 us; skew 500 ppm
I20260608 12:51:37.408517  4513 server_base.cc:861] Flag tcmalloc_max_total_thread_cache_bytes is not working since tcmalloc is not enabled.
I20260608 12:51:37.410890  4513 webserver.cc:533] Webserver started at http://127.4.104.126:46189/ using document root <none> and password file <none>
I20260608 12:51:37.411396  4513 fs_manager.cc:362] Metadata directory not provided
I20260608 12:51:37.411590  4513 fs_manager.cc:368] Using write-ahead log directory (fs_wal_dir) as metadata directory
I20260608 12:51:37.411885  4513 server_base.cc:909] This appears to be a new deployment of Kudu; creating new FS layout
I20260608 12:51:37.412922  4513 fs_manager.cc:1068] Generated new instance metadata in path /tmp/dist-test-taskx9x8YX/test-tmp/auto_rebalancer-test.0.AutoRebalancerTest.AutoRebalancingTurnOffAndOn.1780923092341965-4513-0/minicluster-data/master-0-root/instance:
uuid: "a9bf3a536dcd44c18cff7d28bf885de7"
format_stamp: "Formatted at 2026-06-08 12:51:37 on dist-test-slave-91lv"
I20260608 12:51:37.417352  4513 fs_manager.cc:696] Time spent creating directory manager: real 0.004s	user 0.003s	sys 0.001s
I20260608 12:51:37.420487  5060 log_block_manager.cc:4031] Time spent loading block containers with low live blocks: real 0.000s	user 0.000s	sys 0.000s
I20260608 12:51:37.421295  4513 fs_manager.cc:730] Time spent opening block manager: real 0.002s	user 0.002s	sys 0.001s
I20260608 12:51:37.421579  4513 fs_manager.cc:647] Opened local filesystem: /tmp/dist-test-taskx9x8YX/test-tmp/auto_rebalancer-test.0.AutoRebalancerTest.AutoRebalancingTurnOffAndOn.1780923092341965-4513-0/minicluster-data/master-0-root
uuid: "a9bf3a536dcd44c18cff7d28bf885de7"
format_stamp: "Formatted at 2026-06-08 12:51:37 on dist-test-slave-91lv"
I20260608 12:51:37.421851  4513 fs_report.cc:389] FS layout report
--------------------
wal directory: /tmp/dist-test-taskx9x8YX/test-tmp/auto_rebalancer-test.0.AutoRebalancerTest.AutoRebalancingTurnOffAndOn.1780923092341965-4513-0/minicluster-data/master-0-root
metadata directory: /tmp/dist-test-taskx9x8YX/test-tmp/auto_rebalancer-test.0.AutoRebalancerTest.AutoRebalancingTurnOffAndOn.1780923092341965-4513-0/minicluster-data/master-0-root
1 data directories: /tmp/dist-test-taskx9x8YX/test-tmp/auto_rebalancer-test.0.AutoRebalancerTest.AutoRebalancingTurnOffAndOn.1780923092341965-4513-0/minicluster-data/master-0-root/data
Total live blocks: 0
Total live bytes: 0
Total live bytes (after alignment): 0
Total number of LBM containers: 0 (0 full)
Did not check for missing blocks
Did not check for orphaned blocks
Total full LBM containers with extra space: 0 (0 repaired)
Total full LBM container extra space in bytes: 0 (0 repaired)
Total incomplete LBM containers: 0 (0 repaired)
Total LBM partial records: 0 (0 repaired)
Total corrupted LBM metadata records in RocksDB: 0 (0 repaired)
I20260608 12:51:37.445254  4513 rpc_server.cc:225] running with OpenSSL 1.1.1  11 Sep 2018
I20260608 12:51:37.446311  4513 kserver.cc:163] Server-wide thread pool size limit: 3276
I20260608 12:51:37.480937  4513 rpc_server.cc:307] RPC server started. Bound to: 127.4.104.126:37953
I20260608 12:51:37.481063  5111 acceptor_pool.cc:272] collecting diagnostics on the listening RPC socket 127.4.104.126:37953 every 8 connection(s)
I20260608 12:51:37.484946  5112 data_dirs.cc:400] Could only allocate 1 dirs of requested 3 for tablet 00000000000000000000000000000000. 1 dirs total, 0 dirs full, 0 dirs failed
I20260608 12:51:37.493920  5112 tablet_bootstrap.cc:492] T 00000000000000000000000000000000 P a9bf3a536dcd44c18cff7d28bf885de7: Bootstrap starting.
I20260608 12:51:37.498193  5112 tablet_bootstrap.cc:654] T 00000000000000000000000000000000 P a9bf3a536dcd44c18cff7d28bf885de7: Neither blocks nor log segments found. Creating new log.
I20260608 12:51:37.502002  5112 tablet_bootstrap.cc:492] T 00000000000000000000000000000000 P a9bf3a536dcd44c18cff7d28bf885de7: No bootstrap required, opened a new log
I20260608 12:51:37.503969  5112 raft_consensus.cc:359] T 00000000000000000000000000000000 P a9bf3a536dcd44c18cff7d28bf885de7 [term 0 FOLLOWER]: Replica starting. Triggering 0 pending ops. Active config: opid_index: -1 OBSOLETE_local: true peers { permanent_uuid: "a9bf3a536dcd44c18cff7d28bf885de7" member_type: VOTER }
I20260608 12:51:37.504319  5112 raft_consensus.cc:385] T 00000000000000000000000000000000 P a9bf3a536dcd44c18cff7d28bf885de7 [term 0 FOLLOWER]: Consensus starting up: Expiring failure detector timer to make a prompt election more likely
I20260608 12:51:37.504601  5112 raft_consensus.cc:740] T 00000000000000000000000000000000 P a9bf3a536dcd44c18cff7d28bf885de7 [term 0 FOLLOWER]: Becoming Follower/Learner. State: Replica: a9bf3a536dcd44c18cff7d28bf885de7, State: Initialized, Role: FOLLOWER
I20260608 12:51:37.505234  5112 consensus_queue.cc:260] T 00000000000000000000000000000000 P a9bf3a536dcd44c18cff7d28bf885de7 [NON_LEADER]: Queue going to NON_LEADER mode. State: All replicated index: 0, Majority replicated index: 0, Committed index: 0, Last appended: 0.0, Last appended by leader: 0, Current term: 0, Majority size: -1, State: 0, Mode: NON_LEADER, active raft config: opid_index: -1 OBSOLETE_local: true peers { permanent_uuid: "a9bf3a536dcd44c18cff7d28bf885de7" member_type: VOTER }
I20260608 12:51:37.505692  5112 raft_consensus.cc:399] T 00000000000000000000000000000000 P a9bf3a536dcd44c18cff7d28bf885de7 [term 0 FOLLOWER]: Only one voter in the Raft config. Triggering election immediately
I20260608 12:51:37.506006  5112 raft_consensus.cc:493] T 00000000000000000000000000000000 P a9bf3a536dcd44c18cff7d28bf885de7 [term 0 FOLLOWER]: Starting leader election (initial election of a single-replica configuration)
I20260608 12:51:37.506279  5112 raft_consensus.cc:3060] T 00000000000000000000000000000000 P a9bf3a536dcd44c18cff7d28bf885de7 [term 0 FOLLOWER]: Advancing to term 1
I20260608 12:51:37.510233  5112 raft_consensus.cc:515] T 00000000000000000000000000000000 P a9bf3a536dcd44c18cff7d28bf885de7 [term 1 FOLLOWER]: Starting leader election with config: opid_index: -1 OBSOLETE_local: true peers { permanent_uuid: "a9bf3a536dcd44c18cff7d28bf885de7" member_type: VOTER }
I20260608 12:51:37.510747  5112 leader_election.cc:304] T 00000000000000000000000000000000 P a9bf3a536dcd44c18cff7d28bf885de7 [CANDIDATE]: Term 1 election: Election decided. Result: candidate won. Election summary: received 1 responses out of 1 voters: 1 yes votes; 0 no votes. yes voters: a9bf3a536dcd44c18cff7d28bf885de7; no voters: 
I20260608 12:51:37.511909  5112 leader_election.cc:290] T 00000000000000000000000000000000 P a9bf3a536dcd44c18cff7d28bf885de7 [CANDIDATE]: Term 1 election: Requested vote from peers 
I20260608 12:51:37.512401  5115 raft_consensus.cc:2804] T 00000000000000000000000000000000 P a9bf3a536dcd44c18cff7d28bf885de7 [term 1 FOLLOWER]: Leader election won for term 1
I20260608 12:51:37.513834  5115 raft_consensus.cc:697] T 00000000000000000000000000000000 P a9bf3a536dcd44c18cff7d28bf885de7 [term 1 LEADER]: Becoming Leader. State: Replica: a9bf3a536dcd44c18cff7d28bf885de7, State: Running, Role: LEADER
I20260608 12:51:37.514524  5115 consensus_queue.cc:237] T 00000000000000000000000000000000 P a9bf3a536dcd44c18cff7d28bf885de7 [LEADER]: Queue going to LEADER mode. State: All replicated index: 0, Majority replicated index: 0, Committed index: 0, Last appended: 0.0, Last appended by leader: 0, Current term: 1, Majority size: 1, State: 0, Mode: LEADER, active raft config: opid_index: -1 OBSOLETE_local: true peers { permanent_uuid: "a9bf3a536dcd44c18cff7d28bf885de7" member_type: VOTER }
I20260608 12:51:37.514880  5112 sys_catalog.cc:565] T 00000000000000000000000000000000 P a9bf3a536dcd44c18cff7d28bf885de7 [sys.catalog]: configured and running, proceeding with master startup.
I20260608 12:51:37.519066  5117 sys_catalog.cc:455] T 00000000000000000000000000000000 P a9bf3a536dcd44c18cff7d28bf885de7 [sys.catalog]: SysCatalogTable state changed. Reason: New leader a9bf3a536dcd44c18cff7d28bf885de7. Latest consensus state: current_term: 1 leader_uuid: "a9bf3a536dcd44c18cff7d28bf885de7" committed_config { opid_index: -1 OBSOLETE_local: true peers { permanent_uuid: "a9bf3a536dcd44c18cff7d28bf885de7" member_type: VOTER } }
I20260608 12:51:37.519146  5116 sys_catalog.cc:455] T 00000000000000000000000000000000 P a9bf3a536dcd44c18cff7d28bf885de7 [sys.catalog]: SysCatalogTable state changed. Reason: RaftConsensus started. Latest consensus state: current_term: 1 leader_uuid: "a9bf3a536dcd44c18cff7d28bf885de7" committed_config { opid_index: -1 OBSOLETE_local: true peers { permanent_uuid: "a9bf3a536dcd44c18cff7d28bf885de7" member_type: VOTER } }
I20260608 12:51:37.519750  5117 sys_catalog.cc:458] T 00000000000000000000000000000000 P a9bf3a536dcd44c18cff7d28bf885de7 [sys.catalog]: This master's current role is: LEADER
I20260608 12:51:37.519822  5116 sys_catalog.cc:458] T 00000000000000000000000000000000 P a9bf3a536dcd44c18cff7d28bf885de7 [sys.catalog]: This master's current role is: LEADER
I20260608 12:51:37.524289  5122 catalog_manager.cc:1510] Loading table and tablet metadata into memory...
I20260608 12:51:37.532243  5122 catalog_manager.cc:1519] Initializing Kudu cluster ID...
I20260608 12:51:37.533294  4513 internal_mini_cluster.cc:184] Waiting to initialize catalog manager on master 0
I20260608 12:51:37.541677  5122 catalog_manager.cc:1382] Generated new cluster ID: ecc945e3401b45daa6c875114cc65400
I20260608 12:51:37.541949  5122 catalog_manager.cc:1530] Initializing Kudu internal certificate authority...
I20260608 12:51:37.553993  5122 catalog_manager.cc:1405] Generated new certificate authority record
I20260608 12:51:37.555166  5122 catalog_manager.cc:1539] Loading token signing keys...
I20260608 12:51:37.568698  5122 catalog_manager.cc:6069] T 00000000000000000000000000000000 P a9bf3a536dcd44c18cff7d28bf885de7: Generated new TSK 0
I20260608 12:51:37.569309  5122 catalog_manager.cc:1549] Initializing in-progress tserver states...
I20260608 12:51:37.600394  4513 file_cache.cc:492] Constructed file cache file cache with capacity 419430
W20260608 12:51:37.606581  5133 instance_detector.cc:116] could not retrieve AWS instance metadata: Network error: curl error: HTTP response code said error: The requested URL returned error: 404
W20260608 12:51:37.607824  5134 instance_detector.cc:116] could not retrieve Azure instance metadata: Network error: curl error: HTTP response code said error: The requested URL returned error: 404
W20260608 12:51:37.609974  5136 instance_detector.cc:116] could not retrieve OpenStack instance metadata: Network error: curl error: HTTP response code said error: The requested URL returned error: 404
I20260608 12:51:37.611159  4513 server_base.cc:1061] running on GCE node
I20260608 12:51:37.611960  4513 hybrid_clock.cc:584] initializing the hybrid clock with 'system_unsync' time source
W20260608 12:51:37.612210  4513 system_unsync_time.cc:38] NTP support is disabled. Clock error bounds will not be accurate. This configuration is not suitable for distributed clusters.
I20260608 12:51:37.612381  4513 hybrid_clock.cc:648] HybridClock initialized: now 1780923097612362 us; error 0 us; skew 500 ppm
I20260608 12:51:37.612974  4513 server_base.cc:861] Flag tcmalloc_max_total_thread_cache_bytes is not working since tcmalloc is not enabled.
I20260608 12:51:37.615357  4513 webserver.cc:533] Webserver started at http://127.4.104.65:33331/ using document root <none> and password file <none>
I20260608 12:51:37.615878  4513 fs_manager.cc:362] Metadata directory not provided
I20260608 12:51:37.616062  4513 fs_manager.cc:368] Using write-ahead log directory (fs_wal_dir) as metadata directory
I20260608 12:51:37.616470  4513 server_base.cc:909] This appears to be a new deployment of Kudu; creating new FS layout
I20260608 12:51:37.617610  4513 fs_manager.cc:1068] Generated new instance metadata in path /tmp/dist-test-taskx9x8YX/test-tmp/auto_rebalancer-test.0.AutoRebalancerTest.AutoRebalancingTurnOffAndOn.1780923092341965-4513-0/minicluster-data/ts-0-root/instance:
uuid: "fe5250f2670f4b98bc261ca0402e8238"
format_stamp: "Formatted at 2026-06-08 12:51:37 on dist-test-slave-91lv"
I20260608 12:51:37.624599  4513 fs_manager.cc:696] Time spent creating directory manager: real 0.006s	user 0.006s	sys 0.001s
I20260608 12:51:37.629455  5141 log_block_manager.cc:4031] Time spent loading block containers with low live blocks: real 0.000s	user 0.000s	sys 0.000s
I20260608 12:51:37.630394  4513 fs_manager.cc:730] Time spent opening block manager: real 0.003s	user 0.004s	sys 0.000s
I20260608 12:51:37.630729  4513 fs_manager.cc:647] Opened local filesystem: /tmp/dist-test-taskx9x8YX/test-tmp/auto_rebalancer-test.0.AutoRebalancerTest.AutoRebalancingTurnOffAndOn.1780923092341965-4513-0/minicluster-data/ts-0-root
uuid: "fe5250f2670f4b98bc261ca0402e8238"
format_stamp: "Formatted at 2026-06-08 12:51:37 on dist-test-slave-91lv"
I20260608 12:51:37.631134  4513 fs_report.cc:389] FS layout report
--------------------
wal directory: /tmp/dist-test-taskx9x8YX/test-tmp/auto_rebalancer-test.0.AutoRebalancerTest.AutoRebalancingTurnOffAndOn.1780923092341965-4513-0/minicluster-data/ts-0-root
metadata directory: /tmp/dist-test-taskx9x8YX/test-tmp/auto_rebalancer-test.0.AutoRebalancerTest.AutoRebalancingTurnOffAndOn.1780923092341965-4513-0/minicluster-data/ts-0-root
1 data directories: /tmp/dist-test-taskx9x8YX/test-tmp/auto_rebalancer-test.0.AutoRebalancerTest.AutoRebalancingTurnOffAndOn.1780923092341965-4513-0/minicluster-data/ts-0-root/data
Total live blocks: 0
Total live bytes: 0
Total live bytes (after alignment): 0
Total number of LBM containers: 0 (0 full)
Did not check for missing blocks
Did not check for orphaned blocks
Total full LBM containers with extra space: 0 (0 repaired)
Total full LBM container extra space in bytes: 0 (0 repaired)
Total incomplete LBM containers: 0 (0 repaired)
Total LBM partial records: 0 (0 repaired)
Total corrupted LBM metadata records in RocksDB: 0 (0 repaired)
I20260608 12:51:37.649510  4513 rpc_server.cc:225] running with OpenSSL 1.1.1  11 Sep 2018
I20260608 12:51:37.650625  4513 kserver.cc:163] Server-wide thread pool size limit: 3276
I20260608 12:51:37.652025  4513 txn_system_client.cc:432] TxnSystemClient initialization is disabled...
I20260608 12:51:37.654353  4513 ts_tablet_manager.cc:585] Loaded tablet metadata (0 total tablets, 0 live tablets)
I20260608 12:51:37.654577  4513 ts_tablet_manager.cc:531] Time spent load tablet metadata: real 0.000s	user 0.000s	sys 0.000s
I20260608 12:51:37.654821  4513 ts_tablet_manager.cc:616] Registered 0 tablets
I20260608 12:51:37.654995  4513 ts_tablet_manager.cc:595] Time spent register tablets: real 0.000s	user 0.000s	sys 0.000s
I20260608 12:51:37.692112  4513 rpc_server.cc:307] RPC server started. Bound to: 127.4.104.65:35929
I20260608 12:51:37.692235  5203 acceptor_pool.cc:272] collecting diagnostics on the listening RPC socket 127.4.104.65:35929 every 8 connection(s)
I20260608 12:51:37.697255  4513 file_cache.cc:492] Constructed file cache file cache with capacity 419430
W20260608 12:51:37.705550  5208 instance_detector.cc:116] could not retrieve AWS instance metadata: Network error: curl error: HTTP response code said error: The requested URL returned error: 404
W20260608 12:51:37.707093  5209 instance_detector.cc:116] could not retrieve Azure instance metadata: Network error: curl error: HTTP response code said error: The requested URL returned error: 404
W20260608 12:51:37.710937  5211 instance_detector.cc:116] could not retrieve OpenStack instance metadata: Network error: curl error: HTTP response code said error: The requested URL returned error: 404
I20260608 12:51:37.711179  5204 heartbeater.cc:344] Connected to a master server at 127.4.104.126:37953
I20260608 12:51:37.711601  5204 heartbeater.cc:461] Registering TS with master...
I20260608 12:51:37.711649  4513 server_base.cc:1061] running on GCE node
I20260608 12:51:37.712698  5204 heartbeater.cc:507] Master 127.4.104.126:37953 requested a full tablet report, sending...
I20260608 12:51:37.712872  4513 hybrid_clock.cc:584] initializing the hybrid clock with 'system_unsync' time source
W20260608 12:51:37.713186  4513 system_unsync_time.cc:38] NTP support is disabled. Clock error bounds will not be accurate. This configuration is not suitable for distributed clusters.
I20260608 12:51:37.713419  4513 hybrid_clock.cc:648] HybridClock initialized: now 1780923097713399 us; error 0 us; skew 500 ppm
I20260608 12:51:37.714227  4513 server_base.cc:861] Flag tcmalloc_max_total_thread_cache_bytes is not working since tcmalloc is not enabled.
I20260608 12:51:37.715070  5077 ts_manager.cc:194] Registered new tserver with Master: fe5250f2670f4b98bc261ca0402e8238 (127.4.104.65:35929)
I20260608 12:51:37.716868  4513 webserver.cc:533] Webserver started at http://127.4.104.66:33009/ using document root <none> and password file <none>
I20260608 12:51:37.717253  5077 master_service.cc:502] Signed X509 certificate for tserver {username='slave'} at 127.0.0.1:39702
I20260608 12:51:37.717432  4513 fs_manager.cc:362] Metadata directory not provided
I20260608 12:51:37.717705  4513 fs_manager.cc:368] Using write-ahead log directory (fs_wal_dir) as metadata directory
I20260608 12:51:37.717975  4513 server_base.cc:909] This appears to be a new deployment of Kudu; creating new FS layout
I20260608 12:51:37.719126  4513 fs_manager.cc:1068] Generated new instance metadata in path /tmp/dist-test-taskx9x8YX/test-tmp/auto_rebalancer-test.0.AutoRebalancerTest.AutoRebalancingTurnOffAndOn.1780923092341965-4513-0/minicluster-data/ts-1-root/instance:
uuid: "7ea5e269cc1444a7a709f86ee0d636d3"
format_stamp: "Formatted at 2026-06-08 12:51:37 on dist-test-slave-91lv"
I20260608 12:51:37.723438  4513 fs_manager.cc:696] Time spent creating directory manager: real 0.004s	user 0.002s	sys 0.003s
I20260608 12:51:37.726720  5216 log_block_manager.cc:4031] Time spent loading block containers with low live blocks: real 0.000s	user 0.000s	sys 0.000s
I20260608 12:51:37.727456  4513 fs_manager.cc:730] Time spent opening block manager: real 0.002s	user 0.001s	sys 0.000s
I20260608 12:51:37.727743  4513 fs_manager.cc:647] Opened local filesystem: /tmp/dist-test-taskx9x8YX/test-tmp/auto_rebalancer-test.0.AutoRebalancerTest.AutoRebalancingTurnOffAndOn.1780923092341965-4513-0/minicluster-data/ts-1-root
uuid: "7ea5e269cc1444a7a709f86ee0d636d3"
format_stamp: "Formatted at 2026-06-08 12:51:37 on dist-test-slave-91lv"
I20260608 12:51:37.728004  4513 fs_report.cc:389] FS layout report
--------------------
wal directory: /tmp/dist-test-taskx9x8YX/test-tmp/auto_rebalancer-test.0.AutoRebalancerTest.AutoRebalancingTurnOffAndOn.1780923092341965-4513-0/minicluster-data/ts-1-root
metadata directory: /tmp/dist-test-taskx9x8YX/test-tmp/auto_rebalancer-test.0.AutoRebalancerTest.AutoRebalancingTurnOffAndOn.1780923092341965-4513-0/minicluster-data/ts-1-root
1 data directories: /tmp/dist-test-taskx9x8YX/test-tmp/auto_rebalancer-test.0.AutoRebalancerTest.AutoRebalancingTurnOffAndOn.1780923092341965-4513-0/minicluster-data/ts-1-root/data
Total live blocks: 0
Total live bytes: 0
Total live bytes (after alignment): 0
Total number of LBM containers: 0 (0 full)
Did not check for missing blocks
Did not check for orphaned blocks
Total full LBM containers with extra space: 0 (0 repaired)
Total full LBM container extra space in bytes: 0 (0 repaired)
Total incomplete LBM containers: 0 (0 repaired)
Total LBM partial records: 0 (0 repaired)
Total corrupted LBM metadata records in RocksDB: 0 (0 repaired)
I20260608 12:51:37.736809  4513 rpc_server.cc:225] running with OpenSSL 1.1.1  11 Sep 2018
I20260608 12:51:37.738210  4513 kserver.cc:163] Server-wide thread pool size limit: 3276
I20260608 12:51:37.740038  4513 txn_system_client.cc:432] TxnSystemClient initialization is disabled...
I20260608 12:51:37.742290  4513 ts_tablet_manager.cc:585] Loaded tablet metadata (0 total tablets, 0 live tablets)
I20260608 12:51:37.742460  4513 ts_tablet_manager.cc:531] Time spent load tablet metadata: real 0.000s	user 0.000s	sys 0.000s
I20260608 12:51:37.742759  4513 ts_tablet_manager.cc:616] Registered 0 tablets
I20260608 12:51:37.742903  4513 ts_tablet_manager.cc:595] Time spent register tablets: real 0.000s	user 0.000s	sys 0.000s
I20260608 12:51:37.780524  4513 rpc_server.cc:307] RPC server started. Bound to: 127.4.104.66:32913
I20260608 12:51:37.780632  5278 acceptor_pool.cc:272] collecting diagnostics on the listening RPC socket 127.4.104.66:32913 every 8 connection(s)
I20260608 12:51:37.785355  4513 file_cache.cc:492] Constructed file cache file cache with capacity 419430
W20260608 12:51:37.791715  5282 instance_detector.cc:116] could not retrieve AWS instance metadata: Network error: curl error: HTTP response code said error: The requested URL returned error: 404
W20260608 12:51:37.793562  5283 instance_detector.cc:116] could not retrieve Azure instance metadata: Network error: curl error: HTTP response code said error: The requested URL returned error: 404
I20260608 12:51:37.797765  4513 server_base.cc:1061] running on GCE node
I20260608 12:51:37.797801  5279 heartbeater.cc:344] Connected to a master server at 127.4.104.126:37953
I20260608 12:51:37.798547  5279 heartbeater.cc:461] Registering TS with master...
W20260608 12:51:37.799140  5285 instance_detector.cc:116] could not retrieve OpenStack instance metadata: Network error: curl error: HTTP response code said error: The requested URL returned error: 404
I20260608 12:51:37.799427  5279 heartbeater.cc:507] Master 127.4.104.126:37953 requested a full tablet report, sending...
I20260608 12:51:37.800067  4513 hybrid_clock.cc:584] initializing the hybrid clock with 'system_unsync' time source
W20260608 12:51:37.800325  4513 system_unsync_time.cc:38] NTP support is disabled. Clock error bounds will not be accurate. This configuration is not suitable for distributed clusters.
I20260608 12:51:37.800504  4513 hybrid_clock.cc:648] HybridClock initialized: now 1780923097800488 us; error 0 us; skew 500 ppm
I20260608 12:51:37.801244  4513 server_base.cc:861] Flag tcmalloc_max_total_thread_cache_bytes is not working since tcmalloc is not enabled.
I20260608 12:51:37.801690  5077 ts_manager.cc:194] Registered new tserver with Master: 7ea5e269cc1444a7a709f86ee0d636d3 (127.4.104.66:32913)
I20260608 12:51:37.803501  5077 master_service.cc:502] Signed X509 certificate for tserver {username='slave'} at 127.0.0.1:39718
I20260608 12:51:37.803982  4513 webserver.cc:533] Webserver started at http://127.4.104.67:35539/ using document root <none> and password file <none>
I20260608 12:51:37.804636  4513 fs_manager.cc:362] Metadata directory not provided
I20260608 12:51:37.804803  4513 fs_manager.cc:368] Using write-ahead log directory (fs_wal_dir) as metadata directory
I20260608 12:51:37.805085  4513 server_base.cc:909] This appears to be a new deployment of Kudu; creating new FS layout
I20260608 12:51:37.806090  4513 fs_manager.cc:1068] Generated new instance metadata in path /tmp/dist-test-taskx9x8YX/test-tmp/auto_rebalancer-test.0.AutoRebalancerTest.AutoRebalancingTurnOffAndOn.1780923092341965-4513-0/minicluster-data/ts-2-root/instance:
uuid: "cc93a100d8de477a941db94628dd8a40"
format_stamp: "Formatted at 2026-06-08 12:51:37 on dist-test-slave-91lv"
I20260608 12:51:37.810576  4513 fs_manager.cc:696] Time spent creating directory manager: real 0.004s	user 0.005s	sys 0.000s
I20260608 12:51:37.813756  5290 log_block_manager.cc:4031] Time spent loading block containers with low live blocks: real 0.000s	user 0.000s	sys 0.000s
I20260608 12:51:37.814536  4513 fs_manager.cc:730] Time spent opening block manager: real 0.002s	user 0.003s	sys 0.000s
I20260608 12:51:37.814777  4513 fs_manager.cc:647] Opened local filesystem: /tmp/dist-test-taskx9x8YX/test-tmp/auto_rebalancer-test.0.AutoRebalancerTest.AutoRebalancingTurnOffAndOn.1780923092341965-4513-0/minicluster-data/ts-2-root
uuid: "cc93a100d8de477a941db94628dd8a40"
format_stamp: "Formatted at 2026-06-08 12:51:37 on dist-test-slave-91lv"
I20260608 12:51:37.815008  4513 fs_report.cc:389] FS layout report
--------------------
wal directory: /tmp/dist-test-taskx9x8YX/test-tmp/auto_rebalancer-test.0.AutoRebalancerTest.AutoRebalancingTurnOffAndOn.1780923092341965-4513-0/minicluster-data/ts-2-root
metadata directory: /tmp/dist-test-taskx9x8YX/test-tmp/auto_rebalancer-test.0.AutoRebalancerTest.AutoRebalancingTurnOffAndOn.1780923092341965-4513-0/minicluster-data/ts-2-root
1 data directories: /tmp/dist-test-taskx9x8YX/test-tmp/auto_rebalancer-test.0.AutoRebalancerTest.AutoRebalancingTurnOffAndOn.1780923092341965-4513-0/minicluster-data/ts-2-root/data
Total live blocks: 0
Total live bytes: 0
Total live bytes (after alignment): 0
Total number of LBM containers: 0 (0 full)
Did not check for missing blocks
Did not check for orphaned blocks
Total full LBM containers with extra space: 0 (0 repaired)
Total full LBM container extra space in bytes: 0 (0 repaired)
Total incomplete LBM containers: 0 (0 repaired)
Total LBM partial records: 0 (0 repaired)
Total corrupted LBM metadata records in RocksDB: 0 (0 repaired)
I20260608 12:51:37.839167  4513 rpc_server.cc:225] running with OpenSSL 1.1.1  11 Sep 2018
I20260608 12:51:37.840175  4513 kserver.cc:163] Server-wide thread pool size limit: 3276
I20260608 12:51:37.841511  4513 txn_system_client.cc:432] TxnSystemClient initialization is disabled...
I20260608 12:51:37.843724  4513 ts_tablet_manager.cc:585] Loaded tablet metadata (0 total tablets, 0 live tablets)
I20260608 12:51:37.843905  4513 ts_tablet_manager.cc:531] Time spent load tablet metadata: real 0.000s	user 0.000s	sys 0.000s
I20260608 12:51:37.844200  4513 ts_tablet_manager.cc:616] Registered 0 tablets
I20260608 12:51:37.844369  4513 ts_tablet_manager.cc:595] Time spent register tablets: real 0.000s	user 0.000s	sys 0.000s
I20260608 12:51:37.881610  4513 rpc_server.cc:307] RPC server started. Bound to: 127.4.104.67:39669
I20260608 12:51:37.881742  5352 acceptor_pool.cc:272] collecting diagnostics on the listening RPC socket 127.4.104.67:39669 every 8 connection(s)
I20260608 12:51:37.895458  5353 heartbeater.cc:344] Connected to a master server at 127.4.104.126:37953
I20260608 12:51:37.895884  5353 heartbeater.cc:461] Registering TS with master...
I20260608 12:51:37.896673  5353 heartbeater.cc:507] Master 127.4.104.126:37953 requested a full tablet report, sending...
I20260608 12:51:37.898680  5077 ts_manager.cc:194] Registered new tserver with Master: cc93a100d8de477a941db94628dd8a40 (127.4.104.67:39669)
I20260608 12:51:37.899510  4513 internal_mini_cluster.cc:371] 3 TS(s) registered with all masters after 0.014535712s
I20260608 12:51:37.899976  5077 master_service.cc:502] Signed X509 certificate for tserver {username='slave'} at 127.0.0.1:39724
I20260608 12:51:38.719682  5204 heartbeater.cc:499] Master 127.4.104.126:37953 was elected leader, sending a full tablet report...
I20260608 12:51:38.806289  5279 heartbeater.cc:499] Master 127.4.104.126:37953 was elected leader, sending a full tablet report...
I20260608 12:51:38.902786  5353 heartbeater.cc:499] Master 127.4.104.126:37953 was elected leader, sending a full tablet report...
I20260608 12:51:38.957168  5077 catalog_manager.cc:2282] Servicing CreateTable request from {username='slave'} at 127.0.0.1:39732:
name: "test-workload"
schema {
  columns {
    name: "key"
    type: INT32
    is_key: true
    is_nullable: false
    encoding: AUTO_ENCODING
    compression: DEFAULT_COMPRESSION
    cfile_block_size: 0
    immutable: false
  }
  columns {
    name: "int_val"
    type: INT32
    is_key: false
    is_nullable: false
    encoding: AUTO_ENCODING
    compression: DEFAULT_COMPRESSION
    cfile_block_size: 0
    immutable: false
  }
  columns {
    name: "string_val"
    type: STRING
    is_key: false
    is_nullable: true
    encoding: AUTO_ENCODING
    compression: DEFAULT_COMPRESSION
    cfile_block_size: 0
    immutable: false
  }
}
num_replicas: 3
split_rows_range_bounds {
  rows: "\004\001\000\377\377\377\017\004\001\000\376\377\377\037\004\001\000\375\377\377/\004\001\000\374\377\377?\004\001\000\373\377\377O\004\001\000\372\377\377_\004\001\000\371\377\377o""\004\001\000\377\377\377\017\004\001\000\376\377\377\037\004\001\000\375\377\377/\004\001\000\374\377\377?\004\001\000\373\377\377O\004\001\000\372\377\377_\004\001\000\371\377\377o"
  indirect_data: """"
}
partition_schema {
  range_schema {
    columns {
      name: "key"
    }
  }
}
W20260608 12:51:38.959758  5077 catalog_manager.cc:7076] The number of live tablet servers is not enough to re-replicate a tablet replica of the newly created table test-workload in case of a server failure: 4 tablet servers would be needed, 3 are available. Consider bringing up more tablet servers.
I20260608 12:51:39.026623  5243 tablet_service.cc:1511] Processing CreateTablet for tablet 89fc968078a14459a7ebf80d269b1e80 (DEFAULT_TABLE table=test-workload [id=6e57336a6008406e9e78ec901ff5f867]), partition=RANGE (key) PARTITION 268435455 <= VALUES < 536870910
I20260608 12:51:39.028304  5243 data_dirs.cc:400] Could only allocate 1 dirs of requested 3 for tablet 89fc968078a14459a7ebf80d269b1e80. 1 dirs total, 0 dirs full, 0 dirs failed
I20260608 12:51:39.030151  5244 tablet_service.cc:1511] Processing CreateTablet for tablet 75e15172a71a479586729af246e48e7e (DEFAULT_TABLE table=test-workload [id=6e57336a6008406e9e78ec901ff5f867]), partition=RANGE (key) PARTITION VALUES < 268435455
I20260608 12:51:39.031596  5244 data_dirs.cc:400] Could only allocate 1 dirs of requested 3 for tablet 75e15172a71a479586729af246e48e7e. 1 dirs total, 0 dirs full, 0 dirs failed
I20260608 12:51:39.032795  5318 tablet_service.cc:1511] Processing CreateTablet for tablet 75e15172a71a479586729af246e48e7e (DEFAULT_TABLE table=test-workload [id=6e57336a6008406e9e78ec901ff5f867]), partition=RANGE (key) PARTITION VALUES < 268435455
I20260608 12:51:39.034195  5318 data_dirs.cc:400] Could only allocate 1 dirs of requested 3 for tablet 75e15172a71a479586729af246e48e7e. 1 dirs total, 0 dirs full, 0 dirs failed
I20260608 12:51:39.038254  5317 tablet_service.cc:1511] Processing CreateTablet for tablet 89fc968078a14459a7ebf80d269b1e80 (DEFAULT_TABLE table=test-workload [id=6e57336a6008406e9e78ec901ff5f867]), partition=RANGE (key) PARTITION 268435455 <= VALUES < 536870910
I20260608 12:51:39.039685  5317 data_dirs.cc:400] Could only allocate 1 dirs of requested 3 for tablet 89fc968078a14459a7ebf80d269b1e80. 1 dirs total, 0 dirs full, 0 dirs failed
I20260608 12:51:39.041662  5242 tablet_service.cc:1511] Processing CreateTablet for tablet 84c77aa281cd4498ae08d591d24bb08b (DEFAULT_TABLE table=test-workload [id=6e57336a6008406e9e78ec901ff5f867]), partition=RANGE (key) PARTITION 536870910 <= VALUES < 805306365
I20260608 12:51:39.043071  5242 data_dirs.cc:400] Could only allocate 1 dirs of requested 3 for tablet 84c77aa281cd4498ae08d591d24bb08b. 1 dirs total, 0 dirs full, 0 dirs failed
I20260608 12:51:39.043758  5169 tablet_service.cc:1511] Processing CreateTablet for tablet 75e15172a71a479586729af246e48e7e (DEFAULT_TABLE table=test-workload [id=6e57336a6008406e9e78ec901ff5f867]), partition=RANGE (key) PARTITION VALUES < 268435455
I20260608 12:51:39.045173  5169 data_dirs.cc:400] Could only allocate 1 dirs of requested 3 for tablet 75e15172a71a479586729af246e48e7e. 1 dirs total, 0 dirs full, 0 dirs failed
I20260608 12:51:39.046396  5316 tablet_service.cc:1511] Processing CreateTablet for tablet 84c77aa281cd4498ae08d591d24bb08b (DEFAULT_TABLE table=test-workload [id=6e57336a6008406e9e78ec901ff5f867]), partition=RANGE (key) PARTITION 536870910 <= VALUES < 805306365
I20260608 12:51:39.047792  5316 data_dirs.cc:400] Could only allocate 1 dirs of requested 3 for tablet 84c77aa281cd4498ae08d591d24bb08b. 1 dirs total, 0 dirs full, 0 dirs failed
I20260608 12:51:39.050339  5315 tablet_service.cc:1511] Processing CreateTablet for tablet 57ba47ba397c46fea1635e5e07f0fd10 (DEFAULT_TABLE table=test-workload [id=6e57336a6008406e9e78ec901ff5f867]), partition=RANGE (key) PARTITION 805306365 <= VALUES < 1073741820
I20260608 12:51:39.050384  5167 tablet_service.cc:1511] Processing CreateTablet for tablet 84c77aa281cd4498ae08d591d24bb08b (DEFAULT_TABLE table=test-workload [id=6e57336a6008406e9e78ec901ff5f867]), partition=RANGE (key) PARTITION 536870910 <= VALUES < 805306365
I20260608 12:51:39.051853  5315 data_dirs.cc:400] Could only allocate 1 dirs of requested 3 for tablet 57ba47ba397c46fea1635e5e07f0fd10. 1 dirs total, 0 dirs full, 0 dirs failed
I20260608 12:51:39.052001  5167 data_dirs.cc:400] Could only allocate 1 dirs of requested 3 for tablet 84c77aa281cd4498ae08d591d24bb08b. 1 dirs total, 0 dirs full, 0 dirs failed
I20260608 12:51:39.050384  5168 tablet_service.cc:1511] Processing CreateTablet for tablet 89fc968078a14459a7ebf80d269b1e80 (DEFAULT_TABLE table=test-workload [id=6e57336a6008406e9e78ec901ff5f867]), partition=RANGE (key) PARTITION 268435455 <= VALUES < 536870910
I20260608 12:51:39.053993  5168 data_dirs.cc:400] Could only allocate 1 dirs of requested 3 for tablet 89fc968078a14459a7ebf80d269b1e80. 1 dirs total, 0 dirs full, 0 dirs failed
I20260608 12:51:39.053817  5166 tablet_service.cc:1511] Processing CreateTablet for tablet 57ba47ba397c46fea1635e5e07f0fd10 (DEFAULT_TABLE table=test-workload [id=6e57336a6008406e9e78ec901ff5f867]), partition=RANGE (key) PARTITION 805306365 <= VALUES < 1073741820
I20260608 12:51:39.055253  5166 data_dirs.cc:400] Could only allocate 1 dirs of requested 3 for tablet 57ba47ba397c46fea1635e5e07f0fd10. 1 dirs total, 0 dirs full, 0 dirs failed
I20260608 12:51:39.055063  5240 tablet_service.cc:1511] Processing CreateTablet for tablet 59d99531762a409d85303bc9fa88846c (DEFAULT_TABLE table=test-workload [id=6e57336a6008406e9e78ec901ff5f867]), partition=RANGE (key) PARTITION 1073741820 <= VALUES < 1342177275
I20260608 12:51:39.057482  5314 tablet_service.cc:1511] Processing CreateTablet for tablet 59d99531762a409d85303bc9fa88846c (DEFAULT_TABLE table=test-workload [id=6e57336a6008406e9e78ec901ff5f867]), partition=RANGE (key) PARTITION 1073741820 <= VALUES < 1342177275
I20260608 12:51:39.058374  5165 tablet_service.cc:1511] Processing CreateTablet for tablet 59d99531762a409d85303bc9fa88846c (DEFAULT_TABLE table=test-workload [id=6e57336a6008406e9e78ec901ff5f867]), partition=RANGE (key) PARTITION 1073741820 <= VALUES < 1342177275
I20260608 12:51:39.058884  5314 data_dirs.cc:400] Could only allocate 1 dirs of requested 3 for tablet 59d99531762a409d85303bc9fa88846c. 1 dirs total, 0 dirs full, 0 dirs failed
I20260608 12:51:39.059747  5165 data_dirs.cc:400] Could only allocate 1 dirs of requested 3 for tablet 59d99531762a409d85303bc9fa88846c. 1 dirs total, 0 dirs full, 0 dirs failed
I20260608 12:51:39.062361  5164 tablet_service.cc:1511] Processing CreateTablet for tablet f14bd22799574fb6a53971883226fa6d (DEFAULT_TABLE table=test-workload [id=6e57336a6008406e9e78ec901ff5f867]), partition=RANGE (key) PARTITION 1342177275 <= VALUES < 1610612730
I20260608 12:51:39.062541  5239 tablet_service.cc:1511] Processing CreateTablet for tablet f14bd22799574fb6a53971883226fa6d (DEFAULT_TABLE table=test-workload [id=6e57336a6008406e9e78ec901ff5f867]), partition=RANGE (key) PARTITION 1342177275 <= VALUES < 1610612730
I20260608 12:51:39.063757  5164 data_dirs.cc:400] Could only allocate 1 dirs of requested 3 for tablet f14bd22799574fb6a53971883226fa6d. 1 dirs total, 0 dirs full, 0 dirs failed
I20260608 12:51:39.053812  5241 tablet_service.cc:1511] Processing CreateTablet for tablet 57ba47ba397c46fea1635e5e07f0fd10 (DEFAULT_TABLE table=test-workload [id=6e57336a6008406e9e78ec901ff5f867]), partition=RANGE (key) PARTITION 805306365 <= VALUES < 1073741820
I20260608 12:51:39.066560  5241 data_dirs.cc:400] Could only allocate 1 dirs of requested 3 for tablet 57ba47ba397c46fea1635e5e07f0fd10. 1 dirs total, 0 dirs full, 0 dirs failed
I20260608 12:51:39.097469  5240 data_dirs.cc:400] Could only allocate 1 dirs of requested 3 for tablet 59d99531762a409d85303bc9fa88846c. 1 dirs total, 0 dirs full, 0 dirs failed
I20260608 12:51:39.105456  5239 data_dirs.cc:400] Could only allocate 1 dirs of requested 3 for tablet f14bd22799574fb6a53971883226fa6d. 1 dirs total, 0 dirs full, 0 dirs failed
I20260608 12:51:39.133416  5313 tablet_service.cc:1511] Processing CreateTablet for tablet f14bd22799574fb6a53971883226fa6d (DEFAULT_TABLE table=test-workload [id=6e57336a6008406e9e78ec901ff5f867]), partition=RANGE (key) PARTITION 1342177275 <= VALUES < 1610612730
I20260608 12:51:39.135114  5313 data_dirs.cc:400] Could only allocate 1 dirs of requested 3 for tablet f14bd22799574fb6a53971883226fa6d. 1 dirs total, 0 dirs full, 0 dirs failed
I20260608 12:51:39.168840  5373 tablet_bootstrap.cc:492] T 75e15172a71a479586729af246e48e7e P fe5250f2670f4b98bc261ca0402e8238: Bootstrap starting.
I20260608 12:51:39.170571  5374 tablet_bootstrap.cc:492] T 84c77aa281cd4498ae08d591d24bb08b P 7ea5e269cc1444a7a709f86ee0d636d3: Bootstrap starting.
I20260608 12:51:39.182004  5241 tablet_service.cc:1511] Processing CreateTablet for tablet 4001818523894ce7a047aaeb30e6a980 (DEFAULT_TABLE table=test-workload [id=6e57336a6008406e9e78ec901ff5f867]), partition=RANGE (key) PARTITION 1610612730 <= VALUES < 1879048185
I20260608 12:51:39.183421  5241 data_dirs.cc:400] Could only allocate 1 dirs of requested 3 for tablet 4001818523894ce7a047aaeb30e6a980. 1 dirs total, 0 dirs full, 0 dirs failed
I20260608 12:51:39.185730  5374 tablet_bootstrap.cc:654] T 84c77aa281cd4498ae08d591d24bb08b P 7ea5e269cc1444a7a709f86ee0d636d3: Neither blocks nor log segments found. Creating new log.
I20260608 12:51:39.184290  5169 tablet_service.cc:1511] Processing CreateTablet for tablet 4001818523894ce7a047aaeb30e6a980 (DEFAULT_TABLE table=test-workload [id=6e57336a6008406e9e78ec901ff5f867]), partition=RANGE (key) PARTITION 1610612730 <= VALUES < 1879048185
I20260608 12:51:39.191563  5313 tablet_service.cc:1511] Processing CreateTablet for tablet 4001818523894ce7a047aaeb30e6a980 (DEFAULT_TABLE table=test-workload [id=6e57336a6008406e9e78ec901ff5f867]), partition=RANGE (key) PARTITION 1610612730 <= VALUES < 1879048185
I20260608 12:51:39.192886  5313 data_dirs.cc:400] Could only allocate 1 dirs of requested 3 for tablet 4001818523894ce7a047aaeb30e6a980. 1 dirs total, 0 dirs full, 0 dirs failed
I20260608 12:51:39.196313  5240 tablet_service.cc:1511] Processing CreateTablet for tablet e6052b3b7cb24586bbab5c23d6b25f63 (DEFAULT_TABLE table=test-workload [id=6e57336a6008406e9e78ec901ff5f867]), partition=RANGE (key) PARTITION 1879048185 <= VALUES
I20260608 12:51:39.197327  5169 data_dirs.cc:400] Could only allocate 1 dirs of requested 3 for tablet 4001818523894ce7a047aaeb30e6a980. 1 dirs total, 0 dirs full, 0 dirs failed
I20260608 12:51:39.200073  5316 tablet_service.cc:1511] Processing CreateTablet for tablet e6052b3b7cb24586bbab5c23d6b25f63 (DEFAULT_TABLE table=test-workload [id=6e57336a6008406e9e78ec901ff5f867]), partition=RANGE (key) PARTITION 1879048185 <= VALUES
I20260608 12:51:39.201210  5240 data_dirs.cc:400] Could only allocate 1 dirs of requested 3 for tablet e6052b3b7cb24586bbab5c23d6b25f63. 1 dirs total, 0 dirs full, 0 dirs failed
I20260608 12:51:39.201812  5316 data_dirs.cc:400] Could only allocate 1 dirs of requested 3 for tablet e6052b3b7cb24586bbab5c23d6b25f63. 1 dirs total, 0 dirs full, 0 dirs failed
I20260608 12:51:39.208843  5166 tablet_service.cc:1511] Processing CreateTablet for tablet e6052b3b7cb24586bbab5c23d6b25f63 (DEFAULT_TABLE table=test-workload [id=6e57336a6008406e9e78ec901ff5f867]), partition=RANGE (key) PARTITION 1879048185 <= VALUES
I20260608 12:51:39.216528  5166 data_dirs.cc:400] Could only allocate 1 dirs of requested 3 for tablet e6052b3b7cb24586bbab5c23d6b25f63. 1 dirs total, 0 dirs full, 0 dirs failed
I20260608 12:51:39.208894  5373 tablet_bootstrap.cc:654] T 75e15172a71a479586729af246e48e7e P fe5250f2670f4b98bc261ca0402e8238: Neither blocks nor log segments found. Creating new log.
I20260608 12:51:39.235389  5375 tablet_bootstrap.cc:492] T 75e15172a71a479586729af246e48e7e P cc93a100d8de477a941db94628dd8a40: Bootstrap starting.
I20260608 12:51:39.240389  5374 tablet_bootstrap.cc:492] T 84c77aa281cd4498ae08d591d24bb08b P 7ea5e269cc1444a7a709f86ee0d636d3: No bootstrap required, opened a new log
I20260608 12:51:39.240981  5374 ts_tablet_manager.cc:1403] T 84c77aa281cd4498ae08d591d24bb08b P 7ea5e269cc1444a7a709f86ee0d636d3: Time spent bootstrapping tablet: real 0.071s	user 0.012s	sys 0.013s
I20260608 12:51:39.242748  5373 tablet_bootstrap.cc:492] T 75e15172a71a479586729af246e48e7e P fe5250f2670f4b98bc261ca0402e8238: No bootstrap required, opened a new log
I20260608 12:51:39.243304  5373 ts_tablet_manager.cc:1403] T 75e15172a71a479586729af246e48e7e P fe5250f2670f4b98bc261ca0402e8238: Time spent bootstrapping tablet: real 0.075s	user 0.013s	sys 0.004s
I20260608 12:51:39.244277  5375 tablet_bootstrap.cc:654] T 75e15172a71a479586729af246e48e7e P cc93a100d8de477a941db94628dd8a40: Neither blocks nor log segments found. Creating new log.
I20260608 12:51:39.244185  5374 raft_consensus.cc:359] T 84c77aa281cd4498ae08d591d24bb08b P 7ea5e269cc1444a7a709f86ee0d636d3 [term 0 FOLLOWER]: Replica starting. Triggering 0 pending ops. Active config: opid_index: -1 OBSOLETE_local: false peers { permanent_uuid: "fe5250f2670f4b98bc261ca0402e8238" member_type: VOTER last_known_addr { host: "127.4.104.65" port: 35929 } } peers { permanent_uuid: "7ea5e269cc1444a7a709f86ee0d636d3" member_type: VOTER last_known_addr { host: "127.4.104.66" port: 32913 } } peers { permanent_uuid: "cc93a100d8de477a941db94628dd8a40" member_type: VOTER last_known_addr { host: "127.4.104.67" port: 39669 } }
I20260608 12:51:39.246877  5373 raft_consensus.cc:359] T 75e15172a71a479586729af246e48e7e P fe5250f2670f4b98bc261ca0402e8238 [term 0 FOLLOWER]: Replica starting. Triggering 0 pending ops. Active config: opid_index: -1 OBSOLETE_local: false peers { permanent_uuid: "7ea5e269cc1444a7a709f86ee0d636d3" member_type: VOTER last_known_addr { host: "127.4.104.66" port: 32913 } } peers { permanent_uuid: "cc93a100d8de477a941db94628dd8a40" member_type: VOTER last_known_addr { host: "127.4.104.67" port: 39669 } } peers { permanent_uuid: "fe5250f2670f4b98bc261ca0402e8238" member_type: VOTER last_known_addr { host: "127.4.104.65" port: 35929 } }
I20260608 12:51:39.249197  5374 raft_consensus.cc:385] T 84c77aa281cd4498ae08d591d24bb08b P 7ea5e269cc1444a7a709f86ee0d636d3 [term 0 FOLLOWER]: Consensus starting up: Expiring failure detector timer to make a prompt election more likely
I20260608 12:51:39.249287  5373 raft_consensus.cc:385] T 75e15172a71a479586729af246e48e7e P fe5250f2670f4b98bc261ca0402e8238 [term 0 FOLLOWER]: Consensus starting up: Expiring failure detector timer to make a prompt election more likely
I20260608 12:51:39.249765  5374 raft_consensus.cc:740] T 84c77aa281cd4498ae08d591d24bb08b P 7ea5e269cc1444a7a709f86ee0d636d3 [term 0 FOLLOWER]: Becoming Follower/Learner. State: Replica: 7ea5e269cc1444a7a709f86ee0d636d3, State: Initialized, Role: FOLLOWER
I20260608 12:51:39.249869  5373 raft_consensus.cc:740] T 75e15172a71a479586729af246e48e7e P fe5250f2670f4b98bc261ca0402e8238 [term 0 FOLLOWER]: Becoming Follower/Learner. State: Replica: fe5250f2670f4b98bc261ca0402e8238, State: Initialized, Role: FOLLOWER
I20260608 12:51:39.250849  5374 consensus_queue.cc:260] T 84c77aa281cd4498ae08d591d24bb08b P 7ea5e269cc1444a7a709f86ee0d636d3 [NON_LEADER]: Queue going to NON_LEADER mode. State: All replicated index: 0, Majority replicated index: 0, Committed index: 0, Last appended: 0.0, Last appended by leader: 0, Current term: 0, Majority size: -1, State: 0, Mode: NON_LEADER, active raft config: opid_index: -1 OBSOLETE_local: false peers { permanent_uuid: "fe5250f2670f4b98bc261ca0402e8238" member_type: VOTER last_known_addr { host: "127.4.104.65" port: 35929 } } peers { permanent_uuid: "7ea5e269cc1444a7a709f86ee0d636d3" member_type: VOTER last_known_addr { host: "127.4.104.66" port: 32913 } } peers { permanent_uuid: "cc93a100d8de477a941db94628dd8a40" member_type: VOTER last_known_addr { host: "127.4.104.67" port: 39669 } }
I20260608 12:51:39.250869  5373 consensus_queue.cc:260] T 75e15172a71a479586729af246e48e7e P fe5250f2670f4b98bc261ca0402e8238 [NON_LEADER]: Queue going to NON_LEADER mode. State: All replicated index: 0, Majority replicated index: 0, Committed index: 0, Last appended: 0.0, Last appended by leader: 0, Current term: 0, Majority size: -1, State: 0, Mode: NON_LEADER, active raft config: opid_index: -1 OBSOLETE_local: false peers { permanent_uuid: "7ea5e269cc1444a7a709f86ee0d636d3" member_type: VOTER last_known_addr { host: "127.4.104.66" port: 32913 } } peers { permanent_uuid: "cc93a100d8de477a941db94628dd8a40" member_type: VOTER last_known_addr { host: "127.4.104.67" port: 39669 } } peers { permanent_uuid: "fe5250f2670f4b98bc261ca0402e8238" member_type: VOTER last_known_addr { host: "127.4.104.65" port: 35929 } }
I20260608 12:51:39.254869  5375 tablet_bootstrap.cc:492] T 75e15172a71a479586729af246e48e7e P cc93a100d8de477a941db94628dd8a40: No bootstrap required, opened a new log
I20260608 12:51:39.255525  5375 ts_tablet_manager.cc:1403] T 75e15172a71a479586729af246e48e7e P cc93a100d8de477a941db94628dd8a40: Time spent bootstrapping tablet: real 0.020s	user 0.005s	sys 0.006s
I20260608 12:51:39.258714  5373 ts_tablet_manager.cc:1434] T 75e15172a71a479586729af246e48e7e P fe5250f2670f4b98bc261ca0402e8238: Time spent starting tablet: real 0.015s	user 0.007s	sys 0.004s
I20260608 12:51:39.258993  5375 raft_consensus.cc:359] T 75e15172a71a479586729af246e48e7e P cc93a100d8de477a941db94628dd8a40 [term 0 FOLLOWER]: Replica starting. Triggering 0 pending ops. Active config: opid_index: -1 OBSOLETE_local: false peers { permanent_uuid: "7ea5e269cc1444a7a709f86ee0d636d3" member_type: VOTER last_known_addr { host: "127.4.104.66" port: 32913 } } peers { permanent_uuid: "cc93a100d8de477a941db94628dd8a40" member_type: VOTER last_known_addr { host: "127.4.104.67" port: 39669 } } peers { permanent_uuid: "fe5250f2670f4b98bc261ca0402e8238" member_type: VOTER last_known_addr { host: "127.4.104.65" port: 35929 } }
I20260608 12:51:39.259737  5375 raft_consensus.cc:385] T 75e15172a71a479586729af246e48e7e P cc93a100d8de477a941db94628dd8a40 [term 0 FOLLOWER]: Consensus starting up: Expiring failure detector timer to make a prompt election more likely
I20260608 12:51:39.260056  5375 raft_consensus.cc:740] T 75e15172a71a479586729af246e48e7e P cc93a100d8de477a941db94628dd8a40 [term 0 FOLLOWER]: Becoming Follower/Learner. State: Replica: cc93a100d8de477a941db94628dd8a40, State: Initialized, Role: FOLLOWER
I20260608 12:51:39.260995  5375 consensus_queue.cc:260] T 75e15172a71a479586729af246e48e7e P cc93a100d8de477a941db94628dd8a40 [NON_LEADER]: Queue going to NON_LEADER mode. State: All replicated index: 0, Majority replicated index: 0, Committed index: 0, Last appended: 0.0, Last appended by leader: 0, Current term: 0, Majority size: -1, State: 0, Mode: NON_LEADER, active raft config: opid_index: -1 OBSOLETE_local: false peers { permanent_uuid: "7ea5e269cc1444a7a709f86ee0d636d3" member_type: VOTER last_known_addr { host: "127.4.104.66" port: 32913 } } peers { permanent_uuid: "cc93a100d8de477a941db94628dd8a40" member_type: VOTER last_known_addr { host: "127.4.104.67" port: 39669 } } peers { permanent_uuid: "fe5250f2670f4b98bc261ca0402e8238" member_type: VOTER last_known_addr { host: "127.4.104.65" port: 35929 } }
I20260608 12:51:39.263931  5374 ts_tablet_manager.cc:1434] T 84c77aa281cd4498ae08d591d24bb08b P 7ea5e269cc1444a7a709f86ee0d636d3: Time spent starting tablet: real 0.023s	user 0.002s	sys 0.014s
I20260608 12:51:39.265059  5374 tablet_bootstrap.cc:492] T 89fc968078a14459a7ebf80d269b1e80 P 7ea5e269cc1444a7a709f86ee0d636d3: Bootstrap starting.
I20260608 12:51:39.265383  5373 tablet_bootstrap.cc:492] T 89fc968078a14459a7ebf80d269b1e80 P fe5250f2670f4b98bc261ca0402e8238: Bootstrap starting.
I20260608 12:51:39.271529  5374 tablet_bootstrap.cc:654] T 89fc968078a14459a7ebf80d269b1e80 P 7ea5e269cc1444a7a709f86ee0d636d3: Neither blocks nor log segments found. Creating new log.
I20260608 12:51:39.271778  5373 tablet_bootstrap.cc:654] T 89fc968078a14459a7ebf80d269b1e80 P fe5250f2670f4b98bc261ca0402e8238: Neither blocks nor log segments found. Creating new log.
I20260608 12:51:39.276089  5375 ts_tablet_manager.cc:1434] T 75e15172a71a479586729af246e48e7e P cc93a100d8de477a941db94628dd8a40: Time spent starting tablet: real 0.020s	user 0.018s	sys 0.003s
I20260608 12:51:39.281757  5375 tablet_bootstrap.cc:492] T 59d99531762a409d85303bc9fa88846c P cc93a100d8de477a941db94628dd8a40: Bootstrap starting.
I20260608 12:51:39.288168  5375 tablet_bootstrap.cc:654] T 59d99531762a409d85303bc9fa88846c P cc93a100d8de477a941db94628dd8a40: Neither blocks nor log segments found. Creating new log.
I20260608 12:51:39.299836  5375 tablet_bootstrap.cc:492] T 59d99531762a409d85303bc9fa88846c P cc93a100d8de477a941db94628dd8a40: No bootstrap required, opened a new log
I20260608 12:51:39.300436  5375 ts_tablet_manager.cc:1403] T 59d99531762a409d85303bc9fa88846c P cc93a100d8de477a941db94628dd8a40: Time spent bootstrapping tablet: real 0.019s	user 0.005s	sys 0.012s
