I20260608 12:52:46.746559  7712 leader_election.cc:290] T cc91213293864561be4c15655146f59c P 508c8e1643264a249a30185fb46dfd05 [CANDIDATE]: Term 1 pre-election: Requested pre-vote from peers 918b858fe1904979922d7b73a73f5b66 (127.4.199.65:41767), 43541aa4cc654befafa74b78cd245581 (127.4.199.66:32827)
I20260608 12:52:46.748082  7708 tablet_bootstrap.cc:492] T cc91213293864561be4c15655146f59c P 918b858fe1904979922d7b73a73f5b66: No bootstrap required, opened a new log
I20260608 12:52:46.748673  7708 ts_tablet_manager.cc:1403] T cc91213293864561be4c15655146f59c P 918b858fe1904979922d7b73a73f5b66: Time spent bootstrapping tablet: real 0.074s	user 0.039s	sys 0.027s
I20260608 12:52:46.750260  7710 tablet_bootstrap.cc:492] T e3bd8d322c2b488395e8ab22a6f90052 P 43541aa4cc654befafa74b78cd245581: No bootstrap required, opened a new log
I20260608 12:52:46.750885  7710 ts_tablet_manager.cc:1403] T e3bd8d322c2b488395e8ab22a6f90052 P 43541aa4cc654befafa74b78cd245581: Time spent bootstrapping tablet: real 0.035s	user 0.016s	sys 0.000s
I20260608 12:52:46.752179  7708 raft_consensus.cc:359] T cc91213293864561be4c15655146f59c P 918b858fe1904979922d7b73a73f5b66 [term 0 FOLLOWER]: Replica starting. Triggering 0 pending ops. Active config: opid_index: -1 OBSOLETE_local: false peers { permanent_uuid: "918b858fe1904979922d7b73a73f5b66" member_type: VOTER last_known_addr { host: "127.4.199.65" port: 41767 } } peers { permanent_uuid: "43541aa4cc654befafa74b78cd245581" member_type: VOTER last_known_addr { host: "127.4.199.66" port: 32827 } } peers { permanent_uuid: "508c8e1643264a249a30185fb46dfd05" member_type: VOTER last_known_addr { host: "127.4.199.67" port: 46375 } }
I20260608 12:52:46.753118  7708 raft_consensus.cc:385] T cc91213293864561be4c15655146f59c P 918b858fe1904979922d7b73a73f5b66 [term 0 FOLLOWER]: Consensus starting up: Expiring failure detector timer to make a prompt election more likely
I20260608 12:52:46.753471  7708 raft_consensus.cc:740] T cc91213293864561be4c15655146f59c P 918b858fe1904979922d7b73a73f5b66 [term 0 FOLLOWER]: Becoming Follower/Learner. State: Replica: 918b858fe1904979922d7b73a73f5b66, State: Initialized, Role: FOLLOWER
I20260608 12:52:46.754423  7710 raft_consensus.cc:359] T e3bd8d322c2b488395e8ab22a6f90052 P 43541aa4cc654befafa74b78cd245581 [term 0 FOLLOWER]: Replica starting. Triggering 0 pending ops. Active config: opid_index: -1 OBSOLETE_local: false peers { permanent_uuid: "918b858fe1904979922d7b73a73f5b66" member_type: VOTER last_known_addr { host: "127.4.199.65" port: 41767 } } peers { permanent_uuid: "43541aa4cc654befafa74b78cd245581" member_type: VOTER last_known_addr { host: "127.4.199.66" port: 32827 } } peers { permanent_uuid: "508c8e1643264a249a30185fb46dfd05" member_type: VOTER last_known_addr { host: "127.4.199.67" port: 46375 } }
I20260608 12:52:46.754540  7708 consensus_queue.cc:260] T cc91213293864561be4c15655146f59c P 918b858fe1904979922d7b73a73f5b66 [NON_LEADER]: Queue going to NON_LEADER mode. State: All replicated index: 0, Majority replicated index: 0, Committed index: 0, Last appended: 0.0, Last appended by leader: 0, Current term: 0, Majority size: -1, State: 0, Mode: NON_LEADER, active raft config: opid_index: -1 OBSOLETE_local: false peers { permanent_uuid: "918b858fe1904979922d7b73a73f5b66" member_type: VOTER last_known_addr { host: "127.4.199.65" port: 41767 } } peers { permanent_uuid: "43541aa4cc654befafa74b78cd245581" member_type: VOTER last_known_addr { host: "127.4.199.66" port: 32827 } } peers { permanent_uuid: "508c8e1643264a249a30185fb46dfd05" member_type: VOTER last_known_addr { host: "127.4.199.67" port: 46375 } }
I20260608 12:52:46.757637  7708 ts_tablet_manager.cc:1434] T cc91213293864561be4c15655146f59c P 918b858fe1904979922d7b73a73f5b66: Time spent starting tablet: real 0.009s	user 0.007s	sys 0.002s
I20260608 12:52:46.758806  7708 tablet_bootstrap.cc:492] T 2eead1d939894d36a381fba894a726ce P 918b858fe1904979922d7b73a73f5b66: Bootstrap starting.
I20260608 12:52:46.756027  7710 raft_consensus.cc:385] T e3bd8d322c2b488395e8ab22a6f90052 P 43541aa4cc654befafa74b78cd245581 [term 0 FOLLOWER]: Consensus starting up: Expiring failure detector timer to make a prompt election more likely
I20260608 12:52:46.760178  7710 raft_consensus.cc:740] T e3bd8d322c2b488395e8ab22a6f90052 P 43541aa4cc654befafa74b78cd245581 [term 0 FOLLOWER]: Becoming Follower/Learner. State: Replica: 43541aa4cc654befafa74b78cd245581, State: Initialized, Role: FOLLOWER
I20260608 12:52:46.761473  7707 tablet_bootstrap.cc:492] T 1603f742d51f47dc860deaa056688c70 P 508c8e1643264a249a30185fb46dfd05: No bootstrap required, opened a new log
I20260608 12:52:46.761229  7710 consensus_queue.cc:260] T e3bd8d322c2b488395e8ab22a6f90052 P 43541aa4cc654befafa74b78cd245581 [NON_LEADER]: Queue going to NON_LEADER mode. State: All replicated index: 0, Majority replicated index: 0, Committed index: 0, Last appended: 0.0, Last appended by leader: 0, Current term: 0, Majority size: -1, State: 0, Mode: NON_LEADER, active raft config: opid_index: -1 OBSOLETE_local: false peers { permanent_uuid: "918b858fe1904979922d7b73a73f5b66" member_type: VOTER last_known_addr { host: "127.4.199.65" port: 41767 } } peers { permanent_uuid: "43541aa4cc654befafa74b78cd245581" member_type: VOTER last_known_addr { host: "127.4.199.66" port: 32827 } } peers { permanent_uuid: "508c8e1643264a249a30185fb46dfd05" member_type: VOTER last_known_addr { host: "127.4.199.67" port: 46375 } }
I20260608 12:52:46.762229  7707 ts_tablet_manager.cc:1403] T 1603f742d51f47dc860deaa056688c70 P 508c8e1643264a249a30185fb46dfd05: Time spent bootstrapping tablet: real 0.126s	user 0.022s	sys 0.094s
I20260608 12:52:46.765817  7708 tablet_bootstrap.cc:654] T 2eead1d939894d36a381fba894a726ce P 918b858fe1904979922d7b73a73f5b66: Neither blocks nor log segments found. Creating new log.
I20260608 12:52:46.765929  7707 raft_consensus.cc:359] T 1603f742d51f47dc860deaa056688c70 P 508c8e1643264a249a30185fb46dfd05 [term 0 FOLLOWER]: Replica starting. Triggering 0 pending ops. Active config: opid_index: -1 OBSOLETE_local: false peers { permanent_uuid: "918b858fe1904979922d7b73a73f5b66" member_type: VOTER last_known_addr { host: "127.4.199.65" port: 41767 } } peers { permanent_uuid: "508c8e1643264a249a30185fb46dfd05" member_type: VOTER last_known_addr { host: "127.4.199.67" port: 46375 } } peers { permanent_uuid: "43541aa4cc654befafa74b78cd245581" member_type: VOTER last_known_addr { host: "127.4.199.66" port: 32827 } }
I20260608 12:52:46.767135  7707 raft_consensus.cc:385] T 1603f742d51f47dc860deaa056688c70 P 508c8e1643264a249a30185fb46dfd05 [term 0 FOLLOWER]: Consensus starting up: Expiring failure detector timer to make a prompt election more likely
I20260608 12:52:46.767557  7707 raft_consensus.cc:740] T 1603f742d51f47dc860deaa056688c70 P 508c8e1643264a249a30185fb46dfd05 [term 0 FOLLOWER]: Becoming Follower/Learner. State: Replica: 508c8e1643264a249a30185fb46dfd05, State: Initialized, Role: FOLLOWER
I20260608 12:52:46.768546  7707 consensus_queue.cc:260] T 1603f742d51f47dc860deaa056688c70 P 508c8e1643264a249a30185fb46dfd05 [NON_LEADER]: Queue going to NON_LEADER mode. State: All replicated index: 0, Majority replicated index: 0, Committed index: 0, Last appended: 0.0, Last appended by leader: 0, Current term: 0, Majority size: -1, State: 0, Mode: NON_LEADER, active raft config: opid_index: -1 OBSOLETE_local: false peers { permanent_uuid: "918b858fe1904979922d7b73a73f5b66" member_type: VOTER last_known_addr { host: "127.4.199.65" port: 41767 } } peers { permanent_uuid: "508c8e1643264a249a30185fb46dfd05" member_type: VOTER last_known_addr { host: "127.4.199.67" port: 46375 } } peers { permanent_uuid: "43541aa4cc654befafa74b78cd245581" member_type: VOTER last_known_addr { host: "127.4.199.66" port: 32827 } }
I20260608 12:52:46.765821  7710 ts_tablet_manager.cc:1434] T e3bd8d322c2b488395e8ab22a6f90052 P 43541aa4cc654befafa74b78cd245581: Time spent starting tablet: real 0.015s	user 0.006s	sys 0.000s
I20260608 12:52:46.773211  7707 ts_tablet_manager.cc:1434] T 1603f742d51f47dc860deaa056688c70 P 508c8e1643264a249a30185fb46dfd05: Time spent starting tablet: real 0.011s	user 0.007s	sys 0.000s
I20260608 12:52:46.774605  7707 tablet_bootstrap.cc:492] T 2eead1d939894d36a381fba894a726ce P 508c8e1643264a249a30185fb46dfd05: Bootstrap starting.
I20260608 12:52:46.774674  7716 raft_consensus.cc:493] T cc91213293864561be4c15655146f59c P 43541aa4cc654befafa74b78cd245581 [term 0 FOLLOWER]: Starting pre-election (no leader contacted us within the election timeout)
I20260608 12:52:46.775534  7716 raft_consensus.cc:515] T cc91213293864561be4c15655146f59c P 43541aa4cc654befafa74b78cd245581 [term 0 FOLLOWER]: Starting pre-election with config: opid_index: -1 OBSOLETE_local: false peers { permanent_uuid: "918b858fe1904979922d7b73a73f5b66" member_type: VOTER last_known_addr { host: "127.4.199.65" port: 41767 } } peers { permanent_uuid: "43541aa4cc654befafa74b78cd245581" member_type: VOTER last_known_addr { host: "127.4.199.66" port: 32827 } } peers { permanent_uuid: "508c8e1643264a249a30185fb46dfd05" member_type: VOTER last_known_addr { host: "127.4.199.67" port: 46375 } }
I20260608 12:52:46.781965  7588 tablet_service.cc:1917] Received RequestConsensusVote() RPC: tablet_id: "cc91213293864561be4c15655146f59c" candidate_uuid: "508c8e1643264a249a30185fb46dfd05" candidate_term: 1 candidate_status { last_received { term: 0 index: 0 } } ignore_live_leader: false dest_uuid: "43541aa4cc654befafa74b78cd245581" is_pre_election: true
I20260608 12:52:46.793713  7707 tablet_bootstrap.cc:654] T 2eead1d939894d36a381fba894a726ce P 508c8e1643264a249a30185fb46dfd05: Neither blocks nor log segments found. Creating new log.
I20260608 12:52:46.796427  7716 leader_election.cc:290] T cc91213293864561be4c15655146f59c P 43541aa4cc654befafa74b78cd245581 [CANDIDATE]: Term 1 pre-election: Requested pre-vote from peers 918b858fe1904979922d7b73a73f5b66 (127.4.199.65:41767), 508c8e1643264a249a30185fb46dfd05 (127.4.199.67:46375)
I20260608 12:52:46.785445  7588 raft_consensus.cc:2468] T cc91213293864561be4c15655146f59c P 43541aa4cc654befafa74b78cd245581 [term 0 FOLLOWER]: Leader pre-election vote request: Granting yes vote for candidate 508c8e1643264a249a30185fb46dfd05 in term 0.
I20260608 12:52:46.797684  7716 raft_consensus.cc:493] T 1603f742d51f47dc860deaa056688c70 P 43541aa4cc654befafa74b78cd245581 [term 0 FOLLOWER]: Starting pre-election (no leader contacted us within the election timeout)
I20260608 12:52:46.798163  7716 raft_consensus.cc:515] T 1603f742d51f47dc860deaa056688c70 P 43541aa4cc654befafa74b78cd245581 [term 0 FOLLOWER]: Starting pre-election with config: opid_index: -1 OBSOLETE_local: false peers { permanent_uuid: "918b858fe1904979922d7b73a73f5b66" member_type: VOTER last_known_addr { host: "127.4.199.65" port: 41767 } } peers { permanent_uuid: "508c8e1643264a249a30185fb46dfd05" member_type: VOTER last_known_addr { host: "127.4.199.67" port: 46375 } } peers { permanent_uuid: "43541aa4cc654befafa74b78cd245581" member_type: VOTER last_known_addr { host: "127.4.199.66" port: 32827 } }
I20260608 12:52:46.807031  7708 tablet_bootstrap.cc:492] T 2eead1d939894d36a381fba894a726ce P 918b858fe1904979922d7b73a73f5b66: No bootstrap required, opened a new log
I20260608 12:52:46.807941  7708 ts_tablet_manager.cc:1403] T 2eead1d939894d36a381fba894a726ce P 918b858fe1904979922d7b73a73f5b66: Time spent bootstrapping tablet: real 0.049s	user 0.014s	sys 0.012s
I20260608 12:52:46.808502  7715 raft_consensus.cc:493] T e3bd8d322c2b488395e8ab22a6f90052 P 918b858fe1904979922d7b73a73f5b66 [term 0 FOLLOWER]: Starting pre-election (no leader contacted us within the election timeout)
I20260608 12:52:46.809785  7715 raft_consensus.cc:515] T e3bd8d322c2b488395e8ab22a6f90052 P 918b858fe1904979922d7b73a73f5b66 [term 0 FOLLOWER]: Starting pre-election with config: opid_index: -1 OBSOLETE_local: false peers { permanent_uuid: "918b858fe1904979922d7b73a73f5b66" member_type: VOTER last_known_addr { host: "127.4.199.65" port: 41767 } } peers { permanent_uuid: "43541aa4cc654befafa74b78cd245581" member_type: VOTER last_known_addr { host: "127.4.199.66" port: 32827 } } peers { permanent_uuid: "508c8e1643264a249a30185fb46dfd05" member_type: VOTER last_known_addr { host: "127.4.199.67" port: 46375 } }
I20260608 12:52:46.810693  7716 leader_election.cc:290] T 1603f742d51f47dc860deaa056688c70 P 43541aa4cc654befafa74b78cd245581 [CANDIDATE]: Term 1 pre-election: Requested pre-vote from peers 918b858fe1904979922d7b73a73f5b66 (127.4.199.65:41767), 508c8e1643264a249a30185fb46dfd05 (127.4.199.67:46375)
I20260608 12:52:46.813061  7513 tablet_service.cc:1917] Received RequestConsensusVote() RPC: tablet_id: "cc91213293864561be4c15655146f59c" candidate_uuid: "508c8e1643264a249a30185fb46dfd05" candidate_term: 1 candidate_status { last_received { term: 0 index: 0 } } ignore_live_leader: false dest_uuid: "918b858fe1904979922d7b73a73f5b66" is_pre_election: true
I20260608 12:52:46.814625  7513 raft_consensus.cc:2468] T cc91213293864561be4c15655146f59c P 918b858fe1904979922d7b73a73f5b66 [term 0 FOLLOWER]: Leader pre-election vote request: Granting yes vote for candidate 508c8e1643264a249a30185fb46dfd05 in term 0.
I20260608 12:52:46.823675  7722 raft_consensus.cc:493] T 1603f742d51f47dc860deaa056688c70 P 508c8e1643264a249a30185fb46dfd05 [term 0 FOLLOWER]: Starting pre-election (no leader contacted us within the election timeout)
I20260608 12:52:46.824803  7722 raft_consensus.cc:515] T 1603f742d51f47dc860deaa056688c70 P 508c8e1643264a249a30185fb46dfd05 [term 0 FOLLOWER]: Starting pre-election with config: opid_index: -1 OBSOLETE_local: false peers { permanent_uuid: "918b858fe1904979922d7b73a73f5b66" member_type: VOTER last_known_addr { host: "127.4.199.65" port: 41767 } } peers { permanent_uuid: "508c8e1643264a249a30185fb46dfd05" member_type: VOTER last_known_addr { host: "127.4.199.67" port: 46375 } } peers { permanent_uuid: "43541aa4cc654befafa74b78cd245581" member_type: VOTER last_known_addr { host: "127.4.199.66" port: 32827 } }
I20260608 12:52:46.823805  7627 leader_election.cc:304] T cc91213293864561be4c15655146f59c P 508c8e1643264a249a30185fb46dfd05 [CANDIDATE]: Term 1 pre-election: Election decided. Result: candidate won. Election summary: received 2 responses out of 3 voters: 2 yes votes; 0 no votes. yes voters: 508c8e1643264a249a30185fb46dfd05, 918b858fe1904979922d7b73a73f5b66; no voters: 
I20260608 12:52:46.822299  7708 raft_consensus.cc:359] T 2eead1d939894d36a381fba894a726ce P 918b858fe1904979922d7b73a73f5b66 [term 0 FOLLOWER]: Replica starting. Triggering 0 pending ops. Active config: opid_index: -1 OBSOLETE_local: false peers { permanent_uuid: "918b858fe1904979922d7b73a73f5b66" member_type: VOTER last_known_addr { host: "127.4.199.65" port: 41767 } } peers { permanent_uuid: "43541aa4cc654befafa74b78cd245581" member_type: VOTER last_known_addr { host: "127.4.199.66" port: 32827 } } peers { permanent_uuid: "508c8e1643264a249a30185fb46dfd05" member_type: VOTER last_known_addr { host: "127.4.199.67" port: 46375 } }
I20260608 12:52:46.832476  7708 raft_consensus.cc:385] T 2eead1d939894d36a381fba894a726ce P 918b858fe1904979922d7b73a73f5b66 [term 0 FOLLOWER]: Consensus starting up: Expiring failure detector timer to make a prompt election more likely
I20260608 12:52:46.826001  7712 raft_consensus.cc:493] T e3bd8d322c2b488395e8ab22a6f90052 P 508c8e1643264a249a30185fb46dfd05 [term 0 FOLLOWER]: Starting pre-election (no leader contacted us within the election timeout)
I20260608 12:52:46.833911  7712 raft_consensus.cc:515] T e3bd8d322c2b488395e8ab22a6f90052 P 508c8e1643264a249a30185fb46dfd05 [term 0 FOLLOWER]: Starting pre-election with config: opid_index: -1 OBSOLETE_local: false peers { permanent_uuid: "918b858fe1904979922d7b73a73f5b66" member_type: VOTER last_known_addr { host: "127.4.199.65" port: 41767 } } peers { permanent_uuid: "43541aa4cc654befafa74b78cd245581" member_type: VOTER last_known_addr { host: "127.4.199.66" port: 32827 } } peers { permanent_uuid: "508c8e1643264a249a30185fb46dfd05" member_type: VOTER last_known_addr { host: "127.4.199.67" port: 46375 } }
I20260608 12:52:46.835786  7722 leader_election.cc:290] T 1603f742d51f47dc860deaa056688c70 P 508c8e1643264a249a30185fb46dfd05 [CANDIDATE]: Term 1 pre-election: Requested pre-vote from peers 918b858fe1904979922d7b73a73f5b66 (127.4.199.65:41767), 43541aa4cc654befafa74b78cd245581 (127.4.199.66:32827)
I20260608 12:52:46.836176  7712 leader_election.cc:290] T e3bd8d322c2b488395e8ab22a6f90052 P 508c8e1643264a249a30185fb46dfd05 [CANDIDATE]: Term 1 pre-election: Requested pre-vote from peers 918b858fe1904979922d7b73a73f5b66 (127.4.199.65:41767), 43541aa4cc654befafa74b78cd245581 (127.4.199.66:32827)
I20260608 12:52:46.839542  7722 raft_consensus.cc:2804] T cc91213293864561be4c15655146f59c P 508c8e1643264a249a30185fb46dfd05 [term 0 FOLLOWER]: Leader pre-election won for term 1
I20260608 12:52:46.840193  7722 raft_consensus.cc:493] T cc91213293864561be4c15655146f59c P 508c8e1643264a249a30185fb46dfd05 [term 0 FOLLOWER]: Starting leader election (no leader contacted us within the election timeout)
I20260608 12:52:46.840919  7722 raft_consensus.cc:3060] T cc91213293864561be4c15655146f59c P 508c8e1643264a249a30185fb46dfd05 [term 0 FOLLOWER]: Advancing to term 1
I20260608 12:52:46.833046  7708 raft_consensus.cc:740] T 2eead1d939894d36a381fba894a726ce P 918b858fe1904979922d7b73a73f5b66 [term 0 FOLLOWER]: Becoming Follower/Learner. State: Replica: 918b858fe1904979922d7b73a73f5b66, State: Initialized, Role: FOLLOWER
I20260608 12:52:46.822930  7715 leader_election.cc:290] T e3bd8d322c2b488395e8ab22a6f90052 P 918b858fe1904979922d7b73a73f5b66 [CANDIDATE]: Term 1 pre-election: Requested pre-vote from peers 43541aa4cc654befafa74b78cd245581 (127.4.199.66:32827), 508c8e1643264a249a30185fb46dfd05 (127.4.199.67:46375)
I20260608 12:52:46.845072  7708 consensus_queue.cc:260] T 2eead1d939894d36a381fba894a726ce P 918b858fe1904979922d7b73a73f5b66 [NON_LEADER]: Queue going to NON_LEADER mode. State: All replicated index: 0, Majority replicated index: 0, Committed index: 0, Last appended: 0.0, Last appended by leader: 0, Current term: 0, Majority size: -1, State: 0, Mode: NON_LEADER, active raft config: opid_index: -1 OBSOLETE_local: false peers { permanent_uuid: "918b858fe1904979922d7b73a73f5b66" member_type: VOTER last_known_addr { host: "127.4.199.65" port: 41767 } } peers { permanent_uuid: "43541aa4cc654befafa74b78cd245581" member_type: VOTER last_known_addr { host: "127.4.199.66" port: 32827 } } peers { permanent_uuid: "508c8e1643264a249a30185fb46dfd05" member_type: VOTER last_known_addr { host: "127.4.199.67" port: 46375 } }
I20260608 12:52:46.849112  7588 tablet_service.cc:1917] Received RequestConsensusVote() RPC: tablet_id: "1603f742d51f47dc860deaa056688c70" candidate_uuid: "508c8e1643264a249a30185fb46dfd05" candidate_term: 1 candidate_status { last_received { term: 0 index: 0 } } ignore_live_leader: false dest_uuid: "43541aa4cc654befafa74b78cd245581" is_pre_election: true
I20260608 12:52:46.849808  7588 raft_consensus.cc:2468] T 1603f742d51f47dc860deaa056688c70 P 43541aa4cc654befafa74b78cd245581 [term 0 FOLLOWER]: Leader pre-election vote request: Granting yes vote for candidate 508c8e1643264a249a30185fb46dfd05 in term 0.
I20260608 12:52:46.850183  7708 ts_tablet_manager.cc:1434] T 2eead1d939894d36a381fba894a726ce P 918b858fe1904979922d7b73a73f5b66: Time spent starting tablet: real 0.042s	user 0.008s	sys 0.000s
I20260608 12:52:46.853257  7722 raft_consensus.cc:515] T cc91213293864561be4c15655146f59c P 508c8e1643264a249a30185fb46dfd05 [term 1 FOLLOWER]: Starting leader election with config: opid_index: -1 OBSOLETE_local: false peers { permanent_uuid: "918b858fe1904979922d7b73a73f5b66" member_type: VOTER last_known_addr { host: "127.4.199.65" port: 41767 } } peers { permanent_uuid: "43541aa4cc654befafa74b78cd245581" member_type: VOTER last_known_addr { host: "127.4.199.66" port: 32827 } } peers { permanent_uuid: "508c8e1643264a249a30185fb46dfd05" member_type: VOTER last_known_addr { host: "127.4.199.67" port: 46375 } }
I20260608 12:52:46.854794  7715 raft_consensus.cc:493] T 1603f742d51f47dc860deaa056688c70 P 918b858fe1904979922d7b73a73f5b66 [term 0 FOLLOWER]: Starting pre-election (no leader contacted us within the election timeout)
I20260608 12:52:46.856032  7715 raft_consensus.cc:515] T 1603f742d51f47dc860deaa056688c70 P 918b858fe1904979922d7b73a73f5b66 [term 0 FOLLOWER]: Starting pre-election with config: opid_index: -1 OBSOLETE_local: false peers { permanent_uuid: "918b858fe1904979922d7b73a73f5b66" member_type: VOTER last_known_addr { host: "127.4.199.65" port: 41767 } } peers { permanent_uuid: "508c8e1643264a249a30185fb46dfd05" member_type: VOTER last_known_addr { host: "127.4.199.67" port: 46375 } } peers { permanent_uuid: "43541aa4cc654befafa74b78cd245581" member_type: VOTER last_known_addr { host: "127.4.199.66" port: 32827 } }
I20260608 12:52:46.855532  7707 tablet_bootstrap.cc:492] T 2eead1d939894d36a381fba894a726ce P 508c8e1643264a249a30185fb46dfd05: No bootstrap required, opened a new log
I20260608 12:52:46.858929  7588 tablet_service.cc:1917] Received RequestConsensusVote() RPC: tablet_id: "e3bd8d322c2b488395e8ab22a6f90052" candidate_uuid: "508c8e1643264a249a30185fb46dfd05" candidate_term: 1 candidate_status { last_received { term: 0 index: 0 } } ignore_live_leader: false dest_uuid: "43541aa4cc654befafa74b78cd245581" is_pre_election: true
I20260608 12:52:46.859171  7707 ts_tablet_manager.cc:1403] T 2eead1d939894d36a381fba894a726ce P 508c8e1643264a249a30185fb46dfd05: Time spent bootstrapping tablet: real 0.085s	user 0.023s	sys 0.014s
I20260608 12:52:46.859606  7588 raft_consensus.cc:2468] T e3bd8d322c2b488395e8ab22a6f90052 P 43541aa4cc654befafa74b78cd245581 [term 0 FOLLOWER]: Leader pre-election vote request: Granting yes vote for candidate 508c8e1643264a249a30185fb46dfd05 in term 0.
I20260608 12:52:46.860669  7513 tablet_service.cc:1917] Received RequestConsensusVote() RPC: tablet_id: "cc91213293864561be4c15655146f59c" candidate_uuid: "43541aa4cc654befafa74b78cd245581" candidate_term: 1 candidate_status { last_received { term: 0 index: 0 } } ignore_live_leader: false dest_uuid: "918b858fe1904979922d7b73a73f5b66" is_pre_election: true
I20260608 12:52:46.861291  7513 raft_consensus.cc:2468] T cc91213293864561be4c15655146f59c P 918b858fe1904979922d7b73a73f5b66 [term 0 FOLLOWER]: Leader pre-election vote request: Granting yes vote for candidate 43541aa4cc654befafa74b78cd245581 in term 0.
I20260608 12:52:46.862663  7626 leader_election.cc:304] T 1603f742d51f47dc860deaa056688c70 P 508c8e1643264a249a30185fb46dfd05 [CANDIDATE]: Term 1 pre-election: Election decided. Result: candidate won. Election summary: received 2 responses out of 3 voters: 2 yes votes; 0 no votes. yes voters: 43541aa4cc654befafa74b78cd245581, 508c8e1643264a249a30185fb46dfd05; no voters: 
I20260608 12:52:46.862742  7707 raft_consensus.cc:359] T 2eead1d939894d36a381fba894a726ce P 508c8e1643264a249a30185fb46dfd05 [term 0 FOLLOWER]: Replica starting. Triggering 0 pending ops. Active config: opid_index: -1 OBSOLETE_local: false peers { permanent_uuid: "918b858fe1904979922d7b73a73f5b66" member_type: VOTER last_known_addr { host: "127.4.199.65" port: 41767 } } peers { permanent_uuid: "43541aa4cc654befafa74b78cd245581" member_type: VOTER last_known_addr { host: "127.4.199.66" port: 32827 } } peers { permanent_uuid: "508c8e1643264a249a30185fb46dfd05" member_type: VOTER last_known_addr { host: "127.4.199.67" port: 46375 } }
I20260608 12:52:46.863538  7707 raft_consensus.cc:385] T 2eead1d939894d36a381fba894a726ce P 508c8e1643264a249a30185fb46dfd05 [term 0 FOLLOWER]: Consensus starting up: Expiring failure detector timer to make a prompt election more likely
I20260608 12:52:46.863842  7707 raft_consensus.cc:740] T 2eead1d939894d36a381fba894a726ce P 508c8e1643264a249a30185fb46dfd05 [term 0 FOLLOWER]: Becoming Follower/Learner. State: Replica: 508c8e1643264a249a30185fb46dfd05, State: Initialized, Role: FOLLOWER
I20260608 12:52:46.863798  7626 leader_election.cc:304] T e3bd8d322c2b488395e8ab22a6f90052 P 508c8e1643264a249a30185fb46dfd05 [CANDIDATE]: Term 1 pre-election: Election decided. Result: candidate won. Election summary: received 2 responses out of 3 voters: 2 yes votes; 0 no votes. yes voters: 43541aa4cc654befafa74b78cd245581, 508c8e1643264a249a30185fb46dfd05; no voters: 
I20260608 12:52:46.864961  7712 raft_consensus.cc:2804] T 1603f742d51f47dc860deaa056688c70 P 508c8e1643264a249a30185fb46dfd05 [term 0 FOLLOWER]: Leader pre-election won for term 1
I20260608 12:52:46.864853  7707 consensus_queue.cc:260] T 2eead1d939894d36a381fba894a726ce P 508c8e1643264a249a30185fb46dfd05 [NON_LEADER]: Queue going to NON_LEADER mode. State: All replicated index: 0, Majority replicated index: 0, Committed index: 0, Last appended: 0.0, Last appended by leader: 0, Current term: 0, Majority size: -1, State: 0, Mode: NON_LEADER, active raft config: opid_index: -1 OBSOLETE_local: false peers { permanent_uuid: "918b858fe1904979922d7b73a73f5b66" member_type: VOTER last_known_addr { host: "127.4.199.65" port: 41767 } } peers { permanent_uuid: "43541aa4cc654befafa74b78cd245581" member_type: VOTER last_known_addr { host: "127.4.199.66" port: 32827 } } peers { permanent_uuid: "508c8e1643264a249a30185fb46dfd05" member_type: VOTER last_known_addr { host: "127.4.199.67" port: 46375 } }
I20260608 12:52:46.865414  7712 raft_consensus.cc:493] T 1603f742d51f47dc860deaa056688c70 P 508c8e1643264a249a30185fb46dfd05 [term 0 FOLLOWER]: Starting leader election (no leader contacted us within the election timeout)
I20260608 12:52:46.865845  7712 raft_consensus.cc:3060] T 1603f742d51f47dc860deaa056688c70 P 508c8e1643264a249a30185fb46dfd05 [term 0 FOLLOWER]: Advancing to term 1
I20260608 12:52:46.866104  7512 tablet_service.cc:1917] Received RequestConsensusVote() RPC: tablet_id: "1603f742d51f47dc860deaa056688c70" candidate_uuid: "43541aa4cc654befafa74b78cd245581" candidate_term: 1 candidate_status { last_received { term: 0 index: 0 } } ignore_live_leader: false dest_uuid: "918b858fe1904979922d7b73a73f5b66" is_pre_election: true
I20260608 12:52:46.866782  7512 raft_consensus.cc:2468] T 1603f742d51f47dc860deaa056688c70 P 918b858fe1904979922d7b73a73f5b66 [term 0 FOLLOWER]: Leader pre-election vote request: Granting yes vote for candidate 43541aa4cc654befafa74b78cd245581 in term 0.
I20260608 12:52:46.870081  7553 leader_election.cc:304] T cc91213293864561be4c15655146f59c P 43541aa4cc654befafa74b78cd245581 [CANDIDATE]: Term 1 pre-election: Election decided. Result: candidate won. Election summary: received 2 responses out of 3 voters: 2 yes votes; 0 no votes. yes voters: 43541aa4cc654befafa74b78cd245581, 918b858fe1904979922d7b73a73f5b66; no voters: 
I20260608 12:52:46.871248  7553 leader_election.cc:304] T 1603f742d51f47dc860deaa056688c70 P 43541aa4cc654befafa74b78cd245581 [CANDIDATE]: Term 1 pre-election: Election decided. Result: candidate won. Election summary: received 2 responses out of 3 voters: 2 yes votes; 0 no votes. yes voters: 43541aa4cc654befafa74b78cd245581, 918b858fe1904979922d7b73a73f5b66; no voters: 
I20260608 12:52:46.872049  7716 raft_consensus.cc:2804] T cc91213293864561be4c15655146f59c P 43541aa4cc654befafa74b78cd245581 [term 0 FOLLOWER]: Leader pre-election won for term 1
I20260608 12:52:46.872409  7716 raft_consensus.cc:493] T cc91213293864561be4c15655146f59c P 43541aa4cc654befafa74b78cd245581 [term 0 FOLLOWER]: Starting leader election (no leader contacted us within the election timeout)
I20260608 12:52:46.872798  7716 raft_consensus.cc:3060] T cc91213293864561be4c15655146f59c P 43541aa4cc654befafa74b78cd245581 [term 0 FOLLOWER]: Advancing to term 1
I20260608 12:52:46.873572  7728 raft_consensus.cc:2804] T 1603f742d51f47dc860deaa056688c70 P 43541aa4cc654befafa74b78cd245581 [term 0 FOLLOWER]: Leader pre-election won for term 1
I20260608 12:52:46.874152  7728 raft_consensus.cc:493] T 1603f742d51f47dc860deaa056688c70 P 43541aa4cc654befafa74b78cd245581 [term 0 FOLLOWER]: Starting leader election (no leader contacted us within the election timeout)
I20260608 12:52:46.875562  7728 raft_consensus.cc:3060] T 1603f742d51f47dc860deaa056688c70 P 43541aa4cc654befafa74b78cd245581 [term 0 FOLLOWER]: Advancing to term 1
I20260608 12:52:46.878014  7734 raft_consensus.cc:2804] T e3bd8d322c2b488395e8ab22a6f90052 P 508c8e1643264a249a30185fb46dfd05 [term 0 FOLLOWER]: Leader pre-election won for term 1
I20260608 12:52:46.878486  7734 raft_consensus.cc:493] T e3bd8d322c2b488395e8ab22a6f90052 P 508c8e1643264a249a30185fb46dfd05 [term 0 FOLLOWER]: Starting leader election (no leader contacted us within the election timeout)
I20260608 12:52:46.878872  7734 raft_consensus.cc:3060] T e3bd8d322c2b488395e8ab22a6f90052 P 508c8e1643264a249a30185fb46dfd05 [term 0 FOLLOWER]: Advancing to term 1
I20260608 12:52:46.881939  7716 raft_consensus.cc:515] T cc91213293864561be4c15655146f59c P 43541aa4cc654befafa74b78cd245581 [term 1 FOLLOWER]: Starting leader election with config: opid_index: -1 OBSOLETE_local: false peers { permanent_uuid: "918b858fe1904979922d7b73a73f5b66" member_type: VOTER last_known_addr { host: "127.4.199.65" port: 41767 } } peers { permanent_uuid: "43541aa4cc654befafa74b78cd245581" member_type: VOTER last_known_addr { host: "127.4.199.66" port: 32827 } } peers { permanent_uuid: "508c8e1643264a249a30185fb46dfd05" member_type: VOTER last_known_addr { host: "127.4.199.67" port: 46375 } }
I20260608 12:52:46.884207  7712 raft_consensus.cc:515] T 1603f742d51f47dc860deaa056688c70 P 508c8e1643264a249a30185fb46dfd05 [term 1 FOLLOWER]: Starting leader election with config: opid_index: -1 OBSOLETE_local: false peers { permanent_uuid: "918b858fe1904979922d7b73a73f5b66" member_type: VOTER last_known_addr { host: "127.4.199.65" port: 41767 } } peers { permanent_uuid: "508c8e1643264a249a30185fb46dfd05" member_type: VOTER last_known_addr { host: "127.4.199.67" port: 46375 } } peers { permanent_uuid: "43541aa4cc654befafa74b78cd245581" member_type: VOTER last_known_addr { host: "127.4.199.66" port: 32827 } }
I20260608 12:52:46.887812  7513 tablet_service.cc:1917] Received RequestConsensusVote() RPC: tablet_id: "cc91213293864561be4c15655146f59c" candidate_uuid: "43541aa4cc654befafa74b78cd245581" candidate_term: 1 candidate_status { last_received { term: 0 index: 0 } } ignore_live_leader: false dest_uuid: "918b858fe1904979922d7b73a73f5b66"
I20260608 12:52:46.888535  7513 raft_consensus.cc:3060] T cc91213293864561be4c15655146f59c P 918b858fe1904979922d7b73a73f5b66 [term 0 FOLLOWER]: Advancing to term 1
I20260608 12:52:46.888775  7587 tablet_service.cc:1917] Received RequestConsensusVote() RPC: tablet_id: "1603f742d51f47dc860deaa056688c70" candidate_uuid: "918b858fe1904979922d7b73a73f5b66" candidate_term: 1 candidate_status { last_received { term: 0 index: 0 } } ignore_live_leader: false dest_uuid: "43541aa4cc654befafa74b78cd245581" is_pre_election: true
I20260608 12:52:46.889081  7586 tablet_service.cc:1917] Received RequestConsensusVote() RPC: tablet_id: "cc91213293864561be4c15655146f59c" candidate_uuid: "508c8e1643264a249a30185fb46dfd05" candidate_term: 1 candidate_status { last_received { term: 0 index: 0 } } ignore_live_leader: false dest_uuid: "43541aa4cc654befafa74b78cd245581"
I20260608 12:52:46.889916  7586 raft_consensus.cc:2393] T cc91213293864561be4c15655146f59c P 43541aa4cc654befafa74b78cd245581 [term 1 FOLLOWER]: Leader election vote request: Denying vote to candidate 508c8e1643264a249a30185fb46dfd05 in current term 1: Already voted for candidate 43541aa4cc654befafa74b78cd245581 in this term.
I20260608 12:52:46.891019  7586 tablet_service.cc:1917] Received RequestConsensusVote() RPC: tablet_id: "1603f742d51f47dc860deaa056688c70" candidate_uuid: "508c8e1643264a249a30185fb46dfd05" candidate_term: 1 candidate_status { last_received { term: 0 index: 0 } } ignore_live_leader: false dest_uuid: "43541aa4cc654befafa74b78cd245581"
I20260608 12:52:46.858572  7715 leader_election.cc:290] T 1603f742d51f47dc860deaa056688c70 P 918b858fe1904979922d7b73a73f5b66 [CANDIDATE]: Term 1 pre-election: Requested pre-vote from peers 508c8e1643264a249a30185fb46dfd05 (127.4.199.67:46375), 43541aa4cc654befafa74b78cd245581 (127.4.199.66:32827)
I20260608 12:52:46.887678  7588 tablet_service.cc:1917] Received RequestConsensusVote() RPC: tablet_id: "e3bd8d322c2b488395e8ab22a6f90052" candidate_uuid: "918b858fe1904979922d7b73a73f5b66" candidate_term: 1 candidate_status { last_received { term: 0 index: 0 } } ignore_live_leader: false dest_uuid: "43541aa4cc654befafa74b78cd245581" is_pre_election: true
I20260608 12:52:46.891777  7588 raft_consensus.cc:2468] T e3bd8d322c2b488395e8ab22a6f90052 P 43541aa4cc654befafa74b78cd245581 [term 0 FOLLOWER]: Leader pre-election vote request: Granting yes vote for candidate 918b858fe1904979922d7b73a73f5b66 in term 0.
I20260608 12:52:46.893103  7716 leader_election.cc:290] T cc91213293864561be4c15655146f59c P 43541aa4cc654befafa74b78cd245581 [CANDIDATE]: Term 1 election: Requested vote from peers 918b858fe1904979922d7b73a73f5b66 (127.4.199.65:41767), 508c8e1643264a249a30185fb46dfd05 (127.4.199.67:46375)
I20260608 12:52:46.893695  7722 leader_election.cc:290] T cc91213293864561be4c15655146f59c P 508c8e1643264a249a30185fb46dfd05 [CANDIDATE]: Term 1 election: Requested vote from peers 918b858fe1904979922d7b73a73f5b66 (127.4.199.65:41767), 43541aa4cc654befafa74b78cd245581 (127.4.199.66:32827)
I20260608 12:52:46.894284  7712 leader_election.cc:290] T 1603f742d51f47dc860deaa056688c70 P 508c8e1643264a249a30185fb46dfd05 [CANDIDATE]: Term 1 election: Requested vote from peers 918b858fe1904979922d7b73a73f5b66 (127.4.199.65:41767), 43541aa4cc654befafa74b78cd245581 (127.4.199.66:32827)
I20260608 12:52:46.895098  7512 tablet_service.cc:1917] Received RequestConsensusVote() RPC: tablet_id: "1603f742d51f47dc860deaa056688c70" candidate_uuid: "508c8e1643264a249a30185fb46dfd05" candidate_term: 1 candidate_status { last_received { term: 0 index: 0 } } ignore_live_leader: false dest_uuid: "918b858fe1904979922d7b73a73f5b66" is_pre_election: true
I20260608 12:52:46.895709  7512 raft_consensus.cc:2468] T 1603f742d51f47dc860deaa056688c70 P 918b858fe1904979922d7b73a73f5b66 [term 0 FOLLOWER]: Leader pre-election vote request: Granting yes vote for candidate 508c8e1643264a249a30185fb46dfd05 in term 0.
I20260608 12:52:46.896428  7707 ts_tablet_manager.cc:1434] T 2eead1d939894d36a381fba894a726ce P 508c8e1643264a249a30185fb46dfd05: Time spent starting tablet: real 0.037s	user 0.006s	sys 0.000s
I20260608 12:52:46.896924  7511 tablet_service.cc:1917] Received RequestConsensusVote() RPC: tablet_id: "e3bd8d322c2b488395e8ab22a6f90052" candidate_uuid: "508c8e1643264a249a30185fb46dfd05" candidate_term: 1 candidate_status { last_received { term: 0 index: 0 } } ignore_live_leader: false dest_uuid: "918b858fe1904979922d7b73a73f5b66" is_pre_election: true
I20260608 12:52:46.897583  7511 raft_consensus.cc:2468] T e3bd8d322c2b488395e8ab22a6f90052 P 918b858fe1904979922d7b73a73f5b66 [term 0 FOLLOWER]: Leader pre-election vote request: Granting yes vote for candidate 508c8e1643264a249a30185fb46dfd05 in term 0.
I20260608 12:52:46.898464  7662 tablet_service.cc:1917] Received RequestConsensusVote() RPC: tablet_id: "cc91213293864561be4c15655146f59c" candidate_uuid: "43541aa4cc654befafa74b78cd245581" candidate_term: 1 candidate_status { last_received { term: 0 index: 0 } } ignore_live_leader: false dest_uuid: "508c8e1643264a249a30185fb46dfd05" is_pre_election: true
I20260608 12:52:46.898833  7510 tablet_service.cc:1917] Received RequestConsensusVote() RPC: tablet_id: "cc91213293864561be4c15655146f59c" candidate_uuid: "508c8e1643264a249a30185fb46dfd05" candidate_term: 1 candidate_status { last_received { term: 0 index: 0 } } ignore_live_leader: false dest_uuid: "918b858fe1904979922d7b73a73f5b66"
I20260608 12:52:46.899317  7662 raft_consensus.cc:2393] T cc91213293864561be4c15655146f59c P 508c8e1643264a249a30185fb46dfd05 [term 1 FOLLOWER]: Leader pre-election vote request: Denying vote to candidate 43541aa4cc654befafa74b78cd245581 in current term 1: Already voted for candidate 508c8e1643264a249a30185fb46dfd05 in this term.
I20260608 12:52:46.900447  7661 tablet_service.cc:1917] Received RequestConsensusVote() RPC: tablet_id: "1603f742d51f47dc860deaa056688c70" candidate_uuid: "43541aa4cc654befafa74b78cd245581" candidate_term: 1 candidate_status { last_received { term: 0 index: 0 } } ignore_live_leader: false dest_uuid: "508c8e1643264a249a30185fb46dfd05" is_pre_election: true
I20260608 12:52:46.900632  7627 leader_election.cc:304] T cc91213293864561be4c15655146f59c P 508c8e1643264a249a30185fb46dfd05 [CANDIDATE]: Term 1 election: Election decided. Result: candidate lost. Election summary: received 3 responses out of 3 voters: 1 yes votes; 2 no votes. yes voters: 508c8e1643264a249a30185fb46dfd05; no voters: 43541aa4cc654befafa74b78cd245581, 918b858fe1904979922d7b73a73f5b66
I20260608 12:52:46.901270  7661 raft_consensus.cc:2393] T 1603f742d51f47dc860deaa056688c70 P 508c8e1643264a249a30185fb46dfd05 [term 1 FOLLOWER]: Leader pre-election vote request: Denying vote to candidate 43541aa4cc654befafa74b78cd245581 in current term 1: Already voted for candidate 508c8e1643264a249a30185fb46dfd05 in this term.
I20260608 12:52:46.901429  7512 tablet_service.cc:1917] Received RequestConsensusVote() RPC: tablet_id: "1603f742d51f47dc860deaa056688c70" candidate_uuid: "508c8e1643264a249a30185fb46dfd05" candidate_term: 1 candidate_status { last_received { term: 0 index: 0 } } ignore_live_leader: false dest_uuid: "918b858fe1904979922d7b73a73f5b66"
I20260608 12:52:46.901692  7712 raft_consensus.cc:2749] T cc91213293864561be4c15655146f59c P 508c8e1643264a249a30185fb46dfd05 [term 1 FOLLOWER]: Leader election lost for term 1. Reason: could not achieve majority
I20260608 12:52:46.902015  7512 raft_consensus.cc:3060] T 1603f742d51f47dc860deaa056688c70 P 918b858fe1904979922d7b73a73f5b66 [term 0 FOLLOWER]: Advancing to term 1
I20260608 12:52:46.902413  7660 tablet_service.cc:1917] Received RequestConsensusVote() RPC: tablet_id: "cc91213293864561be4c15655146f59c" candidate_uuid: "43541aa4cc654befafa74b78cd245581" candidate_term: 1 candidate_status { last_received { term: 0 index: 0 } } ignore_live_leader: false dest_uuid: "508c8e1643264a249a30185fb46dfd05"
I20260608 12:52:46.903290  7660 raft_consensus.cc:2393] T cc91213293864561be4c15655146f59c P 508c8e1643264a249a30185fb46dfd05 [term 1 FOLLOWER]: Leader election vote request: Denying vote to candidate 43541aa4cc654befafa74b78cd245581 in current term 1: Already voted for candidate 508c8e1643264a249a30185fb46dfd05 in this term.
I20260608 12:52:46.903322  7477 leader_election.cc:304] T e3bd8d322c2b488395e8ab22a6f90052 P 918b858fe1904979922d7b73a73f5b66 [CANDIDATE]: Term 1 pre-election: Election decided. Result: candidate won. Election summary: received 2 responses out of 3 voters: 2 yes votes; 0 no votes. yes voters: 43541aa4cc654befafa74b78cd245581, 918b858fe1904979922d7b73a73f5b66; no voters: 
I20260608 12:52:46.904838  7715 raft_consensus.cc:2804] T e3bd8d322c2b488395e8ab22a6f90052 P 918b858fe1904979922d7b73a73f5b66 [term 0 FOLLOWER]: Leader pre-election won for term 1
I20260608 12:52:46.905193  7715 raft_consensus.cc:493] T e3bd8d322c2b488395e8ab22a6f90052 P 918b858fe1904979922d7b73a73f5b66 [term 0 FOLLOWER]: Starting leader election (no leader contacted us within the election timeout)
I20260608 12:52:46.905522  7715 raft_consensus.cc:3060] T e3bd8d322c2b488395e8ab22a6f90052 P 918b858fe1904979922d7b73a73f5b66 [term 0 FOLLOWER]: Advancing to term 1
I20260608 12:52:46.909657  7512 raft_consensus.cc:2468] T 1603f742d51f47dc860deaa056688c70 P 918b858fe1904979922d7b73a73f5b66 [term 1 FOLLOWER]: Leader election vote request: Granting yes vote for candidate 508c8e1643264a249a30185fb46dfd05 in term 1.
I20260608 12:52:46.911507  7513 raft_consensus.cc:2468] T cc91213293864561be4c15655146f59c P 918b858fe1904979922d7b73a73f5b66 [term 1 FOLLOWER]: Leader election vote request: Granting yes vote for candidate 43541aa4cc654befafa74b78cd245581 in term 1.
I20260608 12:52:46.912993  7661 tablet_service.cc:1917] Received RequestConsensusVote() RPC: tablet_id: "1603f742d51f47dc860deaa056688c70" candidate_uuid: "918b858fe1904979922d7b73a73f5b66" candidate_term: 1 candidate_status { last_received { term: 0 index: 0 } } ignore_live_leader: false dest_uuid: "508c8e1643264a249a30185fb46dfd05" is_pre_election: true
I20260608 12:52:46.914911  7661 raft_consensus.cc:2393] T 1603f742d51f47dc860deaa056688c70 P 508c8e1643264a249a30185fb46dfd05 [term 1 FOLLOWER]: Leader pre-election vote request: Denying vote to candidate 918b858fe1904979922d7b73a73f5b66 in current term 1: Already voted for candidate 508c8e1643264a249a30185fb46dfd05 in this term.
I20260608 12:52:46.915261  7627 leader_election.cc:304] T 1603f742d51f47dc860deaa056688c70 P 508c8e1643264a249a30185fb46dfd05 [CANDIDATE]: Term 1 election: Election decided. Result: candidate won. Election summary: received 3 responses out of 3 voters: 2 yes votes; 1 no votes. yes voters: 508c8e1643264a249a30185fb46dfd05, 918b858fe1904979922d7b73a73f5b66; no voters: 43541aa4cc654befafa74b78cd245581
I20260608 12:52:46.913170  7728 raft_consensus.cc:515] T 1603f742d51f47dc860deaa056688c70 P 43541aa4cc654befafa74b78cd245581 [term 1 FOLLOWER]: Starting leader election with config: opid_index: -1 OBSOLETE_local: false peers { permanent_uuid: "918b858fe1904979922d7b73a73f5b66" member_type: VOTER last_known_addr { host: "127.4.199.65" port: 41767 } } peers { permanent_uuid: "508c8e1643264a249a30185fb46dfd05" member_type: VOTER last_known_addr { host: "127.4.199.67" port: 46375 } } peers { permanent_uuid: "43541aa4cc654befafa74b78cd245581" member_type: VOTER last_known_addr { host: "127.4.199.66" port: 32827 } }
I20260608 12:52:46.913751  7660 tablet_service.cc:1917] Received RequestConsensusVote() RPC: tablet_id: "e3bd8d322c2b488395e8ab22a6f90052" candidate_uuid: "918b858fe1904979922d7b73a73f5b66" candidate_term: 1 candidate_status { last_received { term: 0 index: 0 } } ignore_live_leader: false dest_uuid: "508c8e1643264a249a30185fb46dfd05" is_pre_election: true
I20260608 12:52:46.916138  7712 raft_consensus.cc:2804] T 1603f742d51f47dc860deaa056688c70 P 508c8e1643264a249a30185fb46dfd05 [term 1 FOLLOWER]: Leader election won for term 1
I20260608 12:52:46.915957  7553 leader_election.cc:304] T cc91213293864561be4c15655146f59c P 43541aa4cc654befafa74b78cd245581 [CANDIDATE]: Term 1 election: Election decided. Result: candidate won. Election summary: received 3 responses out of 3 voters: 2 yes votes; 1 no votes. yes voters: 43541aa4cc654befafa74b78cd245581, 918b858fe1904979922d7b73a73f5b66; no voters: 508c8e1643264a249a30185fb46dfd05
I20260608 12:52:46.916790  7715 raft_consensus.cc:515] T e3bd8d322c2b488395e8ab22a6f90052 P 918b858fe1904979922d7b73a73f5b66 [term 1 FOLLOWER]: Starting leader election with config: opid_index: -1 OBSOLETE_local: false peers { permanent_uuid: "918b858fe1904979922d7b73a73f5b66" member_type: VOTER last_known_addr { host: "127.4.199.65" port: 41767 } } peers { permanent_uuid: "43541aa4cc654befafa74b78cd245581" member_type: VOTER last_known_addr { host: "127.4.199.66" port: 32827 } } peers { permanent_uuid: "508c8e1643264a249a30185fb46dfd05" member_type: VOTER last_known_addr { host: "127.4.199.67" port: 46375 } }
I20260608 12:52:46.917306  7716 raft_consensus.cc:2804] T cc91213293864561be4c15655146f59c P 43541aa4cc654befafa74b78cd245581 [term 1 FOLLOWER]: Leader election won for term 1
I20260608 12:52:46.917802  7587 raft_consensus.cc:2393] T 1603f742d51f47dc860deaa056688c70 P 43541aa4cc654befafa74b78cd245581 [term 1 FOLLOWER]: Leader pre-election vote request: Denying vote to candidate 918b858fe1904979922d7b73a73f5b66 in current term 1: Already voted for candidate 43541aa4cc654befafa74b78cd245581 in this term.
I20260608 12:52:46.916711  7712 raft_consensus.cc:697] T 1603f742d51f47dc860deaa056688c70 P 508c8e1643264a249a30185fb46dfd05 [term 1 LEADER]: Becoming Leader. State: Replica: 508c8e1643264a249a30185fb46dfd05, State: Running, Role: LEADER
I20260608 12:52:46.920415  7588 tablet_service.cc:1917] Received RequestConsensusVote() RPC: tablet_id: "e3bd8d322c2b488395e8ab22a6f90052" candidate_uuid: "918b858fe1904979922d7b73a73f5b66" candidate_term: 1 candidate_status { last_received { term: 0 index: 0 } } ignore_live_leader: false dest_uuid: "43541aa4cc654befafa74b78cd245581"
I20260608 12:52:46.921012  7588 raft_consensus.cc:3060] T e3bd8d322c2b488395e8ab22a6f90052 P 43541aa4cc654befafa74b78cd245581 [term 0 FOLLOWER]: Advancing to term 1
I20260608 12:52:46.920964  7715 leader_election.cc:290] T e3bd8d322c2b488395e8ab22a6f90052 P 918b858fe1904979922d7b73a73f5b66 [CANDIDATE]: Term 1 election: Requested vote from peers 43541aa4cc654befafa74b78cd245581 (127.4.199.66:32827), 508c8e1643264a249a30185fb46dfd05 (127.4.199.67:46375)
I20260608 12:52:46.922617  7661 tablet_service.cc:1917] Received RequestConsensusVote() RPC: tablet_id: "e3bd8d322c2b488395e8ab22a6f90052" candidate_uuid: "918b858fe1904979922d7b73a73f5b66" candidate_term: 1 candidate_status { last_received { term: 0 index: 0 } } ignore_live_leader: false dest_uuid: "508c8e1643264a249a30185fb46dfd05"
I20260608 12:52:46.923091  7716 raft_consensus.cc:697] T cc91213293864561be4c15655146f59c P 43541aa4cc654befafa74b78cd245581 [term 1 LEADER]: Becoming Leader. State: Replica: 43541aa4cc654befafa74b78cd245581, State: Running, Role: LEADER
I20260608 12:52:46.924640  7716 consensus_queue.cc:237] T cc91213293864561be4c15655146f59c P 43541aa4cc654befafa74b78cd245581 [LEADER]: Queue going to LEADER mode. State: All replicated index: 0, Majority replicated index: 0, Committed index: 0, Last appended: 0.0, Last appended by leader: 0, Current term: 1, Majority size: 2, State: 0, Mode: LEADER, active raft config: opid_index: -1 OBSOLETE_local: false peers { permanent_uuid: "918b858fe1904979922d7b73a73f5b66" member_type: VOTER last_known_addr { host: "127.4.199.65" port: 41767 } } peers { permanent_uuid: "43541aa4cc654befafa74b78cd245581" member_type: VOTER last_known_addr { host: "127.4.199.66" port: 32827 } } peers { permanent_uuid: "508c8e1643264a249a30185fb46dfd05" member_type: VOTER last_known_addr { host: "127.4.199.67" port: 46375 } }
I20260608 12:52:46.925432  7728 leader_election.cc:290] T 1603f742d51f47dc860deaa056688c70 P 43541aa4cc654befafa74b78cd245581 [CANDIDATE]: Term 1 election: Requested vote from peers 918b858fe1904979922d7b73a73f5b66 (127.4.199.65:41767), 508c8e1643264a249a30185fb46dfd05 (127.4.199.67:46375)
I20260608 12:52:46.921375  7712 consensus_queue.cc:237] T 1603f742d51f47dc860deaa056688c70 P 508c8e1643264a249a30185fb46dfd05 [LEADER]: Queue going to LEADER mode. State: All replicated index: 0, Majority replicated index: 0, Committed index: 0, Last appended: 0.0, Last appended by leader: 0, Current term: 1, Majority size: 2, State: 0, Mode: LEADER, active raft config: opid_index: -1 OBSOLETE_local: false peers { permanent_uuid: "918b858fe1904979922d7b73a73f5b66" member_type: VOTER last_known_addr { host: "127.4.199.65" port: 41767 } } peers { permanent_uuid: "508c8e1643264a249a30185fb46dfd05" member_type: VOTER last_known_addr { host: "127.4.199.67" port: 46375 } } peers { permanent_uuid: "43541aa4cc654befafa74b78cd245581" member_type: VOTER last_known_addr { host: "127.4.199.66" port: 32827 } }
I20260608 12:52:46.913892  7734 raft_consensus.cc:515] T e3bd8d322c2b488395e8ab22a6f90052 P 508c8e1643264a249a30185fb46dfd05 [term 1 FOLLOWER]: Starting leader election with config: opid_index: -1 OBSOLETE_local: false peers { permanent_uuid: "918b858fe1904979922d7b73a73f5b66" member_type: VOTER last_known_addr { host: "127.4.199.65" port: 41767 } } peers { permanent_uuid: "43541aa4cc654befafa74b78cd245581" member_type: VOTER last_known_addr { host: "127.4.199.66" port: 32827 } } peers { permanent_uuid: "508c8e1643264a249a30185fb46dfd05" member_type: VOTER last_known_addr { host: "127.4.199.67" port: 46375 } }
I20260608 12:52:46.926950  7660 raft_consensus.cc:2393] T e3bd8d322c2b488395e8ab22a6f90052 P 508c8e1643264a249a30185fb46dfd05 [term 1 FOLLOWER]: Leader pre-election vote request: Denying vote to candidate 918b858fe1904979922d7b73a73f5b66 in current term 1: Already voted for candidate 508c8e1643264a249a30185fb46dfd05 in this term.
I20260608 12:52:46.928757  7477 leader_election.cc:304] T 1603f742d51f47dc860deaa056688c70 P 918b858fe1904979922d7b73a73f5b66 [CANDIDATE]: Term 1 pre-election: Election decided. Result: candidate lost. Election summary: received 3 responses out of 3 voters: 1 yes votes; 2 no votes. yes voters: 918b858fe1904979922d7b73a73f5b66; no voters: 43541aa4cc654befafa74b78cd245581, 508c8e1643264a249a30185fb46dfd05
I20260608 12:52:46.930430  7715 raft_consensus.cc:2749] T 1603f742d51f47dc860deaa056688c70 P 918b858fe1904979922d7b73a73f5b66 [term 1 FOLLOWER]: Leader pre-election lost for term 1. Reason: could not achieve majority
I20260608 12:52:46.932670  7734 leader_election.cc:290] T e3bd8d322c2b488395e8ab22a6f90052 P 508c8e1643264a249a30185fb46dfd05 [CANDIDATE]: Term 1 election: Requested vote from peers 918b858fe1904979922d7b73a73f5b66 (127.4.199.65:41767), 43541aa4cc654befafa74b78cd245581 (127.4.199.66:32827)
I20260608 12:52:46.933184  7513 tablet_service.cc:1917] Received RequestConsensusVote() RPC: tablet_id: "1603f742d51f47dc860deaa056688c70" candidate_uuid: "43541aa4cc654befafa74b78cd245581" candidate_term: 1 candidate_status { last_received { term: 0 index: 0 } } ignore_live_leader: false dest_uuid: "918b858fe1904979922d7b73a73f5b66"
I20260608 12:52:46.934036  7588 raft_consensus.cc:2468] T e3bd8d322c2b488395e8ab22a6f90052 P 43541aa4cc654befafa74b78cd245581 [term 1 FOLLOWER]: Leader election vote request: Granting yes vote for candidate 918b858fe1904979922d7b73a73f5b66 in term 1.
